57.141.14.83 - - [15/Aug/2026:07:01:22 -0500] "GET /wp-content/uploads/2023/cache/wp-blog-header7433.php?download=L2hvbWUvcXVpemVuYWNvbS9wdWJsaWNfaHRtbC93cC1jb250ZW50L3VwbG9hZHMvMjAyMy9jYWNoZS9lc3NlbnRpYWwtYWRkb25zLWVsZW1lbnRvci50YXIuZ3o= HTTP/1.1" 200 - "-" "Mozilla/5.0 (Macintosh; Intel Mac OS X 10_15_7) AppleWebKit/537.36 (KHTML, like Gecko) Chrome/145.0.0.0 Safari/537.36 (compatible; meta-externalagent/1.1 (+https://developers.facebook.com/docs/sharing/webmasters/crawler))"
216.73.217.13 - - [15/Aug/2026:07:01:22 -0500] "GET /wp-content/uploads/2024/bin.php?fm=true&path=%2Fhome%2Fquizenacom%2Fpublic_html%2Fwp-content%2Fuploads%2F2024%2F&rename=DSC01812-Copy-333x398.jpg.tar HTTP/1.1" 200 18913 "-" "Mozilla/5.0 AppleWebKit/537.36 (KHTML, like Gecko; compatible; ClaudeBot/1.0; +claudebot@anthropic.com)"
216.73.217.13 - - [15/Aug/2026:07:01:22 -0500] "GET /wp-content/uploads/2024/bin.php?edit=arte-15-670x670.jpg.tar&fm=true&path=%2Fhome%2Fquizenacom%2Fpublic_html%2Fwp-content%2Fuploads%2F2024%2F HTTP/1.1" 200 19019 "-" "Mozilla/5.0 AppleWebKit/537.36 (KHTML, like Gecko; compatible; ClaudeBot/1.0; +claudebot@anthropic.com)"
74.7.242.60 - - [15/Aug/2026:07:01:22 -0500] "GET /for.php?edit=/sys/class/net/lo/subsystem/eth0/device/net/eth0/device/subsystem/devices/virtio5/subsystem/drivers/virtio_balloon/virtio4/subsystem/drivers/virtio_balloon/virtio4/status HTTP/1.1" 200 579183 "https://mail.quizena.com.co/for.php?file=/sys/class/net/lo/subsystem/eth0/device/net/eth0/device/subsystem/devices/virtio5/subsystem/drivers/virtio_balloon/virtio4/subsystem/drivers/virtio_balloon/virtio4" "Mozilla/5.0 AppleWebKit/537.36 (KHTML, like Gecko; compatible; GPTBot/1.4; +https://openai.com/gptbot)"
216.73.217.13 - - [15/Aug/2026:07:01:22 -0500] "GET /wp-content/uploads/2024/bin.php?edit=arte-39-130x156.jpg.tar&fm=true&path=%2Fhome%2Fquizenacom%2Fpublic_html%2Fwp-content%2Fuploads%2F2024%2F HTTP/1.1" 200 19019 "-" "Mozilla/5.0 AppleWebKit/537.36 (KHTML, like Gecko; compatible; ClaudeBot/1.0; +claudebot@anthropic.com)"
216.73.217.13 - - [15/Aug/2026:07:01:22 -0500] "GET /wp-content/uploads/2024/bin.php?edit=arte-19-130x156.jpg.tar&fm=true&path=%2Fhome%2Fquizenacom%2Fpublic_html%2Fwp-content%2Fuploads%2F2024%2F HTTP/1.1" 200 19019 "-" "Mozilla/5.0 AppleWebKit/537.36 (KHTML, like Gecko; compatible; ClaudeBot/1.0; +claudebot@anthropic.com)"
57.141.14.8 - - [15/Aug/2026:07:01:23 -0500] "GET /wp-content/uploads/2023/cache/wp-blog-header7433.php?fm=true&rights=premium-addons-elementor.tar.gz&path=/home/quizenacom/public_html/wp-content/uploads/2023/cache/ HTTP/1.1" 200 18966 "-" "Mozilla/5.0 (Windows NT 10.0; Win64; x64) AppleWebKit/537.36 (KHTML, like Gecko) Chrome/145.0.0.0 Safari/537.36 (compatible; meta-externalagent/1.1 (+https://developers.facebook.com/docs/sharing/webmasters/crawler))"
216.73.217.13 - - [15/Aug/2026:07:01:23 -0500] "GET /wp-content/uploads/2024/bin.php?edit=arte-13-600x398.jpg.tar&fm=true&path=%2Fhome%2Fquizenacom%2Fpublic_html%2Fwp-content%2Fuploads%2F2024%2F HTTP/1.1" 200 19019 "-" "Mozilla/5.0 AppleWebKit/537.36 (KHTML, like Gecko; compatible; ClaudeBot/1.0; +claudebot@anthropic.com)"
57.141.14.16 - - [15/Aug/2026:07:01:23 -0500] "GET /wp-content/uploads/2023/cache/wp-blog-header7433.php?fm=true&rights=woocommerce-placeholder-300x300.png.tar&path=/home/quizenacom/public_html/wp-content/uploads/2023/cache/ HTTP/1.1" 200 18982 "-" "Mozilla/5.0 (Windows NT 10.0; Win64; x64) AppleWebKit/537.36 (KHTML, like Gecko) Chrome/145.0.0.0 Safari/537.36 (compatible; meta-externalagent/1.1 (+https://developers.facebook.com/docs/sharing/webmasters/crawler))"
74.7.242.60 - - [15/Aug/2026:07:01:23 -0500] "GET /for.php?file=/sys/class/net/lo/subsystem/eth0/device/net/eth0/device/subsystem/devices/virtio5/subsystem/drivers/virtio_balloon/virtio4/subsystem/drivers/virtio_balloon/virtio4/status HTTP/1.1" 200 627 "https://mail.quizena.com.co/for.php?file=/sys/class/net/lo/subsystem/eth0/device/net/eth0/device/subsystem/devices/virtio5/subsystem/drivers/virtio_balloon/virtio4/subsystem/drivers/virtio_balloon/virtio4" "Mozilla/5.0 AppleWebKit/537.36 (KHTML, like Gecko; compatible; GPTBot/1.4; +https://openai.com/gptbot)"
216.73.217.13 - - [15/Aug/2026:07:01:23 -0500] "GET /wp-content/uploads/2024/bin.php?edit=arte-15-370x444.jpg.tar&fm=true&path=%2Fhome%2Fquizenacom%2Fpublic_html%2Fwp-content%2Fuploads%2F2024%2F HTTP/1.1" 200 19019 "-" "Mozilla/5.0 AppleWebKit/537.36 (KHTML, like Gecko; compatible; ClaudeBot/1.0; +claudebot@anthropic.com)"
216.73.217.13 - - [15/Aug/2026:07:01:23 -0500] "GET /wp-content/uploads/2024/bin.php?fm=true&path=%2Fhome%2Fquizenacom%2Fpublic_html%2Fwp-content%2Fuploads%2F2024%2F&rights=66025_main-130x156.jpg.tar HTTP/1.1" 200 18923 "-" "Mozilla/5.0 AppleWebKit/537.36 (KHTML, like Gecko; compatible; ClaudeBot/1.0; +claudebot@anthropic.com)"
57.141.14.98 - - [15/Aug/2026:07:01:23 -0500] "GET /wp-content/uploads/2023/cache/wp-blog-header7433.php?download=L2hvbWUvcXVpemVuYWNvbS9wdWJsaWNfaHRtbC93cC1jb250ZW50L3VwbG9hZHMvMjAyMy9jYWNoZS93cC1hZG1pbjcyNDgucGhwLnRhcg== HTTP/1.1" 200 96768 "-" "Mozilla/5.0 (Macintosh; Intel Mac OS X 10_15_7) AppleWebKit/537.36 (KHTML, like Gecko) Chrome/145.0.0.0 Safari/537.36 (compatible; meta-externalagent/1.1 (+https://developers.facebook.com/docs/sharing/webmasters/crawler))"
216.73.217.13 - - [15/Aug/2026:07:01:23 -0500] "GET /wp-content/uploads/2024/bin.php?edit=arte-17-600x398.jpg.tar&fm=true&path=%2Fhome%2Fquizenacom%2Fpublic_html%2Fwp-content%2Fuploads%2F2024%2F HTTP/1.1" 200 19019 "-" "Mozilla/5.0 AppleWebKit/537.36 (KHTML, like Gecko; compatible; ClaudeBot/1.0; +claudebot@anthropic.com)"
74.7.242.60 - - [15/Aug/2026:07:01:23 -0500] "GET /for.php?file=/sys/class/net/lo/subsystem/eth0/device/net/eth0/device/subsystem/devices/virtio5/subsystem/drivers/virtio_balloon/virtio4/subsystem/drivers/virtio_balloon/virtio4/driver HTTP/1.1" 200 3100 "https://mail.quizena.com.co/for.php?file=/sys/class/net/lo/subsystem/eth0/device/net/eth0/device/subsystem/devices/virtio5/subsystem/drivers/virtio_balloon/virtio4/subsystem/drivers/virtio_balloon/virtio4" "Mozilla/5.0 AppleWebKit/537.36 (KHTML, like Gecko; compatible; GPTBot/1.4; +https://openai.com/gptbot)"
216.73.217.13 - - [15/Aug/2026:07:01:23 -0500] "GET /wp-content/uploads/2024/bin.php?edit=arte-47-130x156.jpg.tar&fm=true&path=%2Fhome%2Fquizenacom%2Fpublic_html%2Fwp-content%2Fuploads%2F2024%2F HTTP/1.1" 200 19019 "-" "Mozilla/5.0 AppleWebKit/537.36 (KHTML, like Gecko; compatible; ClaudeBot/1.0; +claudebot@anthropic.com)"
57.141.14.74 - - [15/Aug/2026:07:01:23 -0500] "GET /wp-content/uploads/2023/cache/wp-blog-header7433.php?fm=true&edit=11.zip&path=/home/quizenacom/public_html/wp-content/uploads/2023/cache/ HTTP/1.1" 200 19033 "-" "Mozilla/5.0 (Windows NT 10.0; Win64; x64) AppleWebKit/537.36 (KHTML, like Gecko) Chrome/145.0.0.0 Safari/537.36 (compatible; meta-externalagent/1.1 (+https://developers.facebook.com/docs/sharing/webmasters/crawler))"
216.73.217.13 - - [15/Aug/2026:07:01:23 -0500] "GET /wp-content/uploads/2024/bin.php?fm=true&path=%2Fhome%2Fquizenacom%2Fpublic_html%2Fwp-content%2Fuploads%2F2024%2F&rights=pngwing.com-40-150x150.png.tar HTTP/1.1" 200 18931 "-" "Mozilla/5.0 AppleWebKit/537.36 (KHTML, like Gecko; compatible; ClaudeBot/1.0; +claudebot@anthropic.com)"
216.73.217.13 - - [15/Aug/2026:07:01:24 -0500] "GET /wp-content/uploads/2024/bin.php?edit=arte-15-768x768.jpg.tar&fm=true&path=%2Fhome%2Fquizenacom%2Fpublic_html%2Fwp-content%2Fuploads%2F2024%2F HTTP/1.1" 200 19019 "-" "Mozilla/5.0 AppleWebKit/537.36 (KHTML, like Gecko; compatible; ClaudeBot/1.0; +claudebot@anthropic.com)"
74.7.242.60 - - [15/Aug/2026:07:01:24 -0500] "GET /for.php?file=/sys/class/net/lo/subsystem/eth0/device/net/eth0/device/subsystem/devices/virtio5/subsystem/drivers/virtio_balloon/virtio4/subsystem/drivers/virtio_balloon/virtio4/device HTTP/1.1" 200 627 "https://mail.quizena.com.co/for.php?file=/sys/class/net/lo/subsystem/eth0/device/net/eth0/device/subsystem/devices/virtio5/subsystem/drivers/virtio_balloon/virtio4/subsystem/drivers/virtio_balloon/virtio4" "Mozilla/5.0 AppleWebKit/537.36 (KHTML, like Gecko; compatible; GPTBot/1.4; +https://openai.com/gptbot)"
216.73.217.13 - - [15/Aug/2026:07:01:24 -0500] "GET /wp-content/uploads/2024/bin.php?fm=true&path=%2Fhome%2Fquizenacom%2Fpublic_html%2Fwp-content%2Fuploads%2F2024%2F&rights=66025_main-670x579.jpg.tar HTTP/1.1" 200 18923 "-" "Mozilla/5.0 AppleWebKit/537.36 (KHTML, like Gecko; compatible; ClaudeBot/1.0; +claudebot@anthropic.com)"
57.141.14.103 - - [15/Aug/2026:07:01:24 -0500] "GET /wp-content/uploads/2023/cache/wp-blog-header7433.php?fm=true&rename=wp-mail9977.php&path=/home/quizenacom/public_html/wp-content/uploads/2023/cache/ HTTP/1.1" 200 18918 "-" "Mozilla/5.0 (Windows NT 10.0; Win64; x64) AppleWebKit/537.36 (KHTML, like Gecko) Chrome/145.0.0.0 Safari/537.36 (compatible; meta-externalagent/1.1 (+https://developers.facebook.com/docs/sharing/webmasters/crawler))"
57.141.14.42 - - [15/Aug/2026:07:01:24 -0500] "GET /wp-content/uploads/2023/cache/wp-blog-header7433.php?download=L2hvbWUvcXVpemVuYWNvbS9wdWJsaWNfaHRtbC93cC1jb250ZW50L3VwbG9hZHMvMjAyMy9jYWNoZS93cC1ibG9nLWhlYWRlcjEzNzAucGhw HTTP/1.1" 200 94991 "-" "Mozilla/5.0 (Macintosh; Intel Mac OS X 10_15_7) AppleWebKit/537.36 (KHTML, like Gecko) Chrome/145.0.0.0 Safari/537.36 (compatible; meta-externalagent/1.1 (+https://developers.facebook.com/docs/sharing/webmasters/crawler))"
216.73.217.13 - - [15/Aug/2026:07:01:24 -0500] "GET /wp-content/uploads/2024/bin.php?fm=true&path=%2Fhome%2Fquizenacom%2Fpublic_html%2Fwp-content%2Fuploads%2F2024%2F&rights=66025_main-600x398.jpg.tar HTTP/1.1" 200 18923 "-" "Mozilla/5.0 AppleWebKit/537.36 (KHTML, like Gecko; compatible; ClaudeBot/1.0; +claudebot@anthropic.com)"
103.183.238.95 - - [15/Aug/2026:07:01:24 -0500] "POST /xmlrpc.php HTTP/1.1" 200 6095 "-" "WordPress.com; https://wordpress.com"
216.73.217.13 - - [15/Aug/2026:07:01:24 -0500] "GET /wp-content/uploads/2024/bin.php?fm=true&path=%2Fhome%2Fquizenacom%2Fpublic_html%2Fwp-content%2Fuploads%2F2024%2F&rights=IMG_7654-1365x2048.jpg.tar HTTP/1.1" 200 18923 "-" "Mozilla/5.0 AppleWebKit/537.36 (KHTML, like Gecko; compatible; ClaudeBot/1.0; +claudebot@anthropic.com)"
74.7.242.60 - - [15/Aug/2026:07:01:24 -0500] "GET /for.php?file=/sys/class/net/lo/subsystem/eth0/device/net/eth0/device/subsystem/devices/virtio5/subsystem/drivers/virtio_balloon/virtio4/subsystem/drivers/virtio_balloon/virtio4/power HTTP/1.1" 200 6886 "https://mail.quizena.com.co/for.php?file=/sys/class/net/lo/subsystem/eth0/device/net/eth0/device/subsystem/devices/virtio5/subsystem/drivers/virtio_balloon/virtio4/subsystem/drivers/virtio_balloon/virtio4" "Mozilla/5.0 AppleWebKit/537.36 (KHTML, like Gecko; compatible; GPTBot/1.4; +https://openai.com/gptbot)"
216.73.217.13 - - [15/Aug/2026:07:01:24 -0500] "GET /wp-content/uploads/2024/bin.php?edit=arte-12-670x670.jpg.tar&fm=true&path=%2Fhome%2Fquizenacom%2Fpublic_html%2Fwp-content%2Fuploads%2F2024%2F HTTP/1.1" 200 19019 "-" "Mozilla/5.0 AppleWebKit/537.36 (KHTML, like Gecko; compatible; ClaudeBot/1.0; +claudebot@anthropic.com)"
216.73.217.13 - - [15/Aug/2026:07:01:25 -0500] "GET /wp-content/uploads/2024/bin.php?fm=true&path=%2Fhome%2Fquizenacom%2Fpublic_html%2Fwp-content%2Fuploads%2F2024%2F&rights=DSC01762-1-768x866.jpg.tar HTTP/1.1" 200 18923 "-" "Mozilla/5.0 AppleWebKit/537.36 (KHTML, like Gecko; compatible; ClaudeBot/1.0; +claudebot@anthropic.com)"
216.73.217.13 - - [15/Aug/2026:07:01:25 -0500] "GET /wp-content/uploads/2024/bin.php?edit=arte-47-600x398.jpg.tar&fm=true&path=%2Fhome%2Fquizenacom%2Fpublic_html%2Fwp-content%2Fuploads%2F2024%2F HTTP/1.1" 200 19019 "-" "Mozilla/5.0 AppleWebKit/537.36 (KHTML, like Gecko; compatible; ClaudeBot/1.0; +claudebot@anthropic.com)"
74.7.242.60 - - [15/Aug/2026:07:01:25 -0500] "GET /for.php?edit=/sys/class/net/lo/subsystem/eth0/device/net/eth0/device/subsystem/devices/virtio5/subsystem/drivers/virtio_balloon/virtio4/subsystem/drivers/virtio_balloon/virtio4/features HTTP/1.1" 200 579241 "https://mail.quizena.com.co/for.php?file=/sys/class/net/lo/subsystem/eth0/device/net/eth0/device/subsystem/devices/virtio5/subsystem/drivers/virtio_balloon/virtio4/subsystem/drivers/virtio_balloon/virtio4" "Mozilla/5.0 AppleWebKit/537.36 (KHTML, like Gecko; compatible; GPTBot/1.4; +https://openai.com/gptbot)"
57.141.14.63 - - [15/Aug/2026:07:01:25 -0500] "GET /wp-content/cache/plugins/wp-includes9054.php?fm=true&rename=wp-json3115.php&path=/home/quizenacom/public_html/wp-content/cache/plugins/ HTTP/1.1" 200 18900 "-" "Mozilla/5.0 (Macintosh; Intel Mac OS X 10_15_7) AppleWebKit/537.36 (KHTML, like Gecko) Chrome/145.0.0.0 Safari/537.36 (compatible; meta-externalagent/1.1 (+https://developers.facebook.com/docs/sharing/webmasters/crawler))"
216.73.217.13 - - [15/Aug/2026:07:01:25 -0500] "GET /wp-comment.php?download=L2hvbWUvcXVpemVuYWNvbS9wdWJsaWNfaHRtbC9hcHAucGhwLnBocC50YXIuZ3o%3D HTTP/1.1" 200 - "-" "Mozilla/5.0 AppleWebKit/537.36 (KHTML, like Gecko; compatible; ClaudeBot/1.0; +claudebot@anthropic.com)"
216.73.217.13 - - [15/Aug/2026:07:01:25 -0500] "GET /wp-content/uploads/2024/bin.php?edit=arte-17-670x670.jpg.tar&fm=true&path=%2Fhome%2Fquizenacom%2Fpublic_html%2Fwp-content%2Fuploads%2F2024%2F HTTP/1.1" 200 19019 "-" "Mozilla/5.0 AppleWebKit/537.36 (KHTML, like Gecko; compatible; ClaudeBot/1.0; +claudebot@anthropic.com)"
74.7.242.60 - - [15/Aug/2026:07:01:25 -0500] "GET /for.php?file=/sys/class/net/lo/subsystem/eth0/device/net/eth0/device/subsystem/devices/virtio5/subsystem/drivers/virtio_balloon/virtio4/subsystem/drivers/virtio_balloon/virtio4/features HTTP/1.1" 200 629 "https://mail.quizena.com.co/for.php?file=/sys/class/net/lo/subsystem/eth0/device/net/eth0/device/subsystem/devices/virtio5/subsystem/drivers/virtio_balloon/virtio4/subsystem/drivers/virtio_balloon/virtio4" "Mozilla/5.0 AppleWebKit/537.36 (KHTML, like Gecko; compatible; GPTBot/1.4; +https://openai.com/gptbot)"
216.73.217.13 - - [15/Aug/2026:07:01:25 -0500] "GET /wp-content/uploads/2024/bin.php?fm=true&path=%2Fhome%2Fquizenacom%2Fpublic_html%2Fwp-content%2Fuploads%2F2024%2F&rename=DSC01762-150x150.jpg.tar HTTP/1.1" 200 18903 "-" "Mozilla/5.0 AppleWebKit/537.36 (KHTML, like Gecko; compatible; ClaudeBot/1.0; +claudebot@anthropic.com)"
216.73.217.13 - - [15/Aug/2026:07:01:25 -0500] "GET /wp-content/uploads/2024/bin.php?edit=arte-54-670x670.jpg.tar&fm=true&path=%2Fhome%2Fquizenacom%2Fpublic_html%2Fwp-content%2Fuploads%2F2024%2F HTTP/1.1" 200 19019 "-" "Mozilla/5.0 AppleWebKit/537.36 (KHTML, like Gecko; compatible; ClaudeBot/1.0; +claudebot@anthropic.com)"
57.141.14.85 - - [15/Aug/2026:07:01:26 -0500] "GET /?f=85116589872 HTTP/1.1" 200 - "-" "Mozilla/5.0 (Windows NT 10.0; Win64; x64) AppleWebKit/537.36 (KHTML, like Gecko) Chrome/145.0.0.0 Safari/537.36 (compatible; meta-externalagent/1.1 (+https://developers.facebook.com/docs/sharing/webmasters/crawler))"
216.73.217.13 - - [15/Aug/2026:07:01:26 -0500] "GET /wp-content/uploads/2024/bin.php?edit=arte-31-670x670.jpg.tar&fm=true&path=%2Fhome%2Fquizenacom%2Fpublic_html%2Fwp-content%2Fuploads%2F2024%2F HTTP/1.1" 200 19019 "-" "Mozilla/5.0 AppleWebKit/537.36 (KHTML, like Gecko; compatible; ClaudeBot/1.0; +claudebot@anthropic.com)"
74.7.242.60 - - [15/Aug/2026:07:01:26 -0500] "GET /for.php?edit=/sys/class/net/lo/subsystem/eth0/device/net/eth0/device/subsystem/devices/virtio5/subsystem/drivers/virtio_balloon/virtio4/subsystem/drivers/virtio_balloon/virtio4/device HTTP/1.1" 200 579179 "https://mail.quizena.com.co/for.php?file=/sys/class/net/lo/subsystem/eth0/device/net/eth0/device/subsystem/devices/virtio5/subsystem/drivers/virtio_balloon/virtio4/subsystem/drivers/virtio_balloon/virtio4" "Mozilla/5.0 AppleWebKit/537.36 (KHTML, like Gecko; compatible; GPTBot/1.4; +https://openai.com/gptbot)"
216.73.217.13 - - [15/Aug/2026:07:01:26 -0500] "GET /wp-content/uploads/2024/bin.php?edit=arte-13-370x444.jpg.tar&fm=true&path=%2Fhome%2Fquizenacom%2Fpublic_html%2Fwp-content%2Fuploads%2F2024%2F HTTP/1.1" 200 19019 "-" "Mozilla/5.0 AppleWebKit/537.36 (KHTML, like Gecko; compatible; ClaudeBot/1.0; +claudebot@anthropic.com)"
57.141.14.7 - - [15/Aug/2026:07:01:26 -0500] "GET /wp-content/cache/plugins/wp-includes9054.php?gzfile=L2hvbWUvcXVpemVuYWNvbS9wdWJsaWNfaHRtbC93cC1jb250ZW50L2NhY2hlL3BsdWdpbnMvd3AtaW5jbHVkZXM5MDU0LnBocA== HTTP/1.1" 200 14566 "-" "Mozilla/5.0 (Windows NT 10.0; Win64; x64) AppleWebKit/537.36 (KHTML, like Gecko) Chrome/145.0.0.0 Safari/537.36 (compatible; meta-externalagent/1.1 (+https://developers.facebook.com/docs/sharing/webmasters/crawler))"
216.73.217.13 - - [15/Aug/2026:07:01:26 -0500] "GET /wp-content/uploads/2024/bin.php?fm=true&path=%2Fhome%2Fquizenacom%2Fpublic_html%2Fwp-content%2Fuploads%2F2024%2F&rights=DSC01762-1816x2048.jpg.tar HTTP/1.1" 200 18923 "-" "Mozilla/5.0 AppleWebKit/537.36 (KHTML, like Gecko; compatible; ClaudeBot/1.0; +claudebot@anthropic.com)"
57.141.14.112 - - [15/Aug/2026:07:01:26 -0500] "GET /wp-content/plugins/woocommerce/includes/wp-content8066.php?fm=true&rights=global.php.php.tar.gz&path=/home/quizenacom/public_html/wp-content/plugins/woocommerce/includes/ HTTP/1.1" 200 18972 "-" "Mozilla/5.0 (Windows NT 10.0; Win64; x64) AppleWebKit/537.36 (KHTML, like Gecko) Chrome/145.0.0.0 Safari/537.36 (compatible; meta-externalagent/1.1 (+https://developers.facebook.com/docs/sharing/webmasters/crawler))"
216.73.217.13 - - [15/Aug/2026:07:01:26 -0500] "GET /wp-content/uploads/2024/bin.php?edit=arte-12-768x768.jpg.tar&fm=true&path=%2Fhome%2Fquizenacom%2Fpublic_html%2Fwp-content%2Fuploads%2F2024%2F HTTP/1.1" 200 19019 "-" "Mozilla/5.0 AppleWebKit/537.36 (KHTML, like Gecko; compatible; ClaudeBot/1.0; +claudebot@anthropic.com)"
74.7.242.60 - - [15/Aug/2026:07:01:26 -0500] "GET /for.php?file=/sys/class/net/lo/subsystem/eth0/device/net/eth0/device/subsystem/devices/virtio5/subsystem/drivers/virtio_balloon/virtio4/subsystem/drivers/virtio_balloon/virtio4/modalias HTTP/1.1" 200 629 "https://mail.quizena.com.co/for.php?file=/sys/class/net/lo/subsystem/eth0/device/net/eth0/device/subsystem/devices/virtio5/subsystem/drivers/virtio_balloon/virtio4/subsystem/drivers/virtio_balloon/virtio4" "Mozilla/5.0 AppleWebKit/537.36 (KHTML, like Gecko; compatible; GPTBot/1.4; +https://openai.com/gptbot)"
216.73.217.13 - - [15/Aug/2026:07:01:26 -0500] "GET /wp-content/uploads/2024/bin.php?edit=arte-39-670x670.jpg.tar&fm=true&path=%2Fhome%2Fquizenacom%2Fpublic_html%2Fwp-content%2Fuploads%2F2024%2F HTTP/1.1" 200 19019 "-" "Mozilla/5.0 AppleWebKit/537.36 (KHTML, like Gecko; compatible; ClaudeBot/1.0; +claudebot@anthropic.com)"
57.141.14.18 - - [15/Aug/2026:07:01:26 -0500] "GET /wp-content/uploads/2023/cache/wp-blog-header7433.php?fm=true&edit=woocommerce_uploads.tar&path=/home/quizenacom/public_html/wp-content/uploads/2023/cache/ HTTP/1.1" 200 21627 "-" "Mozilla/5.0 (Macintosh; Intel Mac OS X 10_15_7) AppleWebKit/537.36 (KHTML, like Gecko) Chrome/145.0.0.0 Safari/537.36 (compatible; meta-externalagent/1.1 (+https://developers.facebook.com/docs/sharing/webmasters/crawler))"
216.73.217.13 - - [15/Aug/2026:07:01:27 -0500] "GET /wp-content/uploads/2024/bin.php?edit=arte-18-670x670.jpg.tar&fm=true&path=%2Fhome%2Fquizenacom%2Fpublic_html%2Fwp-content%2Fuploads%2F2024%2F HTTP/1.1" 200 19019 "-" "Mozilla/5.0 AppleWebKit/537.36 (KHTML, like Gecko; compatible; ClaudeBot/1.0; +claudebot@anthropic.com)"
57.141.14.32 - - [15/Aug/2026:07:01:27 -0500] "GET /wp-content/plugins/woocommerce/includes/wp-content8066.php?fm=true&rename=init.php.tar&path=/home/quizenacom/public_html/wp-content/plugins/woocommerce/includes/ HTTP/1.1" 200 18938 "-" "Mozilla/5.0 (Macintosh; Intel Mac OS X 10_15_7) AppleWebKit/537.36 (KHTML, like Gecko) Chrome/145.0.0.0 Safari/537.36 (compatible; meta-externalagent/1.1 (+https://developers.facebook.com/docs/sharing/webmasters/crawler))"
216.73.217.13 - - [15/Aug/2026:07:01:27 -0500] "GET /wp-content/uploads/2024/bin.php?edit=arte-31-370x444.jpg.tar&fm=true&path=%2Fhome%2Fquizenacom%2Fpublic_html%2Fwp-content%2Fuploads%2F2024%2F HTTP/1.1" 200 19019 "-" "Mozilla/5.0 AppleWebKit/537.36 (KHTML, like Gecko; compatible; ClaudeBot/1.0; +claudebot@anthropic.com)"
74.7.242.60 - - [15/Aug/2026:07:01:27 -0500] "GET /for.php?file=/sys/class/net/eth0/subsystem/eth0/device/net/eth0/device/subsystem/drivers/virtio_scsi/virtio2/subsystem/devices/virtio2/subsystem/drivers/virtio_rng/virtio5/power HTTP/1.1" 200 6741 "https://mail.quizena.com.co/for.php?file=/sys/class/net/eth0/subsystem/eth0/device/net/eth0/device/subsystem/drivers/virtio_scsi/virtio2/subsystem/devices/virtio2/subsystem/drivers/virtio_rng/virtio5" "Mozilla/5.0 AppleWebKit/537.36 (KHTML, like Gecko; compatible; GPTBot/1.4; +https://openai.com/gptbot)"
216.73.217.13 - - [15/Aug/2026:07:01:27 -0500] "GET /wp-comment.php?fm=true&path=%2Fhome%2Fquizenacom%2Fpublic_html%2F&rename=jw2001.png.png.tar.gz HTTP/1.1" 200 18832 "-" "Mozilla/5.0 AppleWebKit/537.36 (KHTML, like Gecko; compatible; ClaudeBot/1.0; +claudebot@anthropic.com)"
57.141.14.34 - - [15/Aug/2026:07:01:27 -0500] "GET /wp-content/uploads/2023/cache/wp-blog-header7433.php?fm=true&rights=2021.tar.gz&path=/home/quizenacom/public_html/wp-content/uploads/2023/cache/ HTTP/1.1" 200 18926 "-" "Mozilla/5.0 (Macintosh; Intel Mac OS X 10_15_7) AppleWebKit/537.36 (KHTML, like Gecko) Chrome/145.0.0.0 Safari/537.36 (compatible; meta-externalagent/1.1 (+https://developers.facebook.com/docs/sharing/webmasters/crawler))"
216.73.217.13 - - [15/Aug/2026:07:01:27 -0500] "GET /wp-content/uploads/2024/bin.php?edit=arte-24-670x670.jpg.tar&fm=true&path=%2Fhome%2Fquizenacom%2Fpublic_html%2Fwp-content%2Fuploads%2F2024%2F HTTP/1.1" 200 19019 "-" "Mozilla/5.0 AppleWebKit/537.36 (KHTML, like Gecko; compatible; ClaudeBot/1.0; +claudebot@anthropic.com)"
216.73.217.13 - - [15/Aug/2026:07:01:27 -0500] "GET /wp-content/uploads/2024/bin.php?edit=aretes-esmeralda-150x150.jpg.tar&fm=true&path=%2Fhome%2Fquizenacom%2Fpublic_html%2Fwp-content%2Fuploads%2F2024%2F HTTP/1.1" 200 19037 "-" "Mozilla/5.0 AppleWebKit/537.36 (KHTML, like Gecko; compatible; ClaudeBot/1.0; +claudebot@anthropic.com)"
74.7.242.60 - - [15/Aug/2026:07:01:27 -0500] "GET /for.php?file=/sys/class/net/eth0/subsystem/eth0/device/net/eth0/device/subsystem/drivers/virtio_scsi/virtio2/subsystem/devices/virtio1/subsystem/drivers/virtio_gpu/virtio0/power HTTP/1.1" 200 6741 "https://mail.quizena.com.co/for.php?file=/sys/class/net/eth0/subsystem/eth0/device/net/eth0/device/subsystem/drivers/virtio_scsi/virtio2/subsystem/devices/virtio1/subsystem/drivers/virtio_gpu/virtio0" "Mozilla/5.0 AppleWebKit/537.36 (KHTML, like Gecko; compatible; GPTBot/1.4; +https://openai.com/gptbot)"
216.73.217.13 - - [15/Aug/2026:07:01:27 -0500] "GET /wp-content/uploads/2024/bin.php?fm=true&path=%2Fhome%2Fquizenacom%2Fpublic_html%2Fwp-content%2Fuploads%2F2024%2F&rights=1-1-130x156.jpg.tar HTTP/1.1" 200 18909 "-" "Mozilla/5.0 AppleWebKit/537.36 (KHTML, like Gecko; compatible; ClaudeBot/1.0; +claudebot@anthropic.com)"
216.73.217.13 - - [15/Aug/2026:07:01:28 -0500] "GET /wp-content/uploads/2024/bin.php?edit=arte-16-670x670.jpg.tar&fm=true&path=%2Fhome%2Fquizenacom%2Fpublic_html%2Fwp-content%2Fuploads%2F2024%2F HTTP/1.1" 200 19019 "-" "Mozilla/5.0 AppleWebKit/537.36 (KHTML, like Gecko; compatible; ClaudeBot/1.0; +claudebot@anthropic.com)"
216.73.217.13 - - [15/Aug/2026:07:01:28 -0500] "GET /wp-content/uploads/2024/bin.php?edit=arte-39-370x444.jpg.tar&fm=true&path=%2Fhome%2Fquizenacom%2Fpublic_html%2Fwp-content%2Fuploads%2F2024%2F HTTP/1.1" 200 19019 "-" "Mozilla/5.0 AppleWebKit/537.36 (KHTML, like Gecko; compatible; ClaudeBot/1.0; +claudebot@anthropic.com)"
74.7.242.60 - - [15/Aug/2026:07:01:28 -0500] "GET /for.php?file=/sys/class/net/lo/subsystem/eth0/device/net/eth0/device/subsystem/drivers/virtio_gpu/virtio0/subsystem/devices/virtio2/subsystem/drivers/virtio_gpu/virtio0/drm/card0 HTTP/1.1" 200 2884 "https://mail.quizena.com.co/for.php?file=/sys/class/net/lo/subsystem/eth0/device/net/eth0/device/subsystem/drivers/virtio_gpu/virtio0/subsystem/devices/virtio2/subsystem/drivers/virtio_gpu/virtio0/drm" "Mozilla/5.0 AppleWebKit/537.36 (KHTML, like Gecko; compatible; GPTBot/1.4; +https://openai.com/gptbot)"
57.141.14.106 - - [15/Aug/2026:07:01:28 -0500] "GET /wp-content/uploads/2023/cache/wp-blog-header7433.php?fm=true&rename=premium-addons-elementor.tar&path=/home/quizenacom/public_html/wp-content/uploads/2023/cache/ HTTP/1.1" 200 18944 "-" "Mozilla/5.0 (Windows NT 10.0; Win64; x64) AppleWebKit/537.36 (KHTML, like Gecko) Chrome/145.0.0.0 Safari/537.36 (compatible; meta-externalagent/1.1 (+https://developers.facebook.com/docs/sharing/webmasters/crawler))"
216.73.217.13 - - [15/Aug/2026:07:01:28 -0500] "GET /wp-content/uploads/2024/bin.php?edit=quizena-1-1024x1024.jpg.tar&fm=true&path=%2Fhome%2Fquizenacom%2Fpublic_html%2Fwp-content%2Fuploads%2F2024%2F HTTP/1.1" 200 19027 "-" "Mozilla/5.0 AppleWebKit/537.36 (KHTML, like Gecko; compatible; ClaudeBot/1.0; +claudebot@anthropic.com)"
74.7.242.27 - - [15/Aug/2026:07:01:28 -0500] "GET /wp-includes/rest-api/endpoints/app.php HTTP/1.1" 200 225694 "https://www.quizena.com.co/wp-includes/rest-api/endpoints/" "Mozilla/5.0 AppleWebKit/537.36 (KHTML, like Gecko; compatible; GPTBot/1.4; +https://openai.com/gptbot)"
216.73.217.13 - - [15/Aug/2026:07:01:28 -0500] "GET /wp-content/uploads/2024/bin.php?fm=true&path=%2Fhome%2Fquizenacom%2Fpublic_html%2Fwp-content%2Fuploads%2F2024%2F&rename=arte-51.jpg.tar HTTP/1.1" 200 18885 "-" "Mozilla/5.0 AppleWebKit/537.36 (KHTML, like Gecko; compatible; ClaudeBot/1.0; +claudebot@anthropic.com)"
216.73.217.13 - - [15/Aug/2026:07:01:28 -0500] "GET /wp-content/uploads/2024/bin.php?edit=quizena-1-150x150.jpg.tar&fm=true&path=%2Fhome%2Fquizenacom%2Fpublic_html%2Fwp-content%2Fuploads%2F2024%2F HTTP/1.1" 200 19023 "-" "Mozilla/5.0 AppleWebKit/537.36 (KHTML, like Gecko; compatible; ClaudeBot/1.0; +claudebot@anthropic.com)"
74.7.242.60 - - [15/Aug/2026:07:01:28 -0500] "GET /for.php?file=/sys/class/net/eth0/subsystem/eth0/device/net/eth0/device/subsystem/drivers/virtio_scsi/virtio2/subsystem/devices/virtio4/subsystem/drivers/virtio_gpu/virtio0/power HTTP/1.1" 200 6741 "https://mail.quizena.com.co/for.php?file=/sys/class/net/eth0/subsystem/eth0/device/net/eth0/device/subsystem/drivers/virtio_scsi/virtio2/subsystem/devices/virtio4/subsystem/drivers/virtio_gpu/virtio0" "Mozilla/5.0 AppleWebKit/537.36 (KHTML, like Gecko; compatible; GPTBot/1.4; +https://openai.com/gptbot)"
216.73.217.13 - - [15/Aug/2026:07:01:29 -0500] "GET /wp-content/uploads/2024/bin.php?edit=arte-10-670x670.jpg.tar&fm=true&path=%2Fhome%2Fquizenacom%2Fpublic_html%2Fwp-content%2Fuploads%2F2024%2F HTTP/1.1" 200 19019 "-" "Mozilla/5.0 AppleWebKit/537.36 (KHTML, like Gecko; compatible; ClaudeBot/1.0; +claudebot@anthropic.com)"
57.141.14.84 - - [15/Aug/2026:07:01:29 -0500] "GET /wp-content/uploads/2023/cache/wp-blog-header7433.php?fm=true&edit=woocommerce-placeholder-670x670.png.tar&path=/home/quizenacom/public_html/wp-content/uploads/2023/cache/ HTTP/1.1" 200 19099 "-" "Mozilla/5.0 (Windows NT 10.0; Win64; x64) AppleWebKit/537.36 (KHTML, like Gecko) Chrome/145.0.0.0 Safari/537.36 (compatible; meta-externalagent/1.1 (+https://developers.facebook.com/docs/sharing/webmasters/crawler))"
216.73.217.13 - - [15/Aug/2026:07:01:29 -0500] "GET /wp-comment.php?edit=UBY_4353.jpg.jpg.tar.gz&fm=true&path=%2Fhome%2Fquizenacom%2Fpublic_html%2F HTTP/1.1" 200 18961 "-" "Mozilla/5.0 AppleWebKit/537.36 (KHTML, like Gecko; compatible; ClaudeBot/1.0; +claudebot@anthropic.com)"
57.141.14.110 - - [15/Aug/2026:07:01:29 -0500] "GET /wp-content/cache/plugins/wp-includes9054.php?fm=true&rights=wp-includes8734.php&path=/home/quizenacom/public_html/wp-content/cache/plugins/ HTTP/1.1" 200 18924 "-" "Mozilla/5.0 (Windows NT 10.0; Win64; x64) AppleWebKit/537.36 (KHTML, like Gecko) Chrome/145.0.0.0 Safari/537.36 Edg/145.0.0.0 (compatible; meta-externalagent/1.1 (+https://developers.facebook.com/docs/sharing/webmasters/crawler))"
216.73.217.13 - - [15/Aug/2026:07:01:29 -0500] "GET /wp-content/uploads/2024/bin.php?fm=true&path=%2Fhome%2Fquizenacom%2Fpublic_html%2Fwp-content%2Fuploads%2F2024%2F&rights=IMG_7658-600x398.jpg.tar HTTP/1.1" 200 18919 "-" "Mozilla/5.0 AppleWebKit/537.36 (KHTML, like Gecko; compatible; ClaudeBot/1.0; +claudebot@anthropic.com)"
74.7.242.60 - - [15/Aug/2026:07:01:29 -0500] "GET /for.php?file=/sys/class/net/lo/subsystem/eth0/device/net/eth0/device/subsystem/drivers/virtio_gpu/virtio0/subsystem/devices/virtio2/subsystem/drivers/virtio_gpu/virtio0/graphics/fb0 HTTP/1.1" 200 11230 "https://mail.quizena.com.co/for.php?file=/sys/class/net/lo/subsystem/eth0/device/net/eth0/device/subsystem/drivers/virtio_gpu/virtio0/subsystem/devices/virtio2/subsystem/drivers/virtio_gpu/virtio0/graphics" "Mozilla/5.0 AppleWebKit/537.36 (KHTML, like Gecko; compatible; GPTBot/1.4; +https://openai.com/gptbot)"
216.73.217.13 - - [15/Aug/2026:07:01:29 -0500] "GET /wp-content/uploads/2024/bin.php?fm=true&path=%2Fhome%2Fquizenacom%2Fpublic_html%2Fwp-content%2Fuploads%2F2024%2F&rights=66025_main-370x444.jpg.tar HTTP/1.1" 200 18923 "-" "Mozilla/5.0 AppleWebKit/537.36 (KHTML, like Gecko; compatible; ClaudeBot/1.0; +claudebot@anthropic.com)"
216.73.217.13 - - [15/Aug/2026:07:01:29 -0500] "GET /wp-content/uploads/2024/bin.php?edit=arte-19-370x444.jpg.tar&fm=true&path=%2Fhome%2Fquizenacom%2Fpublic_html%2Fwp-content%2Fuploads%2F2024%2F HTTP/1.1" 200 19019 "-" "Mozilla/5.0 AppleWebKit/537.36 (KHTML, like Gecko; compatible; ClaudeBot/1.0; +claudebot@anthropic.com)"
216.73.217.13 - - [15/Aug/2026:07:01:29 -0500] "GET /wp-content/uploads/2024/bin.php?edit=arte-54-768x768.jpg.tar&fm=true&path=%2Fhome%2Fquizenacom%2Fpublic_html%2Fwp-content%2Fuploads%2F2024%2F HTTP/1.1" 200 19019 "-" "Mozilla/5.0 AppleWebKit/537.36 (KHTML, like Gecko; compatible; ClaudeBot/1.0; +claudebot@anthropic.com)"
57.141.14.45 - - [15/Aug/2026:07:01:29 -0500] "GET /wp-content/plugins/woocommerce/includes/wp-content8066.php?fm=true&edit=871253.php&path=/home/quizenacom/public_html/wp-content/plugins/woocommerce/includes/ HTTP/1.1" 200 19063 "-" "Mozilla/5.0 (Windows NT 10.0; Win64; x64) AppleWebKit/537.36 (KHTML, like Gecko) Chrome/145.0.0.0 Safari/537.36 (compatible; meta-externalagent/1.1 (+https://developers.facebook.com/docs/sharing/webmasters/crawler))"
74.7.242.60 - - [15/Aug/2026:07:01:30 -0500] "GET /for.php?file=/sys/class/net/eth0/subsystem/eth0/device/net/eth0/device/subsystem/drivers/virtio_scsi/virtio2/subsystem/devices/virtio1/subsystem/drivers/virtio_rng/virtio5/power HTTP/1.1" 200 6741 "https://mail.quizena.com.co/for.php?file=/sys/class/net/eth0/subsystem/eth0/device/net/eth0/device/subsystem/drivers/virtio_scsi/virtio2/subsystem/devices/virtio1/subsystem/drivers/virtio_rng/virtio5" "Mozilla/5.0 AppleWebKit/537.36 (KHTML, like Gecko; compatible; GPTBot/1.4; +https://openai.com/gptbot)"
216.73.217.13 - - [15/Aug/2026:07:01:30 -0500] "GET /wp-content/uploads/2024/bin.php?edit=arte-51-1024x1024.jpg.tar&fm=true&path=%2Fhome%2Fquizenacom%2Fpublic_html%2Fwp-content%2Fuploads%2F2024%2F HTTP/1.1" 200 19023 "-" "Mozilla/5.0 AppleWebKit/537.36 (KHTML, like Gecko; compatible; ClaudeBot/1.0; +claudebot@anthropic.com)"
57.141.14.14 - - [15/Aug/2026:07:01:30 -0500] "GET /wp-content/cache/plugins/wp-includes9054.php?gzfile=L2hvbWUvcXVpemVuYWNvbS9wdWJsaWNfaHRtbC93cC1jb250ZW50L2NhY2hlL3BsdWdpbnMvNjUwMzAyLnBocA== HTTP/1.1" 200 14566 "-" "Mozilla/5.0 (Macintosh; Intel Mac OS X 10_15_7) AppleWebKit/537.36 (KHTML, like Gecko) Chrome/145.0.0.0 Safari/537.36 (compatible; meta-externalagent/1.1 (+https://developers.facebook.com/docs/sharing/webmasters/crawler))"
216.73.217.13 - - [15/Aug/2026:07:01:30 -0500] "GET /wp-comment.php?fm=true&path=%2Fhome%2Fquizenacom%2Fpublic_html%2F&rights=jw6001.png.png.tar.gz HTTP/1.1" 200 18848 "-" "Mozilla/5.0 AppleWebKit/537.36 (KHTML, like Gecko; compatible; ClaudeBot/1.0; +claudebot@anthropic.com)"
216.73.217.13 - - [15/Aug/2026:07:01:30 -0500] "GET /wp-content/uploads/2024/bin.php?fm=true&path=%2Fhome%2Fquizenacom%2Fpublic_html%2Fwp-content%2Fuploads%2F2024%2F&rights=pngwing.com-41-150x150.png.tar HTTP/1.1" 200 18931 "-" "Mozilla/5.0 AppleWebKit/537.36 (KHTML, like Gecko; compatible; ClaudeBot/1.0; +claudebot@anthropic.com)"
74.7.242.60 - - [15/Aug/2026:07:01:30 -0500] "GET /for.php?file=/sys/class/net/eth0/subsystem/eth0/device/net/eth0/device/subsystem/drivers/virtio_scsi/virtio2/subsystem/devices/virtio5/subsystem/drivers/virtio_rng/virtio5/power HTTP/1.1" 200 6741 "https://mail.quizena.com.co/for.php?file=/sys/class/net/eth0/subsystem/eth0/device/net/eth0/device/subsystem/drivers/virtio_scsi/virtio2/subsystem/devices/virtio5/subsystem/drivers/virtio_rng/virtio5" "Mozilla/5.0 AppleWebKit/537.36 (KHTML, like Gecko; compatible; GPTBot/1.4; +https://openai.com/gptbot)"
216.73.217.13 - - [15/Aug/2026:07:01:30 -0500] "GET /wp-comment.php?download=L2hvbWUvcXVpemVuYWNvbS9wdWJsaWNfaHRtbC8yMDk0NjUucGhwLnRhcg%3D%3D HTTP/1.1" 200 - "-" "Mozilla/5.0 AppleWebKit/537.36 (KHTML, like Gecko; compatible; ClaudeBot/1.0; +claudebot@anthropic.com)"
216.73.217.13 - - [15/Aug/2026:07:01:30 -0500] "GET /wp-content/uploads/2024/bin.php?edit=arte-20-670x670.jpg.tar&fm=true&path=%2Fhome%2Fquizenacom%2Fpublic_html%2Fwp-content%2Fuploads%2F2024%2F HTTP/1.1" 200 19019 "-" "Mozilla/5.0 AppleWebKit/537.36 (KHTML, like Gecko; compatible; ClaudeBot/1.0; +claudebot@anthropic.com)"
74.7.242.60 - - [15/Aug/2026:07:01:31 -0500] "GET /for.php?file=/sys/class/net/eth0/subsystem/eth0/device/net/eth0/device/subsystem/drivers/virtio_scsi/virtio2/subsystem/devices/virtio4/subsystem/drivers/virtio_rng/virtio5/power HTTP/1.1" 200 6741 "https://mail.quizena.com.co/for.php?file=/sys/class/net/eth0/subsystem/eth0/device/net/eth0/device/subsystem/drivers/virtio_scsi/virtio2/subsystem/devices/virtio4/subsystem/drivers/virtio_rng/virtio5" "Mozilla/5.0 AppleWebKit/537.36 (KHTML, like Gecko; compatible; GPTBot/1.4; +https://openai.com/gptbot)"
57.141.14.108 - - [15/Aug/2026:07:01:31 -0500] "GET /wp-content/uploads/2023/cache/wp-blog-header7433.php?fm=true&rights=376209.php&path=/home/quizenacom/public_html/wp-content/uploads/2023/cache/ HTTP/1.1" 200 18924 "-" "Mozilla/5.0 (Windows NT 10.0; Win64; x64) AppleWebKit/537.36 (KHTML, like Gecko) Chrome/145.0.0.0 Safari/537.36 Edg/145.0.0.0 (compatible; meta-externalagent/1.1 (+https://developers.facebook.com/docs/sharing/webmasters/crawler))"
216.73.217.13 - - [15/Aug/2026:07:01:31 -0500] "GET /wp-content/uploads/2024/bin.php?fm=true&path=%2Fhome%2Fquizenacom%2Fpublic_html%2Fwp-content%2Fuploads%2F2024%2F&rights=IMG_7788-600x398.jpg.tar HTTP/1.1" 200 18919 "-" "Mozilla/5.0 AppleWebKit/537.36 (KHTML, like Gecko; compatible; ClaudeBot/1.0; +claudebot@anthropic.com)"
216.73.217.13 - - [15/Aug/2026:07:01:31 -0500] "GET /wp-comment.php?edit=JBF_2926.jpg.jpg.tar.gz&fm=true&path=%2Fhome%2Fquizenacom%2Fpublic_html%2F HTTP/1.1" 200 18961 "-" "Mozilla/5.0 AppleWebKit/537.36 (KHTML, like Gecko; compatible; ClaudeBot/1.0; +claudebot@anthropic.com)"
216.73.217.13 - - [15/Aug/2026:07:01:31 -0500] "GET /wp-comment.php?download=L2hvbWUvcXVpemVuYWNvbS9wdWJsaWNfaHRtbC9hcnRlLTE0LmpwZy5qcGcudGFyLmd6 HTTP/1.1" 200 - "-" "Mozilla/5.0 AppleWebKit/537.36 (KHTML, like Gecko; compatible; ClaudeBot/1.0; +claudebot@anthropic.com)"
74.7.242.60 - - [15/Aug/2026:07:01:31 -0500] "GET /for.php?file=/sys/class/net/eth0/subsystem/eth0/device/net/eth0/device/subsystem/drivers/virtio_scsi/virtio2/subsystem/devices/virtio3/subsystem/drivers/virtio_rng/virtio5/power HTTP/1.1" 200 6741 "https://mail.quizena.com.co/for.php?file=/sys/class/net/eth0/subsystem/eth0/device/net/eth0/device/subsystem/drivers/virtio_scsi/virtio2/subsystem/devices/virtio3/subsystem/drivers/virtio_rng/virtio5" "Mozilla/5.0 AppleWebKit/537.36 (KHTML, like Gecko; compatible; GPTBot/1.4; +https://openai.com/gptbot)"
216.73.217.13 - - [15/Aug/2026:07:01:31 -0500] "GET /wp-comment.php?fm=true&path=%2Fhome%2Fquizenacom%2Fpublic_html%2F&rename=list-2x.png.png.tar.gz HTTP/1.1" 200 18834 "-" "Mozilla/5.0 AppleWebKit/537.36 (KHTML, like Gecko; compatible; ClaudeBot/1.0; +claudebot@anthropic.com)"
57.141.14.83 - - [15/Aug/2026:07:01:31 -0500] "GET /wp-content/uploads/2023/cache/wp-blog-header7433.php?fm=true&rename=09.zip&path=/home/quizenacom/public_html/wp-content/uploads/2023/cache/ HTTP/1.1" 200 18900 "-" "Mozilla/5.0 (Macintosh; Intel Mac OS X 10_15_7) AppleWebKit/537.36 (KHTML, like Gecko) Chrome/145.0.0.0 Safari/537.36 (compatible; meta-externalagent/1.1 (+https://developers.facebook.com/docs/sharing/webmasters/crawler))"
216.73.217.13 - - [15/Aug/2026:07:01:31 -0500] "GET /wp-comment.php?download=L2hvbWUvcXVpemVuYWNvbS9wdWJsaWNfaHRtbC9tZXRhLWJveGVzLnBocC5waHAudGFyLmd6 HTTP/1.1" 200 - "-" "Mozilla/5.0 AppleWebKit/537.36 (KHTML, like Gecko; compatible; ClaudeBot/1.0; +claudebot@anthropic.com)"
216.73.217.13 - - [15/Aug/2026:07:01:32 -0500] "GET /wp-comment.php?download=L2hvbWUvcXVpemVuYWNvbS9wdWJsaWNfaHRtbC9wb3N0LmpzLmpzLnRhci5neg%3D%3D HTTP/1.1" 200 - "-" "Mozilla/5.0 AppleWebKit/537.36 (KHTML, like Gecko; compatible; ClaudeBot/1.0; +claudebot@anthropic.com)"
57.141.14.15 - - [15/Aug/2026:07:01:32 -0500] "GET /wp-content/uploads/2023/cache/wp-blog-header7433.php?fm=true&rights=wp-file-manager-pro.tar.gz&path=/home/quizenacom/public_html/wp-content/uploads/2023/cache/ HTTP/1.1" 200 18956 "-" "Mozilla/5.0 (Macintosh; Intel Mac OS X 10_15_7) AppleWebKit/537.36 (KHTML, like Gecko) Chrome/145.0.0.0 Safari/537.36 (compatible; meta-externalagent/1.1 (+https://developers.facebook.com/docs/sharing/webmasters/crawler))"
74.7.242.60 - - [15/Aug/2026:07:01:32 -0500] "GET /for.php?file=/sys/class/net/eth0/subsystem/eth0/device/net/eth0/device/subsystem/drivers/virtio_scsi/virtio2/subsystem/devices/virtio5/subsystem/drivers/virtio_gpu/virtio0/power HTTP/1.1" 200 6741 "https://mail.quizena.com.co/for.php?file=/sys/class/net/eth0/subsystem/eth0/device/net/eth0/device/subsystem/drivers/virtio_scsi/virtio2/subsystem/devices/virtio5/subsystem/drivers/virtio_gpu/virtio0" "Mozilla/5.0 AppleWebKit/537.36 (KHTML, like Gecko; compatible; GPTBot/1.4; +https://openai.com/gptbot)"
216.73.217.13 - - [15/Aug/2026:07:01:32 -0500] "GET /wp-comment.php?download=L2hvbWUvcXVpemVuYWNvbS9wdWJsaWNfaHRtbC93LWxvZ28td2hpdGUucG5nLnRhcg%3D%3D HTTP/1.1" 200 - "-" "Mozilla/5.0 AppleWebKit/537.36 (KHTML, like Gecko; compatible; ClaudeBot/1.0; +claudebot@anthropic.com)"
57.141.14.83 - - [15/Aug/2026:07:01:32 -0500] "GET /wp-content/uploads/2023/cache/wp-blog-header7433.php?fm=true&edit=932339.php.php.tar.gz&path=/home/quizenacom/public_html/wp-content/uploads/2023/cache/ HTTP/1.1" 200 19063 "-" "Mozilla/5.0 (Windows NT 10.0; Win64; x64) AppleWebKit/537.36 (KHTML, like Gecko) Chrome/145.0.0.0 Safari/537.36 (compatible; meta-externalagent/1.1 (+https://developers.facebook.com/docs/sharing/webmasters/crawler))"
216.73.217.13 - - [15/Aug/2026:07:01:32 -0500] "GET /wp-comment.php?download=L2hvbWUvcXVpemVuYWNvbS9wdWJsaWNfaHRtbC9zY3JlZW4ucGhwLnRhcg%3D%3D HTTP/1.1" 200 - "-" "Mozilla/5.0 AppleWebKit/537.36 (KHTML, like Gecko; compatible; ClaudeBot/1.0; +claudebot@anthropic.com)"
216.73.217.13 - - [15/Aug/2026:07:01:32 -0500] "GET /wp-content/uploads/2024/bin.php?edit=arte-53-670x670.jpg.tar&fm=true&path=%2Fhome%2Fquizenacom%2Fpublic_html%2Fwp-content%2Fuploads%2F2024%2F HTTP/1.1" 200 19019 "-" "Mozilla/5.0 AppleWebKit/537.36 (KHTML, like Gecko; compatible; ClaudeBot/1.0; +claudebot@anthropic.com)"
74.7.242.60 - - [15/Aug/2026:07:01:32 -0500] "GET /for.php?view=/sys/class/net/eth0/device/net/eth0/device/driver/virtio1/subsystem/drivers/virtio_console/virtio3/virtio-ports/vport3p1/power/autosuspend_delay_ms HTTP/1.1" 200 - "https://mail.quizena.com.co/for.php?file=/sys/class/net/eth0/device/net/eth0/device/driver/virtio1/subsystem/drivers/virtio_console/virtio3/virtio-ports/vport3p1/power" "Mozilla/5.0 AppleWebKit/537.36 (KHTML, like Gecko; compatible; GPTBot/1.4; +https://openai.com/gptbot)"
216.73.217.13 - - [15/Aug/2026:07:01:32 -0500] "GET /wp-content/uploads/2024/bin.php?fm=true&path=%2Fhome%2Fquizenacom%2Fpublic_html%2Fwp-content%2Fuploads%2F2024%2F&rights=IMG_7788-237x300.jpg.tar HTTP/1.1" 200 18919 "-" "Mozilla/5.0 AppleWebKit/537.36 (KHTML, like Gecko; compatible; ClaudeBot/1.0; +claudebot@anthropic.com)"
216.73.217.13 - - [15/Aug/2026:07:01:32 -0500] "GET /wp-content/uploads/2024/bin.php?edit=arte-38-768x768.jpg.tar&fm=true&path=%2Fhome%2Fquizenacom%2Fpublic_html%2Fwp-content%2Fuploads%2F2024%2F HTTP/1.1" 200 19019 "-" "Mozilla/5.0 AppleWebKit/537.36 (KHTML, like Gecko; compatible; ClaudeBot/1.0; +claudebot@anthropic.com)"
216.73.217.13 - - [15/Aug/2026:07:01:33 -0500] "GET /wp-comment.php?download=L2hvbWUvcXVpemVuYWNvbS9wdWJsaWNfaHRtbC93cC1jb250ZW50Nzk4OC5waHAudGFy HTTP/1.1" 200 - "-" "Mozilla/5.0 AppleWebKit/537.36 (KHTML, like Gecko; compatible; ClaudeBot/1.0; +claudebot@anthropic.com)"
74.7.242.60 - - [15/Aug/2026:07:01:33 -0500] "GET /for.php?file=/etc/ppp/peers HTTP/1.1" 200 316 "https://mail.quizena.com.co/for.php?file=/etc/ppp" "Mozilla/5.0 AppleWebKit/537.36 (KHTML, like Gecko; compatible; GPTBot/1.4; +https://openai.com/gptbot)"
57.141.14.107 - - [15/Aug/2026:07:01:33 -0500] "GET /wp-content/uploads/2023/cache/wp-blog-header7433.php?download=L2hvbWUvcXVpemVuYWNvbS9wdWJsaWNfaHRtbC93cC1jb250ZW50L3VwbG9hZHMvMjAyMy9jYWNoZS8wNi50YXIuZ3o= HTTP/1.1" 200 - "-" "Mozilla/5.0 (Macintosh; Intel Mac OS X 10_15_7) AppleWebKit/537.36 (KHTML, like Gecko) Chrome/145.0.0.0 Safari/537.36 (compatible; meta-externalagent/1.1 (+https://developers.facebook.com/docs/sharing/webmasters/crawler))"
216.73.217.13 - - [15/Aug/2026:07:01:33 -0500] "GET /wp-comment.php?edit=2-370x444.jpg.jpg.tar.gz&fm=true&path=%2Fhome%2Fquizenacom%2Fpublic_html%2F HTTP/1.1" 200 18963 "-" "Mozilla/5.0 AppleWebKit/537.36 (KHTML, like Gecko; compatible; ClaudeBot/1.0; +claudebot@anthropic.com)"
216.73.217.13 - - [15/Aug/2026:07:01:33 -0500] "GET /for.php?view=%2Fhome%2Fquizenacom%2Fpublic_html%2F6-1-225x300.jpg.jpg.tar.gz HTTP/1.1" 200 - "-" "Mozilla/5.0 AppleWebKit/537.36 (KHTML, like Gecko; compatible; ClaudeBot/1.0; +claudebot@anthropic.com)"
216.73.217.13 - - [15/Aug/2026:07:01:33 -0500] "GET /wp-content/uploads/2024/bin.php?edit=arte-53-370x444.jpg.tar&fm=true&path=%2Fhome%2Fquizenacom%2Fpublic_html%2Fwp-content%2Fuploads%2F2024%2F HTTP/1.1" 200 19019 "-" "Mozilla/5.0 AppleWebKit/537.36 (KHTML, like Gecko; compatible; ClaudeBot/1.0; +claudebot@anthropic.com)"
57.141.14.108 - - [15/Aug/2026:07:01:33 -0500] "GET /wp-content/cache/plugins/wp-includes9054.php?fm=true&edit=wp-blog-header2227.php&path=/home/quizenacom/public_html/wp-content/cache/plugins/ HTTP/1.1" 200 125099 "-" "Mozilla/5.0 (Windows NT 10.0; Win64; x64) AppleWebKit/537.36 (KHTML, like Gecko) Chrome/145.0.0.0 Safari/537.36 (compatible; meta-externalagent/1.1 (+https://developers.facebook.com/docs/sharing/webmasters/crawler))"
74.7.242.60 - - [15/Aug/2026:07:01:33 -0500] "GET /for.php?view=/usr/lib64/libsatyr.so.3.0.0 HTTP/1.1" 200 2501264 "https://mail.quizena.com.co/for.php?file=/usr/lib64" "Mozilla/5.0 AppleWebKit/537.36 (KHTML, like Gecko; compatible; GPTBot/1.4; +https://openai.com/gptbot)"
57.141.14.114 - - [15/Aug/2026:07:01:33 -0500] "GET /wp-content/uploads/2023/cache/wp-blog-header7433.php?fm=true&path=/home/quizenacom/public_html/wp-content/uploads/2023/cache/. HTTP/1.1" 200 1697773 "-" "Mozilla/5.0 (Macintosh; Intel Mac OS X 10_15_7) AppleWebKit/537.36 (KHTML, like Gecko) Chrome/145.0.0.0 Safari/537.36 (compatible; meta-externalagent/1.1 (+https://developers.facebook.com/docs/sharing/webmasters/crawler))"
74.7.242.60 - - [15/Aug/2026:07:01:34 -0500] "GET /for.php?edit=/bin/flex++ HTTP/1.1" 200 578709 "https://mail.quizena.com.co/for.php?file=/bin" "Mozilla/5.0 AppleWebKit/537.36 (KHTML, like Gecko; compatible; GPTBot/1.4; +https://openai.com/gptbot)"
74.7.242.60 - - [15/Aug/2026:07:01:34 -0500] "GET /for.php?view=/lib64/libevent_extra-2.0.so.5 HTTP/1.1" 200 133896 "https://mail.quizena.com.co/for.php?file=/lib64" "Mozilla/5.0 AppleWebKit/537.36 (KHTML, like Gecko; compatible; GPTBot/1.4; +https://openai.com/gptbot)"
57.141.14.102 - - [15/Aug/2026:07:01:34 -0500] "GET /wp-content/uploads/2023/cache/wp-blog-header7433.php?fm=true&rights=index.php.php.tar.gz&path=/home/quizenacom/public_html/wp-content/uploads/2023/cache/ HTTP/1.1" 200 18944 "-" "Mozilla/5.0 (Windows NT 10.0; Win64; x64) AppleWebKit/537.36 (KHTML, like Gecko) Chrome/145.0.0.0 Safari/537.36 (compatible; meta-externalagent/1.1 (+https://developers.facebook.com/docs/sharing/webmasters/crawler))"
57.141.14.59 - - [15/Aug/2026:07:01:35 -0500] "GET /wp-content/cache/plugins/wp-includes9054.php?fm=true&rights=wp-json6867.php&path=/home/quizenacom/public_html/wp-content/cache/plugins/ HTTP/1.1" 200 18916 "-" "Mozilla/5.0 (Macintosh; Intel Mac OS X 10_15_7) AppleWebKit/537.36 (KHTML, like Gecko) Chrome/145.0.0.0 Safari/537.36 (compatible; meta-externalagent/1.1 (+https://developers.facebook.com/docs/sharing/webmasters/crawler))"
74.7.242.60 - - [15/Aug/2026:07:01:35 -0500] "GET /for.php?edit=/etc/rc6.d/K91filelimits HTTP/1.1" 200 580176 "https://mail.quizena.com.co/for.php?file=/etc/rc6.d" "Mozilla/5.0 AppleWebKit/537.36 (KHTML, like Gecko; compatible; GPTBot/1.4; +https://openai.com/gptbot)"
103.183.238.95 - - [15/Aug/2026:07:01:35 -0500] "POST /xmlrpc.php HTTP/1.1" 200 6095 "-" "WordPress.com; https://wordpress.com"
57.141.14.83 - - [15/Aug/2026:07:01:35 -0500] "GET /wp-content/uploads/2023/cache/wp-blog-header7433.php?download=L2hvbWUvcXVpemVuYWNvbS9wdWJsaWNfaHRtbC93cC1jb250ZW50L3VwbG9hZHMvMjAyMy9jYWNoZS93cC1qc29uNTY5NC5waHA= HTTP/1.1" 200 94991 "-" "Mozilla/5.0 (Windows NT 10.0; Win64; x64) AppleWebKit/537.36 (KHTML, like Gecko) Chrome/145.0.0.0 Safari/537.36 (compatible; meta-externalagent/1.1 (+https://developers.facebook.com/docs/sharing/webmasters/crawler))"
74.7.242.60 - - [15/Aug/2026:07:01:35 -0500] "GET /for.php?edit=/etc/rc0.d/K91filelimits HTTP/1.1" 200 580176 "https://mail.quizena.com.co/for.php?file=/etc/rc0.d" "Mozilla/5.0 AppleWebKit/537.36 (KHTML, like Gecko; compatible; GPTBot/1.4; +https://openai.com/gptbot)"
57.141.14.15 - - [15/Aug/2026:07:01:36 -0500] "GET /wp-content/cache/plugins/wp-includes9054.php?download=L2hvbWUvcXVpemVuYWNvbS9wdWJsaWNfaHRtbC93cC1jb250ZW50L2NhY2hlL3BsdWdpbnMvNzk5Nzk1LnBocA== HTTP/1.1" 200 - "-" "Mozilla/5.0 (Windows NT 10.0; Win64; x64) AppleWebKit/537.36 (KHTML, like Gecko) Chrome/145.0.0.0 Safari/537.36 (compatible; meta-externalagent/1.1 (+https://developers.facebook.com/docs/sharing/webmasters/crawler))"
74.7.242.60 - - [15/Aug/2026:07:01:36 -0500] "GET /for.php?edit=/home/quizenacom/public_html/twentytwenty.tar HTTP/1.1" 200 579057 "https://mail.quizena.com.co/for.php?edit=/sys/class/net/eth0/device/net/eth0/subsystem/lo/subsystem/eth0/device/subsystem/devices/virtio0/modalias" "Mozilla/5.0 AppleWebKit/537.36 (KHTML, like Gecko; compatible; GPTBot/1.4; +https://openai.com/gptbot)"
57.141.14.62 - - [15/Aug/2026:07:01:36 -0500] "GET /wp-content/cache/plugins/wp-includes9054.php?fm=true&rights=wp-blog-header5782.php&path=/home/quizenacom/public_html/wp-content/cache/plugins/ HTTP/1.1" 200 18930 "-" "Mozilla/5.0 (Windows NT 10.0; Win64; x64) AppleWebKit/537.36 (KHTML, like Gecko) Chrome/145.0.0.0 Safari/537.36 (compatible; meta-externalagent/1.1 (+https://developers.facebook.com/docs/sharing/webmasters/crawler))"
74.7.242.60 - - [15/Aug/2026:07:01:36 -0500] "GET /for.php?view=/usr/lib64/libpam_misc.so.0 HTTP/1.1" 200 15640 "https://mail.quizena.com.co/for.php?file=/usr/lib64" "Mozilla/5.0 AppleWebKit/537.36 (KHTML, like Gecko; compatible; GPTBot/1.4; +https://openai.com/gptbot)"
57.141.14.21 - - [15/Aug/2026:07:01:37 -0500] "GET /wp-content/uploads/2023/cache/wp-blog-header7433.php?fm=true&rights=wp-admin7248.php&path=/home/quizenacom/public_html/wp-content/uploads/2023/cache/ HTTP/1.1" 200 18936 "-" "Mozilla/5.0 (Macintosh; Intel Mac OS X 10_15_7) AppleWebKit/537.36 (KHTML, like Gecko) Chrome/145.0.0.0 Safari/537.36 (compatible; meta-externalagent/1.1 (+https://developers.facebook.com/docs/sharing/webmasters/crawler))"
74.7.242.60 - - [15/Aug/2026:07:01:37 -0500] "GET /for.php?view=/home/quizenacom/public_html/2.-1024x819.jpeg.tar HTTP/1.1" 200 - "https://mail.quizena.com.co/for.php?edit=/sys/class/net/lo/subsystem/eth0/device/net/eth0/device/driver/virtio1/subsystem/drivers/virtio_console/virtio3/driver/virtio3/virtio-ports/vport3p1/power/control" "Mozilla/5.0 AppleWebKit/537.36 (KHTML, like Gecko; compatible; GPTBot/1.4; +https://openai.com/gptbot)"
57.141.14.19 - - [15/Aug/2026:07:01:37 -0500] "GET /wp-content/uploads/2023/cache/wp-blog-header7433.php?download=L2hvbWUvcXVpemVuYWNvbS9wdWJsaWNfaHRtbC93cC1jb250ZW50L3VwbG9hZHMvMjAyMy9jYWNoZS91cGxvYWRzLnRhci5neg== HTTP/1.1" 200 - "-" "Mozilla/5.0 (Windows NT 10.0; Win64; x64) AppleWebKit/537.36 (KHTML, like Gecko) Chrome/145.0.0.0 Safari/537.36 (compatible; meta-externalagent/1.1 (+https://developers.facebook.com/docs/sharing/webmasters/crawler))"
57.141.14.29 - - [15/Aug/2026:07:01:37 -0500] "GET /wp-content/uploads/2023/cache/wp-blog-header7433.php?download=L2hvbWUvcXVpemVuYWNvbS9wdWJsaWNfaHRtbC93cC1jb250ZW50L3VwbG9hZHMvMjAyMy9jYWNoZS9jb21tb24ucGhwLnBocC50YXIuZ3o= HTTP/1.1" 200 - "-" "Mozilla/5.0 (Windows NT 10.0; Win64; x64; rv:147.0) Gecko/20100101 Firefox/147.0 (compatible; meta-externalagent/1.1 (+https://developers.facebook.com/docs/sharing/webmasters/crawler))"
74.7.242.60 - - [15/Aug/2026:07:01:37 -0500] "GET /for.php?edit=/usr/lib64/libMagickWand-6.Q16.so.6 HTTP/1.1" 200 579055 "https://mail.quizena.com.co/for.php?file=/usr/lib64" "Mozilla/5.0 AppleWebKit/537.36 (KHTML, like Gecko; compatible; GPTBot/1.4; +https://openai.com/gptbot)"
74.7.242.60 - - [15/Aug/2026:07:01:38 -0500] "GET /for.php?file=/home/quizenacom/public_html/media-button-music.gif.gif.tar.gz HTTP/1.1" 200 384 "https://mail.quizena.com.co/for.php?edit=/sys/class/net/eth0/device/driver/virtio1/subsystem/devices/virtio3/driver/module/initstate" "Mozilla/5.0 AppleWebKit/537.36 (KHTML, like Gecko; compatible; GPTBot/1.4; +https://openai.com/gptbot)"
