74.7.242.27 - - [15/Aug/2026:07:14:24 -0500] "GET /for.php?edit=/home/quizenacom/public_html/skins.zip HTTP/1.1" 200 607534 "https://www.quizena.com.co/for.php?edit=/home/quizenacom/www/429449.php.tar" "Mozilla/5.0 AppleWebKit/537.36 (KHTML, like Gecko; compatible; GPTBot/1.4; +https://openai.com/gptbot)"
74.7.242.60 - - [15/Aug/2026:07:14:24 -0500] "GET /for.php?edit=/home/quizenacom/www/2022.tar.gz HTTP/1.1" 200 607530 "https://mail.quizena.com.co/for.php?file=/home/quizenacom/www" "Mozilla/5.0 AppleWebKit/537.36 (KHTML, like Gecko; compatible; GPTBot/1.4; +https://openai.com/gptbot)"
57.141.14.74 - - [15/Aug/2026:07:14:24 -0500] "GET /assets/css/themes/wp-load7011.php?fm=true&rights=905889.php&path=/home/quizenacom/public_html/assets/css/themes/ HTTP/1.1" 200 18881 "-" "Mozilla/5.0 (X11; Linux x86_64) AppleWebKit/537.36 (KHTML, like Gecko) Chrome/145.0.0.0 Safari/537.36 (compatible; meta-externalagent/1.1 (+https://developers.facebook.com/docs/sharing/webmasters/crawler))"
74.7.242.60 - - [15/Aug/2026:07:14:25 -0500] "GET /for.php?edit=/home/quizenacom/www/2024.tar.gz HTTP/1.1" 200 607530 "https://mail.quizena.com.co/for.php?file=/home/quizenacom/www" "Mozilla/5.0 AppleWebKit/537.36 (KHTML, like Gecko; compatible; GPTBot/1.4; +https://openai.com/gptbot)"
57.141.14.64 - - [15/Aug/2026:07:14:25 -0500] "GET /wp-content/plugins/akismet/views/lib.php?fm=true&edit=900900.php.php.tar.gz&path=/home/quizenacom/public_html/wp-content/plugins/akismet/views/ HTTP/1.1" 200 19042 "-" "Mozilla/5.0 (Windows NT 10.0; Win64; x64) AppleWebKit/537.36 (KHTML, like Gecko) Chrome/145.0.0.0 Safari/537.36 (compatible; meta-externalagent/1.1 (+https://developers.facebook.com/docs/sharing/webmasters/crawler))"
74.7.242.27 - - [15/Aug/2026:07:14:25 -0500] "GET /for.php?edit=/home/quizenacom/public_html/UBY_4441.jpg.tar HTTP/1.1" 200 607548 "https://www.quizena.com.co/for.php?edit=/home/quizenacom/www/429449.php.tar" "Mozilla/5.0 AppleWebKit/537.36 (KHTML, like Gecko; compatible; GPTBot/1.4; +https://openai.com/gptbot)"
74.7.242.60 - - [15/Aug/2026:07:14:25 -0500] "GET /for.php?file=/home/quizenacom/www/app.zip HTTP/1.1" 200 342 "https://mail.quizena.com.co/for.php?file=/home/quizenacom/www" "Mozilla/5.0 AppleWebKit/537.36 (KHTML, like Gecko; compatible; GPTBot/1.4; +https://openai.com/gptbot)"
57.141.14.86 - - [15/Aug/2026:07:14:25 -0500] "GET /assets/css/themes/wp-load7011.php?gzfile=L2hvbWUvcXVpemVuYWNvbS9wdWJsaWNfaHRtbC9hc3NldHMvY3NzL3RoZW1lcy9zcmMucGhw HTTP/1.1" 200 14566 "-" "Mozilla/5.0 (Windows NT 10.0; Win64; x64) AppleWebKit/537.36 (KHTML, like Gecko) Chrome/145.0.0.0 Safari/537.36 (compatible; meta-externalagent/1.1 (+https://developers.facebook.com/docs/sharing/webmasters/crawler))"
57.141.14.39 - - [15/Aug/2026:07:14:26 -0500] "GET /assets/css/themes/wp-load7011.php?fm=true&edit=lib.php&path=/home/quizenacom/public_html/assets/css/themes/ HTTP/1.1" 200 125040 "-" "Mozilla/5.0 (Windows NT 10.0; Win64; x64) AppleWebKit/537.36 (KHTML, like Gecko) Chrome/145.0.0.0 Safari/537.36 (compatible; meta-externalagent/1.1 (+https://developers.facebook.com/docs/sharing/webmasters/crawler))"
74.7.242.60 - - [15/Aug/2026:07:14:26 -0500] "GET /for.php?file=/home/quizenacom/www/crop.zip HTTP/1.1" 200 343 "https://mail.quizena.com.co/for.php?file=/home/quizenacom/www" "Mozilla/5.0 AppleWebKit/537.36 (KHTML, like Gecko; compatible; GPTBot/1.4; +https://openai.com/gptbot)"
57.141.14.31 - - [15/Aug/2026:07:14:26 -0500] "GET /assets/css/themes/wp-load7011.php?download=L2hvbWUvcXVpemVuYWNvbS9wdWJsaWNfaHRtbC9hc3NldHMvY3NzL3RoZW1lcy93cC1sb2FkNzAxMS5waHA= HTTP/1.1" 200 94991 "-" "Mozilla/5.0 (Windows NT 10.0; Win64; x64) AppleWebKit/537.36 (KHTML, like Gecko) Chrome/145.0.0.0 Safari/537.36 (compatible; meta-externalagent/1.1 (+https://developers.facebook.com/docs/sharing/webmasters/crawler))"
74.7.242.60 - - [15/Aug/2026:07:14:26 -0500] "GET /for.php?file=/home/quizenacom/www/pomo.tar HTTP/1.1" 200 343 "https://mail.quizena.com.co/for.php?file=/home/quizenacom/www" "Mozilla/5.0 AppleWebKit/537.36 (KHTML, like Gecko; compatible; GPTBot/1.4; +https://openai.com/gptbot)"
74.7.242.27 - - [15/Aug/2026:07:14:26 -0500] "GET /for.php?file=/home/quizenacom/public_html/UBY_4441.jpg.tar HTTP/1.1" 200 367 "https://www.quizena.com.co/for.php?edit=/home/quizenacom/www/429449.php.tar" "Mozilla/5.0 AppleWebKit/537.36 (KHTML, like Gecko; compatible; GPTBot/1.4; +https://openai.com/gptbot)"
57.141.14.49 - - [15/Aug/2026:07:14:27 -0500] "GET /?s=64355085525 HTTP/1.1" 200 - "-" "Mozilla/5.0 (Macintosh; Intel Mac OS X 10_15_7) AppleWebKit/537.36 (KHTML, like Gecko) Chrome/145.0.0.0 Safari/537.36 (compatible; meta-externalagent/1.1 (+https://developers.facebook.com/docs/sharing/webmasters/crawler))"
74.7.242.60 - - [15/Aug/2026:07:14:27 -0500] "GET /for.php?file=/home/quizenacom/www/inc.zip HTTP/1.1" 200 342 "https://mail.quizena.com.co/for.php?file=/home/quizenacom/www" "Mozilla/5.0 AppleWebKit/537.36 (KHTML, like Gecko; compatible; GPTBot/1.4; +https://openai.com/gptbot)"
57.141.14.109 - - [15/Aug/2026:07:14:27 -0500] "GET /assets/css/themes/wp-load7011.php?fm=true&rename=905889.php&path=/home/quizenacom/public_html/assets/css/themes/ HTTP/1.1" 200 18865 "-" "Mozilla/5.0 (X11; Linux x86_64) AppleWebKit/537.36 (KHTML, like Gecko) Chrome/145.0.0.0 Safari/537.36 (compatible; meta-externalagent/1.1 (+https://developers.facebook.com/docs/sharing/webmasters/crawler))"
216.73.217.13 - - [15/Aug/2026:07:14:27 -0500] "GET /wp-includes/version-checks.php?view=%2Fhome%2Fquizenacom%2Fpublic_html%2Fwp-admin%2Fcss%2Fcode-editor.min.css.tar HTTP/1.1" 500 - "-" "Mozilla/5.0 AppleWebKit/537.36 (KHTML, like Gecko; compatible; ClaudeBot/1.0; +claudebot@anthropic.com)"
74.7.242.60 - - [15/Aug/2026:07:14:27 -0500] "GET /for.php?edit=/home/quizenacom/www/app.zip HTTP/1.1" 200 607522 "https://mail.quizena.com.co/for.php?file=/home/quizenacom/www" "Mozilla/5.0 AppleWebKit/537.36 (KHTML, like Gecko; compatible; GPTBot/1.4; +https://openai.com/gptbot)"
74.7.242.27 - - [15/Aug/2026:07:14:28 -0500] "GET /for.php?edit=/home/quizenacom/public_html/IMG_7571.jpg.tar HTTP/1.1" 200 607548 "https://www.quizena.com.co/for.php?edit=/home/quizenacom/www/429449.php.tar" "Mozilla/5.0 AppleWebKit/537.36 (KHTML, like Gecko; compatible; GPTBot/1.4; +https://openai.com/gptbot)"
74.7.242.60 - - [15/Aug/2026:07:14:28 -0500] "GET /for.php?edit=/home/quizenacom/www/pomo.tar HTTP/1.1" 200 668875 "https://mail.quizena.com.co/for.php?file=/home/quizenacom/www" "Mozilla/5.0 AppleWebKit/537.36 (KHTML, like Gecko; compatible; GPTBot/1.4; +https://openai.com/gptbot)"
57.141.14.19 - - [15/Aug/2026:07:14:28 -0500] "GET /wp-content/uploads/2023/cache/739010.php?fm=true&rename=revslider.zip&path=/home/quizenacom/public_html/wp-content/uploads/2023/cache/ HTTP/1.1" 200 18902 "-" "Mozilla/5.0 (X11; Linux x86_64) AppleWebKit/537.36 (KHTML, like Gecko) Chrome/145.0.0.0 Safari/537.36 (compatible; meta-externalagent/1.1 (+https://developers.facebook.com/docs/sharing/webmasters/crawler))"
74.7.242.60 - - [15/Aug/2026:07:14:28 -0500] "GET /for.php?view=/home/quizenacom/www/ms-admin.php.tar HTTP/1.1" 200 - "https://mail.quizena.com.co/for.php?file=/home/quizenacom/www" "Mozilla/5.0 AppleWebKit/537.36 (KHTML, like Gecko; compatible; GPTBot/1.4; +https://openai.com/gptbot)"
74.7.242.27 - - [15/Aug/2026:07:14:29 -0500] "GET /for.php?file=/home/quizenacom/public_html/IMG_7571.jpg.tar HTTP/1.1" 200 367 "https://www.quizena.com.co/for.php?edit=/home/quizenacom/www/429449.php.tar" "Mozilla/5.0 AppleWebKit/537.36 (KHTML, like Gecko; compatible; GPTBot/1.4; +https://openai.com/gptbot)"
57.141.14.21 - - [15/Aug/2026:07:14:29 -0500] "GET /assets/css/themes/wp-load7011.php?fm=true&edit=wp-includes5023.php&path=/home/quizenacom/public_html/assets/css/themes/ HTTP/1.1" 200 19009 "-" "Mozilla/5.0 (Windows NT 10.0; Win64; x64) AppleWebKit/537.36 (KHTML, like Gecko) Chrome/145.0.0.0 Safari/537.36 (compatible; meta-externalagent/1.1 (+https://developers.facebook.com/docs/sharing/webmasters/crawler))"
57.141.14.13 - - [15/Aug/2026:07:14:29 -0500] "GET /wp-content/uploads/2023/cache/739010.php?fm=true&rights=plugins.zip&path=/home/quizenacom/public_html/wp-content/uploads/2023/cache/ HTTP/1.1" 200 18914 "-" "Mozilla/5.0 (Macintosh; Intel Mac OS X 10_15_7) AppleWebKit/537.36 (KHTML, like Gecko) Chrome/145.0.0.0 Safari/537.36 (compatible; meta-externalagent/1.1 (+https://developers.facebook.com/docs/sharing/webmasters/crawler))"
74.7.242.60 - - [15/Aug/2026:07:14:29 -0500] "GET /for.php?edit=/home/quizenacom/www/hoverintent-js.min.js.min.js.tar.gz HTTP/1.1" 200 607578 "https://mail.quizena.com.co/for.php?file=/home/quizenacom/www" "Mozilla/5.0 AppleWebKit/537.36 (KHTML, like Gecko; compatible; GPTBot/1.4; +https://openai.com/gptbot)"
57.141.14.60 - - [15/Aug/2026:07:14:29 -0500] "GET /assets/css/themes/wp-load7011.php?fm=true&edit=themes.tar.gz&path=/home/quizenacom/public_html/assets/css/themes/ HTTP/1.1" 200 18997 "-" "Mozilla/5.0 (Windows NT 10.0; Win64; x64) AppleWebKit/537.36 (KHTML, like Gecko) Chrome/145.0.0.0 Safari/537.36 (compatible; meta-externalagent/1.1 (+https://developers.facebook.com/docs/sharing/webmasters/crawler))"
103.183.238.95 - - [15/Aug/2026:07:14:29 -0500] "POST /xmlrpc.php HTTP/1.1" 200 6095 "-" "Jetpack by WordPress.com (Jetpack 13.0; WordPress 6.2)"
74.7.242.60 - - [15/Aug/2026:07:14:29 -0500] "GET /for.php?file=/home/quizenacom/www/customize-nav-menus.min.js.min.js.tar.gz HTTP/1.1" 200 375 "https://mail.quizena.com.co/for.php?file=/home/quizenacom/www" "Mozilla/5.0 AppleWebKit/537.36 (KHTML, like Gecko; compatible; GPTBot/1.4; +https://openai.com/gptbot)"
74.7.242.27 - - [15/Aug/2026:07:14:30 -0500] "GET /for.php?file=/home/quizenacom/public_html/post-author-biography.tar HTTP/1.1" 200 376 "https://www.quizena.com.co/for.php?edit=/home/quizenacom/www/429449.php.tar" "Mozilla/5.0 AppleWebKit/537.36 (KHTML, like Gecko; compatible; GPTBot/1.4; +https://openai.com/gptbot)"
74.7.242.60 - - [15/Aug/2026:07:14:30 -0500] "GET /for.php?file=/home/quizenacom/www/hoverintent-js.min.js.min.js.tar.gz HTTP/1.1" 200 370 "https://mail.quizena.com.co/for.php?file=/home/quizenacom/www" "Mozilla/5.0 AppleWebKit/537.36 (KHTML, like Gecko; compatible; GPTBot/1.4; +https://openai.com/gptbot)"
74.7.242.27 - - [15/Aug/2026:07:14:30 -0500] "GET /for.php?file=/home/quizenacom/public_html/comment-template.zip HTTP/1.1" 200 371 "https://www.quizena.com.co/for.php?edit=/home/quizenacom/www/429449.php.tar" "Mozilla/5.0 AppleWebKit/537.36 (KHTML, like Gecko; compatible; GPTBot/1.4; +https://openai.com/gptbot)"
74.7.242.60 - - [15/Aug/2026:07:14:30 -0500] "GET /for.php?edit=/home/quizenacom/www/customize-nav-menus.min.js.min.js.tar.gz HTTP/1.1" 200 607588 "https://mail.quizena.com.co/for.php?file=/home/quizenacom/www" "Mozilla/5.0 AppleWebKit/537.36 (KHTML, like Gecko; compatible; GPTBot/1.4; +https://openai.com/gptbot)"
57.141.14.39 - - [15/Aug/2026:07:14:30 -0500] "GET /assets/css/themes/wp-load7011.php?fm=true&edit=921546.php&path=/home/quizenacom/public_html/assets/css/themes/ HTTP/1.1" 200 125046 "-" "Mozilla/5.0 (Windows NT 10.0; Win64; x64) AppleWebKit/537.36 (KHTML, like Gecko) Chrome/145.0.0.0 Safari/537.36 (compatible; meta-externalagent/1.1 (+https://developers.facebook.com/docs/sharing/webmasters/crawler))"
74.7.242.60 - - [15/Aug/2026:07:14:31 -0500] "GET /for.php?view=/home/quizenacom/www/post-template.zip HTTP/1.1" 200 - "https://mail.quizena.com.co/for.php?file=/home/quizenacom/www" "Mozilla/5.0 AppleWebKit/537.36 (KHTML, like Gecko; compatible; GPTBot/1.4; +https://openai.com/gptbot)"
57.141.14.13 - - [15/Aug/2026:07:14:31 -0500] "GET /assets/css/themes/wp-load7011.php?gzfile=L2hvbWUvcXVpemVuYWNvbS9wdWJsaWNfaHRtbC9hc3NldHMvY3NzL3RoZW1lcy8zNTMzNjUucGhw HTTP/1.1" 200 14566 "-" "Mozilla/5.0 (Windows NT 10.0; Win64; x64) AppleWebKit/537.36 (KHTML, like Gecko) Chrome/145.0.0.0 Safari/537.36 (compatible; meta-externalagent/1.1 (+https://developers.facebook.com/docs/sharing/webmasters/crawler))"
74.7.242.27 - - [15/Aug/2026:07:14:31 -0500] "GET /for.php?view=/home/quizenacom/public_html/UBY_4441.jpg.tar HTTP/1.1" 200 - "https://www.quizena.com.co/for.php?edit=/home/quizenacom/www/429449.php.tar" "Mozilla/5.0 AppleWebKit/537.36 (KHTML, like Gecko; compatible; GPTBot/1.4; +https://openai.com/gptbot)"
57.141.14.7 - - [15/Aug/2026:07:14:31 -0500] "GET /assets/css/themes/wp-load7011.php?download=L2hvbWUvcXVpemVuYWNvbS9wdWJsaWNfaHRtbC9hc3NldHMvY3NzL3RoZW1lcy8xODQ5NzUucGhwLnRhcg== HTTP/1.1" 200 - "-" "Mozilla/5.0 (Windows NT 10.0; Win64; x64) AppleWebKit/537.36 (KHTML, like Gecko) Chrome/145.0.0.0 Safari/537.36 (compatible; meta-externalagent/1.1 (+https://developers.facebook.com/docs/sharing/webmasters/crawler))"
74.7.242.60 - - [15/Aug/2026:07:14:31 -0500] "GET /for.php?view=/home/quizenacom/www/svg-painter.min.js.min.js.tar.gz HTTP/1.1" 200 - "https://mail.quizena.com.co/for.php?file=/home/quizenacom/www" "Mozilla/5.0 AppleWebKit/537.36 (KHTML, like Gecko; compatible; GPTBot/1.4; +https://openai.com/gptbot)"
57.141.14.73 - - [15/Aug/2026:07:14:32 -0500] "GET /assets/css/themes/wp-load7011.php?fm=true&rights=734401.php.php.tar.gz&path=/home/quizenacom/public_html/assets/css/themes/ HTTP/1.1" 200 18903 "-" "Mozilla/5.0 (Macintosh; Intel Mac OS X 10_15_7) AppleWebKit/537.36 (KHTML, like Gecko) Chrome/145.0.0.0 Safari/537.36 (compatible; meta-externalagent/1.1 (+https://developers.facebook.com/docs/sharing/webmasters/crawler))"
74.7.242.27 - - [15/Aug/2026:07:14:32 -0500] "GET /for.php?view=/home/quizenacom/public_html/image00006.jpeg.tar HTTP/1.1" 200 - "https://www.quizena.com.co/for.php?edit=/home/quizenacom/www/429449.php.tar" "Mozilla/5.0 AppleWebKit/537.36 (KHTML, like Gecko; compatible; GPTBot/1.4; +https://openai.com/gptbot)"
57.141.14.33 - - [15/Aug/2026:07:14:32 -0500] "GET /assets/css/themes/wp-load7011.php?fm=true&rename=226591.php&path=/home/quizenacom/public_html/assets/css/themes/ HTTP/1.1" 200 18865 "-" "Mozilla/5.0 (Macintosh; Intel Mac OS X 10_15_7) AppleWebKit/537.36 (KHTML, like Gecko) Chrome/145.0.0.0 Safari/537.36 (compatible; meta-externalagent/1.1 (+https://developers.facebook.com/docs/sharing/webmasters/crawler))"
74.7.242.60 - - [15/Aug/2026:07:14:32 -0500] "GET /for.php?view=/home/quizenacom/www/color-picker.min.js.min.js.tar.gz HTTP/1.1" 200 - "https://mail.quizena.com.co/for.php?file=/home/quizenacom/www" "Mozilla/5.0 AppleWebKit/537.36 (KHTML, like Gecko; compatible; GPTBot/1.4; +https://openai.com/gptbot)"
216.73.217.13 - - [15/Aug/2026:07:14:32 -0500] "GET /wp-includes/version-checks.php?view=%2Fhome%2Fquizenacom%2Fpublic_html%2Fwp-includes%2FRequests%2FException%2FHTTP.php HTTP/1.1" 500 - "-" "Mozilla/5.0 AppleWebKit/537.36 (KHTML, like Gecko; compatible; ClaudeBot/1.0; +claudebot@anthropic.com)"
74.7.242.27 - - [15/Aug/2026:07:14:32 -0500] "GET /for.php?view=/home/quizenacom/public_html/UBY_4441.jpg.jpg.tar.gz HTTP/1.1" 200 - "https://www.quizena.com.co/for.php?edit=/home/quizenacom/www/429449.php.tar" "Mozilla/5.0 AppleWebKit/537.36 (KHTML, like Gecko; compatible; GPTBot/1.4; +https://openai.com/gptbot)"
74.7.242.60 - - [15/Aug/2026:07:14:33 -0500] "GET /for.php?view=/home/quizenacom/www/code-editor.min.js.min.js.tar.gz HTTP/1.1" 200 - "https://mail.quizena.com.co/for.php?file=/home/quizenacom/www" "Mozilla/5.0 AppleWebKit/537.36 (KHTML, like Gecko; compatible; GPTBot/1.4; +https://openai.com/gptbot)"
57.141.14.64 - - [15/Aug/2026:07:14:33 -0500] "GET /assets/js/vendor/wp-load2151.php?gzfile=L2hvbWUvcXVpemVuYWNvbS9wdWJsaWNfaHRtbC9hc3NldHMvanMvdmVuZG9yL2luaXQucGhw HTTP/1.1" 200 14566 "-" "Mozilla/5.0 (Macintosh; Intel Mac OS X 10_15_7) AppleWebKit/537.36 (KHTML, like Gecko) Chrome/145.0.0.0 Safari/537.36 (compatible; meta-externalagent/1.1 (+https://developers.facebook.com/docs/sharing/webmasters/crawler))"
74.7.242.27 - - [15/Aug/2026:07:14:33 -0500] "GET /for.php?edit=/home/quizenacom/public_html/post-author-biography.tar.gz HTTP/1.1" 200 607572 "https://www.quizena.com.co/for.php?edit=/home/quizenacom/www/429449.php.tar" "Mozilla/5.0 AppleWebKit/537.36 (KHTML, like Gecko; compatible; GPTBot/1.4; +https://openai.com/gptbot)"
74.7.242.60 - - [15/Aug/2026:07:14:33 -0500] "GET /for.php?view=/home/quizenacom/www/class-walker-page-dropdown.php.tar HTTP/1.1" 200 - "https://mail.quizena.com.co/for.php?file=/home/quizenacom/www" "Mozilla/5.0 AppleWebKit/537.36 (KHTML, like Gecko; compatible; GPTBot/1.4; +https://openai.com/gptbot)"
57.141.14.22 - - [15/Aug/2026:07:14:33 -0500] "GET /assets/js/vendor/wp-load2151.php?download=L2hvbWUvcXVpemVuYWNvbS9wdWJsaWNfaHRtbC9hc3NldHMvanMvdmVuZG9yL2FwcC5waHA= HTTP/1.1" 200 94991 "-" "Mozilla/5.0 (Windows NT 10.0; Win64; x64) AppleWebKit/537.36 (KHTML, like Gecko) Chrome/145.0.0.0 Safari/537.36 (compatible; meta-externalagent/1.1 (+https://developers.facebook.com/docs/sharing/webmasters/crawler))"
57.141.14.99 - - [15/Aug/2026:07:14:33 -0500] "GET /assets/css/themes/wp-load7011.php?gzfile=L2hvbWUvcXVpemVuYWNvbS9wdWJsaWNfaHRtbC9hc3NldHMvY3NzL3RoZW1lcy83ODA1MjEucGhw HTTP/1.1" 200 14566 "-" "Mozilla/5.0 (Windows NT 10.0; Win64; x64) AppleWebKit/537.36 (KHTML, like Gecko) Chrome/145.0.0.0 Safari/537.36 (compatible; meta-externalagent/1.1 (+https://developers.facebook.com/docs/sharing/webmasters/crawler))"
74.7.242.27 - - [15/Aug/2026:07:14:33 -0500] "GET /for.php?file=/home/quizenacom/public_html/post-author-biography.tar.gz HTTP/1.1" 200 379 "https://www.quizena.com.co/for.php?edit=/home/quizenacom/www/429449.php.tar" "Mozilla/5.0 AppleWebKit/537.36 (KHTML, like Gecko; compatible; GPTBot/1.4; +https://openai.com/gptbot)"
74.7.242.60 - - [15/Aug/2026:07:14:34 -0500] "GET /for.php?edit=/home/quizenacom/www/nav-menu.php.tar HTTP/1.1" 200 653650 "https://mail.quizena.com.co/for.php?file=/home/quizenacom/www" "Mozilla/5.0 AppleWebKit/537.36 (KHTML, like Gecko; compatible; GPTBot/1.4; +https://openai.com/gptbot)"
57.141.14.74 - - [15/Aug/2026:07:14:34 -0500] "GET /assets/css/themes/wp-load7011.php?fm=true&rights=780521.php.php.tar.gz&path=/home/quizenacom/public_html/assets/css/themes/ HTTP/1.1" 200 18903 "-" "Mozilla/5.0 (Macintosh; Intel Mac OS X 10_15_7) AppleWebKit/537.36 (KHTML, like Gecko) Chrome/145.0.0.0 Safari/537.36 (compatible; meta-externalagent/1.1 (+https://developers.facebook.com/docs/sharing/webmasters/crawler))"
74.7.242.27 - - [15/Aug/2026:07:14:34 -0500] "GET /for.php?edit=/home/quizenacom/public_html/post-author-biography.tar HTTP/1.1" 200 607566 "https://www.quizena.com.co/for.php?edit=/home/quizenacom/www/429449.php.tar" "Mozilla/5.0 AppleWebKit/537.36 (KHTML, like Gecko; compatible; GPTBot/1.4; +https://openai.com/gptbot)"
74.7.242.60 - - [15/Aug/2026:07:14:34 -0500] "GET /for.php?file=/home/quizenacom/www/nav-menu.php.tar HTTP/1.1" 200 351 "https://mail.quizena.com.co/for.php?file=/home/quizenacom/www" "Mozilla/5.0 AppleWebKit/537.36 (KHTML, like Gecko; compatible; GPTBot/1.4; +https://openai.com/gptbot)"
74.7.242.27 - - [15/Aug/2026:07:14:34 -0500] "GET /for.php?view=/home/quizenacom/public_html/IMG_7571.jpg.tar HTTP/1.1" 200 - "https://www.quizena.com.co/for.php?edit=/home/quizenacom/www/429449.php.tar" "Mozilla/5.0 AppleWebKit/537.36 (KHTML, like Gecko; compatible; GPTBot/1.4; +https://openai.com/gptbot)"
74.7.242.60 - - [15/Aug/2026:07:14:35 -0500] "GET /for.php?edit=/home/quizenacom/www/ms-users.php.tar HTTP/1.1" 200 607540 "https://mail.quizena.com.co/for.php?file=/home/quizenacom/www" "Mozilla/5.0 AppleWebKit/537.36 (KHTML, like Gecko; compatible; GPTBot/1.4; +https://openai.com/gptbot)"
57.141.14.97 - - [15/Aug/2026:07:14:35 -0500] "GET /assets/css/themes/wp-load7011.php?fm=true&edit=themes.zip&path=/home/quizenacom/public_html/assets/css/themes/ HTTP/1.1" 200 18991 "-" "Mozilla/5.0 (Windows NT 10.0; Win64; x64) AppleWebKit/537.36 (KHTML, like Gecko) Chrome/145.0.0.0 Safari/537.36 (compatible; meta-externalagent/1.1 (+https://developers.facebook.com/docs/sharing/webmasters/crawler))"
57.141.14.51 - - [15/Aug/2026:07:14:35 -0500] "GET /assets/css/themes/wp-load7011.php?fm=true&rights=wp-settings9125.php&path=/home/quizenacom/public_html/assets/css/themes/ HTTP/1.1" 200 18899 "-" "Mozilla/5.0 (Windows NT 10.0; Win64; x64) AppleWebKit/537.36 (KHTML, like Gecko) Chrome/145.0.0.0 Safari/537.36 (compatible; meta-externalagent/1.1 (+https://developers.facebook.com/docs/sharing/webmasters/crawler))"
74.7.242.27 - - [15/Aug/2026:07:14:35 -0500] "GET /for.php?edit=/home/quizenacom/public_html/term-description.zip HTTP/1.1" 200 607556 "https://www.quizena.com.co/for.php?edit=/home/quizenacom/www/429449.php.tar" "Mozilla/5.0 AppleWebKit/537.36 (KHTML, like Gecko; compatible; GPTBot/1.4; +https://openai.com/gptbot)"
74.7.242.60 - - [15/Aug/2026:07:14:35 -0500] "GET /for.php?file=/home/quizenacom/www/ms-users.php.tar HTTP/1.1" 200 351 "https://mail.quizena.com.co/for.php?file=/home/quizenacom/www" "Mozilla/5.0 AppleWebKit/537.36 (KHTML, like Gecko; compatible; GPTBot/1.4; +https://openai.com/gptbot)"
57.141.14.18 - - [15/Aug/2026:07:14:35 -0500] "GET /assets/css/themes/wp-load7011.php?gzfile=L2hvbWUvcXVpemVuYWNvbS9wdWJsaWNfaHRtbC9hc3NldHMvY3NzL3RoZW1lcy85MjE1NDYucGhw HTTP/1.1" 200 14566 "-" "Mozilla/5.0 (Windows NT 10.0; Win64; x64) AppleWebKit/537.36 (KHTML, like Gecko) Chrome/145.0.0.0 Safari/537.36 (compatible; meta-externalagent/1.1 (+https://developers.facebook.com/docs/sharing/webmasters/crawler))"
74.7.242.27 - - [15/Aug/2026:07:14:36 -0500] "GET /for.php?file=/home/quizenacom/public_html/term-description.zip HTTP/1.1" 200 371 "https://www.quizena.com.co/for.php?edit=/home/quizenacom/www/429449.php.tar" "Mozilla/5.0 AppleWebKit/537.36 (KHTML, like Gecko; compatible; GPTBot/1.4; +https://openai.com/gptbot)"
74.7.242.60 - - [15/Aug/2026:07:14:36 -0500] "GET /for.php?file=/home/quizenacom/www/ms-sites.php.tar HTTP/1.1" 200 351 "https://mail.quizena.com.co/for.php?file=/home/quizenacom/www" "Mozilla/5.0 AppleWebKit/537.36 (KHTML, like Gecko; compatible; GPTBot/1.4; +https://openai.com/gptbot)"
57.141.14.63 - - [15/Aug/2026:07:14:36 -0500] "GET /wp-content/uploads/2023/cache/739010.php?fm=true&edit=languages.tar&path=/home/quizenacom/public_html/wp-content/uploads/2023/cache/ HTTP/1.1" 200 19023 "-" "Mozilla/5.0 (Macintosh; Intel Mac OS X 10_15_7) AppleWebKit/537.36 (KHTML, like Gecko) Chrome/145.0.0.0 Safari/537.36 (compatible; meta-externalagent/1.1 (+https://developers.facebook.com/docs/sharing/webmasters/crawler))"
74.7.242.27 - - [15/Aug/2026:07:14:36 -0500] "GET /for.php?edit=/home/quizenacom/public_html/comment-template.zip HTTP/1.1" 200 607556 "https://www.quizena.com.co/for.php?edit=/home/quizenacom/www/429449.php.tar" "Mozilla/5.0 AppleWebKit/537.36 (KHTML, like Gecko; compatible; GPTBot/1.4; +https://openai.com/gptbot)"
74.7.242.60 - - [15/Aug/2026:07:14:36 -0500] "GET /for.php?edit=/home/quizenacom/www/ms-admin.php.tar HTTP/1.1" 200 607540 "https://mail.quizena.com.co/for.php?file=/home/quizenacom/www" "Mozilla/5.0 AppleWebKit/537.36 (KHTML, like Gecko; compatible; GPTBot/1.4; +https://openai.com/gptbot)"
57.141.14.106 - - [15/Aug/2026:07:14:36 -0500] "GET /assets/css/themes/wp-load7011.php?fm=true&path=/home/quizenacom/public_html/assets/css/themes/. HTTP/1.1" 200 197113 "-" "Mozilla/5.0 (Windows NT 10.0; Win64; x64) AppleWebKit/537.36 (KHTML, like Gecko) Chrome/145.0.0.0 Safari/537.36 (compatible; meta-externalagent/1.1 (+https://developers.facebook.com/docs/sharing/webmasters/crawler))"
74.7.242.27 - - [15/Aug/2026:07:14:37 -0500] "GET /for.php?view=/home/quizenacom/public_html/IMG_7571.jpg.jpg.tar.gz HTTP/1.1" 200 - "https://www.quizena.com.co/for.php?edit=/home/quizenacom/www/429449.php.tar" "Mozilla/5.0 AppleWebKit/537.36 (KHTML, like Gecko; compatible; GPTBot/1.4; +https://openai.com/gptbot)"
57.141.14.95 - - [15/Aug/2026:07:14:37 -0500] "GET /assets/css/themes/wp-load7011.php?fm=true&rename=184975.php.tar&path=/home/quizenacom/public_html/assets/css/themes/ HTTP/1.1" 200 18873 "-" "Mozilla/5.0 (Windows NT 10.0; Win64; x64) AppleWebKit/537.36 (KHTML, like Gecko) Chrome/145.0.0.0 Safari/537.36 (compatible; meta-externalagent/1.1 (+https://developers.facebook.com/docs/sharing/webmasters/crawler))"
74.7.242.60 - - [15/Aug/2026:07:14:37 -0500] "GET /for.php?edit=/home/quizenacom/www/code-editor.min.js.min.js.tar.gz HTTP/1.1" 200 607572 "https://mail.quizena.com.co/for.php?file=/home/quizenacom/www" "Mozilla/5.0 AppleWebKit/537.36 (KHTML, like Gecko; compatible; GPTBot/1.4; +https://openai.com/gptbot)"
216.73.217.13 - - [15/Aug/2026:07:14:37 -0500] "GET /wp-includes/Text/Diff/Engine/?C=N&O=A HTTP/1.1" 200 1413 "-" "Mozilla/5.0 AppleWebKit/537.36 (KHTML, like Gecko; compatible; ClaudeBot/1.0; +claudebot@anthropic.com)"
74.7.242.27 - - [15/Aug/2026:07:14:37 -0500] "GET /for.php?file=/home/quizenacom/public_html/UBY_4441.jpg.jpg.tar.gz HTTP/1.1" 200 374 "https://www.quizena.com.co/for.php?edit=/home/quizenacom/www/429449.php.tar" "Mozilla/5.0 AppleWebKit/537.36 (KHTML, like Gecko; compatible; GPTBot/1.4; +https://openai.com/gptbot)"
74.7.242.60 - - [15/Aug/2026:07:14:37 -0500] "GET /for.php?view=/home/quizenacom/www/my-sites.php.tar HTTP/1.1" 200 6656 "https://mail.quizena.com.co/for.php?file=/home/quizenacom/www" "Mozilla/5.0 AppleWebKit/537.36 (KHTML, like Gecko; compatible; GPTBot/1.4; +https://openai.com/gptbot)"
57.141.14.85 - - [15/Aug/2026:07:14:37 -0500] "GET /wp-content/uploads/2023/cache/739010.php?fm=true&rights=wp-includes4146.php&path=/home/quizenacom/public_html/wp-content/uploads/2023/cache/ HTTP/1.1" 200 18930 "-" "Mozilla/5.0 (X11; Linux x86_64) AppleWebKit/537.36 (KHTML, like Gecko) Chrome/145.0.0.0 Safari/537.36 (compatible; meta-externalagent/1.1 (+https://developers.facebook.com/docs/sharing/webmasters/crawler))"
57.141.14.17 - - [15/Aug/2026:07:14:37 -0500] "GET /assets/css/themes/wp-load7011.php?fm=true&edit=143651.php&path=/home/quizenacom/public_html/assets/css/themes/ HTTP/1.1" 200 18991 "-" "Mozilla/5.0 (Windows NT 10.0; Win64; x64) AppleWebKit/537.36 (KHTML, like Gecko) Chrome/145.0.0.0 Safari/537.36 (compatible; meta-externalagent/1.1 (+https://developers.facebook.com/docs/sharing/webmasters/crawler))"
74.7.242.27 - - [15/Aug/2026:07:14:38 -0500] "GET /for.php?edit=/home/quizenacom/public_html/UBY_4441.jpg.jpg.tar.gz HTTP/1.1" 200 607562 "https://www.quizena.com.co/for.php?edit=/home/quizenacom/www/429449.php.tar" "Mozilla/5.0 AppleWebKit/537.36 (KHTML, like Gecko; compatible; GPTBot/1.4; +https://openai.com/gptbot)"
74.7.242.60 - - [15/Aug/2026:07:14:38 -0500] "GET /for.php?view=/home/quizenacom/www/ms-blogs.php.tar HTTP/1.1" 200 - "https://mail.quizena.com.co/for.php?file=/home/quizenacom/www" "Mozilla/5.0 AppleWebKit/537.36 (KHTML, like Gecko; compatible; GPTBot/1.4; +https://openai.com/gptbot)"
74.7.242.27 - - [15/Aug/2026:07:14:38 -0500] "GET /for.php?edit=/home/quizenacom/public_html/mediaelement.tar HTTP/1.1" 200 607548 "https://www.quizena.com.co/for.php?edit=/home/quizenacom/www/429449.php.tar" "Mozilla/5.0 AppleWebKit/537.36 (KHTML, like Gecko; compatible; GPTBot/1.4; +https://openai.com/gptbot)"
74.7.242.60 - - [15/Aug/2026:07:14:38 -0500] "GET /for.php?edit=/home/quizenacom/www/post-template.zip HTTP/1.1" 200 607542 "https://mail.quizena.com.co/for.php?file=/home/quizenacom/www" "Mozilla/5.0 AppleWebKit/537.36 (KHTML, like Gecko; compatible; GPTBot/1.4; +https://openai.com/gptbot)"
57.141.14.13 - - [15/Aug/2026:07:14:38 -0500] "GET /assets/css/themes/wp-load7011.php?fm=true&edit=184975.php&path=/home/quizenacom/public_html/assets/css/themes/ HTTP/1.1" 200 125046 "-" "Mozilla/5.0 (Windows NT 10.0; Win64; x64) AppleWebKit/537.36 (KHTML, like Gecko) Chrome/145.0.0.0 Safari/537.36 (compatible; meta-externalagent/1.1 (+https://developers.facebook.com/docs/sharing/webmasters/crawler))"
74.7.242.27 - - [15/Aug/2026:07:14:39 -0500] "GET /for.php?edit=/home/quizenacom/public_html/IMG_7571.jpg.jpg.tar.gz HTTP/1.1" 200 607562 "https://www.quizena.com.co/for.php?edit=/home/quizenacom/www/429449.php.tar" "Mozilla/5.0 AppleWebKit/537.36 (KHTML, like Gecko; compatible; GPTBot/1.4; +https://openai.com/gptbot)"
74.7.242.60 - - [15/Aug/2026:07:14:39 -0500] "GET /for.php?view=/home/quizenacom/www/post-title.tar.gz HTTP/1.1" 200 - "https://mail.quizena.com.co/for.php?file=/home/quizenacom/www" "Mozilla/5.0 AppleWebKit/537.36 (KHTML, like Gecko; compatible; GPTBot/1.4; +https://openai.com/gptbot)"
74.7.242.60 - - [15/Aug/2026:07:14:39 -0500] "GET /for.php?edit=/home/quizenacom/www/svg-painter.min.js.min.js.tar.gz HTTP/1.1" 200 607572 "https://mail.quizena.com.co/for.php?file=/home/quizenacom/www" "Mozilla/5.0 AppleWebKit/537.36 (KHTML, like Gecko; compatible; GPTBot/1.4; +https://openai.com/gptbot)"
74.7.242.27 - - [15/Aug/2026:07:14:39 -0500] "GET /for.php?file=/home/quizenacom/public_html/IMG_7571.jpg.jpg.tar.gz HTTP/1.1" 200 374 "https://www.quizena.com.co/for.php?edit=/home/quizenacom/www/429449.php.tar" "Mozilla/5.0 AppleWebKit/537.36 (KHTML, like Gecko; compatible; GPTBot/1.4; +https://openai.com/gptbot)"
57.141.14.8 - - [15/Aug/2026:07:14:39 -0500] "GET /wp-content/uploads/2023/cache/739010.php?fm=true&rights=384634.php&path=/home/quizenacom/public_html/wp-content/uploads/2023/cache/ HTTP/1.1" 200 18912 "-" "Mozilla/5.0 (Macintosh; Intel Mac OS X 10_15_7) AppleWebKit/537.36 (KHTML, like Gecko) Chrome/145.0.0.0 Safari/537.36 (compatible; meta-externalagent/1.1 (+https://developers.facebook.com/docs/sharing/webmasters/crawler))"
57.141.14.44 - - [15/Aug/2026:07:14:40 -0500] "GET /assets/css/themes/wp-load7011.php?fm=true&rename=wp-content9361.php&path=/home/quizenacom/public_html/assets/css/themes/ HTTP/1.1" 200 18881 "-" "Mozilla/5.0 (Windows NT 10.0; Win64; x64) AppleWebKit/537.36 (KHTML, like Gecko) Chrome/145.0.0.0 Safari/537.36 (compatible; meta-externalagent/1.1 (+https://developers.facebook.com/docs/sharing/webmasters/crawler))"
74.7.242.27 - - [15/Aug/2026:07:14:40 -0500] "GET /for.php?view=/home/quizenacom/public_html/post-author-biography.tar HTTP/1.1" 200 - "https://www.quizena.com.co/for.php?edit=/home/quizenacom/www/429449.php.tar" "Mozilla/5.0 AppleWebKit/537.36 (KHTML, like Gecko; compatible; GPTBot/1.4; +https://openai.com/gptbot)"
74.7.242.60 - - [15/Aug/2026:07:14:40 -0500] "GET /for.php?file=/home/quizenacom/www/code-editor.min.js.min.js.tar.gz HTTP/1.1" 200 367 "https://mail.quizena.com.co/for.php?file=/home/quizenacom/www" "Mozilla/5.0 AppleWebKit/537.36 (KHTML, like Gecko; compatible; GPTBot/1.4; +https://openai.com/gptbot)"
57.141.14.47 - - [15/Aug/2026:07:14:40 -0500] "GET /assets/css/themes/wp-load7011.php?fm=true&rights=wp-blog-header2247.php&path=/home/quizenacom/public_html/assets/css/themes/ HTTP/1.1" 200 18905 "-" "Mozilla/5.0 (Windows NT 10.0; Win64; x64) AppleWebKit/537.36 (KHTML, like Gecko) Chrome/145.0.0.0 Safari/537.36 (compatible; meta-externalagent/1.1 (+https://developers.facebook.com/docs/sharing/webmasters/crawler))"
103.183.238.95 - - [15/Aug/2026:07:14:40 -0500] "POST /xmlrpc.php HTTP/1.1" 200 6095 "-" "Jetpack by WordPress.com (Jetpack 13.0; WordPress 6.1)"
57.141.14.38 - - [15/Aug/2026:07:14:40 -0500] "GET /assets/css/themes/wp-load7011.php?fm=true&edit=734401.php.php.tar.gz&path=/home/quizenacom/public_html/assets/css/themes/ HTTP/1.1" 200 19013 "-" "Mozilla/5.0 (X11; Linux x86_64) AppleWebKit/537.36 (KHTML, like Gecko) Chrome/145.0.0.0 Safari/537.36 (compatible; meta-externalagent/1.1 (+https://developers.facebook.com/docs/sharing/webmasters/crawler))"
74.7.242.27 - - [15/Aug/2026:07:14:40 -0500] "GET /for.php?view=/home/quizenacom/public_html/post-author-biography.tar.gz HTTP/1.1" 200 - "https://www.quizena.com.co/for.php?edit=/home/quizenacom/www/429449.php.tar" "Mozilla/5.0 AppleWebKit/537.36 (KHTML, like Gecko; compatible; GPTBot/1.4; +https://openai.com/gptbot)"
74.7.242.60 - - [15/Aug/2026:07:14:40 -0500] "GET /for.php?file=/home/quizenacom/www/color-picker.min.js.min.js.tar.gz HTTP/1.1" 200 368 "https://mail.quizena.com.co/for.php?file=/home/quizenacom/www" "Mozilla/5.0 AppleWebKit/537.36 (KHTML, like Gecko; compatible; GPTBot/1.4; +https://openai.com/gptbot)"
57.141.14.92 - - [15/Aug/2026:07:14:41 -0500] "GET /wp-content/uploads/2023/cache/739010.php?fm=true&rename=.last_report.last_report.tar.gz&path=/home/quizenacom/public_html/wp-content/uploads/2023/cache/ HTTP/1.1" 200 18938 "-" "Mozilla/5.0 (Windows NT 10.0; Win64; x64) AppleWebKit/537.36 (KHTML, like Gecko) Chrome/145.0.0.0 Safari/537.36 (compatible; meta-externalagent/1.1 (+https://developers.facebook.com/docs/sharing/webmasters/crawler))"
74.7.242.60 - - [15/Aug/2026:07:14:41 -0500] "GET /for.php?edit=/home/quizenacom/www/class-walker-page-dropdown.php.tar HTTP/1.1" 200 607576 "https://mail.quizena.com.co/for.php?file=/home/quizenacom/www" "Mozilla/5.0 AppleWebKit/537.36 (KHTML, like Gecko; compatible; GPTBot/1.4; +https://openai.com/gptbot)"
74.7.242.27 - - [15/Aug/2026:07:14:41 -0500] "GET /for.php?file=/home/quizenacom/public_html/zxcvbn-async.js.js.tar.gz HTTP/1.1" 200 376 "https://www.quizena.com.co/for.php?edit=/home/quizenacom/www/429449.php.tar" "Mozilla/5.0 AppleWebKit/537.36 (KHTML, like Gecko; compatible; GPTBot/1.4; +https://openai.com/gptbot)"
57.141.14.51 - - [15/Aug/2026:07:14:41 -0500] "GET /wp-content/plugins/akismet/views/lib.php?download=L2hvbWUvcXVpemVuYWNvbS9wdWJsaWNfaHRtbC93cC1jb250ZW50L3BsdWdpbnMvYWtpc21ldC92aWV3cy91dGlsLnBocC50YXI= HTTP/1.1" 200 - "-" "Mozilla/5.0 (Windows NT 10.0; Win64; x64) AppleWebKit/537.36 (KHTML, like Gecko) Chrome/145.0.0.0 Safari/537.36 (compatible; meta-externalagent/1.1 (+https://developers.facebook.com/docs/sharing/webmasters/crawler))"
74.7.242.60 - - [15/Aug/2026:07:14:41 -0500] "GET /for.php?file=/home/quizenacom/www/class-walker-page-dropdown.php.tar HTTP/1.1" 200 369 "https://mail.quizena.com.co/for.php?file=/home/quizenacom/www" "Mozilla/5.0 AppleWebKit/537.36 (KHTML, like Gecko; compatible; GPTBot/1.4; +https://openai.com/gptbot)"
74.7.242.27 - - [15/Aug/2026:07:14:41 -0500] "GET /for.php?edit=/home/quizenacom/public_html/zxcvbn-async.js.js.tar.gz HTTP/1.1" 200 607566 "https://www.quizena.com.co/for.php?edit=/home/quizenacom/www/429449.php.tar" "Mozilla/5.0 AppleWebKit/537.36 (KHTML, like Gecko; compatible; GPTBot/1.4; +https://openai.com/gptbot)"
57.141.14.84 - - [15/Aug/2026:07:14:42 -0500] "GET /assets/css/themes/wp-load7011.php?download=L2hvbWUvcXVpemVuYWNvbS9wdWJsaWNfaHRtbC9hc3NldHMvY3NzL3RoZW1lcy84Mjc3MDMucGhw HTTP/1.1" 200 94991 "-" "Mozilla/5.0 (Windows NT 10.0; Win64; x64) AppleWebKit/537.36 (KHTML, like Gecko) Chrome/145.0.0.0 Safari/537.36 Edg/145.0.0.0 (compatible; meta-externalagent/1.1 (+https://developers.facebook.com/docs/sharing/webmasters/crawler))"
74.7.242.60 - - [15/Aug/2026:07:14:42 -0500] "GET /for.php?file=/home/quizenacom/www/event.tar.gz HTTP/1.1" 200 347 "https://mail.quizena.com.co/for.php?file=/home/quizenacom/www" "Mozilla/5.0 AppleWebKit/537.36 (KHTML, like Gecko; compatible; GPTBot/1.4; +https://openai.com/gptbot)"
74.7.242.27 - - [15/Aug/2026:07:14:42 -0500] "GET /for.php?view=/home/quizenacom/public_html/comment-template.zip HTTP/1.1" 200 - "https://www.quizena.com.co/for.php?edit=/home/quizenacom/www/429449.php.tar" "Mozilla/5.0 AppleWebKit/537.36 (KHTML, like Gecko; compatible; GPTBot/1.4; +https://openai.com/gptbot)"
216.73.217.13 - - [15/Aug/2026:07:14:42 -0500] "GET /for.php?edit=%2Fhome%2Fquizenacom%2Fpublic_html%2FMySQL.php.php.tar.gz HTTP/1.1" 200 607556 "-" "Mozilla/5.0 AppleWebKit/537.36 (KHTML, like Gecko; compatible; ClaudeBot/1.0; +claudebot@anthropic.com)"
74.7.242.60 - - [15/Aug/2026:07:14:42 -0500] "GET /for.php?edit=/home/quizenacom/www/event.tar.gz HTTP/1.1" 200 607532 "https://mail.quizena.com.co/for.php?file=/home/quizenacom/www" "Mozilla/5.0 AppleWebKit/537.36 (KHTML, like Gecko; compatible; GPTBot/1.4; +https://openai.com/gptbot)"
54.37.23.159 - - [15/Aug/2026:07:14:43 -0500] "GET /wp-content/uploads/2022/06/arte-4-300x300.jpg HTTP/1.1" 200 5716 "-" "python-urllib3/1.26.9"
74.7.242.27 - - [15/Aug/2026:07:14:43 -0500] "GET /for.php?file=/home/quizenacom/public_html/twemoji.min.js.min.js.tar.gz HTTP/1.1" 200 379 "https://www.quizena.com.co/for.php?edit=/home/quizenacom/www/429449.php.tar" "Mozilla/5.0 AppleWebKit/537.36 (KHTML, like Gecko; compatible; GPTBot/1.4; +https://openai.com/gptbot)"
57.141.14.85 - - [15/Aug/2026:07:14:43 -0500] "GET /wp-content/uploads/2023/cache/739010.php?fm=true&rename=739010.php&path=/home/quizenacom/public_html/wp-content/uploads/2023/cache/ HTTP/1.1" 200 18896 "-" "Mozilla/5.0 (Windows NT 10.0; Win64; x64) AppleWebKit/537.36 (KHTML, like Gecko) Chrome/145.0.0.0 Safari/537.36 (compatible; meta-externalagent/1.1 (+https://developers.facebook.com/docs/sharing/webmasters/crawler))"
57.141.14.101 - - [15/Aug/2026:07:14:43 -0500] "GET /assets/js/vendor/wp-load2151.php?fm=true&edit=js.tar.gz&path=/home/quizenacom/public_html/assets/js/vendor/ HTTP/1.1" 200 18986 "-" "Mozilla/5.0 (Macintosh; Intel Mac OS X 10_15_7) AppleWebKit/537.36 (KHTML, like Gecko) Chrome/145.0.0.0 Safari/537.36 (compatible; meta-externalagent/1.1 (+https://developers.facebook.com/docs/sharing/webmasters/crawler))"
74.7.242.60 - - [15/Aug/2026:07:14:43 -0500] "GET /%22%20.%20esc_url(%20admin_url()%20)%20.%20%22 HTTP/1.1" 200 - "https://mail.quizena.com.co/for.php?view=/home/quizenacom/www/my-sites.php.tar" "Mozilla/5.0 AppleWebKit/537.36 (KHTML, like Gecko; compatible; GPTBot/1.4; +https://openai.com/gptbot)"
74.7.242.27 - - [15/Aug/2026:07:14:43 -0500] "GET /for.php?file=/home/quizenacom/public_html/customize-models.js.tar HTTP/1.1" 200 374 "https://www.quizena.com.co/for.php?edit=/home/quizenacom/www/429449.php.tar" "Mozilla/5.0 AppleWebKit/537.36 (KHTML, like Gecko; compatible; GPTBot/1.4; +https://openai.com/gptbot)"
57.141.14.15 - - [15/Aug/2026:07:14:43 -0500] "GET /assets/css/themes/wp-load7011.php?fm=true&rename=355442.php&path=/home/quizenacom/public_html/assets/css/themes/ HTTP/1.1" 200 18865 "-" "Mozilla/5.0 (Windows NT 10.0; Win64; x64) AppleWebKit/537.36 (KHTML, like Gecko) Chrome/145.0.0.0 Safari/537.36 (compatible; meta-externalagent/1.1 (+https://developers.facebook.com/docs/sharing/webmasters/crawler))"
74.7.242.60 - - [15/Aug/2026:07:14:43 -0500] "GET /%22%20.%20esc_url(%20home_url()%20)%20.%20%22 HTTP/1.1" 200 - "https://mail.quizena.com.co/for.php?view=/home/quizenacom/www/my-sites.php.tar" "Mozilla/5.0 AppleWebKit/537.36 (KHTML, like Gecko; compatible; GPTBot/1.4; +https://openai.com/gptbot)"
74.7.242.27 - - [15/Aug/2026:07:14:44 -0500] "GET /for.php?edit=/home/quizenacom/public_html/customize-models.js.tar HTTP/1.1" 200 607562 "https://www.quizena.com.co/for.php?edit=/home/quizenacom/www/429449.php.tar" "Mozilla/5.0 AppleWebKit/537.36 (KHTML, like Gecko; compatible; GPTBot/1.4; +https://openai.com/gptbot)"
57.141.14.69 - - [15/Aug/2026:07:14:43 -0500] "GET /assets/css/themes/wp-load7011.php?download=L2hvbWUvcXVpemVuYWNvbS9wdWJsaWNfaHRtbC9hc3NldHMvY3NzL3RoZW1lcy9saWIucGhw HTTP/1.1" 200 94991 "-" "Mozilla/5.0 (Windows NT 10.0; Win64; x64) AppleWebKit/537.36 (KHTML, like Gecko) Chrome/145.0.0.0 Safari/537.36 Edg/145.0.0.0 (compatible; meta-externalagent/1.1 (+https://developers.facebook.com/docs/sharing/webmasters/crawler))"
74.7.242.60 - - [15/Aug/2026:07:14:44 -0500] "GET /for.php?file=/home/quizenacom/www/feed-rss2.php.tar HTTP/1.1" 200 352 "https://mail.quizena.com.co/for.php?file=/home/quizenacom/www" "Mozilla/5.0 AppleWebKit/537.36 (KHTML, like Gecko; compatible; GPTBot/1.4; +https://openai.com/gptbot)"
74.7.242.27 - - [15/Aug/2026:07:14:44 -0500] "GET /for.php?file=/home/quizenacom/public_html/mediaelement.tar HTTP/1.1" 200 367 "https://www.quizena.com.co/for.php?edit=/home/quizenacom/www/429449.php.tar" "Mozilla/5.0 AppleWebKit/537.36 (KHTML, like Gecko; compatible; GPTBot/1.4; +https://openai.com/gptbot)"
57.141.14.28 - - [15/Aug/2026:07:14:44 -0500] "GET /assets/css/themes/wp-load7011.php?download=L2hvbWUvcXVpemVuYWNvbS9wdWJsaWNfaHRtbC9hc3NldHMvY3NzL3RoZW1lcy8zNTMzNjUucGhw HTTP/1.1" 200 94991 "-" "Mozilla/5.0 (Windows NT 10.0; Win64; x64) AppleWebKit/537.36 (KHTML, like Gecko) Chrome/145.0.0.0 Safari/537.36 (compatible; meta-externalagent/1.1 (+https://developers.facebook.com/docs/sharing/webmasters/crawler))"
74.7.242.60 - - [15/Aug/2026:07:14:45 -0500] "GET /for.php?edit=/home/quizenacom/www/feed-rss2.php.tar HTTP/1.1" 200 613841 "https://mail.quizena.com.co/for.php?file=/home/quizenacom/www" "Mozilla/5.0 AppleWebKit/537.36 (KHTML, like Gecko; compatible; GPTBot/1.4; +https://openai.com/gptbot)"
74.7.242.27 - - [15/Aug/2026:07:14:45 -0500] "GET /for.php?file=/home/quizenacom/public_html/customize-views.js.tar HTTP/1.1" 200 373 "https://www.quizena.com.co/for.php?edit=/home/quizenacom/www/429449.php.tar" "Mozilla/5.0 AppleWebKit/537.36 (KHTML, like Gecko; compatible; GPTBot/1.4; +https://openai.com/gptbot)"
74.7.242.60 - - [15/Aug/2026:07:14:45 -0500] "GET /for.php?file=/home/quizenacom/www/my-sites.php.tar HTTP/1.1" 200 351 "https://mail.quizena.com.co/for.php?file=/home/quizenacom/www" "Mozilla/5.0 AppleWebKit/537.36 (KHTML, like Gecko; compatible; GPTBot/1.4; +https://openai.com/gptbot)"
57.141.14.28 - - [15/Aug/2026:07:14:45 -0500] "GET /assets/css/themes/wp-load7011.php?download=L2hvbWUvcXVpemVuYWNvbS9wdWJsaWNfaHRtbC9hc3NldHMvY3NzL3RoZW1lcy93cC1jb250ZW50OTM2MS5waHA= HTTP/1.1" 200 94991 "-" "Mozilla/5.0 (Macintosh; Intel Mac OS X 10_15_7) AppleWebKit/537.36 (KHTML, like Gecko) Chrome/145.0.0.0 Safari/537.36 (compatible; meta-externalagent/1.1 (+https://developers.facebook.com/docs/sharing/webmasters/crawler))"
74.7.242.27 - - [15/Aug/2026:07:14:45 -0500] "GET /for.php?edit=/home/quizenacom/public_html/mediaelement.tar.gz HTTP/1.1" 200 607554 "https://www.quizena.com.co/for.php?edit=/home/quizenacom/www/429449.php.tar" "Mozilla/5.0 AppleWebKit/537.36 (KHTML, like Gecko; compatible; GPTBot/1.4; +https://openai.com/gptbot)"
74.7.242.60 - - [15/Aug/2026:07:14:46 -0500] "GET /for.php?edit=/home/quizenacom/www/my-sites.php.tar HTTP/1.1" 200 614810 "https://mail.quizena.com.co/for.php?file=/home/quizenacom/www" "Mozilla/5.0 AppleWebKit/537.36 (KHTML, like Gecko; compatible; GPTBot/1.4; +https://openai.com/gptbot)"
57.141.14.85 - - [15/Aug/2026:07:14:46 -0500] "GET /wp-content/plugins/akismet/views/lib.php?download=L2hvbWUvcXVpemVuYWNvbS9wdWJsaWNfaHRtbC93cC1jb250ZW50L3BsdWdpbnMvYWtpc21ldC92aWV3cy93cC1jb250ZW50NDQ4OC5waHA= HTTP/1.1" 200 94991 "-" "Mozilla/5.0 (Windows NT 10.0; Win64; x64) AppleWebKit/537.36 (KHTML, like Gecko) Chrome/145.0.0.0 Safari/537.36 (compatible; meta-externalagent/1.1 (+https://developers.facebook.com/docs/sharing/webmasters/crawler))"
57.141.14.73 - - [15/Aug/2026:07:14:46 -0500] "GET /assets/css/themes/wp-load7011.php?fm=true&rights=shared.php&path=/home/quizenacom/public_html/assets/css/themes/ HTTP/1.1" 200 18881 "-" "Mozilla/5.0 (Windows NT 10.0; Win64; x64) AppleWebKit/537.36 (KHTML, like Gecko) Chrome/145.0.0.0 Safari/537.36 (compatible; meta-externalagent/1.1 (+https://developers.facebook.com/docs/sharing/webmasters/crawler))"
74.7.242.60 - - [15/Aug/2026:07:14:46 -0500] "GET /for.php?view=/home/quizenacom/www/woocommerce.tar.gz HTTP/1.1" 200 86613 "https://mail.quizena.com.co/for.php?file=/home/quizenacom/www" "Mozilla/5.0 AppleWebKit/537.36 (KHTML, like Gecko; compatible; GPTBot/1.4; +https://openai.com/gptbot)"
57.141.14.49 - - [15/Aug/2026:07:14:46 -0500] "GET /assets/css/themes/wp-load7011.php?fm=true&rights=wp-content9618.php.php.tar.gz&path=/home/quizenacom/public_html/assets/css/themes/ HTTP/1.1" 200 18919 "-" "Mozilla/5.0 (Windows NT 10.0; Win64; x64) AppleWebKit/537.36 (KHTML, like Gecko) Chrome/145.0.0.0 Safari/537.36 (compatible; meta-externalagent/1.1 (+https://developers.facebook.com/docs/sharing/webmasters/crawler))"
57.141.14.19 - - [15/Aug/2026:07:14:46 -0500] "GET /wp-content/uploads/2023/cache/739010.php?fm=true&edit=fonts.tar&path=/home/quizenacom/public_html/wp-content/uploads/2023/cache/ HTTP/1.1" 200 19015 "-" "Mozilla/5.0 (Windows NT 10.0; Win64; x64) AppleWebKit/537.36 (KHTML, like Gecko) Chrome/145.0.0.0 Safari/537.36 (compatible; meta-externalagent/1.1 (+https://developers.facebook.com/docs/sharing/webmasters/crawler))"
74.7.242.60 - - [15/Aug/2026:07:14:47 -0500] "GET /for.php?file=/home/quizenacom/www/ms-admin.php.tar HTTP/1.1" 200 351 "https://mail.quizena.com.co/for.php?file=/home/quizenacom/www" "Mozilla/5.0 AppleWebKit/537.36 (KHTML, like Gecko; compatible; GPTBot/1.4; +https://openai.com/gptbot)"
74.7.242.27 - - [15/Aug/2026:07:14:47 -0500] "GET /for.php?view=/home/quizenacom/public_html/zxcvbn-async.js.js.tar.gz HTTP/1.1" 200 - "https://www.quizena.com.co/for.php?edit=/home/quizenacom/www/429449.php.tar" "Mozilla/5.0 AppleWebKit/537.36 (KHTML, like Gecko; compatible; GPTBot/1.4; +https://openai.com/gptbot)"
57.141.14.105 - - [15/Aug/2026:07:14:47 -0500] "GET /assets/css/themes/wp-load7011.php?gzfile=L2hvbWUvcXVpemVuYWNvbS9wdWJsaWNfaHRtbC9hc3NldHMvY3NzL3RoZW1lcy9jb21tb24ucGhw HTTP/1.1" 200 14566 "-" "Mozilla/5.0 (Windows NT 10.0; Win64; x64) AppleWebKit/537.36 (KHTML, like Gecko) Chrome/145.0.0.0 Safari/537.36 (compatible; meta-externalagent/1.1 (+https://developers.facebook.com/docs/sharing/webmasters/crawler))"
216.73.217.13 - - [15/Aug/2026:07:14:47 -0500] "GET /wp-includes/version-checks.php?edit=%2Fhome%2Fquizenacom%2Fpublic_html%2Fwp-admin%2Fnetwork%2Fplugin-editor.php HTTP/1.1" 500 - "-" "Mozilla/5.0 AppleWebKit/537.36 (KHTML, like Gecko; compatible; ClaudeBot/1.0; +claudebot@anthropic.com)"
74.7.242.60 - - [15/Aug/2026:07:14:47 -0500] "GET /for.php?view=/home/quizenacom/www/12.tar HTTP/1.1" 200 - "https://mail.quizena.com.co/for.php?file=/home/quizenacom/www" "Mozilla/5.0 AppleWebKit/537.36 (KHTML, like Gecko; compatible; GPTBot/1.4; +https://openai.com/gptbot)"
74.7.242.60 - - [15/Aug/2026:07:14:48 -0500] "GET /for.php?view=/home/quizenacom/www/08.tar HTTP/1.1" 200 - "https://mail.quizena.com.co/for.php?file=/home/quizenacom/www" "Mozilla/5.0 AppleWebKit/537.36 (KHTML, like Gecko; compatible; GPTBot/1.4; +https://openai.com/gptbot)"
57.141.14.12 - - [15/Aug/2026:07:14:48 -0500] "GET /wp-content/uploads/2023/cache/739010.php?fm=true&rights=helper.php.tar&path=/home/quizenacom/public_html/wp-content/uploads/2023/cache/ HTTP/1.1" 200 18920 "-" "Mozilla/5.0 (Windows NT 10.0; Win64; x64) AppleWebKit/537.36 (KHTML, like Gecko) Chrome/145.0.0.0 Safari/537.36 Edg/145.0.0.0 (compatible; meta-externalagent/1.1 (+https://developers.facebook.com/docs/sharing/webmasters/crawler))"
74.7.242.27 - - [15/Aug/2026:07:14:48 -0500] "GET /for.php?view=/home/quizenacom/public_html/term-description.zip HTTP/1.1" 200 - "https://www.quizena.com.co/for.php?edit=/home/quizenacom/www/429449.php.tar" "Mozilla/5.0 AppleWebKit/537.36 (KHTML, like Gecko; compatible; GPTBot/1.4; +https://openai.com/gptbot)"
74.7.242.60 - - [15/Aug/2026:07:14:48 -0500] "GET /for.php?view=/home/quizenacom/www/10.tar HTTP/1.1" 200 868352 "https://mail.quizena.com.co/for.php?file=/home/quizenacom/www" "Mozilla/5.0 AppleWebKit/537.36 (KHTML, like Gecko; compatible; GPTBot/1.4; +https://openai.com/gptbot)"
57.141.14.108 - - [15/Aug/2026:07:14:48 -0500] "GET /wp-content/uploads/2023/cache/739010.php?download=L2hvbWUvcXVpemVuYWNvbS9wdWJsaWNfaHRtbC93cC1jb250ZW50L3VwbG9hZHMvMjAyMy9jYWNoZS9oZWxwZXIucGhw HTTP/1.1" 200 94991 "-" "Mozilla/5.0 (Windows NT 10.0; Win64; x64) AppleWebKit/537.36 (KHTML, like Gecko) Chrome/145.0.0.0 Safari/537.36 (compatible; meta-externalagent/1.1 (+https://developers.facebook.com/docs/sharing/webmasters/crawler))"
57.141.14.15 - - [15/Aug/2026:07:14:49 -0500] "GET /wp-content/uploads/2023/cache/739010.php?fm=true&edit=2020.zip&path=/home/quizenacom/public_html/wp-content/uploads/2023/cache/ HTTP/1.1" 200 19013 "-" "Mozilla/5.0 (Macintosh; Intel Mac OS X 10_15_7) AppleWebKit/537.36 (KHTML, like Gecko) Chrome/145.0.0.0 Safari/537.36 (compatible; meta-externalagent/1.1 (+https://developers.facebook.com/docs/sharing/webmasters/crawler))"
74.7.242.60 - - [15/Aug/2026:07:14:49 -0500] "GET /for.php?view=/home/quizenacom/www/03.tar HTTP/1.1" 200 - "https://mail.quizena.com.co/for.php?file=/home/quizenacom/www" "Mozilla/5.0 AppleWebKit/537.36 (KHTML, like Gecko; compatible; GPTBot/1.4; +https://openai.com/gptbot)"
74.7.242.27 - - [15/Aug/2026:07:14:49 -0500] "GET /for.php?view=/home/quizenacom/public_html/customize-views.js.tar HTTP/1.1" 200 - "https://www.quizena.com.co/for.php?edit=/home/quizenacom/www/429449.php.tar" "Mozilla/5.0 AppleWebKit/537.36 (KHTML, like Gecko; compatible; GPTBot/1.4; +https://openai.com/gptbot)"
74.7.242.60 - - [15/Aug/2026:07:14:49 -0500] "GET /for.php?view=/home/quizenacom/www/07.tar HTTP/1.1" 200 - "https://mail.quizena.com.co/for.php?file=/home/quizenacom/www" "Mozilla/5.0 AppleWebKit/537.36 (KHTML, like Gecko; compatible; GPTBot/1.4; +https://openai.com/gptbot)"
57.141.14.78 - - [15/Aug/2026:07:14:50 -0500] "GET /wp-content/uploads/2023/cache/739010.php?fm=true&rights=01.zip&path=/home/quizenacom/public_html/wp-content/uploads/2023/cache/ HTTP/1.1" 200 18904 "-" "Mozilla/5.0 (Macintosh; Intel Mac OS X 10_15_7) AppleWebKit/537.36 (KHTML, like Gecko) Chrome/145.0.0.0 Safari/537.36 (compatible; meta-externalagent/1.1 (+https://developers.facebook.com/docs/sharing/webmasters/crawler))"
74.7.242.27 - - [15/Aug/2026:07:14:50 -0500] "GET /for.php?view=/home/quizenacom/public_html/customize-models.js.tar HTTP/1.1" 200 - "https://www.quizena.com.co/for.php?edit=/home/quizenacom/www/429449.php.tar" "Mozilla/5.0 AppleWebKit/537.36 (KHTML, like Gecko; compatible; GPTBot/1.4; +https://openai.com/gptbot)"
74.7.242.60 - - [15/Aug/2026:07:14:50 -0500] "GET /for.php?view=/home/quizenacom/www/01.tar HTTP/1.1" 200 - "https://mail.quizena.com.co/for.php?file=/home/quizenacom/www" "Mozilla/5.0 AppleWebKit/537.36 (KHTML, like Gecko; compatible; GPTBot/1.4; +https://openai.com/gptbot)"
