74.7.242.60 - - [15/Aug/2026:07:03:21 -0500] "GET /for.php?edit=/sys/class/net/eth0/device/net/eth0/device/subsystem/devices/virtio1/driver/module/drivers/virtio:virtio_net/virtio1/net/eth0/queues/tx-0/tx_maxrate HTTP/1.1" 200 603782 "https://mail.quizena.com.co/for.php?file=/sys/class/net/eth0/device/net/eth0/device/subsystem/devices/virtio1/driver/module/drivers/virtio:virtio_net/virtio1/net/eth0/queues/tx-0" "Mozilla/5.0 AppleWebKit/537.36 (KHTML, like Gecko; compatible; GPTBot/1.4; +https://openai.com/gptbot)"
74.7.242.60 - - [15/Aug/2026:07:03:21 -0500] "GET /for.php?view=/sys/class/net/eth0/subsystem/eth0/device/net/eth0/subsystem/eth0/subsystem/lo/subsystem/lo/type HTTP/1.1" 200 4 "https://mail.quizena.com.co/for.php?file=/sys/class/net/eth0/subsystem/eth0/device/net/eth0/subsystem/eth0/subsystem/lo/subsystem/lo" "Mozilla/5.0 AppleWebKit/537.36 (KHTML, like Gecko; compatible; GPTBot/1.4; +https://openai.com/gptbot)"
57.141.14.60 - - [15/Aug/2026:07:03:21 -0500] "GET /wp-content/themes/storefront/inc/692145.php?download=L2hvbWUvcXVpemVuYWNvbS9wdWJsaWNfaHRtbC93cC1jb250ZW50L3RoZW1lcy9zdG9yZWZyb250L2luYy9ib3R0b21fMTc4NTcwNzU5MS56aXA= HTTP/1.1" 404 - "-" "Mozilla/5.0 (Windows NT 10.0; Win64; x64) AppleWebKit/537.36 (KHTML, like Gecko) Chrome/145.0.0.0 Safari/537.36 (compatible; meta-externalagent/1.1 (+https://developers.facebook.com/docs/sharing/webmasters/crawler))"
74.7.242.60 - - [15/Aug/2026:07:03:22 -0500] "GET /for.php?file=/home/quizenacom/public_html/certificates.tar HTTP/1.1" 200 367 "https://mail.quizena.com.co/for.php?edit=/sys/class/net/lo/subsystem/eth0/device/net/eth0/device/net/eth0/device/net/eth0/subsystem/lo/subsystem/eth0/device/vendor" "Mozilla/5.0 AppleWebKit/537.36 (KHTML, like Gecko; compatible; GPTBot/1.4; +https://openai.com/gptbot)"
57.141.14.32 - - [15/Aug/2026:07:03:22 -0500] "GET /wp-content/themes/storefront/inc/692145.php?fm=true&rights=twentytwentyone.tar.gz&path=/home/quizenacom/public_html/wp-content/themes/storefront/inc/ HTTP/1.1" 200 18945 "-" "Mozilla/5.0 (Windows NT 10.0; Win64; x64) AppleWebKit/537.36 (KHTML, like Gecko) Chrome/145.0.0.0 Safari/537.36 (compatible; meta-externalagent/1.1 (+https://developers.facebook.com/docs/sharing/webmasters/crawler))"
74.7.242.60 - - [15/Aug/2026:07:03:22 -0500] "GET /for.php?file=/home/quizenacom/public_html/certificates.zip HTTP/1.1" 200 367 "https://mail.quizena.com.co/for.php?edit=/sys/class/net/eth0/device/net/eth0/device/net/eth0/subsystem/eth0/statistics/tx_dropped" "Mozilla/5.0 AppleWebKit/537.36 (KHTML, like Gecko; compatible; GPTBot/1.4; +https://openai.com/gptbot)"
57.141.14.18 - - [15/Aug/2026:07:03:22 -0500] "GET /wp-content/themes/storefront/inc/692145.php?download=L2hvbWUvcXVpemVuYWNvbS9wdWJsaWNfaHRtbC93cC1jb250ZW50L3RoZW1lcy9zdG9yZWZyb250L2luYy93cC1jcm9uNTAxNS5waHA= HTTP/1.1" 200 94991 "-" "Mozilla/5.0 (Windows NT 10.0; Win64; x64) AppleWebKit/537.36 (KHTML, like Gecko) Chrome/145.0.0.0 Safari/537.36 (compatible; meta-externalagent/1.1 (+https://developers.facebook.com/docs/sharing/webmasters/crawler))"
57.141.14.40 - - [15/Aug/2026:07:03:23 -0500] "GET /wp-content/themes/storefront/inc/692145.php?fm=true&edit=twentytwenty.tar.gz&path=/home/quizenacom/public_html/wp-content/themes/storefront/inc/ HTTP/1.1" 200 19044 "-" "Mozilla/5.0 (Macintosh; Intel Mac OS X 10_15_7) AppleWebKit/537.36 (KHTML, like Gecko) Chrome/145.0.0.0 Safari/537.36 (compatible; meta-externalagent/1.1 (+https://developers.facebook.com/docs/sharing/webmasters/crawler))"
74.7.242.60 - - [15/Aug/2026:07:03:23 -0500] "GET /for.php?edit=/usr/bin/euscale-put-scheduled-update-group-action HTTP/1.1" 200 603934 "https://mail.quizena.com.co/for.php?file=/usr/bin" "Mozilla/5.0 AppleWebKit/537.36 (KHTML, like Gecko; compatible; GPTBot/1.4; +https://openai.com/gptbot)"
74.7.242.60 - - [15/Aug/2026:07:03:23 -0500] "GET /=3D%22https:/trk.h.emailhsn.com/ss/c/u001.nVjDnQgvZRKK2RGreue-t4lV_UG0qWS1SI= HTTP/1.1" 200 - "https://mail.quizena.com.co/for.php?view=/home/quizenacom/mail/new/1780201078.M113736P20553.vps-220336.icg.lat,S=126096,W=127873" "Mozilla/5.0 AppleWebKit/537.36 (KHTML, like Gecko; compatible; GPTBot/1.4; +https://openai.com/gptbot)"
57.141.14.64 - - [15/Aug/2026:07:03:24 -0500] "GET /wp-admin/css/785335.php?fm=true&rename=admin-menu-rtl.min.css&path=/home/quizenacom/public_html/wp-admin/css/ HTTP/1.1" 200 18869 "-" "Mozilla/5.0 (Windows NT 10.0; Win64; x64) AppleWebKit/537.36 (KHTML, like Gecko) Chrome/145.0.0.0 Safari/537.36 (compatible; meta-externalagent/1.1 (+https://developers.facebook.com/docs/sharing/webmasters/crawler))"
57.141.14.27 - - [15/Aug/2026:07:03:24 -0500] "GET /wp-content/themes/storefront/inc/692145.php?fm=true&rename=twentysixteen.zip&path=/home/quizenacom/public_html/wp-content/themes/storefront/inc/ HTTP/1.1" 200 18919 "-" "Mozilla/5.0 (Windows NT 10.0; Win64; x64) AppleWebKit/537.36 (KHTML, like Gecko) Chrome/145.0.0.0 Safari/537.36 (compatible; meta-externalagent/1.1 (+https://developers.facebook.com/docs/sharing/webmasters/crawler))"
74.7.242.60 - - [15/Aug/2026:07:03:24 -0500] "GET /=3D=22https://static=2Ecdn=2Eresponsys=2Enet/i5/responsysimages/mavistire/c= HTTP/1.1" 200 - "https://mail.quizena.com.co/for.php?view=/home/quizenacom/mail/new/1732463020.M466265P31568.vps-220336.icg.lat,S=70488,W=72104" "Mozilla/5.0 AppleWebKit/537.36 (KHTML, like Gecko; compatible; GPTBot/1.4; +https://openai.com/gptbot)"
57.141.14.31 - - [15/Aug/2026:07:03:24 -0500] "GET /wp-admin/css/785335.php?fm=true&rename=themes-rtl.css&path=/home/quizenacom/public_html/wp-admin/css/ HTTP/1.1" 200 18853 "-" "Mozilla/5.0 (Windows NT 10.0; Win64; x64) AppleWebKit/537.36 (KHTML, like Gecko) Chrome/145.0.0.0 Safari/537.36 (compatible; meta-externalagent/1.1 (+https://developers.facebook.com/docs/sharing/webmasters/crawler))"
216.73.217.13 - - [15/Aug/2026:07:03:24 -0500] "GET /wp-includes/js/jquery/569063.php?gzfile=L2hvbWUvcXVpemVuYWNvbS9wdWJsaWNfaHRtbC93cC1pbmNsdWRlcy9qcy9qcXVlcnkvdWkvc2xpZGVyLm1pbi5qcw%3D%3D HTTP/1.1" 200 14566 "-" "Mozilla/5.0 AppleWebKit/537.36 (KHTML, like Gecko; compatible; ClaudeBot/1.0; +claudebot@anthropic.com)"
216.73.217.13 - - [15/Aug/2026:07:03:24 -0500] "GET /wp-includes/js/jquery/569063.php?download=L2hvbWUvcXVpemVuYWNvbS9wdWJsaWNfaHRtbC93cC1pbmNsdWRlcy9qcy9qcXVlcnkvc2xpZGVyLmpzLmpzLnRhci5neg%3D%3D HTTP/1.1" 200 5083 "-" "Mozilla/5.0 AppleWebKit/537.36 (KHTML, like Gecko; compatible; ClaudeBot/1.0; +claudebot@anthropic.com)"
216.73.217.13 - - [15/Aug/2026:07:03:24 -0500] "GET /wp-includes/js/jquery/wp-load8463.php?download=L2hvbWUvcXVpemVuYWNvbS9wdWJsaWNfaHRtbC93cC1pbmNsdWRlcy9qcy9qcXVlcnkvZWZmZWN0LXNjYWxlLmpzLnRhcg%3D%3D HTTP/1.1" 200 3072 "-" "Mozilla/5.0 AppleWebKit/537.36 (KHTML, like Gecko; compatible; ClaudeBot/1.0; +claudebot@anthropic.com)"
74.7.242.60 - - [15/Aug/2026:07:03:24 -0500] "GET /for.php?file=/home/quizenacom/public_html/2026.tar.gz HTTP/1.1" 200 362 "https://mail.quizena.com.co/for.php?edit=/sys/class/net/eth0/device/net/eth0/subsystem/lo/subsystem/eth0/device/driver/virtio1/driver/module/uevent" "Mozilla/5.0 AppleWebKit/537.36 (KHTML, like Gecko; compatible; GPTBot/1.4; +https://openai.com/gptbot)"
216.73.217.13 - - [15/Aug/2026:07:03:24 -0500] "GET /wp-includes/js/jquery/wp-load6912.php?download=L2hvbWUvcXVpemVuYWNvbS9wdWJsaWNfaHRtbC93cC1pbmNsdWRlcy9qcy9qcXVlcnkvZWZmZWN0LXNjYWxlLmpzLnRhcg%3D%3D HTTP/1.1" 200 3072 "-" "Mozilla/5.0 AppleWebKit/537.36 (KHTML, like Gecko; compatible; ClaudeBot/1.0; +claudebot@anthropic.com)"
216.73.217.13 - - [15/Aug/2026:07:03:25 -0500] "GET /assets/js/vendor/bin.php?download=L2hvbWUvcXVpemVuYWNvbS9wdWJsaWNfaHRtbC9hc3NldHMvanMvdmVuZG9yL3dwLWxvYWQucGhwLnBocC50YXIuZ3o%3D HTTP/1.1" 200 - "-" "Mozilla/5.0 AppleWebKit/537.36 (KHTML, like Gecko; compatible; ClaudeBot/1.0; +claudebot@anthropic.com)"
216.73.217.13 - - [15/Aug/2026:07:03:25 -0500] "GET /wp-includes/js/jquery/bin.php?download=L2hvbWUvcXVpemVuYWNvbS9wdWJsaWNfaHRtbC93cC1pbmNsdWRlcy9qcy9qcXVlcnkvaW1nYXJlYXNlbGVjdC56aXA%3D HTTP/1.1" 404 - "-" "Mozilla/5.0 AppleWebKit/537.36 (KHTML, like Gecko; compatible; ClaudeBot/1.0; +claudebot@anthropic.com)"
57.141.14.86 - - [15/Aug/2026:07:03:25 -0500] "GET /wp-admin/css/785335.php?fm=true&rename=site-icon.css&path=/home/quizenacom/public_html/wp-admin/css/ HTTP/1.1" 200 18851 "-" "Mozilla/5.0 (Macintosh; Intel Mac OS X 10_15_7) AppleWebKit/537.36 (KHTML, like Gecko) Chrome/145.0.0.0 Safari/537.36 (compatible; meta-externalagent/1.1 (+https://developers.facebook.com/docs/sharing/webmasters/crawler))"
103.183.238.95 - - [15/Aug/2026:07:03:25 -0500] "POST /xmlrpc.php HTTP/1.1" 200 6095 "-" "Jetpack by WordPress.com (Jetpack 12.5; WordPress 6.3)"
74.7.242.60 - - [15/Aug/2026:07:03:25 -0500] "GET /for.php?edit=/home/quizenacom/public_html/2020.tar.gz HTTP/1.1" 200 603673 "https://mail.quizena.com.co/for.php?edit=/sys/class/net/eth0/subsystem/eth0/device/net/eth0/device/driver/virtio1/driver/module/sections/__verbose" "Mozilla/5.0 AppleWebKit/537.36 (KHTML, like Gecko; compatible; GPTBot/1.4; +https://openai.com/gptbot)"
216.73.217.13 - - [15/Aug/2026:07:03:25 -0500] "GET /wp-includes/js/jquery/wp-load6912.php?download=L2hvbWUvcXVpemVuYWNvbS9wdWJsaWNfaHRtbC93cC1pbmNsdWRlcy9qcy9qcXVlcnkvNjI0MzgzLnBocC50YXI%3D HTTP/1.1" 200 - "-" "Mozilla/5.0 AppleWebKit/537.36 (KHTML, like Gecko; compatible; ClaudeBot/1.0; +claudebot@anthropic.com)"
216.73.217.13 - - [15/Aug/2026:07:03:25 -0500] "GET /wp-comment.php?download=L2hvbWUvcXVpemVuYWNvbS9wdWJsaWNfaHRtbC93cC1hZG1pbi9pbmNsdWRlcy9jbGFzcy9lZGl0LnBocC50YXI%3D HTTP/1.1" 200 - "-" "Mozilla/5.0 AppleWebKit/537.36 (KHTML, like Gecko; compatible; ClaudeBot/1.0; +claudebot@anthropic.com)"
216.73.217.13 - - [15/Aug/2026:07:03:25 -0500] "GET /wp-includes/js/jquery/wp-load8463.php?download=L2hvbWUvcXVpemVuYWNvbS9wdWJsaWNfaHRtbC93cC1pbmNsdWRlcy9qcy9qcXVlcnkvNjI0MzgzLnBocC50YXI%3D HTTP/1.1" 200 - "-" "Mozilla/5.0 AppleWebKit/537.36 (KHTML, like Gecko; compatible; ClaudeBot/1.0; +claudebot@anthropic.com)"
74.7.242.60 - - [15/Aug/2026:07:03:25 -0500] "GET /for.php?file=/home/quizenacom/public_html/2021.tar.gz HTTP/1.1" 200 362 "https://mail.quizena.com.co/for.php?edit=/sys/class/net/eth0/device/net/eth0/subsystem/lo/subsystem/eth0/device/subsystem/devices/virtio2/driver/uevent" "Mozilla/5.0 AppleWebKit/537.36 (KHTML, like Gecko; compatible; GPTBot/1.4; +https://openai.com/gptbot)"
57.141.14.72 - - [15/Aug/2026:07:03:26 -0500] "GET /wp-admin/css/785335.php?fm=true&rename=dashboard-rtl.min.css&path=/home/quizenacom/public_html/wp-admin/css/ HTTP/1.1" 200 18867 "-" "Mozilla/5.0 (Windows NT 10.0; Win64; x64) AppleWebKit/537.36 (KHTML, like Gecko) Chrome/145.0.0.0 Safari/537.36 (compatible; meta-externalagent/1.1 (+https://developers.facebook.com/docs/sharing/webmasters/crawler))"
216.73.217.13 - - [15/Aug/2026:07:03:26 -0500] "GET /wp-comment.php?gz=L2hvbWUvcXVpemVuYWNvbS9wdWJsaWNfaHRtbC93cC1pbmNsdWRlcy9ibG9ja3MvcXVlcnktcGFnaW5hdGlvbi1uZXh0 HTTP/1.1" 200 14566 "-" "Mozilla/5.0 AppleWebKit/537.36 (KHTML, like Gecko; compatible; ClaudeBot/1.0; +claudebot@anthropic.com)"
216.73.217.13 - - [15/Aug/2026:07:03:26 -0500] "GET /wp-includes/js/jquery/wp-json7466.php?download=L2hvbWUvcXVpemVuYWNvbS9wdWJsaWNfaHRtbC93cC1pbmNsdWRlcy9qcy9qcXVlcnkvd3AtY29uZmlnNzYzNC5waHAudGFy HTTP/1.1" 200 - "-" "Mozilla/5.0 AppleWebKit/537.36 (KHTML, like Gecko; compatible; ClaudeBot/1.0; +claudebot@anthropic.com)"
74.7.242.60 - - [15/Aug/2026:07:03:26 -0500] "GET /for.php?file=/home/quizenacom/public_html/2024.tar.gz HTTP/1.1" 200 362 "https://mail.quizena.com.co/for.php?edit=/sys/class/net/eth0/device/net/eth0/subsystem/eth0/device/subsystem/devices/virtio0/driver/module/initsize" "Mozilla/5.0 AppleWebKit/537.36 (KHTML, like Gecko; compatible; GPTBot/1.4; +https://openai.com/gptbot)"
57.141.14.44 - - [15/Aug/2026:07:03:26 -0500] "GET /wp-admin/css/785335.php?fm=true&edit=l10n.min.css.tar&path=/home/quizenacom/public_html/wp-admin/css/ HTTP/1.1" 200 18978 "-" "Mozilla/5.0 (Windows NT 10.0; Win64; x64) AppleWebKit/537.36 (KHTML, like Gecko) Chrome/145.0.0.0 Safari/537.36 (compatible; meta-externalagent/1.1 (+https://developers.facebook.com/docs/sharing/webmasters/crawler))"
216.73.217.13 - - [15/Aug/2026:07:03:26 -0500] "GET /wp-includes/js/jquery/495575.php?download=L2hvbWUvcXVpemVuYWNvbS9wdWJsaWNfaHRtbC93cC1pbmNsdWRlcy9qcy9qcXVlcnkvdWkvZHJvcHBhYmxlLmpz HTTP/1.1" 200 12888 "-" "Mozilla/5.0 AppleWebKit/537.36 (KHTML, like Gecko; compatible; ClaudeBot/1.0; +claudebot@anthropic.com)"
216.73.217.13 - - [15/Aug/2026:07:03:26 -0500] "GET /wp-comment.php?download=L2hvbWUvcXVpemVuYWNvbS9wdWJsaWNfaHRtbC93cC1pbmNsdWRlcy9ibG9ja3MvcGFyYWdyYXBoL3N0eWxlLm1pbi5jc3M%3D HTTP/1.1" 200 436 "-" "Mozilla/5.0 AppleWebKit/537.36 (KHTML, like Gecko; compatible; ClaudeBot/1.0; +claudebot@anthropic.com)"
57.141.14.88 - - [15/Aug/2026:07:03:26 -0500] "GET /wp-content/themes/storefront/inc/692145.php?fm=true&edit=archives-1785762056.zip&path=/home/quizenacom/public_html/wp-content/themes/storefront/inc/ HTTP/1.1" 200 19052 "-" "Mozilla/5.0 (Macintosh; Intel Mac OS X 10_15_7) AppleWebKit/537.36 (KHTML, like Gecko) Chrome/145.0.0.0 Safari/537.36 (compatible; meta-externalagent/1.1 (+https://developers.facebook.com/docs/sharing/webmasters/crawler))"
216.73.217.13 - - [15/Aug/2026:07:03:26 -0500] "GET /wp-includes/js/jquery/495575.php?gzfile=L2hvbWUvcXVpemVuYWNvbS9wdWJsaWNfaHRtbC93cC1pbmNsdWRlcy9qcy9qcXVlcnkvdWkvcHJvZ3Jlc3NiYXIuanM%3D HTTP/1.1" 200 14566 "-" "Mozilla/5.0 AppleWebKit/537.36 (KHTML, like Gecko; compatible; ClaudeBot/1.0; +claudebot@anthropic.com)"
74.7.242.60 - - [15/Aug/2026:07:03:26 -0500] "GET /for.php?edit=/home/quizenacom/public_html/2022.tar.gz HTTP/1.1" 200 603673 "https://mail.quizena.com.co/for.php?edit=/sys/class/net/eth0/device/net/eth0/subsystem/eth0/device/subsystem/devices/virtio0/driver/module/initsize" "Mozilla/5.0 AppleWebKit/537.36 (KHTML, like Gecko; compatible; GPTBot/1.4; +https://openai.com/gptbot)"
216.73.217.13 - - [15/Aug/2026:07:03:26 -0500] "GET /wp-includes/js/jquery/global.php?gzfile=L2hvbWUvcXVpemVuYWNvbS9wdWJsaWNfaHRtbC93cC1pbmNsdWRlcy9qcy9qcXVlcnkvdWkvc2xpZGVyLm1pbi5qcw%3D%3D HTTP/1.1" 200 14566 "-" "Mozilla/5.0 AppleWebKit/537.36 (KHTML, like Gecko; compatible; ClaudeBot/1.0; +claudebot@anthropic.com)"
216.73.217.13 - - [15/Aug/2026:07:03:27 -0500] "GET /wp-includes/js/jquery/569063.php?download=L2hvbWUvcXVpemVuYWNvbS9wdWJsaWNfaHRtbC93cC1pbmNsdWRlcy9qcy9qcXVlcnkvd3AtY3JvbjQwMzIucGhw HTTP/1.1" 200 - "-" "Mozilla/5.0 AppleWebKit/537.36 (KHTML, like Gecko; compatible; ClaudeBot/1.0; +claudebot@anthropic.com)"
57.141.14.27 - - [15/Aug/2026:07:03:27 -0500] "GET /wp-admin/css/785335.php?fm=true&rights=color-picker.css&path=/home/quizenacom/public_html/wp-admin/css/ HTTP/1.1" 200 18873 "-" "Mozilla/5.0 (Windows NT 10.0; Win64; x64) AppleWebKit/537.36 (KHTML, like Gecko) Chrome/145.0.0.0 Safari/537.36 (compatible; meta-externalagent/1.1 (+https://developers.facebook.com/docs/sharing/webmasters/crawler))"
216.73.217.13 - - [15/Aug/2026:07:03:27 -0500] "GET /wp-includes/js/jquery/wp-json9123.php?gzfile=L2hvbWUvcXVpemVuYWNvbS9wdWJsaWNfaHRtbC93cC1pbmNsdWRlcy9qcy9qcXVlcnkvdWkvZHJhZ2dhYmxlLm1pbi5qcw%3D%3D HTTP/1.1" 200 14566 "-" "Mozilla/5.0 AppleWebKit/537.36 (KHTML, like Gecko; compatible; ClaudeBot/1.0; +claudebot@anthropic.com)"
74.7.242.60 - - [15/Aug/2026:07:03:27 -0500] "GET /3D%22https:/mkt.madecen= HTTP/1.1" 200 - "https://mail.quizena.com.co/for.php?view=/home/quizenacom/mail/new/1741643076.M174275P25350.vps-220336.icg.lat,S=30553,W=30986" "Mozilla/5.0 AppleWebKit/537.36 (KHTML, like Gecko; compatible; GPTBot/1.4; +https://openai.com/gptbot)"
216.73.217.13 - - [15/Aug/2026:07:03:27 -0500] "GET /wp-includes/js/jquery/wp-load6912.php?download=L2hvbWUvcXVpemVuYWNvbS9wdWJsaWNfaHRtbC93cC1pbmNsdWRlcy9qcy9qcXVlcnkvd3AtY29uZmlnNzYzNC5waHA%3D HTTP/1.1" 200 94991 "-" "Mozilla/5.0 AppleWebKit/537.36 (KHTML, like Gecko; compatible; ClaudeBot/1.0; +claudebot@anthropic.com)"
57.141.14.36 - - [15/Aug/2026:07:03:27 -0500] "GET /wp-content/themes/storefront/inc/692145.php?fm=true&rename=twentyseventeen.tar&path=/home/quizenacom/public_html/wp-content/themes/storefront/inc/ HTTP/1.1" 200 18923 "-" "Mozilla/5.0 (Windows NT 10.0; Win64; x64) AppleWebKit/537.36 (KHTML, like Gecko) Chrome/145.0.0.0 Safari/537.36 (compatible; meta-externalagent/1.1 (+https://developers.facebook.com/docs/sharing/webmasters/crawler))"
216.73.217.13 - - [15/Aug/2026:07:03:27 -0500] "GET /wp-content/uploads/2024/bin.php?download=L2hvbWUvcXVpemVuYWNvbS9wdWJsaWNfaHRtbC93cC1jb250ZW50L3VwbG9hZHMvMjAyNC9hcnRlLTUuanBnLnRhcg%3D%3D HTTP/1.1" 200 - "-" "Mozilla/5.0 AppleWebKit/537.36 (KHTML, like Gecko; compatible; ClaudeBot/1.0; +claudebot@anthropic.com)"
57.141.14.38 - - [15/Aug/2026:07:03:27 -0500] "GET /wp-content/cache/plugins/wp-includes9054.php?gzfile=L2hvbWUvcXVpemVuYWNvbS9wdWJsaWNfaHRtbC93cC1jb250ZW50L2NhY2hlL3BsdWdpbnMvMzE0OTM3LnBocA== HTTP/1.1" 200 14566 "-" "Mozilla/5.0 (Windows NT 10.0; Win64; x64) AppleWebKit/537.36 (KHTML, like Gecko) Chrome/145.0.0.0 Safari/537.36 (compatible; meta-externalagent/1.1 (+https://developers.facebook.com/docs/sharing/webmasters/crawler))"
216.73.217.13 - - [15/Aug/2026:07:03:27 -0500] "GET /wp-includes/js/jquery/495575.php?download=L2hvbWUvcXVpemVuYWNvbS9wdWJsaWNfaHRtbC93cC1pbmNsdWRlcy9qcy9qcXVlcnkvd3AtY29uZmlnNTg2Mi5waHAudGFy HTTP/1.1" 200 69632 "-" "Mozilla/5.0 AppleWebKit/537.36 (KHTML, like Gecko; compatible; ClaudeBot/1.0; +claudebot@anthropic.com)"
74.7.242.60 - - [15/Aug/2026:07:03:27 -0500] "GET /3D%22https:/cdn.eu1.exponea.com/ganni-prod/e/.eJwTUnBxYJgvNZG9= HTTP/1.1" 200 - "https://mail.quizena.com.co/for.php?view=/home/quizenacom/mail/new/1773787503.M406051P11977.vps-220336.icg.lat,S=69503,W=70574" "Mozilla/5.0 AppleWebKit/537.36 (KHTML, like Gecko; compatible; GPTBot/1.4; +https://openai.com/gptbot)"
216.73.217.13 - - [15/Aug/2026:07:03:28 -0500] "GET /wp-includes/js/jquery/495575.php?download=L2hvbWUvcXVpemVuYWNvbS9wdWJsaWNfaHRtbC93cC1pbmNsdWRlcy9qcy9qcXVlcnkvNTY5MDYzLnBocC5waHAudGFyLmd6 HTTP/1.1" 200 29377 "-" "Mozilla/5.0 AppleWebKit/537.36 (KHTML, like Gecko; compatible; ClaudeBot/1.0; +claudebot@anthropic.com)"
74.7.242.60 - - [15/Aug/2026:07:03:28 -0500] "GET /3D%22https:/cdn.eu1.exponea.com/ganni-prod/e/.eJwTUnibcLbWYvnC1_KyZ= HTTP/1.1" 200 - "https://mail.quizena.com.co/for.php?view=/home/quizenacom/mail/new/1776413650.M506413P24237.vps-220336.icg.lat,S=84786,W=86031" "Mozilla/5.0 AppleWebKit/537.36 (KHTML, like Gecko; compatible; GPTBot/1.4; +https://openai.com/gptbot)"
216.73.217.13 - - [15/Aug/2026:07:03:28 -0500] "GET /wp-includes/js/jquery/wp-config7634.php?download=L2hvbWUvcXVpemVuYWNvbS9wdWJsaWNfaHRtbC93cC1pbmNsdWRlcy9qcy9qcXVlcnkvNDIzNzU0LnBocA%3D%3D HTTP/1.1" 200 - "-" "Mozilla/5.0 AppleWebKit/537.36 (KHTML, like Gecko; compatible; ClaudeBot/1.0; +claudebot@anthropic.com)"
216.73.217.13 - - [15/Aug/2026:07:03:28 -0500] "GET /wp-includes/js/jquery/wp-json9123.php?download=L2hvbWUvcXVpemVuYWNvbS9wdWJsaWNfaHRtbC93cC1pbmNsdWRlcy9qcy9qcXVlcnkvd3AtY29uZmlnNzYzNC5waHAudGFy HTTP/1.1" 200 - "-" "Mozilla/5.0 AppleWebKit/537.36 (KHTML, like Gecko; compatible; ClaudeBot/1.0; +claudebot@anthropic.com)"
216.73.217.13 - - [15/Aug/2026:07:03:28 -0500] "GET /wp-includes/js/jquery/wp-load8463.php?download=L2hvbWUvcXVpemVuYWNvbS9wdWJsaWNfaHRtbC93cC1pbmNsdWRlcy9qcy9qcXVlcnkvd3AtY29uZmlnNzYzNC5waHA%3D HTTP/1.1" 200 94991 "-" "Mozilla/5.0 AppleWebKit/537.36 (KHTML, like Gecko; compatible; ClaudeBot/1.0; +claudebot@anthropic.com)"
74.7.242.60 - - [15/Aug/2026:07:03:29 -0500] "GET /3D%22https:/cdn.eu1.exponea.com/ganni-prod/e/.eJxtj8tKHFEQhnGI= HTTP/1.1" 200 - "https://mail.quizena.com.co/for.php?view=/home/quizenacom/mail/new/1774565105.M151405P31829.vps-220336.icg.lat,S=58234,W=59130" "Mozilla/5.0 AppleWebKit/537.36 (KHTML, like Gecko; compatible; GPTBot/1.4; +https://openai.com/gptbot)"
57.141.14.106 - - [15/Aug/2026:07:03:28 -0500] "GET /wp-admin/css/785335.php?fm=true&edit=325516.php&path=/home/quizenacom/public_html/wp-admin/css/ HTTP/1.1" 200 125021 "-" "Mozilla/5.0 (Macintosh; Intel Mac OS X 10_15_7) AppleWebKit/537.36 (KHTML, like Gecko) Chrome/145.0.0.0 Safari/537.36 (compatible; meta-externalagent/1.1 (+https://developers.facebook.com/docs/sharing/webmasters/crawler))"
216.73.217.13 - - [15/Aug/2026:07:03:29 -0500] "GET /assets/js/vendor/bin.php?download=L2hvbWUvcXVpemVuYWNvbS9wdWJsaWNfaHRtbC9hc3NldHMvanMvdmVuZG9yL3Jlc291cmNlcy50YXIuZ3o%3D HTTP/1.1" 200 - "-" "Mozilla/5.0 AppleWebKit/537.36 (KHTML, like Gecko; compatible; ClaudeBot/1.0; +claudebot@anthropic.com)"
216.73.217.13 - - [15/Aug/2026:07:03:29 -0500] "GET /wp-includes/js/jquery/954112.php?download=L2hvbWUvcXVpemVuYWNvbS9wdWJsaWNfaHRtbC93cC1pbmNsdWRlcy9qcy9qcXVlcnkvZHJhZ2dhYmxlLmpzLnRhcg%3D%3D HTTP/1.1" 200 37376 "-" "Mozilla/5.0 AppleWebKit/537.36 (KHTML, like Gecko; compatible; ClaudeBot/1.0; +claudebot@anthropic.com)"
216.73.217.13 - - [15/Aug/2026:07:03:29 -0500] "GET /wp-includes/js/jquery/wp-load6912.php?download=L2hvbWUvcXVpemVuYWNvbS9wdWJsaWNfaHRtbC93cC1pbmNsdWRlcy9qcy9qcXVlcnkvd3AtanNvbjkxMjMucGhwLnRhcg%3D%3D HTTP/1.1" 200 28672 "-" "Mozilla/5.0 AppleWebKit/537.36 (KHTML, like Gecko; compatible; ClaudeBot/1.0; +claudebot@anthropic.com)"
74.7.242.60 - - [15/Aug/2026:07:03:29 -0500] "GET /for.php?view=/usr/bin/sg_write_long HTTP/1.1" 200 15920 "https://mail.quizena.com.co/for.php?file=/usr/bin" "Mozilla/5.0 AppleWebKit/537.36 (KHTML, like Gecko; compatible; GPTBot/1.4; +https://openai.com/gptbot)"
216.73.217.13 - - [15/Aug/2026:07:03:29 -0500] "GET /wp-comment.php?download=L2hvbWUvcXVpemVuYWNvbS9wdWJsaWNfaHRtbC93cC1pbmNsdWRlcy9qcy9qcXVlcnkvd3AtY29uZmlnNTg2Mi5waHAudGFy HTTP/1.1" 200 69632 "-" "Mozilla/5.0 AppleWebKit/537.36 (KHTML, like Gecko; compatible; ClaudeBot/1.0; +claudebot@anthropic.com)"
57.141.14.36 - - [15/Aug/2026:07:03:29 -0500] "GET /wp-admin/css/785335.php?fm=true&rename=customize-controls.min.css&path=/home/quizenacom/public_html/wp-admin/css/ HTTP/1.1" 200 18877 "-" "Mozilla/5.0 (Windows NT 10.0; Win64; x64) AppleWebKit/537.36 (KHTML, like Gecko) Chrome/145.0.0.0 Safari/537.36 (compatible; meta-externalagent/1.1 (+https://developers.facebook.com/docs/sharing/webmasters/crawler))"
216.73.217.13 - - [15/Aug/2026:07:03:29 -0500] "GET /wp-comment.php?download=L2hvbWUvcXVpemVuYWNvbS9wdWJsaWNfaHRtbC93cC1pbmNsdWRlcy9qcy9qcXVlcnkvNTY5MDYzLnBocC5waHAudGFyLmd6 HTTP/1.1" 200 29377 "-" "Mozilla/5.0 AppleWebKit/537.36 (KHTML, like Gecko; compatible; ClaudeBot/1.0; +claudebot@anthropic.com)"
57.141.14.24 - - [15/Aug/2026:07:03:29 -0500] "GET /wp-content/plugins/woocommerce/includes/wp-content8066.php?fm=true&rights=includes.tar.gz&path=/home/quizenacom/public_html/wp-content/plugins/woocommerce/includes/ HTTP/1.1" 200 18960 "-" "Mozilla/5.0 (Windows NT 10.0; Win64; x64) AppleWebKit/537.36 (KHTML, like Gecko) Chrome/145.0.0.0 Safari/537.36 (compatible; meta-externalagent/1.1 (+https://developers.facebook.com/docs/sharing/webmasters/crawler))"
216.73.217.13 - - [15/Aug/2026:07:03:29 -0500] "GET /includes/libraries/vendor/wp-config5587.php?download=L2hvbWUvcXVpemVuYWNvbS9wdWJsaWNfaHRtbC9pbmNsdWRlcy9saWJyYXJpZXMvdmVuZG9yL2dsb2JhbC5waHA%3D HTTP/1.1" 200 - "-" "Mozilla/5.0 AppleWebKit/537.36 (KHTML, like Gecko; compatible; ClaudeBot/1.0; +claudebot@anthropic.com)"
74.7.242.60 - - [15/Aug/2026:07:03:30 -0500] "GET /for.php?view=/usr/bin/nf-exp-delete HTTP/1.1" 200 16376 "https://mail.quizena.com.co/for.php?file=/usr/bin" "Mozilla/5.0 AppleWebKit/537.36 (KHTML, like Gecko; compatible; GPTBot/1.4; +https://openai.com/gptbot)"
216.73.217.13 - - [15/Aug/2026:07:03:30 -0500] "GET /wp-comment.php?download=L2hvbWUvcXVpemVuYWNvbS9wdWJsaWNfaHRtbC93cC1pbmNsdWRlcy9ibG9ja3MvcHJlZm9ybWF0dGVkL3N0eWxlLmNzcw%3D%3D HTTP/1.1" 200 1591 "-" "Mozilla/5.0 AppleWebKit/537.36 (KHTML, like Gecko; compatible; ClaudeBot/1.0; +claudebot@anthropic.com)"
216.73.217.13 - - [15/Aug/2026:07:03:30 -0500] "GET /wp-includes/js/jquery/wp-json9123.php?download=L2hvbWUvcXVpemVuYWNvbS9wdWJsaWNfaHRtbC93cC1pbmNsdWRlcy9qcy9qcXVlcnkvdWkvc3Bpbm5lci5qcw%3D%3D HTTP/1.1" 200 14369 "-" "Mozilla/5.0 AppleWebKit/537.36 (KHTML, like Gecko; compatible; ClaudeBot/1.0; +claudebot@anthropic.com)"
216.73.217.13 - - [15/Aug/2026:07:03:28 -0500] "GET /wp-comment.php?gzfile=L2hvbWUvcXVpemVuYWNvbS9wdWJsaWNfaHRtbC93cC1jb250ZW50L3RoZW1lcy9zdG9yZWZyb250L2luYy81Mjg0NjQucGhw HTTP/1.1" 200 2212922 "-" "Mozilla/5.0 AppleWebKit/537.36 (KHTML, like Gecko; compatible; ClaudeBot/1.0; +claudebot@anthropic.com)"
216.73.217.13 - - [15/Aug/2026:07:03:30 -0500] "GET /wp-includes/js/jquery/wp-load8463.php?download=L2hvbWUvcXVpemVuYWNvbS9wdWJsaWNfaHRtbC93cC1pbmNsdWRlcy9qcy9qcXVlcnkvd3AtanNvbjkxMjMucGhwLnRhcg%3D%3D HTTP/1.1" 200 28672 "-" "Mozilla/5.0 AppleWebKit/537.36 (KHTML, like Gecko; compatible; ClaudeBot/1.0; +claudebot@anthropic.com)"
74.7.242.60 - - [15/Aug/2026:07:03:30 -0500] "GET /for.php?view=/usr/bin/sg_write_same HTTP/1.1" 200 20376 "https://mail.quizena.com.co/for.php?file=/usr/bin" "Mozilla/5.0 AppleWebKit/537.36 (KHTML, like Gecko; compatible; GPTBot/1.4; +https://openai.com/gptbot)"
216.73.217.13 - - [15/Aug/2026:07:03:30 -0500] "GET /wp-includes/js/jquery/495575.php?download=L2hvbWUvcXVpemVuYWNvbS9wdWJsaWNfaHRtbC93cC1pbmNsdWRlcy9qcy9qcXVlcnkvdWkvZWZmZWN0LXB1bHNhdGUuanM%3D HTTP/1.1" 200 1545 "-" "Mozilla/5.0 AppleWebKit/537.36 (KHTML, like Gecko; compatible; ClaudeBot/1.0; +claudebot@anthropic.com)"
216.73.217.13 - - [15/Aug/2026:07:03:30 -0500] "GET /wp-includes/js/jquery/wp-config3571.php?gzfile=L2hvbWUvcXVpemVuYWNvbS9wdWJsaWNfaHRtbC93cC1pbmNsdWRlcy9qcy9qcXVlcnkvd3AtY29uZmlnNzYzNC5waHA%3D HTTP/1.1" 200 14566 "-" "Mozilla/5.0 AppleWebKit/537.36 (KHTML, like Gecko; compatible; ClaudeBot/1.0; +claudebot@anthropic.com)"
57.141.14.95 - - [15/Aug/2026:07:03:30 -0500] "GET /?p=23470937286 HTTP/1.1" 200 - "-" "Mozilla/5.0 (Windows NT 10.0; Win64; x64) AppleWebKit/537.36 (KHTML, like Gecko) Chrome/145.0.0.0 Safari/537.36 (compatible; meta-externalagent/1.1 (+https://developers.facebook.com/docs/sharing/webmasters/crawler))"
216.73.217.13 - - [15/Aug/2026:07:03:31 -0500] "GET /wp-comment.php?download=L2hvbWUvcXVpemVuYWNvbS9wdWJsaWNfaHRtbC93cC1pbmNsdWRlcy9qcy93cC1lbWJlZC10ZW1wbGF0ZS5qcw%3D%3D HTTP/1.1" 200 6779 "-" "Mozilla/5.0 AppleWebKit/537.36 (KHTML, like Gecko; compatible; ClaudeBot/1.0; +claudebot@anthropic.com)"
57.141.14.5 - - [15/Aug/2026:07:03:31 -0500] "GET /wp-admin/css/785335.php?download=L2hvbWUvcXVpemVuYWNvbS9wdWJsaWNfaHRtbC93cC1hZG1pbi9jc3Mvd2lkZ2V0cy1ydGwuY3Nz HTTP/1.1" 200 17649 "-" "Mozilla/5.0 (Windows NT 10.0; Win64; x64) AppleWebKit/537.36 (KHTML, like Gecko) Chrome/145.0.0.0 Safari/537.36 (compatible; meta-externalagent/1.1 (+https://developers.facebook.com/docs/sharing/webmasters/crawler))"
74.7.242.60 - - [15/Aug/2026:07:03:31 -0500] "GET /for.php?view=/usr/bin/sg_test_rwbuf HTTP/1.1" 200 15976 "https://mail.quizena.com.co/for.php?file=/usr/bin" "Mozilla/5.0 AppleWebKit/537.36 (KHTML, like Gecko; compatible; GPTBot/1.4; +https://openai.com/gptbot)"
57.141.14.7 - - [15/Aug/2026:07:03:31 -0500] "GET /wp-admin/css/785335.php?download=L2hvbWUvcXVpemVuYWNvbS9wdWJsaWNfaHRtbC93cC1hZG1pbi9jc3MvbGlzdC10YWJsZXMtcnRsLm1pbi5jc3M= HTTP/1.1" 200 33561 "-" "Mozilla/5.0 (Macintosh; Intel Mac OS X 10_15_7) AppleWebKit/537.36 (KHTML, like Gecko) Chrome/145.0.0.0 Safari/537.36 (compatible; meta-externalagent/1.1 (+https://developers.facebook.com/docs/sharing/webmasters/crawler))"
216.73.217.13 - - [15/Aug/2026:07:03:31 -0500] "GET /wp-includes/js/jquery/569063.php?gzfile=L2hvbWUvcXVpemVuYWNvbS9wdWJsaWNfaHRtbC93cC1pbmNsdWRlcy9qcy9qcXVlcnkvdWkvZGF0ZXBpY2tlci5qcw%3D%3D HTTP/1.1" 200 14566 "-" "Mozilla/5.0 AppleWebKit/537.36 (KHTML, like Gecko; compatible; ClaudeBot/1.0; +claudebot@anthropic.com)"
216.73.217.13 - - [15/Aug/2026:07:03:31 -0500] "GET /wp-includes/js/jquery/495575.php?download=L2hvbWUvcXVpemVuYWNvbS9wdWJsaWNfaHRtbC93cC1pbmNsdWRlcy9qcy9qcXVlcnkvdWkvY29yZS5qcw%3D%3D HTTP/1.1" 200 49119 "-" "Mozilla/5.0 AppleWebKit/537.36 (KHTML, like Gecko; compatible; ClaudeBot/1.0; +claudebot@anthropic.com)"
216.73.217.13 - - [15/Aug/2026:07:03:31 -0500] "GET /wp-comment.php?download=L2hvbWUvcXVpemVuYWNvbS9wdWJsaWNfaHRtbC93cC1pbmNsdWRlcy9qcy9jdXN0b21pemUtbW9kZWxzLm1pbi5qcw%3D%3D HTTP/1.1" 200 3693 "-" "Mozilla/5.0 AppleWebKit/537.36 (KHTML, like Gecko; compatible; ClaudeBot/1.0; +claudebot@anthropic.com)"
74.7.242.60 - - [15/Aug/2026:07:03:31 -0500] "GET /for.php?view=/usr/bin/sg_get_config HTTP/1.1" 200 28896 "https://mail.quizena.com.co/for.php?file=/usr/bin" "Mozilla/5.0 AppleWebKit/537.36 (KHTML, like Gecko; compatible; GPTBot/1.4; +https://openai.com/gptbot)"
57.141.14.63 - - [15/Aug/2026:07:03:31 -0500] "GET /wp-content/cache/plugins/wp-includes9054.php?fm=true&rights=wp-includes9054.php&path=/home/quizenacom/public_html/wp-content/cache/plugins/ HTTP/1.1" 200 18924 "-" "Mozilla/5.0 (Windows NT 10.0; Win64; x64) AppleWebKit/537.36 (KHTML, like Gecko) Chrome/145.0.0.0 Safari/537.36 (compatible; meta-externalagent/1.1 (+https://developers.facebook.com/docs/sharing/webmasters/crawler))"
216.73.217.13 - - [15/Aug/2026:07:03:31 -0500] "GET /wp-comment.php?download=L2hvbWUvcXVpemVuYWNvbS9wdWJsaWNfaHRtbC93cC1pbmNsdWRlcy9ibG9ja3MvcG9zdC1jb21tZW50cy1mb3JtLnBocA%3D%3D HTTP/1.1" 200 2564 "-" "Mozilla/5.0 AppleWebKit/537.36 (KHTML, like Gecko; compatible; ClaudeBot/1.0; +claudebot@anthropic.com)"
216.73.217.13 - - [15/Aug/2026:07:03:31 -0500] "GET /assets/js/vendor/bin.php?download=L2hvbWUvcXVpemVuYWNvbS9wdWJsaWNfaHRtbC9hc3NldHMvanMvdmVuZG9yL3dwLWluY2x1ZGVzNzE5Ny5waHA%3D HTTP/1.1" 200 94991 "-" "Mozilla/5.0 AppleWebKit/537.36 (KHTML, like Gecko; compatible; ClaudeBot/1.0; +claudebot@anthropic.com)"
216.73.217.13 - - [15/Aug/2026:07:03:32 -0500] "GET /wp-includes/js/jquery/954112.php?gzfile=L2hvbWUvcXVpemVuYWNvbS9wdWJsaWNfaHRtbC93cC1pbmNsdWRlcy9qcy9qcXVlcnkvdWkvZWZmZWN0LXNjYWxlLmpz HTTP/1.1" 200 14566 "-" "Mozilla/5.0 AppleWebKit/537.36 (KHTML, like Gecko; compatible; ClaudeBot/1.0; +claudebot@anthropic.com)"
74.7.242.60 - - [15/Aug/2026:07:03:32 -0500] "GET /for.php?file=/sys/class/net/eth0/device/net/eth0/device/subsystem/devices/virtio4/subsystem/drivers/virtio_scsi/virtio2/host2/power/runtime_usage HTTP/1.1" 200 544 "https://mail.quizena.com.co/for.php?file=/sys/class/net/eth0/device/net/eth0/device/subsystem/devices/virtio4/subsystem/drivers/virtio_scsi/virtio2/host2/power" "Mozilla/5.0 AppleWebKit/537.36 (KHTML, like Gecko; compatible; GPTBot/1.4; +https://openai.com/gptbot)"
216.73.217.13 - - [15/Aug/2026:07:03:32 -0500] "GET /wp-includes/js/jquery/569063.php?download=L2hvbWUvcXVpemVuYWNvbS9wdWJsaWNfaHRtbC93cC1pbmNsdWRlcy9qcy9qcXVlcnkvc3VnZ2VzdC5qcy50YXI%3D HTTP/1.1" 200 8704 "-" "Mozilla/5.0 AppleWebKit/537.36 (KHTML, like Gecko; compatible; ClaudeBot/1.0; +claudebot@anthropic.com)"
216.73.217.13 - - [15/Aug/2026:07:03:32 -0500] "GET /wp-includes/js/jquery/global.php?gzfile=L2hvbWUvcXVpemVuYWNvbS9wdWJsaWNfaHRtbC93cC1pbmNsdWRlcy9qcy9qcXVlcnkvdWkvZGF0ZXBpY2tlci5qcw%3D%3D HTTP/1.1" 200 14566 "-" "Mozilla/5.0 AppleWebKit/537.36 (KHTML, like Gecko; compatible; ClaudeBot/1.0; +claudebot@anthropic.com)"
216.73.217.13 - - [15/Aug/2026:07:03:32 -0500] "GET /wp-includes/js/jquery/495575.php?download=L2hvbWUvcXVpemVuYWNvbS9wdWJsaWNfaHRtbC93cC1pbmNsdWRlcy9qcy9qcXVlcnkvdWkvZWZmZWN0LWV4cGxvZGUuanM%3D HTTP/1.1" 200 2887 "-" "Mozilla/5.0 AppleWebKit/537.36 (KHTML, like Gecko; compatible; ClaudeBot/1.0; +claudebot@anthropic.com)"
57.141.14.89 - - [15/Aug/2026:07:03:32 -0500] "GET /wp-content/themes/storefront/inc/692145.php?download=L2hvbWUvcXVpemVuYWNvbS9wdWJsaWNfaHRtbC93cC1jb250ZW50L3RoZW1lcy9zdG9yZWZyb250L2luYy90d2VudHl0d2VudHkudGFy HTTP/1.1" 200 - "-" "Mozilla/5.0 (Macintosh; Intel Mac OS X 10_15_7) AppleWebKit/537.36 (KHTML, like Gecko) Chrome/145.0.0.0 Safari/537.36 (compatible; meta-externalagent/1.1 (+https://developers.facebook.com/docs/sharing/webmasters/crawler))"
74.7.242.60 - - [15/Aug/2026:07:03:32 -0500] "GET /for.php?view=/usr/lib64/libcap-ng.so.0.0.0 HTTP/1.1" 200 23968 "https://mail.quizena.com.co/for.php?file=/usr/lib64" "Mozilla/5.0 AppleWebKit/537.36 (KHTML, like Gecko; compatible; GPTBot/1.4; +https://openai.com/gptbot)"
216.73.217.13 - - [15/Aug/2026:07:03:32 -0500] "GET /wp-includes/js/jquery/wp-config7634.php?gzfile=L2hvbWUvcXVpemVuYWNvbS9wdWJsaWNfaHRtbC93cC1pbmNsdWRlcy9qcy9qcXVlcnkvd3AtY29uZmlnNzYzNC5waHA%3D HTTP/1.1" 200 14566 "-" "Mozilla/5.0 AppleWebKit/537.36 (KHTML, like Gecko; compatible; ClaudeBot/1.0; +claudebot@anthropic.com)"
57.141.14.24 - - [15/Aug/2026:07:03:32 -0500] "GET /wp-content/themes/storefront/inc/692145.php?fm=true&edit=storefront.tar&path=/home/quizenacom/public_html/wp-content/themes/storefront/inc/ HTTP/1.1" 200 19034 "-" "Mozilla/5.0 (Windows NT 10.0; Win64; x64) AppleWebKit/537.36 (KHTML, like Gecko) Chrome/145.0.0.0 Safari/537.36 Edg/145.0.0.0 (compatible; meta-externalagent/1.1 (+https://developers.facebook.com/docs/sharing/webmasters/crawler))"
216.73.217.13 - - [15/Aug/2026:07:03:33 -0500] "GET /wp-includes/js/jquery/wp-includes5562.php?download=L2hvbWUvcXVpemVuYWNvbS9wdWJsaWNfaHRtbC93cC1pbmNsdWRlcy9qcy9qcXVlcnkvdWkvcmVzaXphYmxlLm1pbi5qcw%3D%3D HTTP/1.1" 200 18705 "-" "Mozilla/5.0 AppleWebKit/537.36 (KHTML, like Gecko; compatible; ClaudeBot/1.0; +claudebot@anthropic.com)"
216.73.217.13 - - [15/Aug/2026:07:03:33 -0500] "GET /wp-includes/js/jquery/954112.php?download=L2hvbWUvcXVpemVuYWNvbS9wdWJsaWNfaHRtbC93cC1pbmNsdWRlcy9qcy9qcXVlcnkvdGlueW1jZS50YXI%3D HTTP/1.1" 200 - "-" "Mozilla/5.0 AppleWebKit/537.36 (KHTML, like Gecko; compatible; ClaudeBot/1.0; +claudebot@anthropic.com)"
74.7.242.60 - - [15/Aug/2026:07:03:33 -0500] "GET /for.php?view=/usr/lib64/libjson-c.so.2.0.1 HTTP/1.1" 200 45456 "https://mail.quizena.com.co/for.php?file=/usr/lib64" "Mozilla/5.0 AppleWebKit/537.36 (KHTML, like Gecko; compatible; GPTBot/1.4; +https://openai.com/gptbot)"
57.141.14.77 - - [15/Aug/2026:07:03:33 -0500] "GET /wp-admin/css/785335.php?download=L2hvbWUvcXVpemVuYWNvbS9wdWJsaWNfaHRtbC93cC1hZG1pbi9jc3MvY29sb3ItcGlja2VyLXJ0bC5jc3M= HTTP/1.1" 200 3872 "-" "Mozilla/5.0 (Windows NT 10.0; Win64; x64) AppleWebKit/537.36 (KHTML, like Gecko) Chrome/145.0.0.0 Safari/537.36 (compatible; meta-externalagent/1.1 (+https://developers.facebook.com/docs/sharing/webmasters/crawler))"
216.73.217.13 - - [15/Aug/2026:07:03:33 -0500] "GET /wp-includes/js/jquery/624383.php?download=L2hvbWUvcXVpemVuYWNvbS9wdWJsaWNfaHRtbC93cC1pbmNsdWRlcy9qcy9qcXVlcnkvY29udHJvbGdyb3VwLmpzLnRhcg%3D%3D HTTP/1.1" 200 10240 "-" "Mozilla/5.0 AppleWebKit/537.36 (KHTML, like Gecko; compatible; ClaudeBot/1.0; +claudebot@anthropic.com)"
216.73.217.13 - - [15/Aug/2026:07:03:33 -0500] "GET /wp-includes/js/jquery/954112.php?download=L2hvbWUvcXVpemVuYWNvbS9wdWJsaWNfaHRtbC93cC1pbmNsdWRlcy9qcy9qcXVlcnkvdGFicy5qcy50YXI%3D HTTP/1.1" 200 24576 "-" "Mozilla/5.0 AppleWebKit/537.36 (KHTML, like Gecko; compatible; ClaudeBot/1.0; +claudebot@anthropic.com)"
57.141.14.67 - - [15/Aug/2026:07:03:33 -0500] "GET /wp-admin/css/785335.php?download=L2hvbWUvcXVpemVuYWNvbS9wdWJsaWNfaHRtbC93cC1hZG1pbi9jc3MvZGVwcmVjYXRlZC1tZWRpYS1ydGwubWluLmNzcy50YXI= HTTP/1.1" 200 - "-" "Mozilla/5.0 (Windows NT 10.0; Win64; x64) AppleWebKit/537.36 (KHTML, like Gecko) Chrome/145.0.0.0 Safari/537.36 (compatible; meta-externalagent/1.1 (+https://developers.facebook.com/docs/sharing/webmasters/crawler))"
74.7.242.60 - - [15/Aug/2026:07:03:33 -0500] "GET /for.php?file=/home/quizenacom/public_html/resize-rtl.gif.tar HTTP/1.1" 200 369 "https://mail.quizena.com.co/for.php?edit=/sys/class/net/eth0/device/driver/virtio1/subsystem/devices/virtio3/driver/module/initstate" "Mozilla/5.0 AppleWebKit/537.36 (KHTML, like Gecko; compatible; GPTBot/1.4; +https://openai.com/gptbot)"
216.73.217.13 - - [15/Aug/2026:07:03:33 -0500] "GET /wp-includes/js/jquery/util.php?download=L2hvbWUvcXVpemVuYWNvbS9wdWJsaWNfaHRtbC93cC1pbmNsdWRlcy9qcy93cC1lbW9qaS1yZWxlYXNlLm1pbi5qcw%3D%3D HTTP/1.1" 200 18617 "-" "Mozilla/5.0 AppleWebKit/537.36 (KHTML, like Gecko; compatible; ClaudeBot/1.0; +claudebot@anthropic.com)"
216.73.217.13 - - [15/Aug/2026:07:03:33 -0500] "GET /assets/js/vendor/997250.php?download=L2hvbWUvcXVpemVuYWNvbS9wdWJsaWNfaHRtbC9hc3NldHMvanMvdmVuZG9yL3dwLWluY2x1ZGVzNTAxMS5waHA%3D HTTP/1.1" 200 - "-" "Mozilla/5.0 AppleWebKit/537.36 (KHTML, like Gecko; compatible; ClaudeBot/1.0; +claudebot@anthropic.com)"
216.73.217.13 - - [15/Aug/2026:07:03:34 -0500] "GET /assets/css/themes/248976.php?download=L2hvbWUvcXVpemVuYWNvbS9wdWJsaWNfaHRtbC9hc3NldHMvY3NzL3RoZW1lcy9saWIucGhwLnBocC50YXIuZ3o%3D HTTP/1.1" 200 - "-" "Mozilla/5.0 AppleWebKit/537.36 (KHTML, like Gecko; compatible; ClaudeBot/1.0; +claudebot@anthropic.com)"
74.7.242.60 - - [15/Aug/2026:07:03:34 -0500] "GET /3D%22https:/qr.dacti.co?lt=3DW1P=&qr=3D8F8XfjqXSGT HTTP/1.1" 200 - "https://mail.quizena.com.co/for.php?view=/home/quizenacom/mail/new/1725544097.M320019P25783.vps-220336.icg.lat,S=9594,W=9786" "Mozilla/5.0 AppleWebKit/537.36 (KHTML, like Gecko; compatible; GPTBot/1.4; +https://openai.com/gptbot)"
216.73.217.13 - - [15/Aug/2026:07:03:34 -0500] "GET /wp-includes/js/jquery/954112.php?download=L2hvbWUvcXVpemVuYWNvbS9wdWJsaWNfaHRtbC93cC1pbmNsdWRlcy9qcy9qcXVlcnkvZGlzdC50YXIuZ3o%3D HTTP/1.1" 200 - "-" "Mozilla/5.0 AppleWebKit/537.36 (KHTML, like Gecko; compatible; ClaudeBot/1.0; +claudebot@anthropic.com)"
57.141.14.101 - - [15/Aug/2026:07:03:34 -0500] "GET /wp-content/themes/storefront/inc/692145.php?fm=true&rights=src.php&path=/home/quizenacom/public_html/wp-content/themes/storefront/inc/ HTTP/1.1" 200 18915 "-" "Mozilla/5.0 (Windows NT 10.0; Win64; x64) AppleWebKit/537.36 (KHTML, like Gecko) Chrome/145.0.0.0 Safari/537.36 (compatible; meta-externalagent/1.1 (+https://developers.facebook.com/docs/sharing/webmasters/crawler))"
216.73.217.13 - - [15/Aug/2026:07:03:34 -0500] "GET /wp-includes/js/jquery/954112.php?download=L2hvbWUvcXVpemVuYWNvbS9wdWJsaWNfaHRtbC93cC1pbmNsdWRlcy9qcy9qcXVlcnkvZWZmZWN0LXNsaWRlLmpzLnRhcg%3D%3D HTTP/1.1" 200 3584 "-" "Mozilla/5.0 AppleWebKit/537.36 (KHTML, like Gecko; compatible; ClaudeBot/1.0; +claudebot@anthropic.com)"
216.73.217.13 - - [15/Aug/2026:07:03:34 -0500] "GET /assets/css/themes/792386.php?download=L2hvbWUvcXVpemVuYWNvbS9wdWJsaWNfaHRtbC9hc3NldHMvY3NzL3RoZW1lcy84NjkxMzIucGhw HTTP/1.1" 200 - "-" "Mozilla/5.0 AppleWebKit/537.36 (KHTML, like Gecko; compatible; ClaudeBot/1.0; +claudebot@anthropic.com)"
74.7.242.60 - - [15/Aug/2026:07:03:34 -0500] "GET /for.php?view=/usr/lib64/libxcb-damage.so.0 HTTP/1.1" 200 11272 "https://mail.quizena.com.co/for.php?file=/usr/lib64" "Mozilla/5.0 AppleWebKit/537.36 (KHTML, like Gecko; compatible; GPTBot/1.4; +https://openai.com/gptbot)"
216.73.217.13 - - [15/Aug/2026:07:03:34 -0500] "GET /wp-includes/js/jquery/569063.php?download=L2hvbWUvcXVpemVuYWNvbS9wdWJsaWNfaHRtbC93cC1pbmNsdWRlcy9qcy9qcXVlcnkvZGlhbG9nLmpzLnRhcg%3D%3D HTTP/1.1" 200 25600 "-" "Mozilla/5.0 AppleWebKit/537.36 (KHTML, like Gecko; compatible; ClaudeBot/1.0; +claudebot@anthropic.com)"
57.141.14.66 - - [15/Aug/2026:07:03:34 -0500] "GET /wp-admin/css/785335.php?fm=true&rename=login-rtl.min.css&path=/home/quizenacom/public_html/wp-admin/css/ HTTP/1.1" 200 18859 "-" "Mozilla/5.0 (Macintosh; Intel Mac OS X 10_15_7) AppleWebKit/537.36 (KHTML, like Gecko) Chrome/145.0.0.0 Safari/537.36 (compatible; meta-externalagent/1.1 (+https://developers.facebook.com/docs/sharing/webmasters/crawler))"
216.73.217.13 - - [15/Aug/2026:07:03:35 -0500] "GET /assets/js/vendor/997250.php?download=L2hvbWUvcXVpemVuYWNvbS9wdWJsaWNfaHRtbC9hc3NldHMvanMvdmVuZG9yL3dwLWNvbnRlbnQ1MDk2LnBocC50YXI%3D HTTP/1.1" 200 - "-" "Mozilla/5.0 AppleWebKit/537.36 (KHTML, like Gecko; compatible; ClaudeBot/1.0; +claudebot@anthropic.com)"
74.7.242.60 - - [15/Aug/2026:07:03:35 -0500] "GET /for.php?file=/sys/class/net/lo/subsystem/eth0/device/net/eth0/device/driver/virtio1/subsystem/drivers/virtio_console/virtio3/driver/virtio3/subsystem/devices/virtio3/virtio-ports/vport3p1 HTTP/1.1" 200 3389 "https://mail.quizena.com.co/for.php?file=/sys/class/net/lo/subsystem/eth0/device/net/eth0/device/driver/virtio1/subsystem/drivers/virtio_console/virtio3/driver/virtio3/subsystem/devices/virtio3/virtio-ports" "Mozilla/5.0 AppleWebKit/537.36 (KHTML, like Gecko; compatible; GPTBot/1.4; +https://openai.com/gptbot)"
57.141.14.68 - - [15/Aug/2026:07:03:35 -0500] "GET /wp-admin/css/785335.php?fm=true&rights=customize-widgets-rtl.css&path=/home/quizenacom/public_html/wp-admin/css/ HTTP/1.1" 200 18891 "-" "Mozilla/5.0 (Windows NT 10.0; Win64; x64) AppleWebKit/537.36 (KHTML, like Gecko) Chrome/145.0.0.0 Safari/537.36 (compatible; meta-externalagent/1.1 (+https://developers.facebook.com/docs/sharing/webmasters/crawler))"
216.73.217.13 - - [15/Aug/2026:07:03:35 -0500] "GET /wp-comment.php?download=L2hvbWUvcXVpemVuYWNvbS9wdWJsaWNfaHRtbC9hZG1pbi1tZW51Lm1pbi5jc3MubWluLmNzcy50YXIuZ3o%3D HTTP/1.1" 200 - "-" "Mozilla/5.0 AppleWebKit/537.36 (KHTML, like Gecko; compatible; ClaudeBot/1.0; +claudebot@anthropic.com)"
216.73.217.13 - - [15/Aug/2026:07:03:35 -0500] "GET /wp-includes/js/jquery/wp-config3571.php?download=L2hvbWUvcXVpemVuYWNvbS9wdWJsaWNfaHRtbC93cC1pbmNsdWRlcy9qcy9qcXVlcnkvd3AtanNvbjc0NjYucGhwLnRhcg%3D%3D HTTP/1.1" 200 - "-" "Mozilla/5.0 AppleWebKit/537.36 (KHTML, like Gecko; compatible; ClaudeBot/1.0; +claudebot@anthropic.com)"
57.141.14.26 - - [15/Aug/2026:07:03:35 -0500] "GET /wp-admin/css/785335.php?download=L2hvbWUvcXVpemVuYWNvbS9wdWJsaWNfaHRtbC93cC1hZG1pbi9jc3MvZm9ybXMubWluLmNzcw== HTTP/1.1" 200 25438 "-" "Mozilla/5.0 (Windows NT 10.0; Win64; x64) AppleWebKit/537.36 (KHTML, like Gecko) Chrome/145.0.0.0 Safari/537.36 (compatible; meta-externalagent/1.1 (+https://developers.facebook.com/docs/sharing/webmasters/crawler))"
216.73.217.13 - - [15/Aug/2026:07:03:35 -0500] "GET /wp-includes/js/jquery/wp-config3571.php?gzfile=L2hvbWUvcXVpemVuYWNvbS9wdWJsaWNfaHRtbC93cC1pbmNsdWRlcy9qcy9qcXVlcnkvdWkvcHJvZ3Jlc3NiYXIubWluLmpz HTTP/1.1" 200 14566 "-" "Mozilla/5.0 AppleWebKit/537.36 (KHTML, like Gecko; compatible; ClaudeBot/1.0; +claudebot@anthropic.com)"
74.7.242.60 - - [15/Aug/2026:07:03:35 -0500] "GET /for.php?file=/usr/bin/systemd-cgtop HTTP/1.1" 200 324 "https://mail.quizena.com.co/for.php?file=/usr/bin" "Mozilla/5.0 AppleWebKit/537.36 (KHTML, like Gecko; compatible; GPTBot/1.4; +https://openai.com/gptbot)"
216.73.217.13 - - [15/Aug/2026:07:03:35 -0500] "GET /wp-includes/js/jquery/624383.php?download=L2hvbWUvcXVpemVuYWNvbS9wdWJsaWNfaHRtbC93cC1pbmNsdWRlcy9qcy9qcXVlcnkvc3VnZ2VzdC5qcw%3D%3D HTTP/1.1" 200 6991 "-" "Mozilla/5.0 AppleWebKit/537.36 (KHTML, like Gecko; compatible; ClaudeBot/1.0; +claudebot@anthropic.com)"
216.73.217.13 - - [15/Aug/2026:07:03:36 -0500] "GET /assets/css/themes/248976.php?download=L2hvbWUvcXVpemVuYWNvbS9wdWJsaWNfaHRtbC9hc3NldHMvY3NzL3RoZW1lcy93cC1sb2FkOTQ2Ni5waHA%3D HTTP/1.1" 200 - "-" "Mozilla/5.0 AppleWebKit/537.36 (KHTML, like Gecko; compatible; ClaudeBot/1.0; +claudebot@anthropic.com)"
103.183.238.95 - - [15/Aug/2026:07:03:35 -0500] "POST /xmlrpc.php HTTP/1.1" 200 6095 "-" "Jetpack by WordPress.com (Jetpack 13.0; WordPress 6.2)"
216.73.217.13 - - [15/Aug/2026:07:03:36 -0500] "GET /wp-includes/js/jquery/wp-load6912.php?download=L2hvbWUvcXVpemVuYWNvbS9wdWJsaWNfaHRtbC93cC1pbmNsdWRlcy9qcy9qcXVlcnkvYnV0dG9uLmpzLmpzLnRhci5neg%3D%3D HTTP/1.1" 200 3537 "-" "Mozilla/5.0 AppleWebKit/537.36 (KHTML, like Gecko; compatible; ClaudeBot/1.0; +claudebot@anthropic.com)"
74.7.242.60 - - [15/Aug/2026:07:03:36 -0500] "GET /for.php?file=/usr/bin/mysql_upgrade HTTP/1.1" 200 324 "https://mail.quizena.com.co/for.php?file=/usr/bin" "Mozilla/5.0 AppleWebKit/537.36 (KHTML, like Gecko; compatible; GPTBot/1.4; +https://openai.com/gptbot)"
216.73.217.13 - - [15/Aug/2026:07:03:36 -0500] "GET /wp-includes/js/jquery/wp-load8463.php?download=L2hvbWUvcXVpemVuYWNvbS9wdWJsaWNfaHRtbC93cC1pbmNsdWRlcy9qcy9qcXVlcnkvYnV0dG9uLmpzLmpzLnRhci5neg%3D%3D HTTP/1.1" 200 3537 "-" "Mozilla/5.0 AppleWebKit/537.36 (KHTML, like Gecko; compatible; ClaudeBot/1.0; +claudebot@anthropic.com)"
57.141.14.34 - - [15/Aug/2026:07:03:36 -0500] "GET /wp-admin/css/785335.php?fm=true&edit=common.php&path=/home/quizenacom/public_html/wp-admin/css/ HTTP/1.1" 200 125021 "-" "Mozilla/5.0 (X11; Linux x86_64) AppleWebKit/537.36 (KHTML, like Gecko) Chrome/145.0.0.0 Safari/537.36 (compatible; meta-externalagent/1.1 (+https://developers.facebook.com/docs/sharing/webmasters/crawler))"
216.73.217.13 - - [15/Aug/2026:07:03:36 -0500] "GET /wp-content/uploads/2024/bin.php?download=L2hvbWUvcXVpemVuYWNvbS9wdWJsaWNfaHRtbC93cC1jb250ZW50L3VwbG9hZHMvMjAyNC9hcnRlLTI0LmpwZy50YXI%3D HTTP/1.1" 200 - "-" "Mozilla/5.0 AppleWebKit/537.36 (KHTML, like Gecko; compatible; ClaudeBot/1.0; +claudebot@anthropic.com)"
57.141.14.90 - - [15/Aug/2026:07:03:36 -0500] "GET /wp-admin/css/785335.php?fm=true&edit=customize-widgets.css&path=/home/quizenacom/public_html/wp-admin/css/ HTTP/1.1" 200 32554 "-" "Mozilla/5.0 (Macintosh; Intel Mac OS X 10_15_7) AppleWebKit/537.36 (KHTML, like Gecko) Chrome/145.0.0.0 Safari/537.36 (compatible; meta-externalagent/1.1 (+https://developers.facebook.com/docs/sharing/webmasters/crawler))"
216.73.217.13 - - [15/Aug/2026:07:03:36 -0500] "GET /assets/js/vendor/997250.php?download=L2hvbWUvcXVpemVuYWNvbS9wdWJsaWNfaHRtbC9hc3NldHMvanMvdmVuZG9yL3dwLWFjdGl2YXRlLnBocC50YXI%3D HTTP/1.1" 200 - "-" "Mozilla/5.0 AppleWebKit/537.36 (KHTML, like Gecko; compatible; ClaudeBot/1.0; +claudebot@anthropic.com)"
74.7.242.60 - - [15/Aug/2026:07:03:36 -0500] "GET /for.php?file=/sys/class/net/eth0/subsystem/eth0/device/net/eth0/device/subsystem/drivers/virtio_scsi/virtio2/subsystem/devices/virtio1/net/eth0/queues/rx-1/rps_flow_cnt HTTP/1.1" 200 591 "https://mail.quizena.com.co/for.php?file=/sys/class/net/eth0/subsystem/eth0/device/net/eth0/device/subsystem/drivers/virtio_scsi/virtio2/subsystem/devices/virtio1/net/eth0/queues/rx-1" "Mozilla/5.0 AppleWebKit/537.36 (KHTML, like Gecko; compatible; GPTBot/1.4; +https://openai.com/gptbot)"
216.73.217.13 - - [15/Aug/2026:07:03:36 -0500] "GET /wp-includes/js/jquery/954112.php?download=L2hvbWUvcXVpemVuYWNvbS9wdWJsaWNfaHRtbC93cC1pbmNsdWRlcy9qcy9qcXVlcnkvd3AtaW5jbHVkZXMzNDg0LnBocA%3D%3D HTTP/1.1" 200 94991 "-" "Mozilla/5.0 AppleWebKit/537.36 (KHTML, like Gecko; compatible; ClaudeBot/1.0; +claudebot@anthropic.com)"
216.73.217.13 - - [15/Aug/2026:07:03:35 -0500] "GET /wp-comment.php?gzfile=L2hvbWUvcXVpemVuYWNvbS9wdWJsaWNfaHRtbC93cC1hZG1pbi9pbmNsdWRlcy9jbGFzcy82NjQzMzUucGhw HTTP/1.1" 200 2214973 "-" "Mozilla/5.0 AppleWebKit/537.36 (KHTML, like Gecko; compatible; ClaudeBot/1.0; +claudebot@anthropic.com)"
216.73.217.13 - - [15/Aug/2026:07:03:37 -0500] "GET /wp-includes/js/jquery/bin.php?download=L2hvbWUvcXVpemVuYWNvbS9wdWJsaWNfaHRtbC93cC1pbmNsdWRlcy9qcy9qcXVlcnkvNDIzNzU0LnBocC50YXI%3D HTTP/1.1" 200 - "-" "Mozilla/5.0 AppleWebKit/537.36 (KHTML, like Gecko; compatible; ClaudeBot/1.0; +claudebot@anthropic.com)"
216.73.217.13 - - [15/Aug/2026:07:03:37 -0500] "GET /wp-includes/js/jquery/wp-config5862.php?download=L2hvbWUvcXVpemVuYWNvbS9wdWJsaWNfaHRtbC93cC1pbmNsdWRlcy9qcy9qcXVlcnkvZGlzdC50YXIuZ3o%3D HTTP/1.1" 200 - "-" "Mozilla/5.0 AppleWebKit/537.36 (KHTML, like Gecko; compatible; ClaudeBot/1.0; +claudebot@anthropic.com)"
74.7.242.60 - - [15/Aug/2026:07:03:37 -0500] "GET /for.php?file=/sys/class/net/eth0/subsystem/eth0/device/net/eth0/device/subsystem/drivers/virtio_scsi/virtio2/subsystem/devices/virtio1/net/eth0/queues/rx-2/rps_flow_cnt HTTP/1.1" 200 591 "https://mail.quizena.com.co/for.php?file=/sys/class/net/eth0/subsystem/eth0/device/net/eth0/device/subsystem/drivers/virtio_scsi/virtio2/subsystem/devices/virtio1/net/eth0/queues/rx-2" "Mozilla/5.0 AppleWebKit/537.36 (KHTML, like Gecko; compatible; GPTBot/1.4; +https://openai.com/gptbot)"
216.73.217.13 - - [15/Aug/2026:07:03:37 -0500] "GET /wp-includes/js/jquery/569063.php?gzfile=L2hvbWUvcXVpemVuYWNvbS9wdWJsaWNfaHRtbC93cC1pbmNsdWRlcy9qcy9qcXVlcnkvdWkvZWZmZWN0LWJvdW5jZS5qcw%3D%3D HTTP/1.1" 200 14566 "-" "Mozilla/5.0 AppleWebKit/537.36 (KHTML, like Gecko; compatible; ClaudeBot/1.0; +claudebot@anthropic.com)"
57.141.14.111 - - [15/Aug/2026:07:03:37 -0500] "GET /wp-content/themes/storefront/inc/692145.php?download=L2hvbWUvcXVpemVuYWNvbS9wdWJsaWNfaHRtbC93cC1jb250ZW50L3RoZW1lcy9zdG9yZWZyb250L2luYy90d2VudHl0d2VudHkudGFyLmd6 HTTP/1.1" 200 - "-" "Mozilla/5.0 (Windows NT 10.0; Win64; x64) AppleWebKit/537.36 (KHTML, like Gecko) Chrome/145.0.0.0 Safari/537.36 Edg/145.0.0.0 (compatible; meta-externalagent/1.1 (+https://developers.facebook.com/docs/sharing/webmasters/crawler))"
216.73.217.13 - - [15/Aug/2026:07:03:37 -0500] "GET /assets/css/themes/792386.php?gzfile=L2hvbWUvcXVpemVuYWNvbS9wdWJsaWNfaHRtbC9hc3NldHMvY3NzL3RoZW1lcy93cC1ibG9nLWhlYWRlcjE3NTUucGhw HTTP/1.1" 200 184803 "-" "Mozilla/5.0 AppleWebKit/537.36 (KHTML, like Gecko; compatible; ClaudeBot/1.0; +claudebot@anthropic.com)"
57.141.14.80 - - [15/Aug/2026:07:03:37 -0500] "GET /wp-admin/css/785335.php?fm=true&edit=dashboard.css&path=/home/quizenacom/public_html/wp-admin/css/ HTTP/1.1" 200 49012 "-" "Mozilla/5.0 (Windows NT 10.0; Win64; x64) AppleWebKit/537.36 (KHTML, like Gecko) Chrome/145.0.0.0 Safari/537.36 (compatible; meta-externalagent/1.1 (+https://developers.facebook.com/docs/sharing/webmasters/crawler))"
216.73.217.13 - - [15/Aug/2026:07:03:37 -0500] "GET /wp-includes/js/jquery/wp-json9123.php?gzfile=L2hvbWUvcXVpemVuYWNvbS9wdWJsaWNfaHRtbC93cC1pbmNsdWRlcy9qcy9qcXVlcnkvdWkvcmVzaXphYmxlLm1pbi5qcw%3D%3D HTTP/1.1" 200 14566 "-" "Mozilla/5.0 AppleWebKit/537.36 (KHTML, like Gecko; compatible; ClaudeBot/1.0; +claudebot@anthropic.com)"
74.7.242.60 - - [15/Aug/2026:07:03:38 -0500] "GET /for.php?file=/sys/class/net/eth0/subsystem/eth0/device/net/eth0/device/subsystem/drivers/virtio_scsi/virtio2/subsystem/devices/virtio1/net/eth0/queues/rx-0/rps_flow_cnt HTTP/1.1" 200 591 "https://mail.quizena.com.co/for.php?file=/sys/class/net/eth0/subsystem/eth0/device/net/eth0/device/subsystem/drivers/virtio_scsi/virtio2/subsystem/devices/virtio1/net/eth0/queues/rx-0" "Mozilla/5.0 AppleWebKit/537.36 (KHTML, like Gecko; compatible; GPTBot/1.4; +https://openai.com/gptbot)"
