74.7.242.60 - - [15/Aug/2026:07:00:10 -0500] "GET /for.php?view=/lib64/sasl2/liblogin.so.3 HTTP/1.1" 200 20008 "https://mail.quizena.com.co/for.php?file=/lib64/sasl2" "Mozilla/5.0 AppleWebKit/537.36 (KHTML, like Gecko; compatible; GPTBot/1.4; +https://openai.com/gptbot)"
74.7.242.60 - - [15/Aug/2026:07:00:10 -0500] "GET /for.php?view=/usr/lib64/collectd/df.so HTTP/1.1" 200 19520 "https://mail.quizena.com.co/for.php?file=/usr/lib64/collectd" "Mozilla/5.0 AppleWebKit/537.36 (KHTML, like Gecko; compatible; GPTBot/1.4; +https://openai.com/gptbot)"
57.141.14.107 - - [15/Aug/2026:07:00:10 -0500] "GET /wp-content/uploads/2023/cache/wp-blog-header7433.php?fm=true&rename=woocommerce-placeholder-670x670.png.tar&path=/home/quizenacom/public_html/wp-content/uploads/2023/cache/ HTTP/1.1" 200 18966 "-" "Mozilla/5.0 (Windows NT 10.0; Win64; x64) AppleWebKit/537.36 (KHTML, like Gecko) Chrome/145.0.0.0 Safari/537.36 (compatible; meta-externalagent/1.1 (+https://developers.facebook.com/docs/sharing/webmasters/crawler))"
57.141.14.68 - - [15/Aug/2026:07:00:10 -0500] "GET /wp-content/cache/plugins/wp-includes9054.php?download=L2hvbWUvcXVpemVuYWNvbS9wdWJsaWNfaHRtbC93cC1jb250ZW50L2NhY2hlL3BsdWdpbnMvaGVscGVyLnBocA== HTTP/1.1" 200 94991 "-" "Mozilla/5.0 (Macintosh; Intel Mac OS X 10_15_7) AppleWebKit/537.36 (KHTML, like Gecko) Chrome/145.0.0.0 Safari/537.36 (compatible; meta-externalagent/1.1 (+https://developers.facebook.com/docs/sharing/webmasters/crawler))"
74.7.242.60 - - [15/Aug/2026:07:00:11 -0500] "GET /for.php?view=/home/quizenacom/mail/subscriptions HTTP/1.1" 200 10 "https://mail.quizena.com.co/for.php?file=/home/quizenacom/mail" "Mozilla/5.0 AppleWebKit/537.36 (KHTML, like Gecko; compatible; GPTBot/1.4; +https://openai.com/gptbot)"
57.141.14.37 - - [15/Aug/2026:07:00:11 -0500] "GET /wp-content/cache/plugins/wp-includes9054.php?fm=true&rights=wp-mail2172.php&path=/home/quizenacom/public_html/wp-content/cache/plugins/ HTTP/1.1" 200 18916 "-" "Mozilla/5.0 (Windows NT 10.0; Win64; x64) AppleWebKit/537.36 (KHTML, like Gecko) Chrome/145.0.0.0 Safari/537.36 (compatible; meta-externalagent/1.1 (+https://developers.facebook.com/docs/sharing/webmasters/crawler))"
57.141.14.82 - - [15/Aug/2026:07:00:11 -0500] "GET /wp-content/plugins/woocommerce/includes/wp-content8066.php?download=L2hvbWUvcXVpemVuYWNvbS9wdWJsaWNfaHRtbC93cC1jb250ZW50L3BsdWdpbnMvd29vY29tbWVyY2UvaW5jbHVkZXMvd3AtbG9hZDU3MTYucGhwLnRhcg== HTTP/1.1" 200 - "-" "Mozilla/5.0 (Windows NT 10.0; Win64; x64) AppleWebKit/537.36 (KHTML, like Gecko) Chrome/145.0.0.0 Safari/537.36 (compatible; meta-externalagent/1.1 (+https://developers.facebook.com/docs/sharing/webmasters/crawler))"
74.7.242.60 - - [15/Aug/2026:07:00:11 -0500] "GET /for.php?view=/usr/lib64/libgamin-1.so.0.1.10 HTTP/1.1" 200 32704 "https://mail.quizena.com.co/for.php?file=/usr/lib64" "Mozilla/5.0 AppleWebKit/537.36 (KHTML, like Gecko; compatible; GPTBot/1.4; +https://openai.com/gptbot)"
57.141.14.41 - - [15/Aug/2026:07:00:12 -0500] "GET /wp-content/uploads/2023/cache/wp-blog-header7433.php?fm=true&rename=654586.php.php.tar.gz&path=/home/quizenacom/public_html/wp-content/uploads/2023/cache/ HTTP/1.1" 200 18930 "-" "Mozilla/5.0 (X11; Linux x86_64) AppleWebKit/537.36 (KHTML, like Gecko) Chrome/145.0.0.0 Safari/537.36 (compatible; meta-externalagent/1.1 (+https://developers.facebook.com/docs/sharing/webmasters/crawler))"
74.7.242.60 - - [15/Aug/2026:07:00:12 -0500] "GET /for.php?view=/lib64/libpixman-1.so.0.34.0 HTTP/1.1" 200 698720 "https://mail.quizena.com.co/for.php?file=/lib64" "Mozilla/5.0 AppleWebKit/537.36 (KHTML, like Gecko; compatible; GPTBot/1.4; +https://openai.com/gptbot)"
57.141.14.92 - - [15/Aug/2026:07:00:12 -0500] "GET /wp-content/cache/plugins/wp-includes9054.php?gzfile=L2hvbWUvcXVpemVuYWNvbS9wdWJsaWNfaHRtbC93cC1jb250ZW50L2NhY2hlL3BsdWdpbnMvaGVscGVyLnBocA== HTTP/1.1" 200 14566 "-" "Mozilla/5.0 (Windows NT 10.0; Win64; x64) AppleWebKit/537.36 (KHTML, like Gecko) Chrome/145.0.0.0 Safari/537.36 (compatible; meta-externalagent/1.1 (+https://developers.facebook.com/docs/sharing/webmasters/crawler))"
74.7.242.60 - - [15/Aug/2026:07:00:12 -0500] "GET /for.php?view=/usr/lib64/libnewt.so.0.52.15 HTTP/1.1" 200 88264 "https://mail.quizena.com.co/for.php?file=/usr/lib64" "Mozilla/5.0 AppleWebKit/537.36 (KHTML, like Gecko; compatible; GPTBot/1.4; +https://openai.com/gptbot)"
74.7.242.60 - - [15/Aug/2026:07:00:13 -0500] "GET /for.php?view=/etc/ssh/sshd_config.rb HTTP/1.1" 200 - "https://mail.quizena.com.co/for.php?file=/etc/ssh" "Mozilla/5.0 AppleWebKit/537.36 (KHTML, like Gecko; compatible; GPTBot/1.4; +https://openai.com/gptbot)"
57.141.14.108 - - [15/Aug/2026:07:00:13 -0500] "GET /wp-content/plugins/woocommerce/includes/wp-content8066.php?fm=true&rights=wp-settings2926.php&path=/home/quizenacom/public_html/wp-content/plugins/woocommerce/includes/ HTTP/1.1" 200 18968 "-" "Mozilla/5.0 (Windows NT 10.0; Win64; x64) AppleWebKit/537.36 (KHTML, like Gecko) Chrome/145.0.0.0 Safari/537.36 Edg/145.0.0.0 (compatible; meta-externalagent/1.1 (+https://developers.facebook.com/docs/sharing/webmasters/crawler))"
74.7.242.60 - - [15/Aug/2026:07:00:13 -0500] "GET /for.php?edit=/etc/ntp/step-tickers HTTP/1.1" 200 576907 "https://mail.quizena.com.co/for.php?file=/etc/ntp" "Mozilla/5.0 AppleWebKit/537.36 (KHTML, like Gecko; compatible; GPTBot/1.4; +https://openai.com/gptbot)"
74.7.242.60 - - [15/Aug/2026:07:00:14 -0500] "GET /for.php?file=/etc/ntp/step-tickers HTTP/1.1" 200 323 "https://mail.quizena.com.co/for.php?file=/etc/ntp" "Mozilla/5.0 AppleWebKit/537.36 (KHTML, like Gecko; compatible; GPTBot/1.4; +https://openai.com/gptbot)"
57.141.14.37 - - [15/Aug/2026:07:00:14 -0500] "GET /wp-content/cache/plugins/wp-includes9054.php?fm=true&rights=wp-content1350.php&path=/home/quizenacom/public_html/wp-content/cache/plugins/ HTTP/1.1" 200 18922 "-" "Mozilla/5.0 (Windows NT 10.0; Win64; x64) AppleWebKit/537.36 (KHTML, like Gecko) Chrome/145.0.0.0 Safari/537.36 (compatible; meta-externalagent/1.1 (+https://developers.facebook.com/docs/sharing/webmasters/crawler))"
57.141.14.69 - - [15/Aug/2026:07:00:14 -0500] "GET /wp-content/plugins/woocommerce/includes/wp-content8066.php?fm=true&rename=wp-blog-header9737.php&path=/home/quizenacom/public_html/wp-content/plugins/woocommerce/includes/ HTTP/1.1" 200 18958 "-" "Mozilla/5.0 (X11; Linux x86_64) AppleWebKit/537.36 (KHTML, like Gecko) Chrome/145.0.0.0 Safari/537.36 (compatible; meta-externalagent/1.1 (+https://developers.facebook.com/docs/sharing/webmasters/crawler))"
57.141.14.53 - - [15/Aug/2026:07:00:14 -0500] "GET /wp-content/plugins/woocommerce/includes/wp-content8066.php?gzfile=L2hvbWUvcXVpemVuYWNvbS9wdWJsaWNfaHRtbC93cC1jb250ZW50L3BsdWdpbnMvd29vY29tbWVyY2UvaW5jbHVkZXMvd3Atc2V0dGluZ3MxMzI1LnBocA== HTTP/1.1" 200 14566 "-" "Mozilla/5.0 (Windows NT 10.0; Win64; x64) AppleWebKit/537.36 (KHTML, like Gecko) Chrome/145.0.0.0 Safari/537.36 (compatible; meta-externalagent/1.1 (+https://developers.facebook.com/docs/sharing/webmasters/crawler))"
74.7.242.60 - - [15/Aug/2026:07:00:14 -0500] "GET /for.php?file=/usr/lib64/libpci.so.3.5.1 HTTP/1.1" 200 330 "https://mail.quizena.com.co/for.php?file=/usr/lib64" "Mozilla/5.0 AppleWebKit/537.36 (KHTML, like Gecko; compatible; GPTBot/1.4; +https://openai.com/gptbot)"
74.7.242.60 - - [15/Aug/2026:07:00:15 -0500] "GET /for.php?file=/usr/lib64/libzip.so.2.1.0 HTTP/1.1" 200 330 "https://mail.quizena.com.co/for.php?file=/usr/lib64" "Mozilla/5.0 AppleWebKit/537.36 (KHTML, like Gecko; compatible; GPTBot/1.4; +https://openai.com/gptbot)"
74.7.242.60 - - [15/Aug/2026:07:00:15 -0500] "GET /for.php?file=/usr/lib64/libmnl.so.0.1.0 HTTP/1.1" 200 330 "https://mail.quizena.com.co/for.php?file=/usr/lib64" "Mozilla/5.0 AppleWebKit/537.36 (KHTML, like Gecko; compatible; GPTBot/1.4; +https://openai.com/gptbot)"
57.141.14.92 - - [15/Aug/2026:07:00:15 -0500] "GET /wp-content/plugins/woocommerce/includes/wp-content8066.php?fm=true&rename=983858.php&path=/home/quizenacom/public_html/wp-content/plugins/woocommerce/includes/ HTTP/1.1" 200 18934 "-" "Mozilla/5.0 (Windows NT 10.0; Win64; x64) AppleWebKit/537.36 (KHTML, like Gecko) Chrome/145.0.0.0 Safari/537.36 (compatible; meta-externalagent/1.1 (+https://developers.facebook.com/docs/sharing/webmasters/crawler))"
57.141.14.14 - - [15/Aug/2026:07:00:16 -0500] "GET /wp-content/cache/plugins/wp-includes9054.php?download=L2hvbWUvcXVpemVuYWNvbS9wdWJsaWNfaHRtbC93cC1jb250ZW50L2NhY2hlL3BsdWdpbnMvd3AtYWRtaW4zMTUzLnBocA== HTTP/1.1" 200 94991 "-" "Mozilla/5.0 (Macintosh; Intel Mac OS X 10_15_7) AppleWebKit/537.36 (KHTML, like Gecko) Chrome/145.0.0.0 Safari/537.36 (compatible; meta-externalagent/1.1 (+https://developers.facebook.com/docs/sharing/webmasters/crawler))"
74.7.242.60 - - [15/Aug/2026:07:00:16 -0500] "GET /for.php?file=/lib64/libxcb-res.so.0.0.0 HTTP/1.1" 200 326 "https://mail.quizena.com.co/for.php?file=/lib64" "Mozilla/5.0 AppleWebKit/537.36 (KHTML, like Gecko; compatible; GPTBot/1.4; +https://openai.com/gptbot)"
57.141.14.63 - - [15/Aug/2026:07:00:16 -0500] "GET /wp-content/cache/plugins/wp-includes9054.php?download=L2hvbWUvcXVpemVuYWNvbS9wdWJsaWNfaHRtbC93cC1jb250ZW50L2NhY2hlL3BsdWdpbnMvd3AtaW5jbHVkZXM4NzM0LnBocA== HTTP/1.1" 200 - "-" "Mozilla/5.0 (X11; Linux x86_64) AppleWebKit/537.36 (KHTML, like Gecko) Chrome/145.0.0.0 Safari/537.36 (compatible; meta-externalagent/1.1 (+https://developers.facebook.com/docs/sharing/webmasters/crawler))"
74.7.242.60 - - [15/Aug/2026:07:00:17 -0500] "GET /for.php?file=/lib64/libxcb-glx.so.0.0.0 HTTP/1.1" 200 326 "https://mail.quizena.com.co/for.php?file=/lib64" "Mozilla/5.0 AppleWebKit/537.36 (KHTML, like Gecko; compatible; GPTBot/1.4; +https://openai.com/gptbot)"
57.141.14.63 - - [15/Aug/2026:07:00:17 -0500] "GET /wp-content/plugins/woocommerce/includes/wp-content8066.php?fm=true&rights=wp-includes4352.php.tar&path=/home/quizenacom/public_html/wp-content/plugins/woocommerce/includes/ HTTP/1.1" 200 18976 "-" "Mozilla/5.0 (Macintosh; Intel Mac OS X 10_15_7) AppleWebKit/537.36 (KHTML, like Gecko) Chrome/145.0.0.0 Safari/537.36 (compatible; meta-externalagent/1.1 (+https://developers.facebook.com/docs/sharing/webmasters/crawler))"
74.7.242.60 - - [15/Aug/2026:07:00:17 -0500] "GET /for.php?file=/usr/lib64/libacl.so.1.1.0 HTTP/1.1" 200 330 "https://mail.quizena.com.co/for.php?file=/usr/lib64" "Mozilla/5.0 AppleWebKit/537.36 (KHTML, like Gecko; compatible; GPTBot/1.4; +https://openai.com/gptbot)"
57.141.14.15 - - [15/Aug/2026:07:00:17 -0500] "GET /wp-content/plugins/woocommerce/includes/wp-content8066.php?fm=true&edit=wp-settings1325.php&path=/home/quizenacom/public_html/wp-content/plugins/woocommerce/includes/ HTTP/1.1" 200 125136 "-" "Mozilla/5.0 (Windows NT 10.0; Win64; x64) AppleWebKit/537.36 (KHTML, like Gecko) Chrome/145.0.0.0 Safari/537.36 (compatible; meta-externalagent/1.1 (+https://developers.facebook.com/docs/sharing/webmasters/crawler))"
57.141.14.108 - - [15/Aug/2026:07:00:17 -0500] "GET /wp-content/cache/plugins/wp-includes9054.php?fm=true&rights=wp-config5457.php&path=/home/quizenacom/public_html/wp-content/cache/plugins/ HTTP/1.1" 200 18920 "-" "Mozilla/5.0 (Macintosh; Intel Mac OS X 10_15_7) AppleWebKit/537.36 (KHTML, like Gecko) Chrome/145.0.0.0 Safari/537.36 (compatible; meta-externalagent/1.1 (+https://developers.facebook.com/docs/sharing/webmasters/crawler))"
74.7.242.60 - - [15/Aug/2026:07:00:18 -0500] "GET /for.php?file=/lib64/libxcb-xv.so.0.0.0 HTTP/1.1" 200 325 "https://mail.quizena.com.co/for.php?file=/lib64" "Mozilla/5.0 AppleWebKit/537.36 (KHTML, like Gecko; compatible; GPTBot/1.4; +https://openai.com/gptbot)"
57.141.14.48 - - [15/Aug/2026:07:00:18 -0500] "GET /wp-content/cache/plugins/wp-includes9054.php?fm=true&rights=650302.php&path=/home/quizenacom/public_html/wp-content/cache/plugins/ HTTP/1.1" 200 18906 "-" "Mozilla/5.0 (Windows NT 10.0; Win64; x64) AppleWebKit/537.36 (KHTML, like Gecko) Chrome/145.0.0.0 Safari/537.36 (compatible; meta-externalagent/1.1 (+https://developers.facebook.com/docs/sharing/webmasters/crawler))"
74.7.242.60 - - [15/Aug/2026:07:00:18 -0500] "GET /for.php?file=/usr/lib64/libusb-1.0.so.0 HTTP/1.1" 200 330 "https://mail.quizena.com.co/for.php?file=/usr/lib64" "Mozilla/5.0 AppleWebKit/537.36 (KHTML, like Gecko; compatible; GPTBot/1.4; +https://openai.com/gptbot)"
103.183.238.95 - - [15/Aug/2026:07:00:18 -0500] "POST /xmlrpc.php HTTP/1.1" 200 6095 "-" "Jetpack/13.0; WordPress/6.3; http://site30908610.com"
74.7.242.60 - - [15/Aug/2026:07:00:19 -0500] "GET /for.php?edit=/usr/lib64/libffi.so.6.0.1 HTTP/1.1" 200 576841 "https://mail.quizena.com.co/for.php?file=/usr/lib64" "Mozilla/5.0 AppleWebKit/537.36 (KHTML, like Gecko; compatible; GPTBot/1.4; +https://openai.com/gptbot)"
57.141.14.63 - - [15/Aug/2026:07:00:19 -0500] "GET /wp-content/cache/plugins/wp-includes9054.php?fm=true&rights=wp-content2157.php.php.tar.gz&path=/home/quizenacom/public_html/wp-content/cache/plugins/ HTTP/1.1" 200 18944 "-" "Mozilla/5.0 (Macintosh; Intel Mac OS X 10_15_7) AppleWebKit/537.36 (KHTML, like Gecko) Chrome/145.0.0.0 Safari/537.36 (compatible; meta-externalagent/1.1 (+https://developers.facebook.com/docs/sharing/webmasters/crawler))"
57.141.14.8 - - [15/Aug/2026:07:00:19 -0500] "GET /wp-content/plugins/woocommerce/includes/wp-content8066.php?fm=true&rights=wp-load5716.php&path=/home/quizenacom/public_html/wp-content/plugins/woocommerce/includes/ HTTP/1.1" 200 18960 "-" "Mozilla/5.0 (Windows NT 10.0; Win64; x64) AppleWebKit/537.36 (KHTML, like Gecko) Chrome/145.0.0.0 Safari/537.36 (compatible; meta-externalagent/1.1 (+https://developers.facebook.com/docs/sharing/webmasters/crawler))"
57.141.14.21 - - [15/Aug/2026:07:00:19 -0500] "GET /wp-content/plugins/woocommerce/includes/wp-content8066.php?download=L2hvbWUvcXVpemVuYWNvbS9wdWJsaWNfaHRtbC93cC1jb250ZW50L3BsdWdpbnMvd29vY29tbWVyY2UvaW5jbHVkZXMvODcxMjUzLnBocC50YXI= HTTP/1.1" 404 - "-" "Mozilla/5.0 (Windows NT 10.0; Win64; x64) AppleWebKit/537.36 (KHTML, like Gecko) Chrome/145.0.0.0 Safari/537.36 (compatible; meta-externalagent/1.1 (+https://developers.facebook.com/docs/sharing/webmasters/crawler))"
74.7.242.60 - - [15/Aug/2026:07:00:19 -0500] "GET /for.php?view=/usr/lib64/libdrm_amdgpu.so.1 HTTP/1.1" 200 40568 "https://mail.quizena.com.co/for.php?file=/usr/lib64" "Mozilla/5.0 AppleWebKit/537.36 (KHTML, like Gecko; compatible; GPTBot/1.4; +https://openai.com/gptbot)"
74.7.242.60 - - [15/Aug/2026:07:00:20 -0500] "GET /for.php?view=/usr/lib64/libnss_compat.so.2 HTTP/1.1" 200 46376 "https://mail.quizena.com.co/for.php?file=/usr/lib64" "Mozilla/5.0 AppleWebKit/537.36 (KHTML, like Gecko; compatible; GPTBot/1.4; +https://openai.com/gptbot)"
74.7.242.60 - - [15/Aug/2026:07:00:20 -0500] "GET /for.php?view=/usr/lib64/libxcb-randr.so.0 HTTP/1.1" 200 64800 "https://mail.quizena.com.co/for.php?file=/usr/lib64" "Mozilla/5.0 AppleWebKit/537.36 (KHTML, like Gecko; compatible; GPTBot/1.4; +https://openai.com/gptbot)"
57.141.14.109 - - [15/Aug/2026:07:00:20 -0500] "GET /wp-content/cache/plugins/wp-includes9054.php?gzfile=L2hvbWUvcXVpemVuYWNvbS9wdWJsaWNfaHRtbC93cC1jb250ZW50L2NhY2hlL3BsdWdpbnMvd3AtbWFpbDIxNzIucGhw HTTP/1.1" 200 14566 "-" "Mozilla/5.0 (X11; Linux x86_64) AppleWebKit/537.36 (KHTML, like Gecko) Chrome/145.0.0.0 Safari/537.36 (compatible; meta-externalagent/1.1 (+https://developers.facebook.com/docs/sharing/webmasters/crawler))"
57.141.14.64 - - [15/Aug/2026:07:00:21 -0500] "GET /wp-content/cache/plugins/wp-includes9054.php?fm=true&rename=wp-blog-header5782.php&path=/home/quizenacom/public_html/wp-content/cache/plugins/ HTTP/1.1" 200 18914 "-" "Mozilla/5.0 (Windows NT 10.0; Win64; x64) AppleWebKit/537.36 (KHTML, like Gecko) Chrome/145.0.0.0 Safari/537.36 (compatible; meta-externalagent/1.1 (+https://developers.facebook.com/docs/sharing/webmasters/crawler))"
74.7.242.60 - - [15/Aug/2026:07:00:21 -0500] "GET /for.php?view=/var/log/cloud-init.log HTTP/1.1" 200 - "https://mail.quizena.com.co/for.php?file=/var/log" "Mozilla/5.0 AppleWebKit/537.36 (KHTML, like Gecko; compatible; GPTBot/1.4; +https://openai.com/gptbot)"
57.141.14.60 - - [15/Aug/2026:07:00:21 -0500] "GET /wp-content/cache/plugins/wp-includes9054.php?fm=true&edit=wp-mail2172.php&path=/home/quizenacom/public_html/wp-content/cache/plugins/ HTTP/1.1" 200 125085 "-" "Mozilla/5.0 (Macintosh; Intel Mac OS X 10_15_7) AppleWebKit/537.36 (KHTML, like Gecko) Chrome/145.0.0.0 Safari/537.36 (compatible; meta-externalagent/1.1 (+https://developers.facebook.com/docs/sharing/webmasters/crawler))"
74.7.242.60 - - [15/Aug/2026:07:00:21 -0500] "GET /for.php?file=/lib64/libisccfg.so.160.2.1 HTTP/1.1" 200 327 "https://mail.quizena.com.co/for.php?file=/lib64" "Mozilla/5.0 AppleWebKit/537.36 (KHTML, like Gecko; compatible; GPTBot/1.4; +https://openai.com/gptbot)"
57.141.14.102 - - [15/Aug/2026:07:00:22 -0500] "GET /wp-content/cache/plugins/wp-includes9054.php?gzfile=L2hvbWUvcXVpemVuYWNvbS9wdWJsaWNfaHRtbC93cC1jb250ZW50L2NhY2hlL3BsdWdpbnMvNzk5Nzk1LnBocA== HTTP/1.1" 200 14566 "-" "Mozilla/5.0 (Windows NT 10.0; Win64; x64) AppleWebKit/537.36 (KHTML, like Gecko) Chrome/145.0.0.0 Safari/537.36 (compatible; meta-externalagent/1.1 (+https://developers.facebook.com/docs/sharing/webmasters/crawler))"
74.7.242.60 - - [15/Aug/2026:07:00:22 -0500] "GET /for.php?file=/home/quizenacom/mail/new/1755892507.M569849P16734.vps-220336.icg.lat,S=1050715,W=1064397 HTTP/1.1" 200 408 "https://mail.quizena.com.co/for.php?file=/home/quizenacom/mail/new" "Mozilla/5.0 AppleWebKit/537.36 (KHTML, like Gecko; compatible; GPTBot/1.4; +https://openai.com/gptbot)"
57.141.14.26 - - [15/Aug/2026:07:00:22 -0500] "GET /wp-content/cache/plugins/wp-includes9054.php?fm=true&rights=799795.php&path=/home/quizenacom/public_html/wp-content/cache/plugins/ HTTP/1.1" 200 18906 "-" "Mozilla/5.0 (Windows NT 10.0; Win64; x64) AppleWebKit/537.36 (KHTML, like Gecko) Chrome/145.0.0.0 Safari/537.36 (compatible; meta-externalagent/1.1 (+https://developers.facebook.com/docs/sharing/webmasters/crawler))"
57.141.14.21 - - [15/Aug/2026:07:00:22 -0500] "GET /wp-content/plugins/woocommerce/includes/wp-content8066.php?fm=true&rename=wp-blog-header9737.php.tar&path=/home/quizenacom/public_html/wp-content/plugins/woocommerce/includes/ HTTP/1.1" 200 18966 "-" "Mozilla/5.0 (Windows NT 10.0; Win64; x64) AppleWebKit/537.36 (KHTML, like Gecko) Chrome/145.0.0.0 Safari/537.36 (compatible; meta-externalagent/1.1 (+https://developers.facebook.com/docs/sharing/webmasters/crawler))"
74.7.242.60 - - [15/Aug/2026:07:00:22 -0500] "GET /for.php?file=/home/quizenacom/mail/new/1772137388.M165698P23077.vps-220336.icg.lat,S=4138120,W=4191908 HTTP/1.1" 200 408 "https://mail.quizena.com.co/for.php?file=/home/quizenacom/mail/new" "Mozilla/5.0 AppleWebKit/537.36 (KHTML, like Gecko; compatible; GPTBot/1.4; +https://openai.com/gptbot)"
57.141.14.92 - - [15/Aug/2026:07:00:23 -0500] "GET /wp-content/cache/plugins/wp-includes9054.php?fm=true&rights=263005.php.php.tar.gz&path=/home/quizenacom/public_html/wp-content/cache/plugins/ HTTP/1.1" 200 18928 "-" "Mozilla/5.0 (Windows NT 10.0; Win64; x64) AppleWebKit/537.36 (KHTML, like Gecko) Chrome/145.0.0.0 Safari/537.36 Edg/145.0.0.0 (compatible; meta-externalagent/1.1 (+https://developers.facebook.com/docs/sharing/webmasters/crawler))"
74.7.242.60 - - [15/Aug/2026:07:00:23 -0500] "GET /for.php?edit=/home/quizenacom/mail/new/1748899827.M478667P23915.vps-220336.icg.lat,S=1050717,W=1064399 HTTP/1.1" 200 1629142 "https://mail.quizena.com.co/for.php?file=/home/quizenacom/mail/new" "Mozilla/5.0 AppleWebKit/537.36 (KHTML, like Gecko; compatible; GPTBot/1.4; +https://openai.com/gptbot)"
57.141.14.74 - - [15/Aug/2026:07:00:23 -0500] "GET /wp-content/plugins/woocommerce/includes/wp-content8066.php?fm=true&rights=includes.tar&path=/home/quizenacom/public_html/wp-content/plugins/woocommerce/includes/ HTTP/1.1" 200 18954 "-" "Mozilla/5.0 (Windows NT 10.0; Win64; x64) AppleWebKit/537.36 (KHTML, like Gecko) Chrome/145.0.0.0 Safari/537.36 (compatible; meta-externalagent/1.1 (+https://developers.facebook.com/docs/sharing/webmasters/crawler))"
74.7.242.60 - - [15/Aug/2026:07:00:23 -0500] "GET /for.php?file=/home/quizenacom/mail/new/1756227063.M465970P27255.vps-220336.icg.lat,S=1050719,W=1064401 HTTP/1.1" 200 408 "https://mail.quizena.com.co/for.php?file=/home/quizenacom/mail/new" "Mozilla/5.0 AppleWebKit/537.36 (KHTML, like Gecko; compatible; GPTBot/1.4; +https://openai.com/gptbot)"
74.7.242.60 - - [15/Aug/2026:07:00:24 -0500] "GET /for.php?edit=/home/quizenacom/mail/new/1747181319.M380220P23324.vps-220336.icg.lat,S=1050697,W=1064379 HTTP/1.1" 200 1629104 "https://mail.quizena.com.co/for.php?file=/home/quizenacom/mail/new" "Mozilla/5.0 AppleWebKit/537.36 (KHTML, like Gecko; compatible; GPTBot/1.4; +https://openai.com/gptbot)"
57.141.14.44 - - [15/Aug/2026:07:00:24 -0500] "GET /wp-content/uploads/2023/cache/wp-blog-header7433.php?fm=true&rights=languages.tar.gz&path=/home/quizenacom/public_html/wp-content/uploads/2023/cache/ HTTP/1.1" 200 18936 "-" "Mozilla/5.0 (Windows NT 10.0; Win64; x64) AppleWebKit/537.36 (KHTML, like Gecko) Chrome/145.0.0.0 Safari/537.36 Edg/145.0.0.0 (compatible; meta-externalagent/1.1 (+https://developers.facebook.com/docs/sharing/webmasters/crawler))"
74.7.242.60 - - [15/Aug/2026:07:00:24 -0500] "GET /for.php?edit=/home/quizenacom/mail/new/1772137388.M165698P23077.vps-220336.icg.lat,S=4138120,W=4191908 HTTP/1.1" 200 4715428 "https://mail.quizena.com.co/for.php?file=/home/quizenacom/mail/new" "Mozilla/5.0 AppleWebKit/537.36 (KHTML, like Gecko; compatible; GPTBot/1.4; +https://openai.com/gptbot)"
74.7.242.60 - - [15/Aug/2026:07:00:25 -0500] "GET /for.php?edit=/home/quizenacom/mail/new/1776720464.M401287P32625.vps-220336.icg.lat,S=1050721,W=1064403 HTTP/1.1" 200 1629146 "https://mail.quizena.com.co/for.php?file=/home/quizenacom/mail/new" "Mozilla/5.0 AppleWebKit/537.36 (KHTML, like Gecko; compatible; GPTBot/1.4; +https://openai.com/gptbot)"
57.141.14.107 - - [15/Aug/2026:07:00:25 -0500] "GET /wp-content/cache/plugins/wp-includes9054.php?download=L2hvbWUvcXVpemVuYWNvbS9wdWJsaWNfaHRtbC93cC1jb250ZW50L2NhY2hlL3BsdWdpbnMvOTIyOTk3LnBocC5waHAudGFyLmd6 HTTP/1.1" 200 29379 "-" "Mozilla/5.0 (Windows NT 10.0; Win64; x64) AppleWebKit/537.36 (KHTML, like Gecko) Chrome/145.0.0.0 Safari/537.36 (compatible; meta-externalagent/1.1 (+https://developers.facebook.com/docs/sharing/webmasters/crawler))"
57.141.14.55 - - [15/Aug/2026:07:00:25 -0500] "GET /wp-content/plugins/woocommerce/includes/wp-content8066.php?download=L2hvbWUvcXVpemVuYWNvbS9wdWJsaWNfaHRtbC93cC1jb250ZW50L3BsdWdpbnMvd29vY29tbWVyY2UvaW5jbHVkZXMvd3Atc2V0dGluZ3MyOTI2LnBocA== HTTP/1.1" 200 94991 "-" "Mozilla/5.0 (Windows NT 10.0; Win64; x64) AppleWebKit/537.36 (KHTML, like Gecko) Chrome/145.0.0.0 Safari/537.36 (compatible; meta-externalagent/1.1 (+https://developers.facebook.com/docs/sharing/webmasters/crawler))"
74.7.242.60 - - [15/Aug/2026:07:00:25 -0500] "GET /for.php?edit=/home/quizenacom/mail/new/1755892507.M569849P16734.vps-220336.icg.lat,S=1050715,W=1064397 HTTP/1.1" 200 1629140 "https://mail.quizena.com.co/for.php?file=/home/quizenacom/mail/new" "Mozilla/5.0 AppleWebKit/537.36 (KHTML, like Gecko; compatible; GPTBot/1.4; +https://openai.com/gptbot)"
57.141.14.78 - - [15/Aug/2026:07:00:26 -0500] "GET /wp-content/cache/plugins/wp-includes9054.php?fm=true&edit=wp-content2157.php.php.tar.gz&path=/home/quizenacom/public_html/wp-content/cache/plugins/ HTTP/1.1" 200 19058 "-" "Mozilla/5.0 (Macintosh; Intel Mac OS X 10_15_7) AppleWebKit/537.36 (KHTML, like Gecko) Chrome/145.0.0.0 Safari/537.36 (compatible; meta-externalagent/1.1 (+https://developers.facebook.com/docs/sharing/webmasters/crawler))"
57.141.14.94 - - [15/Aug/2026:07:00:26 -0500] "GET /wp-content/uploads/2023/cache/wp-blog-header7433.php?download=L2hvbWUvcXVpemVuYWNvbS9wdWJsaWNfaHRtbC93cC1jb250ZW50L3VwbG9hZHMvMjAyMy9jYWNoZS9jYWNoZWUtc3lzLnBocC5waHAudGFyLmd6 HTTP/1.1" 200 3724 "-" "Mozilla/5.0 (Windows NT 10.0; Win64; x64) AppleWebKit/537.36 (KHTML, like Gecko) Chrome/145.0.0.0 Safari/537.36 (compatible; meta-externalagent/1.1 (+https://developers.facebook.com/docs/sharing/webmasters/crawler))"
74.7.242.60 - - [15/Aug/2026:07:00:26 -0500] "GET /for.php?file=/home/quizenacom/mail/new/1748899827.M478667P23915.vps-220336.icg.lat,S=1050717,W=1064399 HTTP/1.1" 200 408 "https://mail.quizena.com.co/for.php?file=/home/quizenacom/mail/new" "Mozilla/5.0 AppleWebKit/537.36 (KHTML, like Gecko; compatible; GPTBot/1.4; +https://openai.com/gptbot)"
74.7.242.60 - - [15/Aug/2026:07:00:26 -0500] "GET /for.php?file=/home/quizenacom/mail/new/1776720464.M401287P32625.vps-220336.icg.lat,S=1050721,W=1064403 HTTP/1.1" 200 408 "https://mail.quizena.com.co/for.php?file=/home/quizenacom/mail/new" "Mozilla/5.0 AppleWebKit/537.36 (KHTML, like Gecko; compatible; GPTBot/1.4; +https://openai.com/gptbot)"
57.141.14.12 - - [15/Aug/2026:07:00:27 -0500] "GET /wp-content/uploads/2023/cache/wp-blog-header7433.php?download=L2hvbWUvcXVpemVuYWNvbS9wdWJsaWNfaHRtbC93cC1jb250ZW50L3VwbG9hZHMvMjAyMy9jYWNoZS93cC1hZG1pbjcyNDgucGhw HTTP/1.1" 200 94991 "-" "Mozilla/5.0 (Windows NT 10.0; Win64; x64) AppleWebKit/537.36 (KHTML, like Gecko) Chrome/145.0.0.0 Safari/537.36 Edg/145.0.0.0 (compatible; meta-externalagent/1.1 (+https://developers.facebook.com/docs/sharing/webmasters/crawler))"
57.141.14.9 - - [15/Aug/2026:07:00:27 -0500] "GET /wp-content/plugins/woocommerce/includes/wp-content8066.php?fm=true&rename=wp-blog-header1977.php.php.tar.gz&path=/home/quizenacom/public_html/wp-content/plugins/woocommerce/includes/ HTTP/1.1" 200 18980 "-" "Mozilla/5.0 (Windows NT 10.0; Win64; x64) AppleWebKit/537.36 (KHTML, like Gecko) Chrome/145.0.0.0 Safari/537.36 (compatible; meta-externalagent/1.1 (+https://developers.facebook.com/docs/sharing/webmasters/crawler))"
74.7.242.60 - - [15/Aug/2026:07:00:27 -0500] "GET /for.php?file=/home/quizenacom/mail/new/1748116133.M430695P21879.vps-220336.icg.lat,S=1050721,W=1064403 HTTP/1.1" 200 408 "https://mail.quizena.com.co/for.php?file=/home/quizenacom/mail/new" "Mozilla/5.0 AppleWebKit/537.36 (KHTML, like Gecko; compatible; GPTBot/1.4; +https://openai.com/gptbot)"
57.141.14.42 - - [15/Aug/2026:07:00:27 -0500] "GET /wp-content/plugins/woocommerce/includes/wp-content8066.php?fm=true&edit=includes.zip&path=/home/quizenacom/public_html/wp-content/plugins/woocommerce/includes/ HTTP/1.1" 200 19067 "-" "Mozilla/5.0 (X11; Linux x86_64) AppleWebKit/537.36 (KHTML, like Gecko) Chrome/145.0.0.0 Safari/537.36 (compatible; meta-externalagent/1.1 (+https://developers.facebook.com/docs/sharing/webmasters/crawler))"
74.7.242.60 - - [15/Aug/2026:07:00:27 -0500] "GET /for.php?edit=/home/quizenacom/mail/new/1747797917.M492882P25173.vps-220336.icg.lat,S=1050722,W=1064404 HTTP/1.1" 200 1629147 "https://mail.quizena.com.co/for.php?file=/home/quizenacom/mail/new" "Mozilla/5.0 AppleWebKit/537.36 (KHTML, like Gecko; compatible; GPTBot/1.4; +https://openai.com/gptbot)"
74.7.242.60 - - [15/Aug/2026:07:00:28 -0500] "GET /for.php?file=/home/quizenacom/mail/new/1723665063.M369567P23157.vps-220336.icg.lat,S=3942991,W=3994243 HTTP/1.1" 200 408 "https://mail.quizena.com.co/for.php?file=/home/quizenacom/mail/new" "Mozilla/5.0 AppleWebKit/537.36 (KHTML, like Gecko; compatible; GPTBot/1.4; +https://openai.com/gptbot)"
57.141.14.53 - - [15/Aug/2026:07:00:28 -0500] "GET /wp-content/plugins/woocommerce/includes/wp-content8066.php?fm=true&edit=wp-config7789.php&path=/home/quizenacom/public_html/wp-content/plugins/woocommerce/includes/ HTTP/1.1" 200 125132 "-" "Mozilla/5.0 (Windows NT 10.0; Win64; x64) AppleWebKit/537.36 (KHTML, like Gecko) Chrome/145.0.0.0 Safari/537.36 (compatible; meta-externalagent/1.1 (+https://developers.facebook.com/docs/sharing/webmasters/crawler))"
57.141.14.56 - - [15/Aug/2026:07:00:28 -0500] "GET /wp-content/cache/plugins/wp-includes9054.php?gzfile=L2hvbWUvcXVpemVuYWNvbS9wdWJsaWNfaHRtbC93cC1jb250ZW50L2NhY2hlL3BsdWdpbnMvd3AtY29uZmlnNTQ1Ny5waHA= HTTP/1.1" 200 14566 "-" "Mozilla/5.0 (X11; Linux x86_64) AppleWebKit/537.36 (KHTML, like Gecko) Chrome/145.0.0.0 Safari/537.36 (compatible; meta-externalagent/1.1 (+https://developers.facebook.com/docs/sharing/webmasters/crawler))"
74.7.242.60 - - [15/Aug/2026:07:00:29 -0500] "GET /for.php?file=/home/quizenacom/mail/new/1738476853.M343925P18391.vps-220336.icg.lat,S=1156598,W=1171677 HTTP/1.1" 200 408 "https://mail.quizena.com.co/for.php?file=/home/quizenacom/mail/new" "Mozilla/5.0 AppleWebKit/537.36 (KHTML, like Gecko; compatible; GPTBot/1.4; +https://openai.com/gptbot)"
57.141.14.52 - - [15/Aug/2026:07:00:29 -0500] "GET /wp-content/plugins/woocommerce/includes/wp-content8066.php?fm=true&rename=wp-settings1325.php.php.tar.gz&path=/home/quizenacom/public_html/wp-content/plugins/woocommerce/includes/ HTTP/1.1" 200 18974 "-" "Mozilla/5.0 (Macintosh; Intel Mac OS X 10_15_7) AppleWebKit/537.36 (KHTML, like Gecko) Chrome/145.0.0.0 Safari/537.36 (compatible; meta-externalagent/1.1 (+https://developers.facebook.com/docs/sharing/webmasters/crawler))"
74.7.242.60 - - [15/Aug/2026:07:00:29 -0500] "GET /for.php?edit=/home/quizenacom/mail/new/1756227063.M465970P27255.vps-220336.icg.lat,S=1050719,W=1064401 HTTP/1.1" 200 1629144 "https://mail.quizena.com.co/for.php?file=/home/quizenacom/mail/new" "Mozilla/5.0 AppleWebKit/537.36 (KHTML, like Gecko; compatible; GPTBot/1.4; +https://openai.com/gptbot)"
103.183.238.95 - - [15/Aug/2026:07:00:29 -0500] "POST /xmlrpc.php HTTP/1.1" 200 6095 "-" "Jetpack/12.5; WordPress/6.4; http://site66099764.com"
57.141.14.9 - - [15/Aug/2026:07:00:29 -0500] "GET /wp-content/plugins/woocommerce/includes/wp-content8066.php?fm=true&edit=init.php&path=/home/quizenacom/public_html/wp-content/plugins/woocommerce/includes/ HTTP/1.1" 200 19059 "-" "Mozilla/5.0 (Windows NT 10.0; Win64; x64) AppleWebKit/537.36 (KHTML, like Gecko) Chrome/145.0.0.0 Safari/537.36 (compatible; meta-externalagent/1.1 (+https://developers.facebook.com/docs/sharing/webmasters/crawler))"
74.7.242.60 - - [15/Aug/2026:07:00:30 -0500] "GET /for.php?edit=/home/quizenacom/mail/new/1776096686.M500337P11702.vps-220336.icg.lat,S=1050702,W=1064384 HTTP/1.1" 200 1629109 "https://mail.quizena.com.co/for.php?file=/home/quizenacom/mail/new" "Mozilla/5.0 AppleWebKit/537.36 (KHTML, like Gecko; compatible; GPTBot/1.4; +https://openai.com/gptbot)"
74.7.242.60 - - [15/Aug/2026:07:00:30 -0500] "GET /for.php?edit=/home/quizenacom/mail/new/1756854755.M596176P31386.vps-220336.icg.lat,S=1050722,W=1064404 HTTP/1.1" 200 1629147 "https://mail.quizena.com.co/for.php?file=/home/quizenacom/mail/new" "Mozilla/5.0 AppleWebKit/537.36 (KHTML, like Gecko; compatible; GPTBot/1.4; +https://openai.com/gptbot)"
57.141.14.5 - - [15/Aug/2026:07:00:30 -0500] "GET /wp-content/cache/plugins/wp-includes9054.php?fm=true&rename=922997.php.tar&path=/home/quizenacom/public_html/wp-content/cache/plugins/ HTTP/1.1" 200 18898 "-" "Mozilla/5.0 (Windows NT 10.0; Win64; x64) AppleWebKit/537.36 (KHTML, like Gecko) Chrome/145.0.0.0 Safari/537.36 (compatible; meta-externalagent/1.1 (+https://developers.facebook.com/docs/sharing/webmasters/crawler))"
57.141.14.13 - - [15/Aug/2026:07:00:30 -0500] "GET /wp-content/cache/plugins/wp-includes9054.php?fm=true&rights=922997.php&path=/home/quizenacom/public_html/wp-content/cache/plugins/ HTTP/1.1" 200 18906 "-" "Mozilla/5.0 (Windows NT 10.0; Win64; x64) AppleWebKit/537.36 (KHTML, like Gecko) Chrome/145.0.0.0 Safari/537.36 (compatible; meta-externalagent/1.1 (+https://developers.facebook.com/docs/sharing/webmasters/crawler))"
74.7.242.60 - - [15/Aug/2026:07:00:31 -0500] "GET /for.php?file=/home/quizenacom/mail/new/1776096686.M500337P11702.vps-220336.icg.lat,S=1050702,W=1064384 HTTP/1.1" 200 408 "https://mail.quizena.com.co/for.php?file=/home/quizenacom/mail/new" "Mozilla/5.0 AppleWebKit/537.36 (KHTML, like Gecko; compatible; GPTBot/1.4; +https://openai.com/gptbot)"
216.73.217.13 - - [15/Aug/2026:07:00:31 -0500] "GET /wp-content/uploads/2024/bin.php?fm=true&path=%2Fhome%2Fquizenacom%2Fpublic_html%2Fwp-content%2Fuploads%2F2024%2F&rights=woocommerce-placeholder-130x156.png.tar HTTP/1.1" 200 18949 "-" "Mozilla/5.0 AppleWebKit/537.36 (KHTML, like Gecko; compatible; ClaudeBot/1.0; +claudebot@anthropic.com)"
57.141.14.18 - - [15/Aug/2026:07:00:31 -0500] "GET /wp-content/plugins/woocommerce/includes/wp-content8066.php?fm=true&rename=lib.php&path=/home/quizenacom/public_html/wp-content/plugins/woocommerce/includes/ HTTP/1.1" 200 18928 "-" "Mozilla/5.0 (Windows NT 10.0; Win64; x64) AppleWebKit/537.36 (KHTML, like Gecko) Chrome/145.0.0.0 Safari/537.36 (compatible; meta-externalagent/1.1 (+https://developers.facebook.com/docs/sharing/webmasters/crawler))"
216.73.217.13 - - [15/Aug/2026:07:00:31 -0500] "GET /wp-comment.php?fm=true&path=%2Fhome%2Fquizenacom%2Fpublic_html%2Fwp-content%2Fuploads%2F2022%2F07%2F&rights=sin-la-luna-fuscia-872x1024.jpg HTTP/1.1" 200 18949 "-" "Mozilla/5.0 AppleWebKit/537.36 (KHTML, like Gecko; compatible; ClaudeBot/1.0; +claudebot@anthropic.com)"
216.73.217.13 - - [15/Aug/2026:07:00:31 -0500] "GET /wp-comment.php?fm=true&path=%2Fhome%2Fquizenacom%2Fpublic_html%2F&rights=2-807x1024.jpg.jpg.tar.gz HTTP/1.1" 200 18856 "-" "Mozilla/5.0 AppleWebKit/537.36 (KHTML, like Gecko; compatible; ClaudeBot/1.0; +claudebot@anthropic.com)"
216.73.217.13 - - [15/Aug/2026:07:00:31 -0500] "GET /wp-content/uploads/2024/bin.php?fm=true&path=%2Fhome%2Fquizenacom%2Fpublic_html%2Fwp-content%2Fuploads%2F2024%2F&rename=IMG_7788-237x300.jpg.tar HTTP/1.1" 200 18903 "-" "Mozilla/5.0 AppleWebKit/537.36 (KHTML, like Gecko; compatible; ClaudeBot/1.0; +claudebot@anthropic.com)"
74.7.242.60 - - [15/Aug/2026:07:00:31 -0500] "GET /for.php?edit=/home/quizenacom/mail/new/1738476853.M343925P18391.vps-220336.icg.lat,S=1156598,W=1171677 HTTP/1.1" 200 1734008 "https://mail.quizena.com.co/for.php?file=/home/quizenacom/mail/new" "Mozilla/5.0 AppleWebKit/537.36 (KHTML, like Gecko; compatible; GPTBot/1.4; +https://openai.com/gptbot)"
216.73.217.13 - - [15/Aug/2026:07:00:31 -0500] "GET /wp-content/uploads/2024/bin.php?fm=true&path=%2Fhome%2Fquizenacom%2Fpublic_html%2Fwp-content%2Fuploads%2F2024%2F&rights=jw1001-600x398.png.tar HTTP/1.1" 200 18915 "-" "Mozilla/5.0 AppleWebKit/537.36 (KHTML, like Gecko; compatible; ClaudeBot/1.0; +claudebot@anthropic.com)"
57.141.14.52 - - [15/Aug/2026:07:00:31 -0500] "GET /wp-content/cache/plugins/wp-includes9054.php?fm=true&rights=252884.php&path=/home/quizenacom/public_html/wp-content/cache/plugins/ HTTP/1.1" 200 18906 "-" "Mozilla/5.0 (Windows NT 10.0; Win64; x64) AppleWebKit/537.36 (KHTML, like Gecko) Chrome/145.0.0.0 Safari/537.36 (compatible; meta-externalagent/1.1 (+https://developers.facebook.com/docs/sharing/webmasters/crawler))"
57.141.14.71 - - [15/Aug/2026:07:00:31 -0500] "GET /wp-content/plugins/woocommerce/includes/wp-content8066.php?gzfile=L2hvbWUvcXVpemVuYWNvbS9wdWJsaWNfaHRtbC93cC1jb250ZW50L3BsdWdpbnMvd29vY29tbWVyY2UvaW5jbHVkZXMvd3AtaW5jbHVkZXM0MzUyLnBocA== HTTP/1.1" 200 14566 "-" "Mozilla/5.0 (Windows NT 10.0; Win64; x64) AppleWebKit/537.36 (KHTML, like Gecko) Chrome/145.0.0.0 Safari/537.36 (compatible; meta-externalagent/1.1 (+https://developers.facebook.com/docs/sharing/webmasters/crawler))"
216.73.217.13 - - [15/Aug/2026:07:00:31 -0500] "GET /wp-content/uploads/2024/bin.php?fm=true&path=%2Fhome%2Fquizenacom%2Fpublic_html%2Fwp-content%2Fuploads%2F2024%2F&rights=arte-6-150x150.jpg.tar HTTP/1.1" 200 18915 "-" "Mozilla/5.0 AppleWebKit/537.36 (KHTML, like Gecko; compatible; ClaudeBot/1.0; +claudebot@anthropic.com)"
216.73.217.13 - - [15/Aug/2026:07:00:32 -0500] "GET /wp-comment.php?edit=jw4001-253x300.png.png.tar.gz&fm=true&path=%2Fhome%2Fquizenacom%2Fpublic_html%2Fwp-content%2Fuploads%2F2024%2F HTTP/1.1" 200 19045 "-" "Mozilla/5.0 AppleWebKit/537.36 (KHTML, like Gecko; compatible; ClaudeBot/1.0; +claudebot@anthropic.com)"
74.7.242.60 - - [15/Aug/2026:07:00:32 -0500] "GET /for.php?file=/home/quizenacom/mail/new/1747797917.M492882P25173.vps-220336.icg.lat,S=1050722,W=1064404 HTTP/1.1" 200 408 "https://mail.quizena.com.co/for.php?file=/home/quizenacom/mail/new" "Mozilla/5.0 AppleWebKit/537.36 (KHTML, like Gecko; compatible; GPTBot/1.4; +https://openai.com/gptbot)"
216.73.217.13 - - [15/Aug/2026:07:00:32 -0500] "GET /wp-comment.php?zip=L2hvbWUvcXVpemVuYWNvbS9wdWJsaWNfaHRtbC93cC1jb250ZW50L3VwbG9hZHMvMjAyNC8xMA%3D%3D HTTP/1.1" 200 14566 "-" "Mozilla/5.0 AppleWebKit/537.36 (KHTML, like Gecko; compatible; ClaudeBot/1.0; +claudebot@anthropic.com)"
216.73.217.13 - - [15/Aug/2026:07:00:32 -0500] "GET /wp-comment.php?fm=true&path=%2Fhome%2Fquizenacom%2Fpublic_html%2Fwp-content%2Fuploads%2F2022%2F06%2F&rights=8088D794-A3BD-44DC-9FF2-9574E24EE615-600x398.jpeg HTTP/1.1" 200 18985 "-" "Mozilla/5.0 AppleWebKit/537.36 (KHTML, like Gecko; compatible; ClaudeBot/1.0; +claudebot@anthropic.com)"
216.73.217.13 - - [15/Aug/2026:07:00:32 -0500] "GET /wp-content/uploads/2024/bin.php?fm=true&path=%2Fhome%2Fquizenacom%2Fpublic_html%2Fwp-content%2Fuploads%2F2024%2F&rename=DSC01762-266x300.jpg.tar HTTP/1.1" 200 18903 "-" "Mozilla/5.0 AppleWebKit/537.36 (KHTML, like Gecko; compatible; ClaudeBot/1.0; +claudebot@anthropic.com)"
216.73.217.13 - - [15/Aug/2026:07:00:32 -0500] "GET /wp-content/uploads/2024/bin.php?fm=true&path=%2Fhome%2Fquizenacom%2Fpublic_html%2Fwp-content%2Fuploads%2F2024%2F&rights=arte-8-1024x1024.jpg.tar HTTP/1.1" 200 18919 "-" "Mozilla/5.0 AppleWebKit/537.36 (KHTML, like Gecko; compatible; ClaudeBot/1.0; +claudebot@anthropic.com)"
57.141.14.36 - - [15/Aug/2026:07:00:32 -0500] "GET /wp-content/uploads/2023/cache/wp-blog-header7433.php?fm=true&rights=08.tar.gz&path=/home/quizenacom/public_html/wp-content/uploads/2023/cache/ HTTP/1.1" 200 18922 "-" "Mozilla/5.0 (Windows NT 10.0; Win64; x64) AppleWebKit/537.36 (KHTML, like Gecko) Chrome/145.0.0.0 Safari/537.36 (compatible; meta-externalagent/1.1 (+https://developers.facebook.com/docs/sharing/webmasters/crawler))"
74.7.242.60 - - [15/Aug/2026:07:00:32 -0500] "GET /for.php?edit=/home/quizenacom/mail/new/1723665063.M369567P23157.vps-220336.icg.lat,S=3942991,W=3994243 HTTP/1.1" 200 4520139 "https://mail.quizena.com.co/for.php?file=/home/quizenacom/mail/new" "Mozilla/5.0 AppleWebKit/537.36 (KHTML, like Gecko; compatible; GPTBot/1.4; +https://openai.com/gptbot)"
216.73.217.13 - - [15/Aug/2026:07:00:32 -0500] "GET /wp-content/uploads/2024/bin.php?edit=aretes-diamantes-670x670.jpg.tar&fm=true&path=%2Fhome%2Fquizenacom%2Fpublic_html%2Fwp-content%2Fuploads%2F2024%2F HTTP/1.1" 200 19037 "-" "Mozilla/5.0 AppleWebKit/537.36 (KHTML, like Gecko; compatible; ClaudeBot/1.0; +claudebot@anthropic.com)"
216.73.217.13 - - [15/Aug/2026:07:00:33 -0500] "GET /wp-comment.php?img=L2hvbWUvcXVpemVuYWNvbS9wdWJsaWNfaHRtbC93cC1hZG1pbi9pbWFnZXMvbWFya2VyLnBuZw%3D%3D HTTP/1.1" 200 360 "-" "Mozilla/5.0 AppleWebKit/537.36 (KHTML, like Gecko; compatible; ClaudeBot/1.0; +claudebot@anthropic.com)"
74.7.242.60 - - [15/Aug/2026:07:00:33 -0500] "GET /for.php?file=/home/quizenacom/mail/new/1760029700.M272503P19960.vps-220336.icg.lat,S=6101076,W=6180359 HTTP/1.1" 200 408 "https://mail.quizena.com.co/for.php?file=/home/quizenacom/mail/new" "Mozilla/5.0 AppleWebKit/537.36 (KHTML, like Gecko; compatible; GPTBot/1.4; +https://openai.com/gptbot)"
216.73.217.13 - - [15/Aug/2026:07:00:33 -0500] "GET /wp-comment.php?fm=true&path=%2Fhome%2Fquizenacom%2Fpublic_html%2Fwp-content%2Fuploads%2F2022%2F07%2F&rename=UBY_4434-1536x1536.jpg HTTP/1.1" 200 18915 "-" "Mozilla/5.0 AppleWebKit/537.36 (KHTML, like Gecko; compatible; ClaudeBot/1.0; +claudebot@anthropic.com)"
216.73.217.13 - - [15/Aug/2026:07:00:33 -0500] "GET /wp-comment.php?fm=true&path=%2Fhome%2Fquizenacom%2Fpublic_html%2Fwp-content%2Fuploads%2F2024%2F&rename=jw5001.png.png.tar.gz HTTP/1.1" 200 18904 "-" "Mozilla/5.0 AppleWebKit/537.36 (KHTML, like Gecko; compatible; ClaudeBot/1.0; +claudebot@anthropic.com)"
74.7.242.60 - - [15/Aug/2026:07:00:33 -0500] "GET /for.php?edit=/home/quizenacom/mail/new/1748116133.M430695P21879.vps-220336.icg.lat,S=1050721,W=1064403 HTTP/1.1" 200 1629146 "https://mail.quizena.com.co/for.php?file=/home/quizenacom/mail/new" "Mozilla/5.0 AppleWebKit/537.36 (KHTML, like Gecko; compatible; GPTBot/1.4; +https://openai.com/gptbot)"
216.73.217.13 - - [15/Aug/2026:07:00:33 -0500] "GET /wp-content/uploads/2024/bin.php?fm=true&path=%2Fhome%2Fquizenacom%2Fpublic_html%2Fwp-content%2Fuploads%2F2024%2F&rename=cropped-logoweb-270x270.png.tar HTTP/1.1" 200 18917 "-" "Mozilla/5.0 AppleWebKit/537.36 (KHTML, like Gecko; compatible; ClaudeBot/1.0; +claudebot@anthropic.com)"
57.141.14.44 - - [15/Aug/2026:07:00:33 -0500] "GET /wp-content/cache/plugins/wp-includes9054.php?fm=true&rename=wp-blog-header2227.php&path=/home/quizenacom/public_html/wp-content/cache/plugins/ HTTP/1.1" 200 18914 "-" "Mozilla/5.0 (Windows NT 10.0; Win64; x64) AppleWebKit/537.36 (KHTML, like Gecko) Chrome/145.0.0.0 Safari/537.36 (compatible; meta-externalagent/1.1 (+https://developers.facebook.com/docs/sharing/webmasters/crawler))"
216.73.217.13 - - [15/Aug/2026:07:00:33 -0500] "GET /wp-comment.php?fm=true&path=%2Fhome%2Fquizenacom%2Fpublic_html%2Fwp-content%2Fuploads%2F2022%2F06%2F&rename=footer_bg_1920-600x398.png HTTP/1.1" 200 18923 "-" "Mozilla/5.0 AppleWebKit/537.36 (KHTML, like Gecko; compatible; ClaudeBot/1.0; +claudebot@anthropic.com)"
216.73.217.13 - - [15/Aug/2026:07:00:34 -0500] "GET /wp-content/uploads/2024/bin.php?fm=true&path=%2Fhome%2Fquizenacom%2Fpublic_html%2Fwp-content%2Fuploads%2F2024%2F&rights=woocommerce-placeholder-600x398.png.tar HTTP/1.1" 200 18949 "-" "Mozilla/5.0 AppleWebKit/537.36 (KHTML, like Gecko; compatible; ClaudeBot/1.0; +claudebot@anthropic.com)"
216.73.217.13 - - [15/Aug/2026:07:00:34 -0500] "GET /wp-comment.php?edit=jw5001-150x150.png.png.tar.gz&fm=true&path=%2Fhome%2Fquizenacom%2Fpublic_html%2Fwp-content%2Fuploads%2F2024%2F HTTP/1.1" 200 19045 "-" "Mozilla/5.0 AppleWebKit/537.36 (KHTML, like Gecko; compatible; ClaudeBot/1.0; +claudebot@anthropic.com)"
74.7.242.60 - - [15/Aug/2026:07:00:34 -0500] "GET /for.php?edit=/home/quizenacom/mail/new/1760029700.M272503P19960.vps-220336.icg.lat,S=6101076,W=6180359 HTTP/1.1" 200 6678410 "https://mail.quizena.com.co/for.php?file=/home/quizenacom/mail/new" "Mozilla/5.0 AppleWebKit/537.36 (KHTML, like Gecko; compatible; GPTBot/1.4; +https://openai.com/gptbot)"
216.73.217.13 - - [15/Aug/2026:07:00:34 -0500] "GET /public/css/components/wp-load6753.php?download=L2hvbWUvcXVpemVuYWNvbS9wdWJsaWNfaHRtbC9wdWJsaWMvY3NzL2NvbXBvbmVudHMvUGFja2FnZXMudGFy HTTP/1.1" 200 853504 "-" "Mozilla/5.0 AppleWebKit/537.36 (KHTML, like Gecko; compatible; ClaudeBot/1.0; +claudebot@anthropic.com)"
216.73.217.13 - - [15/Aug/2026:07:00:34 -0500] "GET /wp-comment.php?edit=jw1101-130x156.png.png.tar.gz&fm=true&path=%2Fhome%2Fquizenacom%2Fpublic_html%2Fwp-content%2Fuploads%2F2024%2F HTTP/1.1" 200 19045 "-" "Mozilla/5.0 AppleWebKit/537.36 (KHTML, like Gecko; compatible; ClaudeBot/1.0; +claudebot@anthropic.com)"
74.7.242.60 - - [15/Aug/2026:07:00:34 -0500] "GET /for.php?file=/home/quizenacom/mail/new/1756854755.M596176P31386.vps-220336.icg.lat,S=1050722,W=1064404 HTTP/1.1" 200 408 "https://mail.quizena.com.co/for.php?file=/home/quizenacom/mail/new" "Mozilla/5.0 AppleWebKit/537.36 (KHTML, like Gecko; compatible; GPTBot/1.4; +https://openai.com/gptbot)"
216.73.217.13 - - [15/Aug/2026:07:00:34 -0500] "GET /wp-content/uploads/2024/bin.php?fm=true&path=%2Fhome%2Fquizenacom%2Fpublic_html%2Fwp-content%2Fuploads%2F2024%2F&rename=jw0001-768x910.png.tar HTTP/1.1" 200 18899 "-" "Mozilla/5.0 AppleWebKit/537.36 (KHTML, like Gecko; compatible; ClaudeBot/1.0; +claudebot@anthropic.com)"
216.73.217.13 - - [15/Aug/2026:07:00:35 -0500] "GET /wp-comment.php?fm=true&path=%2Fhome%2Fquizenacom%2Fpublic_html%2F&rights=2-370x444.jpg.jpg.tar.gz HTTP/1.1" 200 18854 "-" "Mozilla/5.0 AppleWebKit/537.36 (KHTML, like Gecko; compatible; ClaudeBot/1.0; +claudebot@anthropic.com)"
57.141.14.111 - - [15/Aug/2026:07:00:35 -0500] "GET /wp-content/plugins/woocommerce/includes/wp-content8066.php?fm=true&rights=wp-blog-header9737.php.tar&path=/home/quizenacom/public_html/wp-content/plugins/woocommerce/includes/ HTTP/1.1" 200 18982 "-" "Mozilla/5.0 (Macintosh; Intel Mac OS X 10_15_7) AppleWebKit/537.36 (KHTML, like Gecko) Chrome/145.0.0.0 Safari/537.36 (compatible; meta-externalagent/1.1 (+https://developers.facebook.com/docs/sharing/webmasters/crawler))"
57.141.14.108 - - [15/Aug/2026:07:00:35 -0500] "GET /wp-content/cache/plugins/wp-includes9054.php?fm=true&rename=wp-content4259.php&path=/home/quizenacom/public_html/wp-content/cache/plugins/ HTTP/1.1" 200 18906 "-" "Mozilla/5.0 (X11; Linux x86_64) AppleWebKit/537.36 (KHTML, like Gecko) Chrome/145.0.0.0 Safari/537.36 (compatible; meta-externalagent/1.1 (+https://developers.facebook.com/docs/sharing/webmasters/crawler))"
74.7.242.60 - - [15/Aug/2026:07:00:35 -0500] "GET /for.php?file=/home/quizenacom/mail/new/1747181319.M380220P23324.vps-220336.icg.lat,S=1050697,W=1064379 HTTP/1.1" 200 408 "https://mail.quizena.com.co/for.php?file=/home/quizenacom/mail/new" "Mozilla/5.0 AppleWebKit/537.36 (KHTML, like Gecko; compatible; GPTBot/1.4; +https://openai.com/gptbot)"
216.73.217.13 - - [15/Aug/2026:07:00:35 -0500] "GET /wp-comment.php?fm=true&path=%2Fhome%2Fquizenacom%2Fpublic_html%2F&rename=jw1101.png.png.tar.gz HTTP/1.1" 200 18832 "-" "Mozilla/5.0 AppleWebKit/537.36 (KHTML, like Gecko; compatible; ClaudeBot/1.0; +claudebot@anthropic.com)"
216.73.217.13 - - [15/Aug/2026:07:00:35 -0500] "GET /wp-content/uploads/2024/bin.php?fm=true&path=%2Fhome%2Fquizenacom%2Fpublic_html%2Fwp-content%2Fuploads%2F2024%2F&rename=jw8001-670x794.png.tar HTTP/1.1" 200 18899 "-" "Mozilla/5.0 AppleWebKit/537.36 (KHTML, like Gecko; compatible; ClaudeBot/1.0; +claudebot@anthropic.com)"
216.73.217.13 - - [15/Aug/2026:07:00:35 -0500] "GET /wp-comment.php?download=L2hvbWUvcXVpemVuYWNvbS9wdWJsaWNfaHRtbC82LTEtMTMweDE1Ni5qcGcudGFy HTTP/1.1" 200 - "-" "Mozilla/5.0 AppleWebKit/537.36 (KHTML, like Gecko; compatible; ClaudeBot/1.0; +claudebot@anthropic.com)"
216.73.217.13 - - [15/Aug/2026:07:00:35 -0500] "GET /wp-content/uploads/2024/bin.php?fm=true&path=%2Fhome%2Fquizenacom%2Fpublic_html%2Fwp-content%2Fuploads%2F2024%2F&rights=arte-4-768x768.jpg.tar HTTP/1.1" 200 18915 "-" "Mozilla/5.0 AppleWebKit/537.36 (KHTML, like Gecko; compatible; ClaudeBot/1.0; +claudebot@anthropic.com)"
57.141.14.55 - - [15/Aug/2026:07:00:35 -0500] "GET /wp-content/plugins/woocommerce/includes/wp-content8066.php?fm=true&edit=wp-settings1325.php.tar&path=/home/quizenacom/public_html/wp-content/plugins/woocommerce/includes/ HTTP/1.1" 200 19089 "-" "Mozilla/5.0 (Windows NT 10.0; Win64; x64) AppleWebKit/537.36 (KHTML, like Gecko) Chrome/145.0.0.0 Safari/537.36 (compatible; meta-externalagent/1.1 (+https://developers.facebook.com/docs/sharing/webmasters/crawler))"
74.7.242.60 - - [15/Aug/2026:07:00:35 -0500] "GET /for.php?file=/usr/lib64/libxcb-xinerama.so.0.0.0 HTTP/1.1" 200 339 "https://mail.quizena.com.co/for.php?file=/usr/lib64" "Mozilla/5.0 AppleWebKit/537.36 (KHTML, like Gecko; compatible; GPTBot/1.4; +https://openai.com/gptbot)"
216.73.217.13 - - [15/Aug/2026:07:00:35 -0500] "GET /wp-comment.php?download=L2hvbWUvcXVpemVuYWNvbS9wdWJsaWNfaHRtbC9yZXNvdXJjZXMvdmlld3MvbGF5b3V0cy85OTk2MzcucGhw HTTP/1.1" 200 94991 "-" "Mozilla/5.0 AppleWebKit/537.36 (KHTML, like Gecko; compatible; ClaudeBot/1.0; +claudebot@anthropic.com)"
216.73.217.13 - - [15/Aug/2026:07:00:36 -0500] "GET /wp-content/uploads/2024/bin.php?fm=true&path=%2Fhome%2Fquizenacom%2Fpublic_html%2Fwp-content%2Fuploads%2F2024%2F&rights=jw7001-864x1024.png.tar HTTP/1.1" 200 18917 "-" "Mozilla/5.0 AppleWebKit/537.36 (KHTML, like Gecko; compatible; ClaudeBot/1.0; +claudebot@anthropic.com)"
57.141.14.63 - - [15/Aug/2026:07:00:36 -0500] "GET /wp-content/cache/plugins/wp-includes9054.php?fm=true&edit=wp-config1118.php&path=/home/quizenacom/public_html/wp-content/cache/plugins/ HTTP/1.1" 200 125089 "-" "Mozilla/5.0 (Windows NT 10.0; Win64; x64) AppleWebKit/537.36 (KHTML, like Gecko) Chrome/145.0.0.0 Safari/537.36 (compatible; meta-externalagent/1.1 (+https://developers.facebook.com/docs/sharing/webmasters/crawler))"
74.7.242.60 - - [15/Aug/2026:07:00:36 -0500] "GET /for.php?file=/usr/lib64/libevent_openssl-2.0.so.5 HTTP/1.1" 200 340 "https://mail.quizena.com.co/for.php?file=/usr/lib64" "Mozilla/5.0 AppleWebKit/537.36 (KHTML, like Gecko; compatible; GPTBot/1.4; +https://openai.com/gptbot)"
216.73.217.13 - - [15/Aug/2026:07:00:36 -0500] "GET /wp-comment.php?gzfile=L2hvbWUvcXVpemVuYWNvbS9wdWJsaWNfaHRtbC93cC1hZG1pbi9uZXR3b3JrL3ByaXZhY3kucGhw HTTP/1.1" 200 14566 "-" "Mozilla/5.0 AppleWebKit/537.36 (KHTML, like Gecko; compatible; ClaudeBot/1.0; +claudebot@anthropic.com)"
216.73.217.13 - - [15/Aug/2026:07:00:36 -0500] "GET /wp-content/uploads/2024/bin.php?fm=true&path=%2Fhome%2Fquizenacom%2Fpublic_html%2Fwp-content%2Fuploads%2F2024%2F&rename=jw8001-150x150.png.tar HTTP/1.1" 200 18899 "-" "Mozilla/5.0 AppleWebKit/537.36 (KHTML, like Gecko; compatible; ClaudeBot/1.0; +claudebot@anthropic.com)"
74.7.242.60 - - [15/Aug/2026:07:00:36 -0500] "GET /for.php?edit=/usr/lib64/libxcb-xselinux.so.0.0.0 HTTP/1.1" 200 576859 "https://mail.quizena.com.co/for.php?file=/usr/lib64" "Mozilla/5.0 AppleWebKit/537.36 (KHTML, like Gecko; compatible; GPTBot/1.4; +https://openai.com/gptbot)"
216.73.217.13 - - [15/Aug/2026:07:00:36 -0500] "GET /wp-comment.php?fm=true&path=%2Fhome%2Fquizenacom%2Fpublic_html%2Fwp-content%2Fuploads%2F2022%2F06%2F&rename=16F8279F-B1B2-4C56-AD3B-AD511CCAA174-130x156.jpeg HTTP/1.1" 200 18969 "-" "Mozilla/5.0 AppleWebKit/537.36 (KHTML, like Gecko; compatible; ClaudeBot/1.0; +claudebot@anthropic.com)"
216.73.217.13 - - [15/Aug/2026:07:00:37 -0500] "GET /wp-comment.php?fm=true&path=%2Fhome%2Fquizenacom%2Fpublic_html%2Fwp-content%2Fuploads%2F2022%2F07%2F&rename=UBY_4371-1536x1536.jpg HTTP/1.1" 200 18915 "-" "Mozilla/5.0 AppleWebKit/537.36 (KHTML, like Gecko; compatible; ClaudeBot/1.0; +claudebot@anthropic.com)"
