57.141.14.98 - - [15/Aug/2026:07:07:00 -0500] "GET /wp-content/themes/storefront/inc/692145.php?fm=true&rights=wp-json2566.php&path=/home/quizenacom/public_html/wp-content/themes/storefront/inc/ HTTP/1.1" 200 18931 "-" "Mozilla/5.0 (X11; Linux x86_64) AppleWebKit/537.36 (KHTML, like Gecko) Chrome/145.0.0.0 Safari/537.36 (compatible; meta-externalagent/1.1 (+https://developers.facebook.com/docs/sharing/webmasters/crawler))"
74.7.242.60 - - [15/Aug/2026:07:07:00 -0500] "GET /for.php?edit=/sys/class/net/lo/subsystem/eth0/device/net/eth0/device/subsystem/drivers/virtio_gpu/virtio0/subsystem/devices/virtio2/host2/subsystem/devices/host0/power/runtime_enabled HTTP/1.1" 200 606733 "https://mail.quizena.com.co/for.php?file=/sys/class/net/lo/subsystem/eth0/device/net/eth0/device/subsystem/drivers/virtio_gpu/virtio0/subsystem/devices/virtio2/host2/subsystem/devices/host0/power" "Mozilla/5.0 AppleWebKit/537.36 (KHTML, like Gecko; compatible; GPTBot/1.4; +https://openai.com/gptbot)"
216.73.217.13 - - [15/Aug/2026:07:07:00 -0500] "GET /wp-includes/js/jquery/954112.php?download=L2hvbWUvcXVpemVuYWNvbS9wdWJsaWNfaHRtbC93cC1pbmNsdWRlcy9qcy9qcXVlcnkvdWkvcHJvZ3Jlc3NiYXIuanM%3D HTTP/1.1" 200 4215 "-" "Mozilla/5.0 AppleWebKit/537.36 (KHTML, like Gecko; compatible; ClaudeBot/1.0; +claudebot@anthropic.com)"
216.73.217.13 - - [15/Aug/2026:07:07:00 -0500] "GET /assets/js/vendor/997250.php?download=L2hvbWUvcXVpemVuYWNvbS9wdWJsaWNfaHRtbC9hc3NldHMvanMvdmVuZG9yL2NvbW1vbi5waHAucGhwLnRhci5neg%3D%3D HTTP/1.1" 200 29371 "-" "Mozilla/5.0 AppleWebKit/537.36 (KHTML, like Gecko; compatible; ClaudeBot/1.0; +claudebot@anthropic.com)"
57.141.14.64 - - [15/Aug/2026:07:07:00 -0500] "GET /wp-admin/css/785335.php?fm=true&rights=media.min.css.tar&path=/home/quizenacom/public_html/wp-admin/css/ HTTP/1.1" 200 18875 "-" "Mozilla/5.0 (Windows NT 10.0; Win64; x64) AppleWebKit/537.36 (KHTML, like Gecko) Chrome/145.0.0.0 Safari/537.36 (compatible; meta-externalagent/1.1 (+https://developers.facebook.com/docs/sharing/webmasters/crawler))"
216.73.217.13 - - [15/Aug/2026:07:07:00 -0500] "GET /wp-comment.php?download=L2hvbWUvcXVpemVuYWNvbS9wdWJsaWNfaHRtbC93cC1hZG1pbi9jc3Mvd2lkZ2V0cy1ydGwuY3NzLmNzcy50YXIuZ3o%3D HTTP/1.1" 200 - "-" "Mozilla/5.0 AppleWebKit/537.36 (KHTML, like Gecko; compatible; ClaudeBot/1.0; +claudebot@anthropic.com)"
74.7.242.60 - - [15/Aug/2026:07:07:01 -0500] "GET /for.php?file=/proc/8020/clear_refs HTTP/1.1" 200 325 "https://mail.quizena.com.co/for.php?file=/proc/8020" "Mozilla/5.0 AppleWebKit/537.36 (KHTML, like Gecko; compatible; GPTBot/1.4; +https://openai.com/gptbot)"
216.73.217.13 - - [15/Aug/2026:07:07:01 -0500] "GET /wp-includes/js/jquery/624383.php?download=L2hvbWUvcXVpemVuYWNvbS9wdWJsaWNfaHRtbC93cC1pbmNsdWRlcy9qcy9qcXVlcnkvcHJvZ3Jlc3NiYXIuanMudGFy HTTP/1.1" 200 6144 "-" "Mozilla/5.0 AppleWebKit/537.36 (KHTML, like Gecko; compatible; ClaudeBot/1.0; +claudebot@anthropic.com)"
74.7.242.27 - - [15/Aug/2026:07:07:01 -0500] "GET /for.php?edit=/home/quizenacom/www/IPv6.php.tar HTTP/1.1" 200 607223 "https://www.quizena.com.co/for.php?file=/home/quizenacom/www" "Mozilla/5.0 AppleWebKit/537.36 (KHTML, like Gecko; compatible; GPTBot/1.4; +https://openai.com/gptbot)"
216.73.217.13 - - [15/Aug/2026:07:06:58 -0500] "GET /wp-comment.php?gzfile=L2hvbWUvcXVpemVuYWNvbS9wdWJsaWNfaHRtbC93cC1jb250ZW50L3RoZW1lcy9zdG9yZWZyb250L2luYy8zNjQ1NjkucGhw HTTP/1.1" 200 2221375 "-" "Mozilla/5.0 AppleWebKit/537.36 (KHTML, like Gecko; compatible; ClaudeBot/1.0; +claudebot@anthropic.com)"
216.73.217.13 - - [15/Aug/2026:07:07:01 -0500] "GET /assets/js/vendor/997250.php?download=L2hvbWUvcXVpemVuYWNvbS9wdWJsaWNfaHRtbC9hc3NldHMvanMvdmVuZG9yL3dwLXNldHRpbmdzNTgxOC5waHAudGFy HTTP/1.1" 200 - "-" "Mozilla/5.0 AppleWebKit/537.36 (KHTML, like Gecko; compatible; ClaudeBot/1.0; +claudebot@anthropic.com)"
57.141.14.22 - - [15/Aug/2026:07:07:01 -0500] "GET /wp-admin/css/785335.php?fm=true&edit=customize-widgets.min.css.tar&path=/home/quizenacom/public_html/wp-admin/css/ HTTP/1.1" 200 19004 "-" "Mozilla/5.0 (Windows NT 10.0; Win64; x64) AppleWebKit/537.36 (KHTML, like Gecko) Chrome/145.0.0.0 Safari/537.36 (compatible; meta-externalagent/1.1 (+https://developers.facebook.com/docs/sharing/webmasters/crawler))"
74.7.242.60 - - [15/Aug/2026:07:07:01 -0500] "GET /3D%22https:/u1333494.ct.sendgrid.net/ls/click?up HTTP/1.1" 200 - "https://mail.quizena.com.co/for.php?view=/home/quizenacom/mail/new/1704007188.M436279P8605.vps-220336.icg.lat,S=21539,W=21978" "Mozilla/5.0 AppleWebKit/537.36 (KHTML, like Gecko; compatible; GPTBot/1.4; +https://openai.com/gptbot)"
216.73.217.13 - - [15/Aug/2026:07:07:01 -0500] "GET /assets/css/themes/792386.php?download=L2hvbWUvcXVpemVuYWNvbS9wdWJsaWNfaHRtbC9hc3NldHMvY3NzL3RoZW1lcy93cC1jb250ZW50OTYxOC5waHA%3D HTTP/1.1" 200 94991 "-" "Mozilla/5.0 AppleWebKit/537.36 (KHTML, like Gecko; compatible; ClaudeBot/1.0; +claudebot@anthropic.com)"
216.73.217.13 - - [15/Aug/2026:07:07:01 -0500] "GET /wp-includes/js/jquery/global.php?download=L2hvbWUvcXVpemVuYWNvbS9wdWJsaWNfaHRtbC93cC1pbmNsdWRlcy9qcy9qcXVlcnkvdWkvc3Bpbm5lci5taW4uanM%3D HTTP/1.1" 200 7631 "-" "Mozilla/5.0 AppleWebKit/537.36 (KHTML, like Gecko; compatible; ClaudeBot/1.0; +claudebot@anthropic.com)"
57.141.14.2 - - [15/Aug/2026:07:07:01 -0500] "GET /wp-admin/css/785335.php?fm=true&rights=media-rtl.min.css&path=/home/quizenacom/public_html/wp-admin/css/ HTTP/1.1" 200 18875 "-" "Mozilla/5.0 (Windows NT 10.0; Win64; x64) AppleWebKit/537.36 (KHTML, like Gecko) Chrome/145.0.0.0 Safari/537.36 Edg/145.0.0.0 (compatible; meta-externalagent/1.1 (+https://developers.facebook.com/docs/sharing/webmasters/crawler))"
57.141.14.86 - - [15/Aug/2026:07:07:02 -0500] "GET /wp-admin/css/785335.php?gzfile=L2hvbWUvcXVpemVuYWNvbS9wdWJsaWNfaHRtbC93cC1hZG1pbi9jc3Mvc2l0ZS1pY29uLXJ0bC5jc3M= HTTP/1.1" 200 14566 "-" "Mozilla/5.0 (Windows NT 10.0; Win64; x64) AppleWebKit/537.36 (KHTML, like Gecko) Chrome/145.0.0.0 Safari/537.36 (compatible; meta-externalagent/1.1 (+https://developers.facebook.com/docs/sharing/webmasters/crawler))"
216.73.217.13 - - [15/Aug/2026:07:07:02 -0500] "GET /wp-includes/js/jquery/569063.php?download=L2hvbWUvcXVpemVuYWNvbS9wdWJsaWNfaHRtbC93cC1pbmNsdWRlcy9qcy9qcXVlcnkvdWkvc3Bpbm5lci5taW4uanM%3D HTTP/1.1" 200 7631 "-" "Mozilla/5.0 AppleWebKit/537.36 (KHTML, like Gecko; compatible; ClaudeBot/1.0; +claudebot@anthropic.com)"
74.7.242.60 - - [15/Aug/2026:07:07:02 -0500] "GET /for.php?edit=/home/quizenacom/public_html/composer.json.json.tar.gz HTTP/1.1" 200 607257 "https://mail.quizena.com.co/for.php?edit=/sys/class/net/eth0/device/driver/virtio1/subsystem/devices/virtio3/driver/module/initstate" "Mozilla/5.0 AppleWebKit/537.36 (KHTML, like Gecko; compatible; GPTBot/1.4; +https://openai.com/gptbot)"
216.73.217.13 - - [15/Aug/2026:07:07:02 -0500] "GET /wp-includes/js/jquery/wp-config3571.php?download=L2hvbWUvcXVpemVuYWNvbS9wdWJsaWNfaHRtbC93cC1pbmNsdWRlcy9qcy9qcXVlcnkvNDIzNzU0LnBocC50YXI%3D HTTP/1.1" 200 - "-" "Mozilla/5.0 AppleWebKit/537.36 (KHTML, like Gecko; compatible; ClaudeBot/1.0; +claudebot@anthropic.com)"
216.73.217.13 - - [15/Aug/2026:07:07:02 -0500] "GET /wp-comment.php?download=L2hvbWUvcXVpemVuYWNvbS9wdWJsaWNfaHRtbC93cC1pbmNsdWRlcy9qcy9jcm9wL21hcnF1ZWVIb3Jpei5naWY%3D HTTP/1.1" 200 277 "-" "Mozilla/5.0 AppleWebKit/537.36 (KHTML, like Gecko; compatible; ClaudeBot/1.0; +claudebot@anthropic.com)"
216.73.217.13 - - [15/Aug/2026:07:07:02 -0500] "GET /assets/js/vendor/997250.php?download=L2hvbWUvcXVpemVuYWNvbS9wdWJsaWNfaHRtbC9hc3NldHMvanMvdmVuZG9yL3dwLWNvbnRlbnQ5MzU5LnBocC50YXI%3D HTTP/1.1" 200 - "-" "Mozilla/5.0 AppleWebKit/537.36 (KHTML, like Gecko; compatible; ClaudeBot/1.0; +claudebot@anthropic.com)"
74.7.242.60 - - [15/Aug/2026:07:07:02 -0500] "GET /for.php?edit=/home/quizenacom/public_html/theme.json.json.tar.gz HTTP/1.1" 200 607251 "https://mail.quizena.com.co/for.php?edit=/proc/8020/net/raw6" "Mozilla/5.0 AppleWebKit/537.36 (KHTML, like Gecko; compatible; GPTBot/1.4; +https://openai.com/gptbot)"
216.73.217.13 - - [15/Aug/2026:07:07:02 -0500] "GET /wp-includes/js/jquery/954112.php?download=L2hvbWUvcXVpemVuYWNvbS9wdWJsaWNfaHRtbC93cC1pbmNsdWRlcy9qcy9qcXVlcnkvdWkvZWZmZWN0LWJvdW5jZS5qcw%3D%3D HTTP/1.1" 200 2638 "-" "Mozilla/5.0 AppleWebKit/537.36 (KHTML, like Gecko; compatible; ClaudeBot/1.0; +claudebot@anthropic.com)"
216.73.217.13 - - [15/Aug/2026:07:07:02 -0500] "GET /wp-includes/js/jquery/569063.php?download=L2hvbWUvcXVpemVuYWNvbS9wdWJsaWNfaHRtbC93cC1pbmNsdWRlcy9qcy9qcXVlcnkvYnV0dG9uLmpzLmpzLnRhci5neg%3D%3D HTTP/1.1" 200 3537 "-" "Mozilla/5.0 AppleWebKit/537.36 (KHTML, like Gecko; compatible; ClaudeBot/1.0; +claudebot@anthropic.com)"
74.7.242.60 - - [15/Aug/2026:07:07:03 -0500] "GET /for.php?edit=/home/quizenacom/public_html/browser.png.png.tar.gz HTTP/1.1" 200 607251 "https://mail.quizena.com.co/for.php?edit=/home/quizenacom/public_html/8-670x863.jpg.jpg.tar.gz" "Mozilla/5.0 AppleWebKit/537.36 (KHTML, like Gecko; compatible; GPTBot/1.4; +https://openai.com/gptbot)"
216.73.217.13 - - [15/Aug/2026:07:07:03 -0500] "GET /wp-includes/js/jquery/624383.php?download=L2hvbWUvcXVpemVuYWNvbS9wdWJsaWNfaHRtbC93cC1pbmNsdWRlcy9qcy9qcXVlcnkvd3AtY3JvbjQwMzIucGhw HTTP/1.1" 200 - "-" "Mozilla/5.0 AppleWebKit/537.36 (KHTML, like Gecko; compatible; ClaudeBot/1.0; +claudebot@anthropic.com)"
216.73.217.13 - - [15/Aug/2026:07:07:03 -0500] "GET /wp-includes/js/jquery/global.php?gzfile=L2hvbWUvcXVpemVuYWNvbS9wdWJsaWNfaHRtbC93cC1pbmNsdWRlcy9qcy9qcXVlcnkvdWkvYnV0dG9uLm1pbi5qcw%3D%3D HTTP/1.1" 200 14566 "-" "Mozilla/5.0 AppleWebKit/537.36 (KHTML, like Gecko; compatible; ClaudeBot/1.0; +claudebot@anthropic.com)"
216.73.217.13 - - [15/Aug/2026:07:07:01 -0500] "GET /wp-comment.php?gzfile=L2hvbWUvcXVpemVuYWNvbS9wdWJsaWNfaHRtbC93cC1hZG1pbi9pbmNsdWRlcy9jbGFzcy93cC1pbmNsdWRlczE5NzgucGhw HTTP/1.1" 200 2223629 "-" "Mozilla/5.0 AppleWebKit/537.36 (KHTML, like Gecko; compatible; ClaudeBot/1.0; +claudebot@anthropic.com)"
216.73.217.13 - - [15/Aug/2026:07:07:03 -0500] "GET /wp-includes/js/jquery/624383.php?download=L2hvbWUvcXVpemVuYWNvbS9wdWJsaWNfaHRtbC93cC1pbmNsdWRlcy9qcy9qcXVlcnkvZWZmZWN0LXNoYWtlLmpzLnRhcg%3D%3D HTTP/1.1" 200 3584 "-" "Mozilla/5.0 AppleWebKit/537.36 (KHTML, like Gecko; compatible; ClaudeBot/1.0; +claudebot@anthropic.com)"
74.7.242.60 - - [15/Aug/2026:07:07:03 -0500] "GET /for.php?file=/home/quizenacom/public_html/media-button.png.png.tar.gz HTTP/1.1" 200 378 "https://mail.quizena.com.co/for.php?edit=/sys/class/net/eth0/device/driver/virtio1/subsystem/devices/virtio3/driver/module/initstate" "Mozilla/5.0 AppleWebKit/537.36 (KHTML, like Gecko; compatible; GPTBot/1.4; +https://openai.com/gptbot)"
216.73.217.13 - - [15/Aug/2026:07:07:03 -0500] "GET /wp-includes/js/jquery/954112.php?download=L2hvbWUvcXVpemVuYWNvbS9wdWJsaWNfaHRtbC93cC1pbmNsdWRlcy9qcy9qcXVlcnkvdWkvZWZmZWN0Lm1pbi5qcw%3D%3D HTTP/1.1" 200 17331 "-" "Mozilla/5.0 AppleWebKit/537.36 (KHTML, like Gecko; compatible; ClaudeBot/1.0; +claudebot@anthropic.com)"
57.141.14.3 - - [15/Aug/2026:07:07:03 -0500] "GET /wp-admin/css/785335.php?fm=true&rights=farbtastic.min.css.min.css.tar.gz&path=/home/quizenacom/public_html/wp-admin/css/ HTTP/1.1" 200 18907 "-" "Mozilla/5.0 (Windows NT 10.0; Win64; x64) AppleWebKit/537.36 (KHTML, like Gecko) Chrome/145.0.0.0 Safari/537.36 (compatible; meta-externalagent/1.1 (+https://developers.facebook.com/docs/sharing/webmasters/crawler))"
57.141.14.29 - - [15/Aug/2026:07:07:03 -0500] "GET /wp-admin/css/785335.php?gzfile=L2hvbWUvcXVpemVuYWNvbS9wdWJsaWNfaHRtbC93cC1hZG1pbi9jc3MvY29sb3ItcGlja2VyLXJ0bC5jc3M= HTTP/1.1" 200 14566 "-" "Mozilla/5.0 (Windows NT 10.0; Win64; x64) AppleWebKit/537.36 (KHTML, like Gecko) Chrome/145.0.0.0 Safari/537.36 (compatible; meta-externalagent/1.1 (+https://developers.facebook.com/docs/sharing/webmasters/crawler))"
216.73.217.13 - - [15/Aug/2026:07:07:03 -0500] "GET /wp-includes/js/jquery/src.php?download=L2hvbWUvcXVpemVuYWNvbS9wdWJsaWNfaHRtbC93cC1pbmNsdWRlcy9qcy9qcXVlcnkvc3Bpbm5lci5qcy5qcy50YXIuZ3o%3D HTTP/1.1" 200 4514 "-" "Mozilla/5.0 AppleWebKit/537.36 (KHTML, like Gecko; compatible; ClaudeBot/1.0; +claudebot@anthropic.com)"
57.141.14.36 - - [15/Aug/2026:07:07:03 -0500] "GET /wp-admin/css/785335.php?fm=true&edit=themes.css&path=/home/quizenacom/public_html/wp-admin/css/ HTTP/1.1" 200 60845 "-" "Mozilla/5.0 (Windows NT 10.0; Win64; x64) AppleWebKit/537.36 (KHTML, like Gecko) Chrome/145.0.0.0 Safari/537.36 (compatible; meta-externalagent/1.1 (+https://developers.facebook.com/docs/sharing/webmasters/crawler))"
216.73.217.13 - - [15/Aug/2026:07:07:04 -0500] "GET /wp-includes/js/jquery/569063.php?gzfile=L2hvbWUvcXVpemVuYWNvbS9wdWJsaWNfaHRtbC93cC1pbmNsdWRlcy9qcy9qcXVlcnkvdWkvYnV0dG9uLm1pbi5qcw%3D%3D HTTP/1.1" 200 14566 "-" "Mozilla/5.0 AppleWebKit/537.36 (KHTML, like Gecko; compatible; ClaudeBot/1.0; +claudebot@anthropic.com)"
74.7.242.60 - - [15/Aug/2026:07:07:04 -0500] "GET /for.php?file=/home/quizenacom/public_html/browser.png.png.tar.gz HTTP/1.1" 200 373 "https://mail.quizena.com.co/for.php?edit=/home/quizenacom/public_html/8-670x863.jpg.jpg.tar.gz" "Mozilla/5.0 AppleWebKit/537.36 (KHTML, like Gecko; compatible; GPTBot/1.4; +https://openai.com/gptbot)"
216.73.217.13 - - [15/Aug/2026:07:07:04 -0500] "GET /wp-includes/js/jquery/wp-config3571.php?gzfile=L2hvbWUvcXVpemVuYWNvbS9wdWJsaWNfaHRtbC93cC1pbmNsdWRlcy9qcy9qcXVlcnkvdWkvcmVzaXphYmxlLm1pbi5qcw%3D%3D HTTP/1.1" 200 14566 "-" "Mozilla/5.0 AppleWebKit/537.36 (KHTML, like Gecko; compatible; ClaudeBot/1.0; +claudebot@anthropic.com)"
57.141.14.103 - - [15/Aug/2026:07:07:04 -0500] "GET /wp-admin/css/785335.php?download=L2hvbWUvcXVpemVuYWNvbS9wdWJsaWNfaHRtbC93cC1hZG1pbi9jc3Mvd3AtYWRtaW4yNzE2LnBocA== HTTP/1.1" 200 - "-" "Mozilla/5.0 (Macintosh; Intel Mac OS X 10_15_7) AppleWebKit/537.36 (KHTML, like Gecko) Chrome/145.0.0.0 Safari/537.36 (compatible; meta-externalagent/1.1 (+https://developers.facebook.com/docs/sharing/webmasters/crawler))"
216.73.217.13 - - [15/Aug/2026:07:07:04 -0500] "GET /wp-includes/js/jquery/495575.php?download=L2hvbWUvcXVpemVuYWNvbS9wdWJsaWNfaHRtbC93cC1pbmNsdWRlcy9qcy9qcXVlcnkvdGlueW1jZS50YXIuZ3o%3D HTTP/1.1" 200 - "-" "Mozilla/5.0 AppleWebKit/537.36 (KHTML, like Gecko; compatible; ClaudeBot/1.0; +claudebot@anthropic.com)"
216.73.217.13 - - [15/Aug/2026:07:07:04 -0500] "GET /wp-includes/js/jquery/495575.php?download=L2hvbWUvcXVpemVuYWNvbS9wdWJsaWNfaHRtbC93cC1pbmNsdWRlcy9qcy9qcXVlcnkvdWkvZGF0ZXBpY2tlci5qcw%3D%3D HTTP/1.1" 200 82400 "-" "Mozilla/5.0 AppleWebKit/537.36 (KHTML, like Gecko; compatible; ClaudeBot/1.0; +claudebot@anthropic.com)"
57.141.14.72 - - [15/Aug/2026:07:07:04 -0500] "GET /wp-admin/css/785335.php?fm=true&edit=revisions-rtl.min.css&path=/home/quizenacom/public_html/wp-admin/css/ HTTP/1.1" 200 27300 "-" "Mozilla/5.0 (Macintosh; Intel Mac OS X 10_15_7) AppleWebKit/537.36 (KHTML, like Gecko) Chrome/145.0.0.0 Safari/537.36 (compatible; meta-externalagent/1.1 (+https://developers.facebook.com/docs/sharing/webmasters/crawler))"
74.7.242.60 - - [15/Aug/2026:07:07:04 -0500] "GET /for.php?edit=/home/quizenacom/public_html/about-texture.png.png.tar.gz HTTP/1.1" 200 607263 "https://mail.quizena.com.co/for.php?edit=/home/quizenacom/public_html/8-670x863.jpg.jpg.tar.gz" "Mozilla/5.0 AppleWebKit/537.36 (KHTML, like Gecko; compatible; GPTBot/1.4; +https://openai.com/gptbot)"
216.73.217.13 - - [15/Aug/2026:07:07:04 -0500] "GET /wp-comment.php?download=L2hvbWUvcXVpemVuYWNvbS9wdWJsaWNfaHRtbC93cC1pbmNsdWRlcy9qcy9qcXVlcnkvbWVudS5qcy5qcy50YXIuZ3o%3D HTTP/1.1" 200 5551 "-" "Mozilla/5.0 AppleWebKit/537.36 (KHTML, like Gecko; compatible; ClaudeBot/1.0; +claudebot@anthropic.com)"
216.73.217.13 - - [15/Aug/2026:07:07:04 -0500] "GET /wp-comment.php?download=L2hvbWUvcXVpemVuYWNvbS9wdWJsaWNfaHRtbC93cC1pbmNsdWRlcy9qcy9jb21tZW50LXJlcGx5Lm1pbi5qcw%3D%3D HTTP/1.1" 200 2981 "-" "Mozilla/5.0 AppleWebKit/537.36 (KHTML, like Gecko; compatible; ClaudeBot/1.0; +claudebot@anthropic.com)"
216.73.217.13 - - [15/Aug/2026:07:07:05 -0500] "GET /assets/css/themes/792386.php?gzfile=L2hvbWUvcXVpemVuYWNvbS9wdWJsaWNfaHRtbC9hc3NldHMvY3NzL3RoZW1lcy93cC1hZG1pbjcwNjYucGhw HTTP/1.1" 200 193075 "-" "Mozilla/5.0 AppleWebKit/537.36 (KHTML, like Gecko; compatible; ClaudeBot/1.0; +claudebot@anthropic.com)"
74.7.242.60 - - [15/Aug/2026:07:07:05 -0500] "GET /for.php?edit=/home/quizenacom/public_html/rolleyes.png.png.tar.gz HTTP/1.1" 200 607253 "https://mail.quizena.com.co/for.php?edit=/sys/class/net/lo/subsystem/eth0/device/net/eth0/device/net/eth0/device/net/eth0/subsystem/lo/subsystem/eth0/device/status" "Mozilla/5.0 AppleWebKit/537.36 (KHTML, like Gecko; compatible; GPTBot/1.4; +https://openai.com/gptbot)"
216.73.217.13 - - [15/Aug/2026:07:07:05 -0500] "GET /wp-includes/js/jquery/wp-config7634.php?download=L2hvbWUvcXVpemVuYWNvbS9wdWJsaWNfaHRtbC93cC1pbmNsdWRlcy9qcy9qcXVlcnkvNDIzNzU0LnBocC50YXI%3D HTTP/1.1" 200 - "-" "Mozilla/5.0 AppleWebKit/537.36 (KHTML, like Gecko; compatible; ClaudeBot/1.0; +claudebot@anthropic.com)"
216.73.217.13 - - [15/Aug/2026:07:07:05 -0500] "GET /wp-includes/js/jquery/495575.php?download=L2hvbWUvcXVpemVuYWNvbS9wdWJsaWNfaHRtbC93cC1pbmNsdWRlcy9qcy9qcXVlcnkvZWZmZWN0LWJvdW5jZS5qcy50YXI%3D HTTP/1.1" 200 4608 "-" "Mozilla/5.0 AppleWebKit/537.36 (KHTML, like Gecko; compatible; ClaudeBot/1.0; +claudebot@anthropic.com)"
57.141.14.27 - - [15/Aug/2026:07:07:05 -0500] "GET /wp-admin/css/785335.php?fm=true&rename=farbtastic.min.css&path=/home/quizenacom/public_html/wp-admin/css/ HTTP/1.1" 200 18861 "-" "Mozilla/5.0 (Macintosh; Intel Mac OS X 10_15_7) AppleWebKit/537.36 (KHTML, like Gecko) Chrome/145.0.0.0 Safari/537.36 (compatible; meta-externalagent/1.1 (+https://developers.facebook.com/docs/sharing/webmasters/crawler))"
216.73.217.13 - - [15/Aug/2026:07:07:05 -0500] "GET /wp-includes/js/jquery/954112.php?download=L2hvbWUvcXVpemVuYWNvbS9wdWJsaWNfaHRtbC93cC1pbmNsdWRlcy9qcy9qcXVlcnkvOTU0MTEyLnBocC5waHAudGFyLmd6 HTTP/1.1" 200 - "-" "Mozilla/5.0 AppleWebKit/537.36 (KHTML, like Gecko; compatible; ClaudeBot/1.0; +claudebot@anthropic.com)"
74.7.242.60 - - [15/Aug/2026:07:07:05 -0500] "GET /for.php?edit=/home/quizenacom/public_html/icon_twisted.gif.gif.tar.gz HTTP/1.1" 200 607261 "https://mail.quizena.com.co/for.php?edit=/home/quizenacom/mail/new/1780209544.M4691P31469.vps-220336.icg.lat,S=5848,W=5994" "Mozilla/5.0 AppleWebKit/537.36 (KHTML, like Gecko; compatible; GPTBot/1.4; +https://openai.com/gptbot)"
216.73.217.13 - - [15/Aug/2026:07:07:05 -0500] "GET /wp-includes/js/jquery/954112.php?gzfile=L2hvbWUvcXVpemVuYWNvbS9wdWJsaWNfaHRtbC93cC1pbmNsdWRlcy9qcy9qcXVlcnkvdWkvc3Bpbm5lci5qcw%3D%3D HTTP/1.1" 200 14566 "-" "Mozilla/5.0 AppleWebKit/537.36 (KHTML, like Gecko; compatible; ClaudeBot/1.0; +claudebot@anthropic.com)"
57.141.14.66 - - [15/Aug/2026:07:07:06 -0500] "GET /wp-admin/css/785335.php?download=L2hvbWUvcXVpemVuYWNvbS9wdWJsaWNfaHRtbC93cC1hZG1pbi9jc3MvbmF2LW1lbnVzLm1pbi5jc3M= HTTP/1.1" 200 14043 "-" "Mozilla/5.0 (Windows NT 10.0; Win64; x64) AppleWebKit/537.36 (KHTML, like Gecko) Chrome/145.0.0.0 Safari/537.36 Edg/145.0.0.0 (compatible; meta-externalagent/1.1 (+https://developers.facebook.com/docs/sharing/webmasters/crawler))"
216.73.217.13 - - [15/Aug/2026:07:07:06 -0500] "GET /wp-comment.php?gzfile=L2hvbWUvcXVpemVuYWNvbS9wdWJsaWNfaHRtbC93cC1pbmNsdWRlcy9ibG9ja3MvcXVlcnktcGFnaW5hdGlvbi5waHA%3D HTTP/1.1" 200 14566 "-" "Mozilla/5.0 AppleWebKit/537.36 (KHTML, like Gecko; compatible; ClaudeBot/1.0; +claudebot@anthropic.com)"
216.73.217.13 - - [15/Aug/2026:07:07:06 -0500] "GET /wp-includes/js/jquery/495575.php?download=L2hvbWUvcXVpemVuYWNvbS9wdWJsaWNfaHRtbC93cC1pbmNsdWRlcy9qcy9qcXVlcnkvZWZmZWN0Lm1pbi5qcy50YXI%3D HTTP/1.1" 200 18944 "-" "Mozilla/5.0 AppleWebKit/537.36 (KHTML, like Gecko; compatible; ClaudeBot/1.0; +claudebot@anthropic.com)"
74.7.242.60 - - [15/Aug/2026:07:07:06 -0500] "GET /for.php?file=/home/quizenacom/public_html/imgedit-icons.png.png.tar.gz HTTP/1.1" 200 379 "https://mail.quizena.com.co/for.php?edit=/sys/class/net/eth0/device/driver/virtio1/subsystem/devices/virtio3/driver/module/initstate" "Mozilla/5.0 AppleWebKit/537.36 (KHTML, like Gecko; compatible; GPTBot/1.4; +https://openai.com/gptbot)"
216.73.217.13 - - [15/Aug/2026:07:07:06 -0500] "GET /wp-comment.php?download=L2hvbWUvcXVpemVuYWNvbS9wdWJsaWNfaHRtbC93cC1hZG1pbi9pbmNsdWRlcy9jbGFzcy82NjQzMzUucGhw HTTP/1.1" 200 94991 "-" "Mozilla/5.0 AppleWebKit/537.36 (KHTML, like Gecko; compatible; ClaudeBot/1.0; +claudebot@anthropic.com)"
216.73.217.13 - - [15/Aug/2026:07:07:06 -0500] "GET /wp-includes/js/jquery/util.php?download=L2hvbWUvcXVpemVuYWNvbS9wdWJsaWNfaHRtbC93cC1pbmNsdWRlcy9qcy9qcXVlcnkvaW1nYXJlYXNlbGVjdC50YXIuZ3o%3D HTTP/1.1" 200 - "-" "Mozilla/5.0 AppleWebKit/537.36 (KHTML, like Gecko; compatible; ClaudeBot/1.0; +claudebot@anthropic.com)"
216.73.217.13 - - [15/Aug/2026:07:07:06 -0500] "GET /wp-includes/js/jquery/wp-json9123.php?download=L2hvbWUvcXVpemVuYWNvbS9wdWJsaWNfaHRtbC93cC1pbmNsdWRlcy9qcy9qcXVlcnkvdWkvZGlhbG9nLm1pbi5qcw%3D%3D HTTP/1.1" 200 12972 "-" "Mozilla/5.0 AppleWebKit/537.36 (KHTML, like Gecko; compatible; ClaudeBot/1.0; +claudebot@anthropic.com)"
57.141.14.89 - - [15/Aug/2026:07:07:06 -0500] "GET /wp-content/themes/storefront/inc/692145.php?fm=true&edit=787575.php.php.tar.gz&path=/home/quizenacom/public_html/wp-content/themes/storefront/inc/ HTTP/1.1" 200 19048 "-" "Mozilla/5.0 (Windows NT 10.0; Win64; x64) AppleWebKit/537.36 (KHTML, like Gecko) Chrome/145.0.0.0 Safari/537.36 (compatible; meta-externalagent/1.1 (+https://developers.facebook.com/docs/sharing/webmasters/crawler))"
74.7.242.60 - - [15/Aug/2026:07:07:06 -0500] "GET /for.php?file=/home/quizenacom/public_html/icon_twisted.gif.gif.tar.gz HTTP/1.1" 200 378 "https://mail.quizena.com.co/for.php?edit=/home/quizenacom/mail/new/1780209544.M4691P31469.vps-220336.icg.lat,S=5848,W=5994" "Mozilla/5.0 AppleWebKit/537.36 (KHTML, like Gecko; compatible; GPTBot/1.4; +https://openai.com/gptbot)"
216.73.217.13 - - [15/Aug/2026:07:07:06 -0500] "GET /wp-includes/js/jquery/624383.php?download=L2hvbWUvcXVpemVuYWNvbS9wdWJsaWNfaHRtbC93cC1pbmNsdWRlcy9qcy9qcXVlcnkvanF1ZXJ5LmNvbG9yLm1pbi5qcw%3D%3D HTTP/1.1" 200 7047 "-" "Mozilla/5.0 AppleWebKit/537.36 (KHTML, like Gecko; compatible; ClaudeBot/1.0; +claudebot@anthropic.com)"
216.73.217.13 - - [15/Aug/2026:07:07:07 -0500] "GET /assets/css/themes/248976.php?gzfile=L2hvbWUvcXVpemVuYWNvbS9wdWJsaWNfaHRtbC9hc3NldHMvY3NzL3RoZW1lcy93cC1zZXR0aW5nczYyNzcucGhw HTTP/1.1" 200 14566 "-" "Mozilla/5.0 AppleWebKit/537.36 (KHTML, like Gecko; compatible; ClaudeBot/1.0; +claudebot@anthropic.com)"
57.141.14.48 - - [15/Aug/2026:07:07:07 -0500] "GET /wp-content/themes/storefront/inc/692145.php?fm=true&rights=wp-mail8560.php&path=/home/quizenacom/public_html/wp-content/themes/storefront/inc/ HTTP/1.1" 200 18931 "-" "Mozilla/5.0 (Windows NT 10.0; Win64; x64) AppleWebKit/537.36 (KHTML, like Gecko) Chrome/145.0.0.0 Safari/537.36 (compatible; meta-externalagent/1.1 (+https://developers.facebook.com/docs/sharing/webmasters/crawler))"
103.183.238.95 - - [15/Aug/2026:07:07:07 -0500] "POST /xmlrpc.php HTTP/1.1" 200 6095 "-" "Jetpack/12.1; WordPress/6.4; http://site16098149.com"
216.73.217.13 - - [15/Aug/2026:07:07:07 -0500] "GET /wp-includes/js/jquery/569063.php?download=L2hvbWUvcXVpemVuYWNvbS9wdWJsaWNfaHRtbC93cC1pbmNsdWRlcy9qcy9qcXVlcnkvc2xpZGVyLm1pbi5qcy50YXI%3D HTTP/1.1" 200 12288 "-" "Mozilla/5.0 AppleWebKit/537.36 (KHTML, like Gecko; compatible; ClaudeBot/1.0; +claudebot@anthropic.com)"
74.7.242.60 - - [15/Aug/2026:07:07:07 -0500] "GET /for.php?edit=/home/quizenacom/public_html/wpicons.png.png.tar.gz HTTP/1.1" 200 607560 "https://mail.quizena.com.co/for.php?edit=/sys/class/net/eth0/device/net/eth0/device/net/eth0/subsystem/eth0/statistics/tx_dropped" "Mozilla/5.0 AppleWebKit/537.36 (KHTML, like Gecko; compatible; GPTBot/1.4; +https://openai.com/gptbot)"
216.73.217.13 - - [15/Aug/2026:07:07:07 -0500] "GET /wp-includes/js/jquery/wp-load6912.php?download=L2hvbWUvcXVpemVuYWNvbS9wdWJsaWNfaHRtbC93cC1pbmNsdWRlcy9qcy9qcXVlcnkvYWNjb3JkaW9uLm1pbi5qcy50YXI%3D HTTP/1.1" 200 10752 "-" "Mozilla/5.0 AppleWebKit/537.36 (KHTML, like Gecko; compatible; ClaudeBot/1.0; +claudebot@anthropic.com)"
216.73.217.13 - - [15/Aug/2026:07:07:07 -0500] "GET /wp-includes/js/jquery/624383.php?download=L2hvbWUvcXVpemVuYWNvbS9wdWJsaWNfaHRtbC93cC1pbmNsdWRlcy9qcy9qcXVlcnkvc3VnZ2VzdC5qcy50YXI%3D HTTP/1.1" 200 8704 "-" "Mozilla/5.0 AppleWebKit/537.36 (KHTML, like Gecko; compatible; ClaudeBot/1.0; +claudebot@anthropic.com)"
57.141.14.52 - - [15/Aug/2026:07:07:07 -0500] "GET /wp-admin/css/785335.php?gzfile=L2hvbWUvcXVpemVuYWNvbS9wdWJsaWNfaHRtbC93cC1hZG1pbi9jc3MvbGliLnBocA== HTTP/1.1" 200 14566 "-" "Mozilla/5.0 (Macintosh; Intel Mac OS X 10_15_7) AppleWebKit/537.36 (KHTML, like Gecko) Chrome/145.0.0.0 Safari/537.36 (compatible; meta-externalagent/1.1 (+https://developers.facebook.com/docs/sharing/webmasters/crawler))"
57.141.14.69 - - [15/Aug/2026:07:07:07 -0500] "GET /wp-admin/css/785335.php?fm=true&rename=revisions-rtl.css&path=/home/quizenacom/public_html/wp-admin/css/ HTTP/1.1" 200 18859 "-" "Mozilla/5.0 (Windows NT 10.0; Win64; x64) AppleWebKit/537.36 (KHTML, like Gecko) Chrome/145.0.0.0 Safari/537.36 (compatible; meta-externalagent/1.1 (+https://developers.facebook.com/docs/sharing/webmasters/crawler))"
216.73.217.13 - - [15/Aug/2026:07:07:07 -0500] "GET /wp-includes/js/jquery/wp-json7466.php?download=L2hvbWUvcXVpemVuYWNvbS9wdWJsaWNfaHRtbC93cC1pbmNsdWRlcy9qcy9qcXVlcnkvZHJhZ2dhYmxlLm1pbi5qcy50YXI%3D HTTP/1.1" 200 19968 "-" "Mozilla/5.0 AppleWebKit/537.36 (KHTML, like Gecko; compatible; ClaudeBot/1.0; +claudebot@anthropic.com)"
74.7.242.60 - - [15/Aug/2026:07:07:07 -0500] "GET /for.php?edit=/home/quizenacom/public_html/cropped-favi.png.png.tar.gz HTTP/1.1" 200 607570 "https://mail.quizena.com.co/for.php?edit=/sys/class/net/lo/subsystem/eth0/device/net/eth0/device/subsystem/devices/virtio4/subsystem/drivers/virtio_rng/module/drivers/virtio:virtio_rng/virtio5/driver/uevent" "Mozilla/5.0 AppleWebKit/537.36 (KHTML, like Gecko; compatible; GPTBot/1.4; +https://openai.com/gptbot)"
216.73.217.13 - - [15/Aug/2026:07:07:08 -0500] "GET /wp-comment.php?download=L2hvbWUvcXVpemVuYWNvbS9wdWJsaWNfaHRtbC93cC1hZG1pbi9jc3MvYWJvdXQubWluLmNzcy5taW4uY3NzLnRhci5neg%3D%3D HTTP/1.1" 200 - "-" "Mozilla/5.0 AppleWebKit/537.36 (KHTML, like Gecko; compatible; ClaudeBot/1.0; +claudebot@anthropic.com)"
216.73.217.13 - - [15/Aug/2026:07:07:08 -0500] "GET /wp-includes/js/jquery/wp-load8463.php?download=L2hvbWUvcXVpemVuYWNvbS9wdWJsaWNfaHRtbC93cC1pbmNsdWRlcy9qcy9qcXVlcnkvYWNjb3JkaW9uLm1pbi5qcy50YXI%3D HTTP/1.1" 200 10752 "-" "Mozilla/5.0 AppleWebKit/537.36 (KHTML, like Gecko; compatible; ClaudeBot/1.0; +claudebot@anthropic.com)"
216.73.217.13 - - [15/Aug/2026:07:07:08 -0500] "GET /wp-content/uploads/2024/bin.php?download=L2hvbWUvcXVpemVuYWNvbS9wdWJsaWNfaHRtbC93cC1jb250ZW50L3VwbG9hZHMvMjAyNC9zcmMucGhwLnBocC50YXIuZ3o%3D HTTP/1.1" 200 - "-" "Mozilla/5.0 AppleWebKit/537.36 (KHTML, like Gecko; compatible; ClaudeBot/1.0; +claudebot@anthropic.com)"
74.7.242.60 - - [15/Aug/2026:07:07:08 -0500] "GET /for.php?file=/home/quizenacom/public_html/cropped-favi.png.png.tar.gz HTTP/1.1" 200 378 "https://mail.quizena.com.co/for.php?edit=/sys/class/net/lo/subsystem/eth0/device/net/eth0/device/subsystem/devices/virtio4/subsystem/drivers/virtio_rng/module/drivers/virtio:virtio_rng/virtio5/driver/uevent" "Mozilla/5.0 AppleWebKit/537.36 (KHTML, like Gecko; compatible; GPTBot/1.4; +https://openai.com/gptbot)"
216.73.217.13 - - [15/Aug/2026:07:07:08 -0500] "GET /wp-comment.php?download=L2hvbWUvcXVpemVuYWNvbS9wdWJsaWNfaHRtbC93cC1hZG1pbi9pbmNsdWRlcy9jbGFzcy8zNjM5MDkucGhwLnRhcg%3D%3D HTTP/1.1" 404 - "-" "Mozilla/5.0 AppleWebKit/537.36 (KHTML, like Gecko; compatible; ClaudeBot/1.0; +claudebot@anthropic.com)"
216.73.217.13 - - [15/Aug/2026:07:07:08 -0500] "GET /wp-includes/js/jquery/wp-config3571.php?download=L2hvbWUvcXVpemVuYWNvbS9wdWJsaWNfaHRtbC93cC1pbmNsdWRlcy9qcy9qcXVlcnkvaW5pdC5waHAucGhwLnRhci5neg%3D%3D HTTP/1.1" 200 - "-" "Mozilla/5.0 AppleWebKit/537.36 (KHTML, like Gecko; compatible; ClaudeBot/1.0; +claudebot@anthropic.com)"
57.141.14.107 - - [15/Aug/2026:07:07:08 -0500] "GET /wp-admin/css/785335.php?fm=true&rights=customize-widgets-rtl.css.css.tar.gz&path=/home/quizenacom/public_html/wp-admin/css/ HTTP/1.1" 200 18913 "-" "Mozilla/5.0 (Macintosh; Intel Mac OS X 10_15_7) AppleWebKit/537.36 (KHTML, like Gecko) Chrome/145.0.0.0 Safari/537.36 (compatible; meta-externalagent/1.1 (+https://developers.facebook.com/docs/sharing/webmasters/crawler))"
216.73.217.13 - - [15/Aug/2026:07:07:08 -0500] "GET /wp-includes/js/jquery/495575.php?download=L2hvbWUvcXVpemVuYWNvbS9wdWJsaWNfaHRtbC93cC1pbmNsdWRlcy9qcy9qcXVlcnkvbWVudS5qcy5qcy50YXIuZ3o%3D HTTP/1.1" 200 5551 "-" "Mozilla/5.0 AppleWebKit/537.36 (KHTML, like Gecko; compatible; ClaudeBot/1.0; +claudebot@anthropic.com)"
74.7.242.60 - - [15/Aug/2026:07:07:09 -0500] "GET /for.php?edit=/home/quizenacom/public_html/imgedit-icons.png.png.tar.gz HTTP/1.1" 200 607572 "https://mail.quizena.com.co/for.php?edit=/sys/class/net/eth0/device/driver/virtio1/subsystem/devices/virtio3/driver/module/initstate" "Mozilla/5.0 AppleWebKit/537.36 (KHTML, like Gecko; compatible; GPTBot/1.4; +https://openai.com/gptbot)"
216.73.217.13 - - [15/Aug/2026:07:07:09 -0500] "GET /wp-comment.php?download=L2hvbWUvcXVpemVuYWNvbS9wdWJsaWNfaHRtbC93cC1jb250ZW50L3RoZW1lcy9zdG9yZWZyb250L2luYy81Mjg0NjQucGhw HTTP/1.1" 200 94991 "-" "Mozilla/5.0 AppleWebKit/537.36 (KHTML, like Gecko; compatible; ClaudeBot/1.0; +claudebot@anthropic.com)"
216.73.217.13 - - [15/Aug/2026:07:07:09 -0500] "GET /assets/css/themes/248976.php?download=L2hvbWUvcXVpemVuYWNvbS9wdWJsaWNfaHRtbC9hc3NldHMvY3NzL3RoZW1lcy93cC1jb25maWcxNjc1LnBocA%3D%3D HTTP/1.1" 200 - "-" "Mozilla/5.0 AppleWebKit/537.36 (KHTML, like Gecko; compatible; ClaudeBot/1.0; +claudebot@anthropic.com)"
57.141.14.2 - - [15/Aug/2026:07:07:09 -0500] "GET /wp-admin/css/785335.php?fm=true&rights=wp-blog-header3438.php&path=/home/quizenacom/public_html/wp-admin/css/ HTTP/1.1" 200 18885 "-" "Mozilla/5.0 (Windows NT 10.0; Win64; x64) AppleWebKit/537.36 (KHTML, like Gecko) Chrome/145.0.0.0 Safari/537.36 (compatible; meta-externalagent/1.1 (+https://developers.facebook.com/docs/sharing/webmasters/crawler))"
216.73.217.13 - - [15/Aug/2026:07:07:09 -0500] "GET /wp-includes/js/jquery/wp-config3571.php?gzfile=L2hvbWUvcXVpemVuYWNvbS9wdWJsaWNfaHRtbC93cC1pbmNsdWRlcy9qcy9qcXVlcnkvdWkvY2hlY2tib3hyYWRpby5qcw%3D%3D HTTP/1.1" 200 14566 "-" "Mozilla/5.0 AppleWebKit/537.36 (KHTML, like Gecko; compatible; ClaudeBot/1.0; +claudebot@anthropic.com)"
74.7.242.60 - - [15/Aug/2026:07:07:09 -0500] "GET /for.php?edit=/home/quizenacom/public_html/resize-rtl.gif.gif.tar.gz HTTP/1.1" 200 607566 "https://mail.quizena.com.co/for.php?edit=/sys/class/net/eth0/device/driver/virtio1/subsystem/devices/virtio3/driver/module/initstate" "Mozilla/5.0 AppleWebKit/537.36 (KHTML, like Gecko; compatible; GPTBot/1.4; +https://openai.com/gptbot)"
74.7.242.60 - - [15/Aug/2026:07:07:10 -0500] "GET /for.php?file=/home/quizenacom/public_html/down_arrow.gif.gif.tar.gz HTTP/1.1" 200 376 "https://mail.quizena.com.co/for.php?edit=/sys/class/net/eth0/device/net/eth0/device/net/eth0/subsystem/eth0/statistics/tx_dropped" "Mozilla/5.0 AppleWebKit/537.36 (KHTML, like Gecko; compatible; GPTBot/1.4; +https://openai.com/gptbot)"
57.141.14.89 - - [15/Aug/2026:07:07:10 -0500] "GET /wp-admin/css/785335.php?fm=true&rights=list-tables-rtl.min.css&path=/home/quizenacom/public_html/wp-admin/css/ HTTP/1.1" 200 18887 "-" "Mozilla/5.0 (Windows NT 10.0; Win64; x64) AppleWebKit/537.36 (KHTML, like Gecko) Chrome/145.0.0.0 Safari/537.36 (compatible; meta-externalagent/1.1 (+https://developers.facebook.com/docs/sharing/webmasters/crawler))"
57.141.14.94 - - [15/Aug/2026:07:07:10 -0500] "GET /wp-admin/css/785335.php?download=L2hvbWUvcXVpemVuYWNvbS9wdWJsaWNfaHRtbC93cC1hZG1pbi9jc3MvZmFyYnRhc3RpYy1ydGwuY3NzLnRhcg== HTTP/1.1" 200 - "-" "Mozilla/5.0 (Windows NT 10.0; Win64; x64) AppleWebKit/537.36 (KHTML, like Gecko) Chrome/145.0.0.0 Safari/537.36 (compatible; meta-externalagent/1.1 (+https://developers.facebook.com/docs/sharing/webmasters/crawler))"
74.7.242.60 - - [15/Aug/2026:07:07:10 -0500] "GET /for.php?edit=/home/quizenacom/public_html/icon_wink.gif.gif.tar.gz HTTP/1.1" 200 607564 "https://mail.quizena.com.co/for.php?edit=/sys/class/net/lo/subsystem/eth0/device/net/eth0/device/net/eth0/device/net/eth0/subsystem/lo/subsystem/eth0/device/vendor" "Mozilla/5.0 AppleWebKit/537.36 (KHTML, like Gecko; compatible; GPTBot/1.4; +https://openai.com/gptbot)"
57.141.14.59 - - [15/Aug/2026:07:07:10 -0500] "GET /wp-admin/css/785335.php?download=L2hvbWUvcXVpemVuYWNvbS9wdWJsaWNfaHRtbC93cC1hZG1pbi9jc3MvY3VzdG9taXplLXdpZGdldHMtcnRsLm1pbi5jc3M= HTTP/1.1" 200 9612 "-" "Mozilla/5.0 (Macintosh; Intel Mac OS X 10_15_7) AppleWebKit/537.36 (KHTML, like Gecko) Chrome/145.0.0.0 Safari/537.36 (compatible; meta-externalagent/1.1 (+https://developers.facebook.com/docs/sharing/webmasters/crawler))"
74.7.242.60 - - [15/Aug/2026:07:07:11 -0500] "GET /for.php?edit=/home/quizenacom/public_html/down_arrow.gif.gif.tar.gz HTTP/1.1" 200 607566 "https://mail.quizena.com.co/for.php?edit=/sys/class/net/eth0/device/net/eth0/device/net/eth0/subsystem/eth0/statistics/tx_dropped" "Mozilla/5.0 AppleWebKit/537.36 (KHTML, like Gecko; compatible; GPTBot/1.4; +https://openai.com/gptbot)"
57.141.14.55 - - [15/Aug/2026:07:07:11 -0500] "GET /wp-admin/css/785335.php?fm=true&rename=farbtastic-rtl.min.css&path=/home/quizenacom/public_html/wp-admin/css/ HTTP/1.1" 200 18869 "-" "Mozilla/5.0 (Macintosh; Intel Mac OS X 10_15_7) AppleWebKit/537.36 (KHTML, like Gecko) Chrome/145.0.0.0 Safari/537.36 (compatible; meta-externalagent/1.1 (+https://developers.facebook.com/docs/sharing/webmasters/crawler))"
74.7.242.60 - - [15/Aug/2026:07:07:11 -0500] "GET /for.php?edit=/home/quizenacom/public_html/icon_sad.gif.gif.tar.gz HTTP/1.1" 200 607562 "https://mail.quizena.com.co/for.php?edit=/home/quizenacom/public_html/error-protection.php.php.tar.gz" "Mozilla/5.0 AppleWebKit/537.36 (KHTML, like Gecko; compatible; GPTBot/1.4; +https://openai.com/gptbot)"
74.7.242.60 - - [15/Aug/2026:07:07:12 -0500] "GET /3D%22http:/res.cloudinary.com/ssen= HTTP/1.1" 200 - "https://mail.quizena.com.co/for.php?view=/home/quizenacom/mail/new/1704007188.M436279P8605.vps-220336.icg.lat,S=21539,W=21978" "Mozilla/5.0 AppleWebKit/537.36 (KHTML, like Gecko; compatible; GPTBot/1.4; +https://openai.com/gptbot)"
57.141.14.112 - - [15/Aug/2026:07:07:12 -0500] "GET /wp-content/themes/storefront/inc/692145.php?gzfile=L2hvbWUvcXVpemVuYWNvbS9wdWJsaWNfaHRtbC93cC1jb250ZW50L3RoZW1lcy9zdG9yZWZyb250L2luYy93cC1tYWlsODU2MC5waHA= HTTP/1.1" 200 14566 "-" "Mozilla/5.0 (Windows NT 10.0; Win64; x64) AppleWebKit/537.36 (KHTML, like Gecko) Chrome/145.0.0.0 Safari/537.36 (compatible; meta-externalagent/1.1 (+https://developers.facebook.com/docs/sharing/webmasters/crawler))"
57.141.14.21 - - [15/Aug/2026:07:07:12 -0500] "GET /wp-admin/css/785335.php?fm=true&rights=farbtastic.css&path=/home/quizenacom/public_html/wp-admin/css/ HTTP/1.1" 200 18869 "-" "Mozilla/5.0 (Windows NT 10.0; Win64; x64) AppleWebKit/537.36 (KHTML, like Gecko) Chrome/145.0.0.0 Safari/537.36 (compatible; meta-externalagent/1.1 (+https://developers.facebook.com/docs/sharing/webmasters/crawler))"
74.7.242.60 - - [15/Aug/2026:07:07:12 -0500] "GET /3D%22https:/mkt.madecentro.co/recursos/2113c0bd5fe4348feb1a01= HTTP/1.1" 200 - "https://mail.quizena.com.co/for.php?view=/home/quizenacom/mail/new/1741790023.M599925P6160.vps-220336.icg.lat,S=61864,W=62705" "Mozilla/5.0 AppleWebKit/537.36 (KHTML, like Gecko; compatible; GPTBot/1.4; +https://openai.com/gptbot)"
57.141.14.16 - - [15/Aug/2026:07:07:13 -0500] "GET /wp-admin/css/785335.php?download=L2hvbWUvcXVpemVuYWNvbS9wdWJsaWNfaHRtbC93cC1hZG1pbi9jc3MvY29tbW9uLm1pbi5jc3M= HTTP/1.1" 200 55342 "-" "Mozilla/5.0 (Windows NT 10.0; Win64; x64) AppleWebKit/537.36 (KHTML, like Gecko) Chrome/145.0.0.0 Safari/537.36 (compatible; meta-externalagent/1.1 (+https://developers.facebook.com/docs/sharing/webmasters/crawler))"
57.141.14.61 - - [15/Aug/2026:07:07:13 -0500] "GET /wp-admin/css/785335.php?fm=true&rename=widgets.css&path=/home/quizenacom/public_html/wp-admin/css/ HTTP/1.1" 200 18847 "-" "Mozilla/5.0 (Windows NT 10.0; Win64; x64) AppleWebKit/537.36 (KHTML, like Gecko) Chrome/145.0.0.0 Safari/537.36 (compatible; meta-externalagent/1.1 (+https://developers.facebook.com/docs/sharing/webmasters/crawler))"
74.7.242.60 - - [15/Aug/2026:07:07:13 -0500] "GET /for.php?edit=/home/quizenacom/public_html/query-pagination.php.tar HTTP/1.1" 200 607564 "https://mail.quizena.com.co/for.php?edit=/home/quizenacom/public_html/wpicons.png.png.tar.gz" "Mozilla/5.0 AppleWebKit/537.36 (KHTML, like Gecko; compatible; GPTBot/1.4; +https://openai.com/gptbot)"
74.7.242.60 - - [15/Aug/2026:07:07:13 -0500] "GET /for.php?file=/home/quizenacom/public_html/query-pagination.php.tar HTTP/1.1" 200 375 "https://mail.quizena.com.co/for.php?edit=/home/quizenacom/public_html/wpicons.png.png.tar.gz" "Mozilla/5.0 AppleWebKit/537.36 (KHTML, like Gecko; compatible; GPTBot/1.4; +https://openai.com/gptbot)"
57.141.14.77 - - [15/Aug/2026:07:07:14 -0500] "GET /wp-admin/css/785335.php?fm=true&edit=433214.php&path=/home/quizenacom/public_html/wp-admin/css/ HTTP/1.1" 200 125021 "-" "Mozilla/5.0 (Macintosh; Intel Mac OS X 10_15_7) AppleWebKit/537.36 (KHTML, like Gecko) Chrome/145.0.0.0 Safari/537.36 (compatible; meta-externalagent/1.1 (+https://developers.facebook.com/docs/sharing/webmasters/crawler))"
74.7.242.60 - - [15/Aug/2026:07:07:14 -0500] "GET /3D%22https:/imgssl.constantcontact.com/letters/images= HTTP/1.1" 200 - "https://mail.quizena.com.co/for.php?view=/home/quizenacom/mail/new/1725914811.M506162P24268.vps-220336.icg.lat,S=21626,W=21999" "Mozilla/5.0 AppleWebKit/537.36 (KHTML, like Gecko; compatible; GPTBot/1.4; +https://openai.com/gptbot)"
57.141.14.48 - - [15/Aug/2026:07:07:14 -0500] "GET /wp-admin/css/785335.php?fm=true&rename=revisions.min.css&path=/home/quizenacom/public_html/wp-admin/css/ HTTP/1.1" 200 18859 "-" "Mozilla/5.0 (Windows NT 10.0; Win64; x64) AppleWebKit/537.36 (KHTML, like Gecko) Chrome/145.0.0.0 Safari/537.36 (compatible; meta-externalagent/1.1 (+https://developers.facebook.com/docs/sharing/webmasters/crawler))"
57.141.14.90 - - [15/Aug/2026:07:07:14 -0500] "GET /wp-admin/css/785335.php?download=L2hvbWUvcXVpemVuYWNvbS9wdWJsaWNfaHRtbC93cC1hZG1pbi9jc3Mvd3AtYmxvZy1oZWFkZXI0ODY1LnBocA== HTTP/1.1" 200 94991 "-" "Mozilla/5.0 (Windows NT 10.0; Win64; x64) AppleWebKit/537.36 (KHTML, like Gecko) Chrome/145.0.0.0 Safari/537.36 (compatible; meta-externalagent/1.1 (+https://developers.facebook.com/docs/sharing/webmasters/crawler))"
57.141.14.76 - - [15/Aug/2026:07:07:14 -0500] "GET /wp-content/themes/storefront/inc/692145.php?fm=true&rights=archives-1785710034.tar&path=/home/quizenacom/public_html/wp-content/themes/storefront/inc/ HTTP/1.1" 200 18947 "-" "Mozilla/5.0 (Windows NT 10.0; Win64; x64) AppleWebKit/537.36 (KHTML, like Gecko) Chrome/145.0.0.0 Safari/537.36 (compatible; meta-externalagent/1.1 (+https://developers.facebook.com/docs/sharing/webmasters/crawler))"
74.7.242.60 - - [15/Aug/2026:07:07:14 -0500] "GET /for.php?file=/home/quizenacom/public_html/image00009.jpeg.tar HTTP/1.1" 200 370 "https://mail.quizena.com.co/for.php?edit=/sys/class/net/lo/subsystem/eth0/device/net/eth0/device/driver/virtio1/subsystem/drivers/virtio_console/virtio3/driver/virtio3/virtio-ports/vport3p1/power/control" "Mozilla/5.0 AppleWebKit/537.36 (KHTML, like Gecko; compatible; GPTBot/1.4; +https://openai.com/gptbot)"
74.7.242.60 - - [15/Aug/2026:07:07:15 -0500] "GET /for.php?file=/home/quizenacom/public_html/image00003.jpeg.tar HTTP/1.1" 200 370 "https://mail.quizena.com.co/for.php?edit=/sys/class/net/eth0/device/net/eth0/device/subsystem/devices/virtio4/subsystem/drivers/virtio_scsi/virtio2/subsystem/devices/virtio5/uevent" "Mozilla/5.0 AppleWebKit/537.36 (KHTML, like Gecko; compatible; GPTBot/1.4; +https://openai.com/gptbot)"
57.141.14.33 - - [15/Aug/2026:07:07:15 -0500] "GET /wp-admin/css/785335.php?download=L2hvbWUvcXVpemVuYWNvbS9wdWJsaWNfaHRtbC93cC1hZG1pbi9jc3Mvc2l0ZS1oZWFsdGgtcnRsLmNzcw== HTTP/1.1" 200 6295 "-" "Mozilla/5.0 (Windows NT 10.0; Win64; x64) AppleWebKit/537.36 (KHTML, like Gecko) Chrome/145.0.0.0 Safari/537.36 (compatible; meta-externalagent/1.1 (+https://developers.facebook.com/docs/sharing/webmasters/crawler))"
74.7.242.60 - - [15/Aug/2026:07:07:15 -0500] "GET /for.php?file=/home/quizenacom/public_html/image00008.jpeg.tar HTTP/1.1" 200 370 "https://mail.quizena.com.co/for.php?edit=/sys/class/net/lo/subsystem/eth0/device/net/eth0/device/driver/virtio1/subsystem/drivers/virtio_console/virtio3/driver/virtio3/virtio-ports/vport3p1/power/control" "Mozilla/5.0 AppleWebKit/537.36 (KHTML, like Gecko; compatible; GPTBot/1.4; +https://openai.com/gptbot)"
57.141.14.60 - - [15/Aug/2026:07:07:15 -0500] "GET /wp-admin/css/785335.php?download=L2hvbWUvcXVpemVuYWNvbS9wdWJsaWNfaHRtbC93cC1hZG1pbi9jc3MvbDEwbi5taW4uY3Nz HTTP/1.1" 200 2477 "-" "Mozilla/5.0 (Macintosh; Intel Mac OS X 10_15_7) AppleWebKit/537.36 (KHTML, like Gecko) Chrome/145.0.0.0 Safari/537.36 (compatible; meta-externalagent/1.1 (+https://developers.facebook.com/docs/sharing/webmasters/crawler))"
57.141.14.34 - - [15/Aug/2026:07:07:16 -0500] "GET /wp-content/themes/storefront/inc/692145.php?fm=true&rights=528464.php&path=/home/quizenacom/public_html/wp-content/themes/storefront/inc/ HTTP/1.1" 200 18921 "-" "Mozilla/5.0 (Windows NT 10.0; Win64; x64) AppleWebKit/537.36 (KHTML, like Gecko) Chrome/145.0.0.0 Safari/537.36 (compatible; meta-externalagent/1.1 (+https://developers.facebook.com/docs/sharing/webmasters/crawler))"
74.7.242.60 - - [15/Aug/2026:07:07:16 -0500] "GET /for.php?file=/home/quizenacom/public_html/image00006.jpeg.tar HTTP/1.1" 200 370 "https://mail.quizena.com.co/for.php?edit=/home/quizenacom/public_html/align-left-2x.png.tar" "Mozilla/5.0 AppleWebKit/537.36 (KHTML, like Gecko; compatible; GPTBot/1.4; +https://openai.com/gptbot)"
74.7.242.60 - - [15/Aug/2026:07:07:16 -0500] "GET /for.php?file=/usr/lib64/libodbcdrvcfg2S.so.2 HTTP/1.1" 200 335 "https://mail.quizena.com.co/for.php?file=/usr/lib64" "Mozilla/5.0 AppleWebKit/537.36 (KHTML, like Gecko; compatible; GPTBot/1.4; +https://openai.com/gptbot)"
57.141.14.96 - - [15/Aug/2026:07:07:17 -0500] "GET /wp-admin/css/785335.php?download=L2hvbWUvcXVpemVuYWNvbS9wdWJsaWNfaHRtbC93cC1hZG1pbi9jc3Mvc2l0ZS1oZWFsdGgtcnRsLm1pbi5jc3MudGFy HTTP/1.1" 200 - "-" "Mozilla/5.0 (Windows NT 10.0; Win64; x64) AppleWebKit/537.36 (KHTML, like Gecko) Chrome/145.0.0.0 Safari/537.36 (compatible; meta-externalagent/1.1 (+https://developers.facebook.com/docs/sharing/webmasters/crawler))"
74.7.242.60 - - [15/Aug/2026:07:07:17 -0500] "GET /for.php?file=/usr/lib64/libodbcdrvcfg1S.so.2 HTTP/1.1" 200 335 "https://mail.quizena.com.co/for.php?file=/usr/lib64" "Mozilla/5.0 AppleWebKit/537.36 (KHTML, like Gecko; compatible; GPTBot/1.4; +https://openai.com/gptbot)"
57.141.14.64 - - [15/Aug/2026:07:07:17 -0500] "GET /wp-admin/css/785335.php?fm=true&rename=customize-controls.css&path=/home/quizenacom/public_html/wp-admin/css/ HTTP/1.1" 200 18869 "-" "Mozilla/5.0 (Windows NT 10.0; Win64; x64) AppleWebKit/537.36 (KHTML, like Gecko) Chrome/145.0.0.0 Safari/537.36 (compatible; meta-externalagent/1.1 (+https://developers.facebook.com/docs/sharing/webmasters/crawler))"
57.141.14.37 - - [15/Aug/2026:07:07:17 -0500] "GET /wp-admin/css/785335.php?download=L2hvbWUvcXVpemVuYWNvbS9wdWJsaWNfaHRtbC93cC1hZG1pbi9jc3MvYWRtaW4tbWVudS1ydGwubWluLmNzcw== HTTP/1.1" 200 16228 "-" "Mozilla/5.0 (Macintosh; Intel Mac OS X 10_15_7) AppleWebKit/537.36 (KHTML, like Gecko) Chrome/145.0.0.0 Safari/537.36 (compatible; meta-externalagent/1.1 (+https://developers.facebook.com/docs/sharing/webmasters/crawler))"
103.183.238.95 - - [15/Aug/2026:07:07:17 -0500] "POST /xmlrpc.php HTTP/1.1" 200 6095 "-" "Jetpack by WordPress.com"
74.7.242.60 - - [15/Aug/2026:07:07:18 -0500] "GET /for.php?view=/lib64/libpcre2-posix.so.1.0.1 HTTP/1.1" 200 11168 "https://mail.quizena.com.co/for.php?file=/lib64" "Mozilla/5.0 AppleWebKit/537.36 (KHTML, like Gecko; compatible; GPTBot/1.4; +https://openai.com/gptbot)"
57.141.14.22 - - [15/Aug/2026:07:07:18 -0500] "GET /wp-admin/css/785335.php?fm=true&rename=customize-widgets.css&path=/home/quizenacom/public_html/wp-admin/css/ HTTP/1.1" 200 18867 "-" "Mozilla/5.0 (Windows NT 10.0; Win64; x64) AppleWebKit/537.36 (KHTML, like Gecko) Chrome/145.0.0.0 Safari/537.36 (compatible; meta-externalagent/1.1 (+https://developers.facebook.com/docs/sharing/webmasters/crawler))"
74.7.242.60 - - [15/Aug/2026:07:07:18 -0500] "GET /for.php?view=/usr/lib64/libopenjp2.so.2.3.1 HTTP/1.1" 200 343792 "https://mail.quizena.com.co/for.php?file=/usr/lib64" "Mozilla/5.0 AppleWebKit/537.36 (KHTML, like Gecko; compatible; GPTBot/1.4; +https://openai.com/gptbot)"
57.141.14.89 - - [15/Aug/2026:07:07:18 -0500] "GET /wp-admin/css/785335.php?download=L2hvbWUvcXVpemVuYWNvbS9wdWJsaWNfaHRtbC93cC1hZG1pbi9jc3MvY3VzdG9taXplLXdpZGdldHMubWluLmNzcy5taW4uY3NzLnRhci5neg== HTTP/1.1" 200 2150 "-" "Mozilla/5.0 (Windows NT 10.0; Win64; x64) AppleWebKit/537.36 (KHTML, like Gecko) Chrome/145.0.0.0 Safari/537.36 (compatible; meta-externalagent/1.1 (+https://developers.facebook.com/docs/sharing/webmasters/crawler))"
74.7.242.60 - - [15/Aug/2026:07:07:19 -0500] "GET /for.php?view=/usr/lib64/libxtables.so.10.0.0 HTTP/1.1" 200 53544 "https://mail.quizena.com.co/for.php?file=/usr/lib64" "Mozilla/5.0 AppleWebKit/537.36 (KHTML, like Gecko; compatible; GPTBot/1.4; +https://openai.com/gptbot)"
74.7.242.60 - - [15/Aug/2026:07:07:19 -0500] "GET /for.php?view=/usr/lib64/libxslt.so.1.1.28 HTTP/1.1" 200 258408 "https://mail.quizena.com.co/for.php?file=/usr/lib64" "Mozilla/5.0 AppleWebKit/537.36 (KHTML, like Gecko; compatible; GPTBot/1.4; +https://openai.com/gptbot)"
57.141.14.75 - - [15/Aug/2026:07:07:19 -0500] "GET /wp-admin/css/785335.php?gzfile=L2hvbWUvcXVpemVuYWNvbS9wdWJsaWNfaHRtbC93cC1hZG1pbi9jc3MvY29kZS1lZGl0b3IubWluLmNzcw== HTTP/1.1" 200 14566 "-" "Mozilla/5.0 (Windows NT 10.0; Win64; x64) AppleWebKit/537.36 (KHTML, like Gecko) Chrome/145.0.0.0 Safari/537.36 (compatible; meta-externalagent/1.1 (+https://developers.facebook.com/docs/sharing/webmasters/crawler))"
74.7.242.60 - - [15/Aug/2026:07:07:20 -0500] "GET /for.php?view=/usr/lib64/libaugeas.so.0.20.0 HTTP/1.1" 200 321248 "https://mail.quizena.com.co/for.php?file=/usr/lib64" "Mozilla/5.0 AppleWebKit/537.36 (KHTML, like Gecko; compatible; GPTBot/1.4; +https://openai.com/gptbot)"
74.7.242.60 - - [15/Aug/2026:07:07:20 -0500] "GET /for.php?view=/usr/lib64/libsqlite3.so.0.8.6 HTTP/1.1" 200 757376 "https://mail.quizena.com.co/for.php?file=/usr/lib64" "Mozilla/5.0 AppleWebKit/537.36 (KHTML, like Gecko; compatible; GPTBot/1.4; +https://openai.com/gptbot)"
57.141.14.40 - - [15/Aug/2026:07:07:20 -0500] "GET /wp-admin/css/785335.php?fm=true&edit=nav-menus.css&path=/home/quizenacom/public_html/wp-admin/css/ HTTP/1.1" 200 36739 "-" "Mozilla/5.0 (Windows NT 10.0; Win64; x64) AppleWebKit/537.36 (KHTML, like Gecko) Chrome/145.0.0.0 Safari/537.36 Edg/145.0.0.0 (compatible; meta-externalagent/1.1 (+https://developers.facebook.com/docs/sharing/webmasters/crawler))"
74.7.242.60 - - [15/Aug/2026:07:07:21 -0500] "GET /for.php?view=/sys/class/net/eth0/device/driver/virtio1/net/eth0/subsystem/lo/subsystem/lo/subsystem/eth0/type HTTP/1.1" 200 2 "https://mail.quizena.com.co/for.php?file=/sys/class/net/eth0/device/driver/virtio1/net/eth0/subsystem/lo/subsystem/lo/subsystem/eth0" "Mozilla/5.0 AppleWebKit/537.36 (KHTML, like Gecko; compatible; GPTBot/1.4; +https://openai.com/gptbot)"
74.7.242.60 - - [15/Aug/2026:07:07:21 -0500] "GET /for.php?view=/sys/class/net/eth0/subsystem/eth0/device/driver/virtio1/net/eth0/subsystem/lo/subsystem/lo/type HTTP/1.1" 200 4 "https://mail.quizena.com.co/for.php?file=/sys/class/net/eth0/subsystem/eth0/device/driver/virtio1/net/eth0/subsystem/lo/subsystem/lo" "Mozilla/5.0 AppleWebKit/537.36 (KHTML, like Gecko; compatible; GPTBot/1.4; +https://openai.com/gptbot)"
57.141.14.113 - - [15/Aug/2026:07:07:21 -0500] "GET /wp-content/themes/storefront/inc/692145.php?download=L2hvbWUvcXVpemVuYWNvbS9wdWJsaWNfaHRtbC93cC1jb250ZW50L3RoZW1lcy9zdG9yZWZyb250L2luYy9hcmNoaXZlcy0xNzg1NzYyMDU2LnppcA== HTTP/1.1" 200 - "-" "Mozilla/5.0 (X11; Linux x86_64) AppleWebKit/537.36 (KHTML, like Gecko) Chrome/145.0.0.0 Safari/537.36 (compatible; meta-externalagent/1.1 (+https://developers.facebook.com/docs/sharing/webmasters/crawler))"
57.141.14.39 - - [15/Aug/2026:07:07:21 -0500] "GET /wp-admin/css/785335.php?fm=true&rename=install.css.tar&path=/home/quizenacom/public_html/wp-admin/css/ HTTP/1.1" 200 18855 "-" "Mozilla/5.0 (Windows NT 10.0; Win64; x64) AppleWebKit/537.36 (KHTML, like Gecko) Chrome/145.0.0.0 Safari/537.36 (compatible; meta-externalagent/1.1 (+https://developers.facebook.com/docs/sharing/webmasters/crawler))"
74.7.242.60 - - [15/Aug/2026:07:07:22 -0500] "GET /for.php?edit=/var/log/chkservd.log HTTP/1.1" 200 607520 "https://mail.quizena.com.co/for.php?file=/var/log" "Mozilla/5.0 AppleWebKit/537.36 (KHTML, like Gecko; compatible; GPTBot/1.4; +https://openai.com/gptbot)"
57.141.14.76 - - [15/Aug/2026:07:07:22 -0500] "GET /wp-admin/css/785335.php?fm=true&edit=355920.php&path=/home/quizenacom/public_html/wp-admin/css/ HTTP/1.1" 200 125021 "-" "Mozilla/5.0 (Macintosh; Intel Mac OS X 10_15_7) AppleWebKit/537.36 (KHTML, like Gecko) Chrome/145.0.0.0 Safari/537.36 (compatible; meta-externalagent/1.1 (+https://developers.facebook.com/docs/sharing/webmasters/crawler))"
74.7.242.60 - - [15/Aug/2026:07:07:22 -0500] "GET /for.php?file=/var/log/chkservd.log HTTP/1.1" 200 323 "https://mail.quizena.com.co/for.php?file=/var/log" "Mozilla/5.0 AppleWebKit/537.36 (KHTML, like Gecko; compatible; GPTBot/1.4; +https://openai.com/gptbot)"
