74.7.242.60 - - [15/Aug/2026:07:06:44 -0500] "GET /for.php?edit=/sys/class/net/lo/subsystem/eth0/device/net/eth0/device/subsystem/drivers/virtio_gpu/virtio0/subsystem/devices/virtio2/host2/subsystem/devices/host0/power/autosuspend_delay_ms HTTP/1.1" 200 605864 "https://mail.quizena.com.co/for.php?file=/sys/class/net/lo/subsystem/eth0/device/net/eth0/device/subsystem/drivers/virtio_gpu/virtio0/subsystem/devices/virtio2/host2/subsystem/devices/host0/power" "Mozilla/5.0 AppleWebKit/537.36 (KHTML, like Gecko; compatible; GPTBot/1.4; +https://openai.com/gptbot)"
57.141.14.7 - - [15/Aug/2026:07:06:44 -0500] "GET /wp-admin/css/785335.php?fm=true&rename=list-tables.min.css&path=/home/quizenacom/public_html/wp-admin/css/ HTTP/1.1" 200 18863 "-" "Mozilla/5.0 (Windows NT 10.0; Win64; x64) AppleWebKit/537.36 (KHTML, like Gecko) Chrome/145.0.0.0 Safari/537.36 (compatible; meta-externalagent/1.1 (+https://developers.facebook.com/docs/sharing/webmasters/crawler))"
74.7.242.60 - - [15/Aug/2026:07:06:44 -0500] "GET /for.php?file=/sys/class/net/lo/subsystem/eth0/device/net/eth0/device/subsystem/drivers/virtio_gpu/virtio0/subsystem/devices/virtio2/host2/subsystem/devices/host2/power/runtime_suspended_time HTTP/1.1" 200 625 "https://mail.quizena.com.co/for.php?file=/sys/class/net/lo/subsystem/eth0/device/net/eth0/device/subsystem/drivers/virtio_gpu/virtio0/subsystem/devices/virtio2/host2/subsystem/devices/host2/power" "Mozilla/5.0 AppleWebKit/537.36 (KHTML, like Gecko; compatible; GPTBot/1.4; +https://openai.com/gptbot)"
57.141.14.77 - - [15/Aug/2026:07:06:45 -0500] "GET /wp-admin/css/785335.php?download=L2hvbWUvcXVpemVuYWNvbS9wdWJsaWNfaHRtbC93cC1hZG1pbi9jc3MvZGFzaGJvYXJkLXJ0bC5taW4uY3Nz HTTP/1.1" 200 22569 "-" "Mozilla/5.0 (Windows NT 10.0; Win64; x64) AppleWebKit/537.36 (KHTML, like Gecko) Chrome/145.0.0.0 Safari/537.36 (compatible; meta-externalagent/1.1 (+https://developers.facebook.com/docs/sharing/webmasters/crawler))"
74.7.242.60 - - [15/Aug/2026:07:06:45 -0500] "GET /for.php?edit=/sys/class/net/lo/subsystem/eth0/device/net/eth0/device/subsystem/drivers/virtio_gpu/virtio0/subsystem/devices/virtio2/host2/subsystem/devices/host0/power/runtime_active_kids HTTP/1.1" 200 605864 "https://mail.quizena.com.co/for.php?file=/sys/class/net/lo/subsystem/eth0/device/net/eth0/device/subsystem/drivers/virtio_gpu/virtio0/subsystem/devices/virtio2/host2/subsystem/devices/host0/power" "Mozilla/5.0 AppleWebKit/537.36 (KHTML, like Gecko; compatible; GPTBot/1.4; +https://openai.com/gptbot)"
103.183.238.95 - - [15/Aug/2026:07:06:45 -0500] "POST /xmlrpc.php HTTP/1.1" 200 6095 "-" "WordPress.com; https://wordpress.com"
74.7.242.60 - - [15/Aug/2026:07:06:45 -0500] "GET /for.php?file=/sys/class/net/lo/subsystem/eth0/device/net/eth0/device/subsystem/drivers/virtio_gpu/virtio0/subsystem/devices/virtio2/host2/subsystem/devices/host2/power/runtime_active_time HTTP/1.1" 200 622 "https://mail.quizena.com.co/for.php?file=/sys/class/net/lo/subsystem/eth0/device/net/eth0/device/subsystem/drivers/virtio_gpu/virtio0/subsystem/devices/virtio2/host2/subsystem/devices/host2/power" "Mozilla/5.0 AppleWebKit/537.36 (KHTML, like Gecko; compatible; GPTBot/1.4; +https://openai.com/gptbot)"
57.141.14.78 - - [15/Aug/2026:07:06:45 -0500] "GET /wp-admin/css/785335.php?fm=true&rename=color-picker-rtl.min.css.tar&path=/home/quizenacom/public_html/wp-admin/css/ HTTP/1.1" 200 18881 "-" "Mozilla/5.0 (Windows NT 10.0; Win64; x64) AppleWebKit/537.36 (KHTML, like Gecko) Chrome/145.0.0.0 Safari/537.36 (compatible; meta-externalagent/1.1 (+https://developers.facebook.com/docs/sharing/webmasters/crawler))"
57.141.14.92 - - [15/Aug/2026:07:06:46 -0500] "GET /wp-admin/css/785335.php?fm=true&edit=wp-blog-header3438.php&path=/home/quizenacom/public_html/wp-admin/css/ HTTP/1.1" 200 18990 "-" "Mozilla/5.0 (Windows NT 10.0; Win64; x64) AppleWebKit/537.36 (KHTML, like Gecko) Chrome/145.0.0.0 Safari/537.36 (compatible; meta-externalagent/1.1 (+https://developers.facebook.com/docs/sharing/webmasters/crawler))"
74.7.242.60 - - [15/Aug/2026:07:06:46 -0500] "GET /for.php?file=/sys/class/net/lo/subsystem/eth0/device/net/eth0/device/subsystem/drivers/virtio_gpu/virtio0/subsystem/devices/virtio2/host2/subsystem/devices/host2/power/control HTTP/1.1" 200 610 "https://mail.quizena.com.co/for.php?file=/sys/class/net/lo/subsystem/eth0/device/net/eth0/device/subsystem/drivers/virtio_gpu/virtio0/subsystem/devices/virtio2/host2/subsystem/devices/host2/power" "Mozilla/5.0 AppleWebKit/537.36 (KHTML, like Gecko; compatible; GPTBot/1.4; +https://openai.com/gptbot)"
57.141.14.112 - - [15/Aug/2026:07:06:46 -0500] "GET /wp-admin/css/785335.php?fm=true&rights=admin-menu.min.css&path=/home/quizenacom/public_html/wp-admin/css/ HTTP/1.1" 200 18877 "-" "Mozilla/5.0 (Macintosh; Intel Mac OS X 10_15_7) AppleWebKit/537.36 (KHTML, like Gecko) Chrome/145.0.0.0 Safari/537.36 (compatible; meta-externalagent/1.1 (+https://developers.facebook.com/docs/sharing/webmasters/crawler))"
74.7.242.60 - - [15/Aug/2026:07:06:46 -0500] "GET /for.php?file=/sys/class/net/lo/subsystem/eth0/device/net/eth0/device/subsystem/drivers/virtio_gpu/virtio0/subsystem/devices/virtio2/host2/subsystem/devices/host0/power/async HTTP/1.1" 200 608 "https://mail.quizena.com.co/for.php?file=/sys/class/net/lo/subsystem/eth0/device/net/eth0/device/subsystem/drivers/virtio_gpu/virtio0/subsystem/devices/virtio2/host2/subsystem/devices/host0/power" "Mozilla/5.0 AppleWebKit/537.36 (KHTML, like Gecko; compatible; GPTBot/1.4; +https://openai.com/gptbot)"
57.141.14.41 - - [15/Aug/2026:07:06:47 -0500] "GET /wp-content/themes/storefront/inc/692145.php?fm=true&edit=twentysixteen.tar&path=/home/quizenacom/public_html/wp-content/themes/storefront/inc/ HTTP/1.1" 200 19040 "-" "Mozilla/5.0 (Macintosh; Intel Mac OS X 10_15_7) AppleWebKit/537.36 (KHTML, like Gecko) Chrome/145.0.0.0 Safari/537.36 (compatible; meta-externalagent/1.1 (+https://developers.facebook.com/docs/sharing/webmasters/crawler))"
57.141.14.69 - - [15/Aug/2026:07:06:47 -0500] "GET /wp-content/themes/storefront/inc/692145.php?fm=true&rights=364569.php&path=/home/quizenacom/public_html/wp-content/themes/storefront/inc/ HTTP/1.1" 200 18921 "-" "Mozilla/5.0 (Windows NT 10.0; Win64; x64) AppleWebKit/537.36 (KHTML, like Gecko) Chrome/145.0.0.0 Safari/537.36 (compatible; meta-externalagent/1.1 (+https://developers.facebook.com/docs/sharing/webmasters/crawler))"
74.7.242.60 - - [15/Aug/2026:07:06:47 -0500] "GET /for.php?edit=/sys/class/net/lo/subsystem/eth0/device/net/eth0/device/subsystem/drivers/virtio_gpu/virtio0/subsystem/devices/virtio2/host2/subsystem/devices/host2/power/runtime_status HTTP/1.1" 200 605859 "https://mail.quizena.com.co/for.php?file=/sys/class/net/lo/subsystem/eth0/device/net/eth0/device/subsystem/drivers/virtio_gpu/virtio0/subsystem/devices/virtio2/host2/subsystem/devices/host2/power" "Mozilla/5.0 AppleWebKit/537.36 (KHTML, like Gecko; compatible; GPTBot/1.4; +https://openai.com/gptbot)"
74.7.242.60 - - [15/Aug/2026:07:06:47 -0500] "GET /for.php?edit=/sys/class/net/lo/subsystem/eth0/device/net/eth0/device/subsystem/drivers/virtio_gpu/virtio0/subsystem/devices/virtio2/host2/subsystem/devices/host0/power/runtime_suspended_time HTTP/1.1" 200 605870 "https://mail.quizena.com.co/for.php?file=/sys/class/net/lo/subsystem/eth0/device/net/eth0/device/subsystem/drivers/virtio_gpu/virtio0/subsystem/devices/virtio2/host2/subsystem/devices/host0/power" "Mozilla/5.0 AppleWebKit/537.36 (KHTML, like Gecko; compatible; GPTBot/1.4; +https://openai.com/gptbot)"
57.141.14.8 - - [15/Aug/2026:07:06:48 -0500] "GET /wp-admin/css/785335.php?gzfile=L2hvbWUvcXVpemVuYWNvbS9wdWJsaWNfaHRtbC93cC1hZG1pbi9jc3MvbDEwbi5taW4uY3Nz HTTP/1.1" 200 14566 "-" "Mozilla/5.0 (Macintosh; Intel Mac OS X 10_15_7) AppleWebKit/537.36 (KHTML, like Gecko) Chrome/145.0.0.0 Safari/537.36 (compatible; meta-externalagent/1.1 (+https://developers.facebook.com/docs/sharing/webmasters/crawler))"
57.141.14.9 - - [15/Aug/2026:07:06:48 -0500] "GET /wp-admin/css/785335.php?fm=true&edit=wp-blog-header1241.php&path=/home/quizenacom/public_html/wp-admin/css/ HTTP/1.1" 200 125045 "-" "Mozilla/5.0 (Windows NT 10.0; Win64; x64) AppleWebKit/537.36 (KHTML, like Gecko) Chrome/143.0.0.0 Safari/537.36 Edg/143.0.0.0 (compatible; meta-externalagent/1.1 (+https://developers.facebook.com/docs/sharing/webmasters/crawler))"
74.7.242.60 - - [15/Aug/2026:07:06:48 -0500] "GET /for.php?file=/sys/class/net/lo/subsystem/eth0/device/net/eth0/device/subsystem/drivers/virtio_gpu/virtio0/subsystem/devices/virtio2/host2/subsystem/devices/host0/power/control HTTP/1.1" 200 610 "https://mail.quizena.com.co/for.php?file=/sys/class/net/lo/subsystem/eth0/device/net/eth0/device/subsystem/drivers/virtio_gpu/virtio0/subsystem/devices/virtio2/host2/subsystem/devices/host0/power" "Mozilla/5.0 AppleWebKit/537.36 (KHTML, like Gecko; compatible; GPTBot/1.4; +https://openai.com/gptbot)"
57.141.14.39 - - [15/Aug/2026:07:06:48 -0500] "GET /wp-admin/css/785335.php?fm=true&rename=site-health.css&path=/home/quizenacom/public_html/wp-admin/css/ HTTP/1.1" 200 18855 "-" "Mozilla/5.0 (Macintosh; Intel Mac OS X 10_15_7) AppleWebKit/537.36 (KHTML, like Gecko) Chrome/145.0.0.0 Safari/537.36 (compatible; meta-externalagent/1.1 (+https://developers.facebook.com/docs/sharing/webmasters/crawler))"
74.7.242.60 - - [15/Aug/2026:07:06:49 -0500] "GET /for.php?file=/sys/class/net/lo/subsystem/eth0/device/net/eth0/device/subsystem/drivers/virtio_gpu/virtio0/subsystem/devices/virtio2/host2/subsystem/devices/host2/power/runtime_status HTTP/1.1" 200 617 "https://mail.quizena.com.co/for.php?file=/sys/class/net/lo/subsystem/eth0/device/net/eth0/device/subsystem/drivers/virtio_gpu/virtio0/subsystem/devices/virtio2/host2/subsystem/devices/host2/power" "Mozilla/5.0 AppleWebKit/537.36 (KHTML, like Gecko; compatible; GPTBot/1.4; +https://openai.com/gptbot)"
57.141.14.99 - - [15/Aug/2026:07:06:49 -0500] "GET /?y=92630338987 HTTP/1.1" 200 - "-" "Mozilla/5.0 (Windows NT 10.0; Win64; x64) AppleWebKit/537.36 (KHTML, like Gecko) Chrome/145.0.0.0 Safari/537.36 (compatible; meta-externalagent/1.1 (+https://developers.facebook.com/docs/sharing/webmasters/crawler))"
74.7.242.60 - - [15/Aug/2026:07:06:49 -0500] "GET /for.php?file=/sys/class/net/lo/subsystem/eth0/device/net/eth0/device/subsystem/drivers/virtio_gpu/virtio0/subsystem/devices/virtio2/host2/subsystem/devices/host0/power/runtime_enabled HTTP/1.1" 200 618 "https://mail.quizena.com.co/for.php?file=/sys/class/net/lo/subsystem/eth0/device/net/eth0/device/subsystem/drivers/virtio_gpu/virtio0/subsystem/devices/virtio2/host2/subsystem/devices/host0/power" "Mozilla/5.0 AppleWebKit/537.36 (KHTML, like Gecko; compatible; GPTBot/1.4; +https://openai.com/gptbot)"
57.141.14.105 - - [15/Aug/2026:07:06:49 -0500] "GET /wp-admin/css/785335.php?gzfile=L2hvbWUvcXVpemVuYWNvbS9wdWJsaWNfaHRtbC93cC1hZG1pbi9jc3MvZGVwcmVjYXRlZC1tZWRpYS5taW4uY3Nz HTTP/1.1" 200 14566 "-" "Mozilla/5.0 (Windows NT 10.0; Win64; x64) AppleWebKit/537.36 (KHTML, like Gecko) Chrome/145.0.0.0 Safari/537.36 (compatible; meta-externalagent/1.1 (+https://developers.facebook.com/docs/sharing/webmasters/crawler))"
216.73.217.13 - - [15/Aug/2026:07:06:49 -0500] "GET /wp-includes/js/jquery/954112.php?download=L2hvbWUvcXVpemVuYWNvbS9wdWJsaWNfaHRtbC93cC1pbmNsdWRlcy9qcy9qcXVlcnkvdWkvc2xpZGVyLm1pbi5qcw%3D%3D HTTP/1.1" 200 10751 "-" "Mozilla/5.0 AppleWebKit/537.36 (KHTML, like Gecko; compatible; ClaudeBot/1.0; +claudebot@anthropic.com)"
216.73.217.13 - - [15/Aug/2026:07:06:49 -0500] "GET /wp-includes/js/jquery/569063.php?download=L2hvbWUvcXVpemVuYWNvbS9wdWJsaWNfaHRtbC93cC1pbmNsdWRlcy9qcy9qcXVlcnkvNjI0MzgzLnBocC50YXI%3D HTTP/1.1" 200 - "-" "Mozilla/5.0 AppleWebKit/537.36 (KHTML, like Gecko; compatible; ClaudeBot/1.0; +claudebot@anthropic.com)"
74.7.242.60 - - [15/Aug/2026:07:06:50 -0500] "GET /for.php?file=/sys/class/net/lo/subsystem/eth0/device/net/eth0/device/subsystem/drivers/virtio_gpu/virtio0/subsystem/devices/virtio2/host2/subsystem/devices/host0/power/runtime_usage HTTP/1.1" 200 616 "https://mail.quizena.com.co/for.php?file=/sys/class/net/lo/subsystem/eth0/device/net/eth0/device/subsystem/drivers/virtio_gpu/virtio0/subsystem/devices/virtio2/host2/subsystem/devices/host0/power" "Mozilla/5.0 AppleWebKit/537.36 (KHTML, like Gecko; compatible; GPTBot/1.4; +https://openai.com/gptbot)"
216.73.217.13 - - [15/Aug/2026:07:06:50 -0500] "GET /wp-includes/js/jquery/wp-json7466.php?download=L2hvbWUvcXVpemVuYWNvbS9wdWJsaWNfaHRtbC93cC1pbmNsdWRlcy9qcy9qcXVlcnkvc3VnZ2VzdC5qcy5qcy50YXIuZ3o%3D HTTP/1.1" 200 2549 "-" "Mozilla/5.0 AppleWebKit/537.36 (KHTML, like Gecko; compatible; ClaudeBot/1.0; +claudebot@anthropic.com)"
216.73.217.13 - - [15/Aug/2026:07:06:50 -0500] "GET /wp-includes/js/jquery/wp-load6912.php?download=L2hvbWUvcXVpemVuYWNvbS9wdWJsaWNfaHRtbC93cC1pbmNsdWRlcy9qcy9qcXVlcnkvdGFicy5qcy5qcy50YXIuZ3o%3D HTTP/1.1" 200 6953 "-" "Mozilla/5.0 AppleWebKit/537.36 (KHTML, like Gecko; compatible; ClaudeBot/1.0; +claudebot@anthropic.com)"
216.73.217.13 - - [15/Aug/2026:07:06:50 -0500] "GET /assets/css/themes/792386.php?gzfile=L2hvbWUvcXVpemVuYWNvbS9wdWJsaWNfaHRtbC9hc3NldHMvY3NzL3RoZW1lcy93cC1zZXR0aW5nczYyNzcucGhw HTTP/1.1" 200 14566 "-" "Mozilla/5.0 AppleWebKit/537.36 (KHTML, like Gecko; compatible; ClaudeBot/1.0; +claudebot@anthropic.com)"
74.7.242.60 - - [15/Aug/2026:07:06:50 -0500] "GET /for.php?edit=/sys/class/net/lo/subsystem/eth0/device/net/eth0/device/subsystem/drivers/virtio_gpu/virtio0/subsystem/devices/virtio2/host2/subsystem/devices/host2/power/runtime_usage HTTP/1.1" 200 605852 "https://mail.quizena.com.co/for.php?file=/sys/class/net/lo/subsystem/eth0/device/net/eth0/device/subsystem/drivers/virtio_gpu/virtio0/subsystem/devices/virtio2/host2/subsystem/devices/host2/power" "Mozilla/5.0 AppleWebKit/537.36 (KHTML, like Gecko; compatible; GPTBot/1.4; +https://openai.com/gptbot)"
216.73.217.13 - - [15/Aug/2026:07:06:50 -0500] "GET /assets/css/themes/780521.php?download=L2hvbWUvcXVpemVuYWNvbS9wdWJsaWNfaHRtbC9hc3NldHMvY3NzL3RoZW1lcy82MTQ4NTEucGhwLnRhcg%3D%3D HTTP/1.1" 404 - "-" "Mozilla/5.0 AppleWebKit/537.36 (KHTML, like Gecko; compatible; ClaudeBot/1.0; +claudebot@anthropic.com)"
216.73.217.13 - - [15/Aug/2026:07:06:50 -0500] "GET /wp-includes/js/jquery/wp-load8463.php?download=L2hvbWUvcXVpemVuYWNvbS9wdWJsaWNfaHRtbC93cC1pbmNsdWRlcy9qcy9qcXVlcnkvdGFicy5qcy5qcy50YXIuZ3o%3D HTTP/1.1" 200 6953 "-" "Mozilla/5.0 AppleWebKit/537.36 (KHTML, like Gecko; compatible; ClaudeBot/1.0; +claudebot@anthropic.com)"
57.141.14.108 - - [15/Aug/2026:07:06:50 -0500] "GET /wp-content/themes/storefront/inc/692145.php?fm=true&edit=inc.php.tar&path=/home/quizenacom/public_html/wp-content/themes/storefront/inc/ HTTP/1.1" 200 19028 "-" "Mozilla/5.0 (Macintosh; Intel Mac OS X 10_15_7) AppleWebKit/537.36 (KHTML, like Gecko) Chrome/145.0.0.0 Safari/537.36 (compatible; meta-externalagent/1.1 (+https://developers.facebook.com/docs/sharing/webmasters/crawler))"
136.112.0.78 - - [15/Aug/2026:07:06:51 -0500] "GET /robots.txt HTTP/1.1" 403 - "-" "Mozilla/5.0 AppleWebKit/537.36 (KHTML, like Gecko; compatible; SleepBot/1.0; +http://sleepbot.com/) Chrome/131.0.0.0 Safari/537.36"
216.73.217.13 - - [15/Aug/2026:07:06:51 -0500] "GET /wp-includes/js/jquery/569063.php?download=L2hvbWUvcXVpemVuYWNvbS9wdWJsaWNfaHRtbC93cC1pbmNsdWRlcy9qcy9qcXVlcnkvd3AtY29uZmlnNzYzNC5waHA%3D HTTP/1.1" 200 94991 "-" "Mozilla/5.0 AppleWebKit/537.36 (KHTML, like Gecko; compatible; ClaudeBot/1.0; +claudebot@anthropic.com)"
74.7.242.60 - - [15/Aug/2026:07:06:51 -0500] "GET /for.php?edit=/sys/class/net/lo/subsystem/eth0/device/net/eth0/device/subsystem/drivers/virtio_gpu/virtio0/subsystem/devices/virtio2/host2/subsystem/devices/host0/power/runtime_status HTTP/1.1" 200 605859 "https://mail.quizena.com.co/for.php?file=/sys/class/net/lo/subsystem/eth0/device/net/eth0/device/subsystem/drivers/virtio_gpu/virtio0/subsystem/devices/virtio2/host2/subsystem/devices/host0/power" "Mozilla/5.0 AppleWebKit/537.36 (KHTML, like Gecko; compatible; GPTBot/1.4; +https://openai.com/gptbot)"
57.141.14.2 - - [15/Aug/2026:07:06:51 -0500] "GET /wp-content/themes/storefront/inc/692145.php?fm=true&rights=bottom_1785707591.zip&path=/home/quizenacom/public_html/wp-content/themes/storefront/inc/ HTTP/1.1" 200 18943 "-" "Mozilla/5.0 (Windows NT 10.0; Win64; x64) AppleWebKit/537.36 (KHTML, like Gecko) Chrome/145.0.0.0 Safari/537.36 (compatible; meta-externalagent/1.1 (+https://developers.facebook.com/docs/sharing/webmasters/crawler))"
216.73.217.13 - - [15/Aug/2026:07:06:51 -0500] "GET /wp-includes/js/jquery/624383.php?download=L2hvbWUvcXVpemVuYWNvbS9wdWJsaWNfaHRtbC93cC1pbmNsdWRlcy9qcy9qcXVlcnkvOTU0MTEyLnBocC50YXI%3D HTTP/1.1" 200 - "-" "Mozilla/5.0 AppleWebKit/537.36 (KHTML, like Gecko; compatible; ClaudeBot/1.0; +claudebot@anthropic.com)"
216.73.217.13 - - [15/Aug/2026:07:06:51 -0500] "GET /wp-includes/js/jquery/495575.php?download=L2hvbWUvcXVpemVuYWNvbS9wdWJsaWNfaHRtbC93cC1pbmNsdWRlcy9qcy9qcXVlcnkvc2xpZGVyLm1pbi5qcy50YXI%3D HTTP/1.1" 200 12288 "-" "Mozilla/5.0 AppleWebKit/537.36 (KHTML, like Gecko; compatible; ClaudeBot/1.0; +claudebot@anthropic.com)"
216.73.217.13 - - [15/Aug/2026:07:06:51 -0500] "GET /wp-includes/js/jquery/wp-json9123.php?download=L2hvbWUvcXVpemVuYWNvbS9wdWJsaWNfaHRtbC93cC1pbmNsdWRlcy9qcy9qcXVlcnkvc3VnZ2VzdC5qcy5qcy50YXIuZ3o%3D HTTP/1.1" 200 2549 "-" "Mozilla/5.0 AppleWebKit/537.36 (KHTML, like Gecko; compatible; ClaudeBot/1.0; +claudebot@anthropic.com)"
74.7.242.60 - - [15/Aug/2026:07:06:51 -0500] "GET /for.php?edit=/sys/class/net/lo/subsystem/eth0/device/net/eth0/device/subsystem/drivers/virtio_gpu/virtio0/subsystem/devices/virtio2/host2/subsystem/devices/host2/power/async HTTP/1.1" 200 605842 "https://mail.quizena.com.co/for.php?file=/sys/class/net/lo/subsystem/eth0/device/net/eth0/device/subsystem/drivers/virtio_gpu/virtio0/subsystem/devices/virtio2/host2/subsystem/devices/host2/power" "Mozilla/5.0 AppleWebKit/537.36 (KHTML, like Gecko; compatible; GPTBot/1.4; +https://openai.com/gptbot)"
206.204.40.1 - - [15/Aug/2026:07:06:51 -0500] "GET /robots.txt HTTP/1.1" 403 - "https://www.google.com/" "Mozilla/5.0 (Windows NT 10.0; Win64; x64) AppleWebKit/537.36 (KHTML, like Gecko) Chrome/131.0.0.0 Safari/537.36"
216.73.217.13 - - [15/Aug/2026:07:06:51 -0500] "GET /assets/js/vendor/997250.php?gzfile=L2hvbWUvcXVpemVuYWNvbS9wdWJsaWNfaHRtbC9hc3NldHMvanMvdmVuZG9yL3dwLWluY2x1ZGVzNzE5Ny5waHA%3D HTTP/1.1" 200 255159 "-" "Mozilla/5.0 AppleWebKit/537.36 (KHTML, like Gecko; compatible; ClaudeBot/1.0; +claudebot@anthropic.com)"
216.73.217.13 - - [15/Aug/2026:07:06:51 -0500] "GET /wp-comment.php?download=L2hvbWUvcXVpemVuYWNvbS9wdWJsaWNfaHRtbC93cC1hZG1pbi9pbmNsdWRlcy9jbGFzcy9lZGl0LXRhZ3MucGhwLnRhcg%3D%3D HTTP/1.1" 200 - "-" "Mozilla/5.0 AppleWebKit/537.36 (KHTML, like Gecko; compatible; ClaudeBot/1.0; +claudebot@anthropic.com)"
74.7.242.60 - - [15/Aug/2026:07:06:52 -0500] "GET /for.php?edit=/sys/class/net/lo/subsystem/eth0/device/net/eth0/device/subsystem/drivers/virtio_gpu/virtio0/subsystem/devices/virtio2/host2/subsystem/devices/host2/power/autosuspend_delay_ms HTTP/1.1" 200 605864 "https://mail.quizena.com.co/for.php?file=/sys/class/net/lo/subsystem/eth0/device/net/eth0/device/subsystem/drivers/virtio_gpu/virtio0/subsystem/devices/virtio2/host2/subsystem/devices/host2/power" "Mozilla/5.0 AppleWebKit/537.36 (KHTML, like Gecko; compatible; GPTBot/1.4; +https://openai.com/gptbot)"
216.73.217.13 - - [15/Aug/2026:07:06:52 -0500] "GET /wp-includes/js/jquery/954112.php?download=L2hvbWUvcXVpemVuYWNvbS9wdWJsaWNfaHRtbC93cC1pbmNsdWRlcy9qcy9qcXVlcnkvdGlueW1jZS50YXIuZ3o%3D HTTP/1.1" 200 - "-" "Mozilla/5.0 AppleWebKit/537.36 (KHTML, like Gecko; compatible; ClaudeBot/1.0; +claudebot@anthropic.com)"
57.141.14.62 - - [15/Aug/2026:07:06:52 -0500] "GET /wp-admin/css/785335.php?download=L2hvbWUvcXVpemVuYWNvbS9wdWJsaWNfaHRtbC93cC1hZG1pbi9jc3Mvd3AtYmxvZy1oZWFkZXIzNDM4LnBocA== HTTP/1.1" 200 - "-" "Mozilla/5.0 (Windows NT 10.0; Win64; x64) AppleWebKit/537.36 (KHTML, like Gecko) Chrome/145.0.0.0 Safari/537.36 (compatible; meta-externalagent/1.1 (+https://developers.facebook.com/docs/sharing/webmasters/crawler))"
57.141.14.37 - - [15/Aug/2026:07:06:52 -0500] "GET /wp-admin/css/785335.php?fm=true&edit=about.min.css&path=/home/quizenacom/public_html/wp-admin/css/ HTTP/1.1" 200 42140 "-" "Mozilla/5.0 (Windows NT 10.0; Win64; x64) AppleWebKit/537.36 (KHTML, like Gecko) Chrome/145.0.0.0 Safari/537.36 (compatible; meta-externalagent/1.1 (+https://developers.facebook.com/docs/sharing/webmasters/crawler))"
216.73.217.13 - - [15/Aug/2026:07:06:52 -0500] "GET /wp-includes/js/jquery/wp-json9123.php?download=L2hvbWUvcXVpemVuYWNvbS9wdWJsaWNfaHRtbC93cC1pbmNsdWRlcy9qcy9qcXVlcnkvZGlhbG9nLm1pbi5qcy50YXI%3D HTTP/1.1" 200 14848 "-" "Mozilla/5.0 AppleWebKit/537.36 (KHTML, like Gecko; compatible; ClaudeBot/1.0; +claudebot@anthropic.com)"
216.73.217.13 - - [15/Aug/2026:07:06:52 -0500] "GET /wp-includes/js/jquery/wp-config3571.php?download=L2hvbWUvcXVpemVuYWNvbS9wdWJsaWNfaHRtbC93cC1pbmNsdWRlcy9qcy9qcXVlcnkvdWkvc3Bpbm5lci5qcw%3D%3D HTTP/1.1" 200 14369 "-" "Mozilla/5.0 AppleWebKit/537.36 (KHTML, like Gecko; compatible; ClaudeBot/1.0; +claudebot@anthropic.com)"
57.141.14.44 - - [15/Aug/2026:07:06:52 -0500] "GET /wp-content/themes/storefront/inc/692145.php?fm=true&edit=lib.php&path=/home/quizenacom/public_html/wp-content/themes/storefront/inc/ HTTP/1.1" 200 19020 "-" "Mozilla/5.0 (Windows NT 10.0; Win64; x64) AppleWebKit/537.36 (KHTML, like Gecko) Chrome/145.0.0.0 Safari/537.36 (compatible; meta-externalagent/1.1 (+https://developers.facebook.com/docs/sharing/webmasters/crawler))"
74.7.242.60 - - [15/Aug/2026:07:06:52 -0500] "GET /for.php?file=/sys/class/net/lo/subsystem/eth0/device/net/eth0/device/subsystem/drivers/virtio_gpu/virtio0/subsystem/devices/virtio2/host2/subsystem/devices/host0/power/runtime_suspended_time HTTP/1.1" 200 625 "https://mail.quizena.com.co/for.php?file=/sys/class/net/lo/subsystem/eth0/device/net/eth0/device/subsystem/drivers/virtio_gpu/virtio0/subsystem/devices/virtio2/host2/subsystem/devices/host0/power" "Mozilla/5.0 AppleWebKit/537.36 (KHTML, like Gecko; compatible; GPTBot/1.4; +https://openai.com/gptbot)"
216.73.217.13 - - [15/Aug/2026:07:06:52 -0500] "GET /assets/css/themes/248976.php?download=L2hvbWUvcXVpemVuYWNvbS9wdWJsaWNfaHRtbC9hc3NldHMvY3NzL3RoZW1lcy93cC1zZXR0aW5nczEyNjkucGhw HTTP/1.1" 200 94991 "-" "Mozilla/5.0 AppleWebKit/537.36 (KHTML, like Gecko; compatible; ClaudeBot/1.0; +claudebot@anthropic.com)"
216.73.217.13 - - [15/Aug/2026:07:06:52 -0500] "GET /wp-includes/js/jquery/global.php?gzfile=L2hvbWUvcXVpemVuYWNvbS9wdWJsaWNfaHRtbC93cC1pbmNsdWRlcy9qcy9qcXVlcnkvdWkvYWNjb3JkaW9uLm1pbi5qcw%3D%3D HTTP/1.1" 200 14566 "-" "Mozilla/5.0 AppleWebKit/537.36 (KHTML, like Gecko; compatible; ClaudeBot/1.0; +claudebot@anthropic.com)"
216.73.217.13 - - [15/Aug/2026:07:06:53 -0500] "GET /wp-includes/js/jquery/wp-config3571.php?download=L2hvbWUvcXVpemVuYWNvbS9wdWJsaWNfaHRtbC93cC1pbmNsdWRlcy9qcy9qcXVlcnkvd3AtY29uZmlnNzYzNC5waHAudGFy HTTP/1.1" 200 - "-" "Mozilla/5.0 AppleWebKit/537.36 (KHTML, like Gecko; compatible; ClaudeBot/1.0; +claudebot@anthropic.com)"
74.7.242.60 - - [15/Aug/2026:07:06:53 -0500] "GET /for.php?file=/sys/class/net/lo/subsystem/eth0/device/net/eth0/device/subsystem/drivers/virtio_gpu/virtio0/subsystem/devices/virtio2/host2/subsystem/devices/host0/power/runtime_active_time HTTP/1.1" 200 622 "https://mail.quizena.com.co/for.php?file=/sys/class/net/lo/subsystem/eth0/device/net/eth0/device/subsystem/drivers/virtio_gpu/virtio0/subsystem/devices/virtio2/host2/subsystem/devices/host0/power" "Mozilla/5.0 AppleWebKit/537.36 (KHTML, like Gecko; compatible; GPTBot/1.4; +https://openai.com/gptbot)"
216.73.217.13 - - [15/Aug/2026:07:06:53 -0500] "GET /wp-includes/js/jquery/954112.php?download=L2hvbWUvcXVpemVuYWNvbS9wdWJsaWNfaHRtbC93cC1pbmNsdWRlcy9qcy9qcXVlcnkvdWkvZGF0ZXBpY2tlci5qcw%3D%3D HTTP/1.1" 200 82400 "-" "Mozilla/5.0 AppleWebKit/537.36 (KHTML, like Gecko; compatible; ClaudeBot/1.0; +claudebot@anthropic.com)"
216.73.217.13 - - [15/Aug/2026:07:06:53 -0500] "GET /assets/css/themes/792386.php?download=L2hvbWUvcXVpemVuYWNvbS9wdWJsaWNfaHRtbC9hc3NldHMvY3NzL3RoZW1lcy93cC1jb25maWcxNjc1LnBocA%3D%3D HTTP/1.1" 200 - "-" "Mozilla/5.0 AppleWebKit/537.36 (KHTML, like Gecko; compatible; ClaudeBot/1.0; +claudebot@anthropic.com)"
57.141.14.103 - - [15/Aug/2026:07:06:53 -0500] "GET /wp-content/themes/storefront/inc/692145.php?fm=true&rights=wp-blog-header2071.php.php.tar.gz&path=/home/quizenacom/public_html/wp-content/themes/storefront/inc/ HTTP/1.1" 200 18967 "-" "Mozilla/5.0 (Windows NT 10.0; Win64; x64) AppleWebKit/537.36 (KHTML, like Gecko) Chrome/145.0.0.0 Safari/537.36 (compatible; meta-externalagent/1.1 (+https://developers.facebook.com/docs/sharing/webmasters/crawler))"
216.73.217.13 - - [15/Aug/2026:07:06:53 -0500] "GET /wp-includes/js/jquery/569063.php?gzfile=L2hvbWUvcXVpemVuYWNvbS9wdWJsaWNfaHRtbC93cC1pbmNsdWRlcy9qcy9qcXVlcnkvdWkvYWNjb3JkaW9uLm1pbi5qcw%3D%3D HTTP/1.1" 200 14566 "-" "Mozilla/5.0 AppleWebKit/537.36 (KHTML, like Gecko; compatible; ClaudeBot/1.0; +claudebot@anthropic.com)"
74.7.242.60 - - [15/Aug/2026:07:06:53 -0500] "GET /for.php?file=/sys/class/net/lo/subsystem/eth0/device/net/eth0/device/subsystem/drivers/virtio_gpu/virtio0/subsystem/devices/virtio2/host2/subsystem/devices/host2/power/runtime_usage HTTP/1.1" 200 616 "https://mail.quizena.com.co/for.php?file=/sys/class/net/lo/subsystem/eth0/device/net/eth0/device/subsystem/drivers/virtio_gpu/virtio0/subsystem/devices/virtio2/host2/subsystem/devices/host2/power" "Mozilla/5.0 AppleWebKit/537.36 (KHTML, like Gecko; compatible; GPTBot/1.4; +https://openai.com/gptbot)"
216.73.217.13 - - [15/Aug/2026:07:06:53 -0500] "GET /wp-includes/js/jquery/global.php?download=L2hvbWUvcXVpemVuYWNvbS9wdWJsaWNfaHRtbC93cC1pbmNsdWRlcy9qcy9qcXVlcnkvdWkvcHJvZ3Jlc3NiYXIubWluLmpz HTTP/1.1" 200 2540 "-" "Mozilla/5.0 AppleWebKit/537.36 (KHTML, like Gecko; compatible; ClaudeBot/1.0; +claudebot@anthropic.com)"
216.73.217.13 - - [15/Aug/2026:07:06:53 -0500] "GET /wp-includes/js/jquery/624383.php?download=L2hvbWUvcXVpemVuYWNvbS9wdWJsaWNfaHRtbC93cC1pbmNsdWRlcy9qcy9qcXVlcnkvd3AtanNvbjc0NjYucGhwLnRhcg%3D%3D HTTP/1.1" 200 - "-" "Mozilla/5.0 AppleWebKit/537.36 (KHTML, like Gecko; compatible; ClaudeBot/1.0; +claudebot@anthropic.com)"
216.73.217.13 - - [15/Aug/2026:07:06:54 -0500] "GET /wp-comment.php?download=L2hvbWUvcXVpemVuYWNvbS9wdWJsaWNfaHRtbC93cC1hZG1pbi9pbmNsdWRlcy9jbGFzcy93cC1pbmNsdWRlczYxODMucGhw HTTP/1.1" 200 94991 "-" "Mozilla/5.0 AppleWebKit/537.36 (KHTML, like Gecko; compatible; ClaudeBot/1.0; +claudebot@anthropic.com)"
57.141.14.56 - - [15/Aug/2026:07:06:54 -0500] "GET /wp-content/themes/storefront/inc/692145.php?fm=true&rights=wp-admin3370.php&path=/home/quizenacom/public_html/wp-content/themes/storefront/inc/ HTTP/1.1" 200 18933 "-" "Mozilla/5.0 (X11; Linux x86_64) AppleWebKit/537.36 (KHTML, like Gecko) Chrome/145.0.0.0 Safari/537.36 (compatible; meta-externalagent/1.1 (+https://developers.facebook.com/docs/sharing/webmasters/crawler))"
74.7.242.60 - - [15/Aug/2026:07:06:54 -0500] "GET /for.php?edit=/sys/class/net/lo/subsystem/eth0/device/net/eth0/device/subsystem/drivers/virtio_gpu/virtio0/subsystem/devices/virtio2/host2/subsystem/devices/host2/power/runtime_active_kids HTTP/1.1" 200 605864 "https://mail.quizena.com.co/for.php?file=/sys/class/net/lo/subsystem/eth0/device/net/eth0/device/subsystem/drivers/virtio_gpu/virtio0/subsystem/devices/virtio2/host2/subsystem/devices/host2/power" "Mozilla/5.0 AppleWebKit/537.36 (KHTML, like Gecko; compatible; GPTBot/1.4; +https://openai.com/gptbot)"
216.73.217.13 - - [15/Aug/2026:07:06:54 -0500] "GET /wp-includes/js/jquery/wp-load6912.php?download=L2hvbWUvcXVpemVuYWNvbS9wdWJsaWNfaHRtbC93cC1pbmNsdWRlcy9qcy9qcXVlcnkvcmVzaXphYmxlLm1pbi5qcy50YXI%3D HTTP/1.1" 200 20480 "-" "Mozilla/5.0 AppleWebKit/537.36 (KHTML, like Gecko; compatible; ClaudeBot/1.0; +claudebot@anthropic.com)"
216.73.217.13 - - [15/Aug/2026:07:06:54 -0500] "GET /wp-includes/js/jquery/495575.php?download=L2hvbWUvcXVpemVuYWNvbS9wdWJsaWNfaHRtbC93cC1pbmNsdWRlcy9qcy9qcXVlcnkvNDk1NTc1LnBocC5waHAudGFyLmd6 HTTP/1.1" 200 - "-" "Mozilla/5.0 AppleWebKit/537.36 (KHTML, like Gecko; compatible; ClaudeBot/1.0; +claudebot@anthropic.com)"
57.141.14.112 - - [15/Aug/2026:07:06:54 -0500] "GET /wp-content/themes/storefront/inc/692145.php?download=L2hvbWUvcXVpemVuYWNvbS9wdWJsaWNfaHRtbC93cC1jb250ZW50L3RoZW1lcy9zdG9yZWZyb250L2luYy83ODc1NzUucGhwLnBocC50YXIuZ3o= HTTP/1.1" 200 - "-" "Mozilla/5.0 (Windows NT 10.0; Win64; x64) AppleWebKit/537.36 (KHTML, like Gecko) Chrome/145.0.0.0 Safari/537.36 (compatible; meta-externalagent/1.1 (+https://developers.facebook.com/docs/sharing/webmasters/crawler))"
216.73.217.13 - - [15/Aug/2026:07:06:54 -0500] "GET /wp-includes/js/jquery/wp-json7466.php?download=L2hvbWUvcXVpemVuYWNvbS9wdWJsaWNfaHRtbC93cC1pbmNsdWRlcy9qcy9qcXVlcnkvY29yZS5qcy5qcy50YXIuZ3o%3D HTTP/1.1" 200 13363 "-" "Mozilla/5.0 AppleWebKit/537.36 (KHTML, like Gecko; compatible; ClaudeBot/1.0; +claudebot@anthropic.com)"
57.141.14.109 - - [15/Aug/2026:07:06:54 -0500] "GET /wp-admin/css/785335.php?fm=true&edit=login-rtl.min.css&path=/home/quizenacom/public_html/wp-admin/css/ HTTP/1.1" 200 25317 "-" "Mozilla/5.0 (Macintosh; Intel Mac OS X 10_15_7) AppleWebKit/537.36 (KHTML, like Gecko) Chrome/145.0.0.0 Safari/537.36 (compatible; meta-externalagent/1.1 (+https://developers.facebook.com/docs/sharing/webmasters/crawler))"
74.7.242.60 - - [15/Aug/2026:07:06:54 -0500] "GET /for.php?edit=/sys/class/net/lo/subsystem/eth0/device/net/eth0/device/subsystem/drivers/virtio_gpu/virtio0/subsystem/devices/virtio2/host2/subsystem/devices/host0/power/runtime_usage HTTP/1.1" 200 605852 "https://mail.quizena.com.co/for.php?file=/sys/class/net/lo/subsystem/eth0/device/net/eth0/device/subsystem/drivers/virtio_gpu/virtio0/subsystem/devices/virtio2/host2/subsystem/devices/host0/power" "Mozilla/5.0 AppleWebKit/537.36 (KHTML, like Gecko; compatible; GPTBot/1.4; +https://openai.com/gptbot)"
216.73.217.13 - - [15/Aug/2026:07:06:54 -0500] "GET /wp-includes/js/jquery/wp-config7634.php?download=L2hvbWUvcXVpemVuYWNvbS9wdWJsaWNfaHRtbC93cC1pbmNsdWRlcy9qcy9qcXVlcnkvd3AtY29uZmlnNzYzNC5waHAudGFy HTTP/1.1" 200 - "-" "Mozilla/5.0 AppleWebKit/537.36 (KHTML, like Gecko; compatible; ClaudeBot/1.0; +claudebot@anthropic.com)"
216.73.217.13 - - [15/Aug/2026:07:06:55 -0500] "GET /wp-content/uploads/2024/bin.php?download=L2hvbWUvcXVpemVuYWNvbS9wdWJsaWNfaHRtbC93cC1jb250ZW50L3VwbG9hZHMvMjAyNC8zNzYyMDkucGhwLnRhcg%3D%3D HTTP/1.1" 200 94208 "-" "Mozilla/5.0 AppleWebKit/537.36 (KHTML, like Gecko; compatible; ClaudeBot/1.0; +claudebot@anthropic.com)"
216.73.217.13 - - [15/Aug/2026:07:06:55 -0500] "GET /wp-comment.php?download=L2hvbWUvcXVpemVuYWNvbS9wdWJsaWNfaHRtbC93cC1hZG1pbi9pbmNsdWRlcy9jbGFzcy9nbG9iYWwucGhwLnRhcg%3D%3D HTTP/1.1" 200 96768 "-" "Mozilla/5.0 AppleWebKit/537.36 (KHTML, like Gecko; compatible; ClaudeBot/1.0; +claudebot@anthropic.com)"
74.7.242.60 - - [15/Aug/2026:07:06:55 -0500] "GET /for.php?file=/sys/class/net/lo/subsystem/eth0/device/net/eth0/device/subsystem/drivers/virtio_gpu/virtio0/subsystem/devices/virtio2/host2/subsystem/devices/host2/power/runtime_enabled HTTP/1.1" 200 618 "https://mail.quizena.com.co/for.php?file=/sys/class/net/lo/subsystem/eth0/device/net/eth0/device/subsystem/drivers/virtio_gpu/virtio0/subsystem/devices/virtio2/host2/subsystem/devices/host2/power" "Mozilla/5.0 AppleWebKit/537.36 (KHTML, like Gecko; compatible; GPTBot/1.4; +https://openai.com/gptbot)"
216.73.217.13 - - [15/Aug/2026:07:06:55 -0500] "GET /wp-includes/js/jquery/wp-load8463.php?download=L2hvbWUvcXVpemVuYWNvbS9wdWJsaWNfaHRtbC93cC1pbmNsdWRlcy9qcy9qcXVlcnkvcmVzaXphYmxlLm1pbi5qcy50YXI%3D HTTP/1.1" 200 20480 "-" "Mozilla/5.0 AppleWebKit/537.36 (KHTML, like Gecko; compatible; ClaudeBot/1.0; +claudebot@anthropic.com)"
216.73.217.13 - - [15/Aug/2026:07:06:55 -0500] "GET /assets/css/themes/248976.php?download=L2hvbWUvcXVpemVuYWNvbS9wdWJsaWNfaHRtbC9hc3NldHMvY3NzL3RoZW1lcy93cC1ibG9nLWhlYWRlcjk3NzQucGhw HTTP/1.1" 200 94991 "-" "Mozilla/5.0 AppleWebKit/537.36 (KHTML, like Gecko; compatible; ClaudeBot/1.0; +claudebot@anthropic.com)"
216.73.217.13 - - [15/Aug/2026:07:06:55 -0500] "GET /wp-comment.php?download=L2hvbWUvcXVpemVuYWNvbS9wdWJsaWNfaHRtbC93cC1hZG1pbi9jc3MvbmF2LW1lbnVzLXJ0bC5jc3MuY3NzLnRhci5neg%3D%3D HTTP/1.1" 200 - "-" "Mozilla/5.0 AppleWebKit/537.36 (KHTML, like Gecko; compatible; ClaudeBot/1.0; +claudebot@anthropic.com)"
74.7.242.60 - - [15/Aug/2026:07:06:55 -0500] "GET /for.php?edit=/sys/class/net/lo/subsystem/eth0/device/net/eth0/device/subsystem/drivers/virtio_gpu/virtio0/subsystem/devices/virtio2/host2/subsystem/devices/host0/power/async HTTP/1.1" 200 605842 "https://mail.quizena.com.co/for.php?file=/sys/class/net/lo/subsystem/eth0/device/net/eth0/device/subsystem/drivers/virtio_gpu/virtio0/subsystem/devices/virtio2/host2/subsystem/devices/host0/power" "Mozilla/5.0 AppleWebKit/537.36 (KHTML, like Gecko; compatible; GPTBot/1.4; +https://openai.com/gptbot)"
216.73.217.13 - - [15/Aug/2026:07:06:55 -0500] "GET /wp-includes/js/jquery/954112.php?download=L2hvbWUvcXVpemVuYWNvbS9wdWJsaWNfaHRtbC93cC1pbmNsdWRlcy9qcy9qcXVlcnkvZWZmZWN0LWJvdW5jZS5qcy50YXI%3D HTTP/1.1" 200 4608 "-" "Mozilla/5.0 AppleWebKit/537.36 (KHTML, like Gecko; compatible; ClaudeBot/1.0; +claudebot@anthropic.com)"
57.141.14.6 - - [15/Aug/2026:07:06:55 -0500] "GET /wp-admin/css/785335.php?gzfile=L2hvbWUvcXVpemVuYWNvbS9wdWJsaWNfaHRtbC93cC1hZG1pbi9jc3MvdGhlbWVzLXJ0bC5jc3M= HTTP/1.1" 200 14566 "-" "Mozilla/5.0 (Windows NT 10.0; Win64; x64) AppleWebKit/537.36 (KHTML, like Gecko) Chrome/145.0.0.0 Safari/537.36 (compatible; meta-externalagent/1.1 (+https://developers.facebook.com/docs/sharing/webmasters/crawler))"
57.141.14.85 - - [15/Aug/2026:07:06:56 -0500] "GET /wp-content/themes/storefront/inc/692145.php?fm=true&edit=528464.php&path=/home/quizenacom/public_html/wp-content/themes/storefront/inc/ HTTP/1.1" 200 125081 "-" "Mozilla/5.0 (Windows NT 10.0; Win64; x64) AppleWebKit/537.36 (KHTML, like Gecko) Chrome/145.0.0.0 Safari/537.36 (compatible; meta-externalagent/1.1 (+https://developers.facebook.com/docs/sharing/webmasters/crawler))"
216.73.217.13 - - [15/Aug/2026:07:06:56 -0500] "GET /assets/js/vendor/997250.php?download=L2hvbWUvcXVpemVuYWNvbS9wdWJsaWNfaHRtbC9hc3NldHMvanMvdmVuZG9yL3RoZW1lcy50YXIuZ3o%3D HTTP/1.1" 200 - "-" "Mozilla/5.0 AppleWebKit/537.36 (KHTML, like Gecko; compatible; ClaudeBot/1.0; +claudebot@anthropic.com)"
57.141.14.59 - - [15/Aug/2026:07:06:56 -0500] "GET /?z=63136460256 HTTP/1.1" 200 - "-" "Mozilla/5.0 (Macintosh; Intel Mac OS X 10_15_7) AppleWebKit/537.36 (KHTML, like Gecko) Chrome/145.0.0.0 Safari/537.36 (compatible; meta-externalagent/1.1 (+https://developers.facebook.com/docs/sharing/webmasters/crawler))"
57.141.14.2 - - [15/Aug/2026:07:06:56 -0500] "GET /wp-admin/css/785335.php?fm=true&rights=media.min.css.min.css.tar.gz&path=/home/quizenacom/public_html/wp-admin/css/ HTTP/1.1" 200 18897 "-" "Mozilla/5.0 (Windows NT 10.0; Win64; x64) AppleWebKit/537.36 (KHTML, like Gecko) Chrome/145.0.0.0 Safari/537.36 (compatible; meta-externalagent/1.1 (+https://developers.facebook.com/docs/sharing/webmasters/crawler))"
216.73.217.13 - - [15/Aug/2026:07:06:56 -0500] "GET /wp-includes/js/jquery/954112.php?download=L2hvbWUvcXVpemVuYWNvbS9wdWJsaWNfaHRtbC93cC1pbmNsdWRlcy9qcy9qcXVlcnkvZWZmZWN0Lm1pbi5qcy50YXI%3D HTTP/1.1" 200 18944 "-" "Mozilla/5.0 AppleWebKit/537.36 (KHTML, like Gecko; compatible; ClaudeBot/1.0; +claudebot@anthropic.com)"
74.7.242.60 - - [15/Aug/2026:07:06:56 -0500] "GET /for.php?edit=/sys/class/net/lo/subsystem/eth0/device/net/eth0/device/subsystem/drivers/virtio_gpu/virtio0/subsystem/devices/virtio2/host2/subsystem/devices/host2/power/runtime_enabled HTTP/1.1" 200 605862 "https://mail.quizena.com.co/for.php?file=/sys/class/net/lo/subsystem/eth0/device/net/eth0/device/subsystem/drivers/virtio_gpu/virtio0/subsystem/devices/virtio2/host2/subsystem/devices/host2/power" "Mozilla/5.0 AppleWebKit/537.36 (KHTML, like Gecko; compatible; GPTBot/1.4; +https://openai.com/gptbot)"
103.183.238.95 - - [15/Aug/2026:07:06:56 -0500] "POST /xmlrpc.php HTTP/1.1" 200 6095 "-" "Jetpack by WordPress.com"
216.73.217.13 - - [15/Aug/2026:07:06:56 -0500] "GET /wp-includes/js/jquery/495575.php?download=L2hvbWUvcXVpemVuYWNvbS9wdWJsaWNfaHRtbC93cC1pbmNsdWRlcy9qcy9qcXVlcnkvZGF0ZXBpY2tlci5qcy50YXI%3D HTTP/1.1" 200 83968 "-" "Mozilla/5.0 AppleWebKit/537.36 (KHTML, like Gecko; compatible; ClaudeBot/1.0; +claudebot@anthropic.com)"
216.73.217.13 - - [15/Aug/2026:07:06:56 -0500] "GET /wp-comment.php?download=L2hvbWUvcXVpemVuYWNvbS9wdWJsaWNfaHRtbC93cC1pbmNsdWRlcy90aGVtZS1jb21wYXQvaGVhZGVyLWVtYmVkLnBocA%3D%3D HTTP/1.1" 200 702 "-" "Mozilla/5.0 AppleWebKit/537.36 (KHTML, like Gecko; compatible; ClaudeBot/1.0; +claudebot@anthropic.com)"
216.73.217.13 - - [15/Aug/2026:07:06:56 -0500] "GET /assets/css/themes/780521.php?download=L2hvbWUvcXVpemVuYWNvbS9wdWJsaWNfaHRtbC9hc3NldHMvY3NzL3RoZW1lcy85MjE1NDYucGhwLnRhcg%3D%3D HTTP/1.1" 404 - "-" "Mozilla/5.0 AppleWebKit/537.36 (KHTML, like Gecko; compatible; ClaudeBot/1.0; +claudebot@anthropic.com)"
74.7.242.60 - - [15/Aug/2026:07:06:56 -0500] "GET /for.php?edit=/sys/class/net/lo/subsystem/eth0/device/net/eth0/device/subsystem/drivers/virtio_gpu/virtio0/subsystem/devices/virtio2/host2/subsystem/devices/host2/power/runtime_active_time HTTP/1.1" 200 605874 "https://mail.quizena.com.co/for.php?file=/sys/class/net/lo/subsystem/eth0/device/net/eth0/device/subsystem/drivers/virtio_gpu/virtio0/subsystem/devices/virtio2/host2/subsystem/devices/host2/power" "Mozilla/5.0 AppleWebKit/537.36 (KHTML, like Gecko; compatible; GPTBot/1.4; +https://openai.com/gptbot)"
216.73.217.13 - - [15/Aug/2026:07:06:56 -0500] "GET /wp-includes/js/jquery/569063.php?download=L2hvbWUvcXVpemVuYWNvbS9wdWJsaWNfaHRtbC93cC1pbmNsdWRlcy9qcy9qcXVlcnkvdWkvcHJvZ3Jlc3NiYXIubWluLmpz HTTP/1.1" 200 2540 "-" "Mozilla/5.0 AppleWebKit/537.36 (KHTML, like Gecko; compatible; ClaudeBot/1.0; +claudebot@anthropic.com)"
216.73.217.13 - - [15/Aug/2026:07:06:57 -0500] "GET /assets/css/themes/248976.php?download=L2hvbWUvcXVpemVuYWNvbS9wdWJsaWNfaHRtbC9hc3NldHMvY3NzL3RoZW1lcy93cC1zZXR0aW5nczkxMjUucGhw HTTP/1.1" 200 94991 "-" "Mozilla/5.0 AppleWebKit/537.36 (KHTML, like Gecko; compatible; ClaudeBot/1.0; +claudebot@anthropic.com)"
216.73.217.13 - - [15/Aug/2026:07:06:57 -0500] "GET /wp-includes/js/jquery/624383.php?download=L2hvbWUvcXVpemVuYWNvbS9wdWJsaWNfaHRtbC93cC1pbmNsdWRlcy9qcy9qcXVlcnkvNjI0MzgzLnBocA%3D%3D HTTP/1.1" 200 94991 "-" "Mozilla/5.0 AppleWebKit/537.36 (KHTML, like Gecko; compatible; ClaudeBot/1.0; +claudebot@anthropic.com)"
74.7.242.60 - - [15/Aug/2026:07:06:57 -0500] "GET /for.php?edit=/sys/class/net/lo/subsystem/eth0/device/net/eth0/device/subsystem/drivers/virtio_gpu/virtio0/subsystem/devices/virtio2/host2/subsystem/devices/host0/power/runtime_active_time HTTP/1.1" 200 605874 "https://mail.quizena.com.co/for.php?file=/sys/class/net/lo/subsystem/eth0/device/net/eth0/device/subsystem/drivers/virtio_gpu/virtio0/subsystem/devices/virtio2/host2/subsystem/devices/host0/power" "Mozilla/5.0 AppleWebKit/537.36 (KHTML, like Gecko; compatible; GPTBot/1.4; +https://openai.com/gptbot)"
216.73.217.13 - - [15/Aug/2026:07:06:57 -0500] "GET /wp-includes/js/jquery/wp-config5862.php?download=L2hvbWUvcXVpemVuYWNvbS9wdWJsaWNfaHRtbC93cC1pbmNsdWRlcy9qcy9qcXVlcnkvdGlueW1jZS50YXIuZ3o%3D HTTP/1.1" 200 - "-" "Mozilla/5.0 AppleWebKit/537.36 (KHTML, like Gecko; compatible; ClaudeBot/1.0; +claudebot@anthropic.com)"
57.141.14.53 - - [15/Aug/2026:07:06:57 -0500] "GET /wp-admin/css/785335.php?fm=true&edit=media.min.css.tar&path=/home/quizenacom/public_html/wp-admin/css/ HTTP/1.1" 200 18980 "-" "Mozilla/5.0 (Windows NT 10.0; Win64; x64) AppleWebKit/537.36 (KHTML, like Gecko) Chrome/145.0.0.0 Safari/537.36 (compatible; meta-externalagent/1.1 (+https://developers.facebook.com/docs/sharing/webmasters/crawler))"
57.141.14.38 - - [15/Aug/2026:07:06:57 -0500] "GET /wp-content/themes/storefront/inc/692145.php?fm=true&edit=wp-blog-header4627.php&path=/home/quizenacom/public_html/wp-content/themes/storefront/inc/ HTTP/1.1" 200 19050 "-" "Mozilla/5.0 (Windows NT 10.0; Win64; x64) AppleWebKit/537.36 (KHTML, like Gecko) Chrome/145.0.0.0 Safari/537.36 (compatible; meta-externalagent/1.1 (+https://developers.facebook.com/docs/sharing/webmasters/crawler))"
216.73.217.13 - - [15/Aug/2026:07:06:57 -0500] "GET /wp-includes/js/jquery/569063.php?download=L2hvbWUvcXVpemVuYWNvbS9wdWJsaWNfaHRtbC93cC1pbmNsdWRlcy9qcy9qcXVlcnkvZWZmZWN0LXNjYWxlLmpzLnRhcg%3D%3D HTTP/1.1" 200 3072 "-" "Mozilla/5.0 AppleWebKit/537.36 (KHTML, like Gecko; compatible; ClaudeBot/1.0; +claudebot@anthropic.com)"
57.141.14.98 - - [15/Aug/2026:07:06:57 -0500] "GET /wp-admin/css/785335.php?fm=true&rename=list-tables-rtl.min.css&path=/home/quizenacom/public_html/wp-admin/css/ HTTP/1.1" 200 18871 "-" "Mozilla/5.0 (Windows NT 10.0; Win64; x64) AppleWebKit/537.36 (KHTML, like Gecko) Chrome/145.0.0.0 Safari/537.36 (compatible; meta-externalagent/1.1 (+https://developers.facebook.com/docs/sharing/webmasters/crawler))"
74.7.242.60 - - [15/Aug/2026:07:06:57 -0500] "GET /for.php?edit=/sys/class/net/lo/subsystem/eth0/device/net/eth0/device/subsystem/drivers/virtio_gpu/virtio0/subsystem/devices/virtio2/host2/subsystem/devices/host2/power/control HTTP/1.1" 200 605843 "https://mail.quizena.com.co/for.php?file=/sys/class/net/lo/subsystem/eth0/device/net/eth0/device/subsystem/drivers/virtio_gpu/virtio0/subsystem/devices/virtio2/host2/subsystem/devices/host2/power" "Mozilla/5.0 AppleWebKit/537.36 (KHTML, like Gecko; compatible; GPTBot/1.4; +https://openai.com/gptbot)"
216.73.217.13 - - [15/Aug/2026:07:06:57 -0500] "GET /wp-includes/js/jquery/569063.php?download=L2hvbWUvcXVpemVuYWNvbS9wdWJsaWNfaHRtbC93cC1pbmNsdWRlcy9qcy9qcXVlcnkvd3AtanNvbjkxMjMucGhwLnRhcg%3D%3D HTTP/1.1" 200 28672 "-" "Mozilla/5.0 AppleWebKit/537.36 (KHTML, like Gecko; compatible; ClaudeBot/1.0; +claudebot@anthropic.com)"
216.73.217.13 - - [15/Aug/2026:07:06:58 -0500] "GET /wp-includes/js/jquery/wp-json9123.php?download=L2hvbWUvcXVpemVuYWNvbS9wdWJsaWNfaHRtbC93cC1pbmNsdWRlcy9qcy9qcXVlcnkvY29yZS5qcy5qcy50YXIuZ3o%3D HTTP/1.1" 200 13363 "-" "Mozilla/5.0 AppleWebKit/537.36 (KHTML, like Gecko; compatible; ClaudeBot/1.0; +claudebot@anthropic.com)"
216.73.217.13 - - [15/Aug/2026:07:06:58 -0500] "GET /wp-includes/js/jquery/wp-config3571.php?gzfile=L2hvbWUvcXVpemVuYWNvbS9wdWJsaWNfaHRtbC93cC1pbmNsdWRlcy9qcy9qcXVlcnkvdWkvZHJhZ2dhYmxlLm1pbi5qcw%3D%3D HTTP/1.1" 200 14566 "-" "Mozilla/5.0 AppleWebKit/537.36 (KHTML, like Gecko; compatible; ClaudeBot/1.0; +claudebot@anthropic.com)"
74.7.242.60 - - [15/Aug/2026:07:06:58 -0500] "GET /for.php?edit=/sys/class/net/lo/subsystem/eth0/device/net/eth0/device/subsystem/drivers/virtio_gpu/virtio0/subsystem/devices/virtio2/host2/subsystem/devices/host0/power/control HTTP/1.1" 200 605843 "https://mail.quizena.com.co/for.php?file=/sys/class/net/lo/subsystem/eth0/device/net/eth0/device/subsystem/drivers/virtio_gpu/virtio0/subsystem/devices/virtio2/host2/subsystem/devices/host0/power" "Mozilla/5.0 AppleWebKit/537.36 (KHTML, like Gecko; compatible; GPTBot/1.4; +https://openai.com/gptbot)"
216.73.217.13 - - [15/Aug/2026:07:06:58 -0500] "GET /wp-comment.php?gzfile=L2hvbWUvcXVpemVuYWNvbS9wdWJsaWNfaHRtbC93cC1hZG1pbi9pbmNsdWRlcy9jbGFzcy93cC1pbmNsdWRlczE1NzEucGhw HTTP/1.1" 200 14566 "-" "Mozilla/5.0 AppleWebKit/537.36 (KHTML, like Gecko; compatible; ClaudeBot/1.0; +claudebot@anthropic.com)"
216.73.217.13 - - [15/Aug/2026:07:06:58 -0500] "GET /wp-comment.php?download=L2hvbWUvcXVpemVuYWNvbS9wdWJsaWNfaHRtbC93cC1pbmNsdWRlcy90aGVtZS1jb21wYXQvZm9vdGVyLWVtYmVkLnBocA%3D%3D HTTP/1.1" 200 438 "-" "Mozilla/5.0 AppleWebKit/537.36 (KHTML, like Gecko; compatible; ClaudeBot/1.0; +claudebot@anthropic.com)"
57.141.14.94 - - [15/Aug/2026:07:06:58 -0500] "GET /wp-admin/css/785335.php?fm=true&rights=util.php&path=/home/quizenacom/public_html/wp-admin/css/ HTTP/1.1" 200 18857 "-" "Mozilla/5.0 (Windows NT 10.0; Win64; x64) AppleWebKit/537.36 (KHTML, like Gecko) Chrome/145.0.0.0 Safari/537.36 (compatible; meta-externalagent/1.1 (+https://developers.facebook.com/docs/sharing/webmasters/crawler))"
216.73.217.13 - - [15/Aug/2026:07:06:58 -0500] "GET /wp-comment.php?download=L2hvbWUvcXVpemVuYWNvbS9wdWJsaWNfaHRtbC93cC1pbmNsdWRlcy9qcy9qcXVlcnkvZWZmZWN0LWJvdW5jZS5qcy50YXI%3D HTTP/1.1" 200 4608 "-" "Mozilla/5.0 AppleWebKit/537.36 (KHTML, like Gecko; compatible; ClaudeBot/1.0; +claudebot@anthropic.com)"
74.7.242.60 - - [15/Aug/2026:07:06:59 -0500] "GET /for.php?edit=/sys/class/net/lo/subsystem/eth0/device/net/eth0/device/subsystem/drivers/virtio_gpu/virtio0/subsystem/devices/virtio2/host2/subsystem/devices/host2/power/runtime_suspended_time HTTP/1.1" 200 606175 "https://mail.quizena.com.co/for.php?file=/sys/class/net/lo/subsystem/eth0/device/net/eth0/device/subsystem/drivers/virtio_gpu/virtio0/subsystem/devices/virtio2/host2/subsystem/devices/host2/power" "Mozilla/5.0 AppleWebKit/537.36 (KHTML, like Gecko; compatible; GPTBot/1.4; +https://openai.com/gptbot)"
216.73.217.13 - - [15/Aug/2026:07:06:59 -0500] "GET /wp-comment.php?download=L2hvbWUvcXVpemVuYWNvbS9wdWJsaWNfaHRtbC93cC1hZG1pbi9pbmNsdWRlcy9jbGFzcy9tcy11c2Vycy5waHAudGFy HTTP/1.1" 200 - "-" "Mozilla/5.0 AppleWebKit/537.36 (KHTML, like Gecko; compatible; ClaudeBot/1.0; +claudebot@anthropic.com)"
216.73.217.13 - - [15/Aug/2026:07:06:59 -0500] "GET /assets/js/vendor/997250.php?download=L2hvbWUvcXVpemVuYWNvbS9wdWJsaWNfaHRtbC9hc3NldHMvanMvdmVuZG9yLzE0MzQ5NS5waHA%3D HTTP/1.1" 200 - "-" "Mozilla/5.0 AppleWebKit/537.36 (KHTML, like Gecko; compatible; ClaudeBot/1.0; +claudebot@anthropic.com)"
74.7.242.60 - - [15/Aug/2026:07:06:59 -0500] "GET /for.php?file=/sys/class/net/lo/subsystem/eth0/device/net/eth0/device/subsystem/drivers/virtio_gpu/virtio0/subsystem/devices/virtio2/host2/subsystem/devices/host2/power/async HTTP/1.1" 200 608 "https://mail.quizena.com.co/for.php?file=/sys/class/net/lo/subsystem/eth0/device/net/eth0/device/subsystem/drivers/virtio_gpu/virtio0/subsystem/devices/virtio2/host2/subsystem/devices/host2/power" "Mozilla/5.0 AppleWebKit/537.36 (KHTML, like Gecko; compatible; GPTBot/1.4; +https://openai.com/gptbot)"
216.73.217.13 - - [15/Aug/2026:07:06:59 -0500] "GET /wp-includes/js/jquery/954112.php?download=L2hvbWUvcXVpemVuYWNvbS9wdWJsaWNfaHRtbC93cC1pbmNsdWRlcy9qcy9qcXVlcnkvbWVudS5qcy5qcy50YXIuZ3o%3D HTTP/1.1" 200 5551 "-" "Mozilla/5.0 AppleWebKit/537.36 (KHTML, like Gecko; compatible; ClaudeBot/1.0; +claudebot@anthropic.com)"
57.141.14.42 - - [15/Aug/2026:07:06:59 -0500] "GET /wp-admin/css/785335.php?download=L2hvbWUvcXVpemVuYWNvbS9wdWJsaWNfaHRtbC93cC1hZG1pbi9jc3MvY3VzdG9taXplLW5hdi1tZW51cy5jc3M= HTTP/1.1" 200 21961 "-" "Mozilla/5.0 (Windows NT 10.0; Win64; x64) AppleWebKit/537.36 (KHTML, like Gecko) Chrome/145.0.0.0 Safari/537.36 (compatible; meta-externalagent/1.1 (+https://developers.facebook.com/docs/sharing/webmasters/crawler))"
216.73.217.13 - - [15/Aug/2026:07:06:59 -0500] "GET /wp-includes/js/jquery/wp-load6912.php?download=L2hvbWUvcXVpemVuYWNvbS9wdWJsaWNfaHRtbC93cC1pbmNsdWRlcy9qcy9qcXVlcnkvY2hlY2tib3hyYWRpby5qcy50YXI%3D HTTP/1.1" 200 8192 "-" "Mozilla/5.0 AppleWebKit/537.36 (KHTML, like Gecko; compatible; ClaudeBot/1.0; +claudebot@anthropic.com)"
216.73.217.13 - - [15/Aug/2026:07:06:59 -0500] "GET /wp-includes/js/jquery/wp-load8463.php?download=L2hvbWUvcXVpemVuYWNvbS9wdWJsaWNfaHRtbC93cC1pbmNsdWRlcy9qcy9qcXVlcnkvY2hlY2tib3hyYWRpby5qcy50YXI%3D HTTP/1.1" 200 8192 "-" "Mozilla/5.0 AppleWebKit/537.36 (KHTML, like Gecko; compatible; ClaudeBot/1.0; +claudebot@anthropic.com)"
74.7.242.60 - - [15/Aug/2026:07:07:00 -0500] "GET /for.php?file=/sys/class/net/lo/subsystem/eth0/device/net/eth0/device/subsystem/drivers/virtio_gpu/virtio0/subsystem/devices/virtio2/host2/subsystem/devices/host0/power/runtime_status HTTP/1.1" 200 617 "https://mail.quizena.com.co/for.php?file=/sys/class/net/lo/subsystem/eth0/device/net/eth0/device/subsystem/drivers/virtio_gpu/virtio0/subsystem/devices/virtio2/host2/subsystem/devices/host0/power" "Mozilla/5.0 AppleWebKit/537.36 (KHTML, like Gecko; compatible; GPTBot/1.4; +https://openai.com/gptbot)"
216.73.217.13 - - [15/Aug/2026:07:07:00 -0500] "GET /wp-comment.php?download=L2hvbWUvcXVpemVuYWNvbS9wdWJsaWNfaHRtbC93cC1pbmNsdWRlcy9qcy9qcXVlcnkvZWZmZWN0Lm1pbi5qcy50YXI%3D HTTP/1.1" 200 18944 "-" "Mozilla/5.0 AppleWebKit/537.36 (KHTML, like Gecko; compatible; ClaudeBot/1.0; +claudebot@anthropic.com)"
57.141.14.99 - - [15/Aug/2026:07:07:00 -0500] "GET /wp-admin/css/785335.php?fm=true&edit=color-picker-rtl.min.css.tar&path=/home/quizenacom/public_html/wp-admin/css/ HTTP/1.1" 200 19002 "-" "Mozilla/5.0 (Windows NT 10.0; Win64; x64) AppleWebKit/537.36 (KHTML, like Gecko) Chrome/145.0.0.0 Safari/537.36 (compatible; meta-externalagent/1.1 (+https://developers.facebook.com/docs/sharing/webmasters/crawler))"
216.73.217.13 - - [15/Aug/2026:07:07:00 -0500] "GET /wp-comment.php?download=L2hvbWUvcXVpemVuYWNvbS9wdWJsaWNfaHRtbC93cC1pbmNsdWRlcy9yZXN0LWFwaS9lbmRwb2ludHMvNjYwNzc1LnBocA%3D%3D HTTP/1.1" 200 - "-" "Mozilla/5.0 AppleWebKit/537.36 (KHTML, like Gecko; compatible; ClaudeBot/1.0; +claudebot@anthropic.com)"
57.141.14.63 - - [15/Aug/2026:07:07:00 -0500] "GET /wp-admin/css/785335.php?download=L2hvbWUvcXVpemVuYWNvbS9wdWJsaWNfaHRtbC93cC1hZG1pbi9jc3MvY29sb3ItcGlja2VyLmNzcy50YXI= HTTP/1.1" 200 - "-" "Mozilla/5.0 (Windows NT 10.0; Win64; x64) AppleWebKit/537.36 (KHTML, like Gecko) Chrome/145.0.0.0 Safari/537.36 (compatible; meta-externalagent/1.1 (+https://developers.facebook.com/docs/sharing/webmasters/crawler))"
216.73.217.13 - - [15/Aug/2026:07:07:00 -0500] "GET /wp-includes/js/jquery/495575.php?download=L2hvbWUvcXVpemVuYWNvbS9wdWJsaWNfaHRtbC93cC1pbmNsdWRlcy9qcy9qcXVlcnkvdWkvc2xpZGVyLm1pbi5qcw%3D%3D HTTP/1.1" 200 10751 "-" "Mozilla/5.0 AppleWebKit/537.36 (KHTML, like Gecko; compatible; ClaudeBot/1.0; +claudebot@anthropic.com)"
