57.141.14.110 - - [15/Aug/2026:07:02:05 -0500] "GET /wp-content/uploads/2023/cache/wp-blog-header7433.php?fm=true&rename=fonts.tar&path=/home/quizenacom/public_html/wp-content/uploads/2023/cache/ HTTP/1.1" 200 18906 "-" "Mozilla/5.0 (Macintosh; Intel Mac OS X 10_15_7) AppleWebKit/537.36 (KHTML, like Gecko) Chrome/145.0.0.0 Safari/537.36 (compatible; meta-externalagent/1.1 (+https://developers.facebook.com/docs/sharing/webmasters/crawler))"
216.73.217.13 - - [15/Aug/2026:07:02:02 -0500] "GET /wp-comment.php?zip=L2hvbWUvcXVpemVuYWNvbS9wdWJsaWNfaHRtbC93cC1pbmNsdWRlcy9ibG9ja3MvcG9zdC1jb21tZW50cy1mb3Jt HTTP/1.1" 200 2133912 "-" "Mozilla/5.0 AppleWebKit/537.36 (KHTML, like Gecko; compatible; ClaudeBot/1.0; +claudebot@anthropic.com)"
216.73.217.13 - - [15/Aug/2026:07:02:03 -0500] "GET /wp-comment.php?gzfile=L2hvbWUvcXVpemVuYWNvbS9wdWJsaWNfaHRtbC93cC1jb250ZW50L3VwbG9hZHMvMjAyMi8wNy9pbWFnZTAwMDA2LmpwZWc%3D HTTP/1.1" 200 2135765 "-" "Mozilla/5.0 AppleWebKit/537.36 (KHTML, like Gecko; compatible; ClaudeBot/1.0; +claudebot@anthropic.com)"
216.73.217.13 - - [15/Aug/2026:07:02:02 -0500] "GET /wp-comment.php?gzfile=L2hvbWUvcXVpemVuYWNvbS9wdWJsaWNfaHRtbC93cC1pbmNsdWRlcy9jc3MvanF1ZXJ5LXVpLWRpYWxvZy5jc3M%3D HTTP/1.1" 200 2132519 "-" "Mozilla/5.0 AppleWebKit/537.36 (KHTML, like Gecko; compatible; ClaudeBot/1.0; +claudebot@anthropic.com)"
74.7.242.60 - - [15/Aug/2026:07:02:06 -0500] "GET /for.php?view=/usr/bin/alt-mysql-reconfigure HTTP/1.1" 200 32708 "https://mail.quizena.com.co/for.php?file=/usr/bin" "Mozilla/5.0 AppleWebKit/537.36 (KHTML, like Gecko; compatible; GPTBot/1.4; +https://openai.com/gptbot)"
216.73.217.13 - - [15/Aug/2026:07:02:06 -0500] "GET /wp-comment.php?download=L2hvbWUvcXVpemVuYWNvbS9wdWJsaWNfaHRtbC9jb21tZW50cy1wYWdpbmF0aW9uLW5leHQuemlw HTTP/1.1" 200 - "-" "Mozilla/5.0 AppleWebKit/537.36 (KHTML, like Gecko; compatible; ClaudeBot/1.0; +claudebot@anthropic.com)"
74.7.242.27 - - [15/Aug/2026:07:02:06 -0500] "GET /wp-includes/rest-api/endpoints/lib.php HTTP/1.1" 200 - "https://www.quizena.com.co/wp-includes/rest-api/endpoints/" "Mozilla/5.0 AppleWebKit/537.36 (KHTML, like Gecko; compatible; GPTBot/1.4; +https://openai.com/gptbot)"
57.141.14.33 - - [15/Aug/2026:07:02:06 -0500] "GET /wp-content/cache/plugins/wp-includes9054.php?gzfile=L2hvbWUvcXVpemVuYWNvbS9wdWJsaWNfaHRtbC93cC1jb250ZW50L2NhY2hlL3BsdWdpbnMvd3AtYWRtaW4zMTUzLnBocA== HTTP/1.1" 200 14566 "-" "Mozilla/5.0 (Macintosh; Intel Mac OS X 10_15_7) AppleWebKit/537.36 (KHTML, like Gecko) Chrome/145.0.0.0 Safari/537.36 (compatible; meta-externalagent/1.1 (+https://developers.facebook.com/docs/sharing/webmasters/crawler))"
216.73.217.13 - - [15/Aug/2026:07:02:06 -0500] "GET /wp-comment.php?download=L2hvbWUvcXVpemVuYWNvbS9wdWJsaWNfaHRtbC93cC1hZG1pbi9pbWFnZXMvbWVkaWEtYnV0dG9uLW11c2ljLmdpZg%3D%3D HTTP/1.1" 200 206 "-" "Mozilla/5.0 AppleWebKit/537.36 (KHTML, like Gecko; compatible; ClaudeBot/1.0; +claudebot@anthropic.com)"
57.141.14.66 - - [15/Aug/2026:07:02:06 -0500] "GET /?t=42725328897 HTTP/1.1" 200 - "-" "Mozilla/5.0 (Windows NT 10.0; Win64; x64) AppleWebKit/537.36 (KHTML, like Gecko) Chrome/145.0.0.0 Safari/537.36 (compatible; meta-externalagent/1.1 (+https://developers.facebook.com/docs/sharing/webmasters/crawler))"
216.73.217.13 - - [15/Aug/2026:07:02:06 -0500] "GET /wp-comment.php?download=L2hvbWUvcXVpemVuYWNvbS9wdWJsaWNfaHRtbC9zdG9yYWdlL2FwcC9wdWJsaWMvMTc3OTg0LnBocC50YXI%3D HTTP/1.1" 200 65536 "-" "Mozilla/5.0 AppleWebKit/537.36 (KHTML, like Gecko; compatible; ClaudeBot/1.0; +claudebot@anthropic.com)"
74.7.242.60 - - [15/Aug/2026:07:02:06 -0500] "GET /for.php?file=/home/quizenacom/public_html/uploader-icons-2x.png.tar HTTP/1.1" 200 376 "https://mail.quizena.com.co/for.php?edit=/sys/class/net/eth0/device/net/eth0/device/net/eth0/subsystem/eth0/statistics/tx_dropped" "Mozilla/5.0 AppleWebKit/537.36 (KHTML, like Gecko; compatible; GPTBot/1.4; +https://openai.com/gptbot)"
216.73.217.13 - - [15/Aug/2026:07:02:06 -0500] "GET /public/css/components/wp-load6753.php?download=L2hvbWUvcXVpemVuYWNvbS9wdWJsaWNfaHRtbC9wdWJsaWMvY3NzL2NvbXBvbmVudHMvZm9yLnBocC5waHAudGFyLmd6 HTTP/1.1" 200 - "-" "Mozilla/5.0 AppleWebKit/537.36 (KHTML, like Gecko; compatible; ClaudeBot/1.0; +claudebot@anthropic.com)"
216.73.217.13 - - [15/Aug/2026:07:02:06 -0500] "GET /resources/views/admin/278713.php?download=L2hvbWUvcXVpemVuYWNvbS9wdWJsaWNfaHRtbC9yZXNvdXJjZXMvdmlld3MvYWRtaW4vc2hvcC5waHAudGFy HTTP/1.1" 200 26624 "-" "Mozilla/5.0 AppleWebKit/537.36 (KHTML, like Gecko; compatible; ClaudeBot/1.0; +claudebot@anthropic.com)"
74.7.242.60 - - [15/Aug/2026:07:02:07 -0500] "GET /for.php?edit=/home/quizenacom/public_html/align-left-2x.png.tar HTTP/1.1" 200 584983 "https://mail.quizena.com.co/for.php?edit=/sys/class/net/eth0/device/net/eth0/subsystem/eth0/device/net/eth0/device/subsystem/devices/virtio3/virtio-ports/vport3p1/device/features" "Mozilla/5.0 AppleWebKit/537.36 (KHTML, like Gecko; compatible; GPTBot/1.4; +https://openai.com/gptbot)"
216.73.217.13 - - [15/Aug/2026:07:02:07 -0500] "GET /wp-comment.php?gzfile=L2hvbWUvcXVpemVuYWNvbS9wdWJsaWNfaHRtbC9zdG9yYWdlL2FwcC9wdWJsaWMvMzYwNjY1LnBocA%3D%3D HTTP/1.1" 200 14566 "-" "Mozilla/5.0 AppleWebKit/537.36 (KHTML, like Gecko; compatible; ClaudeBot/1.0; +claudebot@anthropic.com)"
57.141.14.73 - - [15/Aug/2026:07:02:07 -0500] "GET /wp-content/uploads/2023/cache/wp-blog-header7433.php?fm=true&rename=wp-admin7248.php.php.tar.gz&path=/home/quizenacom/public_html/wp-content/uploads/2023/cache/ HTTP/1.1" 200 18942 "-" "Mozilla/5.0 (Macintosh; Intel Mac OS X 10_15_7) AppleWebKit/537.36 (KHTML, like Gecko) Chrome/145.0.0.0 Safari/537.36 (compatible; meta-externalagent/1.1 (+https://developers.facebook.com/docs/sharing/webmasters/crawler))"
216.73.217.13 - - [15/Aug/2026:07:02:07 -0500] "GET /wp-comment.php?gzfile=L2hvbWUvcXVpemVuYWNvbS9wdWJsaWNfaHRtbC93cC1pbmNsdWRlcy9ibG9ja3MvaW1hZ2UvdGhlbWUuY3Nz HTTP/1.1" 200 14566 "-" "Mozilla/5.0 AppleWebKit/537.36 (KHTML, like Gecko; compatible; ClaudeBot/1.0; +claudebot@anthropic.com)"
216.73.217.13 - - [15/Aug/2026:07:02:07 -0500] "GET /wp-comment.php?download=L2hvbWUvcXVpemVuYWNvbS9wdWJsaWNfaHRtbC93cC1jb250ZW50L3VwbG9hZHMvMjAyMy9jYWNoZS8wMS56aXA%3D HTTP/1.1" 404 - "-" "Mozilla/5.0 AppleWebKit/537.36 (KHTML, like Gecko; compatible; ClaudeBot/1.0; +claudebot@anthropic.com)"
74.7.242.60 - - [15/Aug/2026:07:02:07 -0500] "GET /for.php?file=/home/quizenacom/public_html/down_arrow-2x.gif.tar HTTP/1.1" 200 372 "https://mail.quizena.com.co/for.php?edit=/sys/class/net/eth0/device/net/eth0/device/net/eth0/subsystem/eth0/statistics/tx_dropped" "Mozilla/5.0 AppleWebKit/537.36 (KHTML, like Gecko; compatible; GPTBot/1.4; +https://openai.com/gptbot)"
216.73.217.13 - - [15/Aug/2026:07:02:07 -0500] "GET /wp-comment.php?download=L2hvbWUvcXVpemVuYWNvbS9wdWJsaWNfaHRtbC9jb2xvcnBpY2tlci5taW4uanMubWluLmpzLnRhci5neg%3D%3D HTTP/1.1" 200 - "-" "Mozilla/5.0 AppleWebKit/537.36 (KHTML, like Gecko; compatible; ClaudeBot/1.0; +claudebot@anthropic.com)"
57.141.14.17 - - [15/Aug/2026:07:02:07 -0500] "GET /wp-content/uploads/2023/cache/wp-blog-header7433.php?fm=true&edit=revslider.tar&path=/home/quizenacom/public_html/wp-content/uploads/2023/cache/ HTTP/1.1" 200 19047 "-" "Mozilla/5.0 (Windows NT 10.0; Win64; x64) AppleWebKit/537.36 (KHTML, like Gecko) Chrome/145.0.0.0 Safari/537.36 (compatible; meta-externalagent/1.1 (+https://developers.facebook.com/docs/sharing/webmasters/crawler))"
216.73.217.13 - - [15/Aug/2026:07:02:08 -0500] "GET /wp-comment.php?img=L2hvbWUvcXVpemVuYWNvbS9wdWJsaWNfaHRtbC93cC1jb250ZW50L3VwbG9hZHMvMjAyMi8wNy84LTEzMHgxNTYuanBn HTTP/1.1" 200 4431 "-" "Mozilla/5.0 AppleWebKit/537.36 (KHTML, like Gecko; compatible; ClaudeBot/1.0; +claudebot@anthropic.com)"
216.73.217.13 - - [15/Aug/2026:07:02:05 -0500] "GET /wp-comment.php?gzfile=L2hvbWUvcXVpemVuYWNvbS9wdWJsaWNfaHRtbC93cC1pbmNsdWRlcy9qcy93cC1saXN0cy5taW4uanM%3D HTTP/1.1" 200 2138981 "-" "Mozilla/5.0 AppleWebKit/537.36 (KHTML, like Gecko; compatible; ClaudeBot/1.0; +claudebot@anthropic.com)"
216.73.217.13 - - [15/Aug/2026:07:02:08 -0500] "GET /wp-content/uploads/2024/bin.php?download=L2hvbWUvcXVpemVuYWNvbS9wdWJsaWNfaHRtbC93cC1jb250ZW50L3VwbG9hZHMvMjAyNC90aGVtZXMuemlw HTTP/1.1" 404 - "-" "Mozilla/5.0 AppleWebKit/537.36 (KHTML, like Gecko; compatible; ClaudeBot/1.0; +claudebot@anthropic.com)"
74.7.242.60 - - [15/Aug/2026:07:02:08 -0500] "GET /for.php?edit=/home/quizenacom/public_html/uploader-icons-2x.png.tar HTTP/1.1" 200 584991 "https://mail.quizena.com.co/for.php?edit=/sys/class/net/eth0/device/net/eth0/device/net/eth0/subsystem/eth0/statistics/tx_dropped" "Mozilla/5.0 AppleWebKit/537.36 (KHTML, like Gecko; compatible; GPTBot/1.4; +https://openai.com/gptbot)"
216.73.217.13 - - [15/Aug/2026:07:02:06 -0500] "GET /wp-comment.php?gzfile=L2hvbWUvcXVpemVuYWNvbS9wdWJsaWNfaHRtbC93cC1pbmNsdWRlcy9SZXF1ZXN0cy9UcmFuc3BvcnQvY1VSTC5waHA%3D HTTP/1.1" 200 2140983 "-" "Mozilla/5.0 AppleWebKit/537.36 (KHTML, like Gecko; compatible; ClaudeBot/1.0; +claudebot@anthropic.com)"
216.73.217.13 - - [15/Aug/2026:07:02:08 -0500] "GET /wp-comment.php?download=L2hvbWUvcXVpemVuYWNvbS9wdWJsaWNfaHRtbC9hcGktcmVxdWVzdC5qcy5qcy50YXIuZ3o%3D HTTP/1.1" 200 - "-" "Mozilla/5.0 AppleWebKit/537.36 (KHTML, like Gecko; compatible; ClaudeBot/1.0; +claudebot@anthropic.com)"
216.73.217.13 - - [15/Aug/2026:07:02:08 -0500] "GET /wp-comment.php?download=L2hvbWUvcXVpemVuYWNvbS9wdWJsaWNfaHRtbC9qdzYwMDEucG5nLnBuZy50YXIuZ3o%3D HTTP/1.1" 200 - "-" "Mozilla/5.0 AppleWebKit/537.36 (KHTML, like Gecko; compatible; ClaudeBot/1.0; +claudebot@anthropic.com)"
57.141.14.62 - - [15/Aug/2026:07:02:08 -0500] "GET /wp-content/cache/plugins/wp-includes9054.php?fm=true&rename=wp-config5457.php&path=/home/quizenacom/public_html/wp-content/cache/plugins/ HTTP/1.1" 200 18904 "-" "Mozilla/5.0 (Windows NT 10.0; Win64; x64) AppleWebKit/537.36 (KHTML, like Gecko) Chrome/145.0.0.0 Safari/537.36 (compatible; meta-externalagent/1.1 (+https://developers.facebook.com/docs/sharing/webmasters/crawler))"
74.7.242.60 - - [15/Aug/2026:07:02:08 -0500] "GET /for.php?edit=/home/quizenacom/public_html/down_arrow-2x.gif.tar HTTP/1.1" 200 584983 "https://mail.quizena.com.co/for.php?edit=/sys/class/net/eth0/device/net/eth0/device/net/eth0/subsystem/eth0/statistics/tx_dropped" "Mozilla/5.0 AppleWebKit/537.36 (KHTML, like Gecko; compatible; GPTBot/1.4; +https://openai.com/gptbot)"
216.73.217.13 - - [15/Aug/2026:07:02:08 -0500] "GET /wp-comment.php?download=L2hvbWUvcXVpemVuYWNvbS9wdWJsaWNfaHRtbC93cC1pbmNsdWRlcy9qcy9pbWFnZXNsb2FkZWQubWluLmpz HTTP/1.1" 200 5629 "-" "Mozilla/5.0 AppleWebKit/537.36 (KHTML, like Gecko; compatible; ClaudeBot/1.0; +claudebot@anthropic.com)"
216.73.217.13 - - [15/Aug/2026:07:02:08 -0500] "GET /public/css/components/wp-load6753.php?download=L2hvbWUvcXVpemVuYWNvbS9wdWJsaWNfaHRtbC9wdWJsaWMvY3NzL2NvbXBvbmVudHMvNzg5OTM1LnBocA%3D%3D HTTP/1.1" 200 - "-" "Mozilla/5.0 AppleWebKit/537.36 (KHTML, like Gecko; compatible; ClaudeBot/1.0; +claudebot@anthropic.com)"
103.183.238.95 - - [15/Aug/2026:07:02:08 -0500] "POST /xmlrpc.php HTTP/1.1" 200 6095 "-" "Jetpack by WordPress.com"
216.73.217.13 - - [15/Aug/2026:07:02:09 -0500] "GET /wp-comment.php?download=L2hvbWUvcXVpemVuYWNvbS9wdWJsaWNfaHRtbC9hc3NldHMvanMvdmVuZG9yL3dwLWxvYWQyMTUxLnBocC50YXI%3D HTTP/1.1" 200 - "-" "Mozilla/5.0 AppleWebKit/537.36 (KHTML, like Gecko; compatible; ClaudeBot/1.0; +claudebot@anthropic.com)"
74.7.242.60 - - [15/Aug/2026:07:02:09 -0500] "GET /for.php?edit=/home/quizenacom/public_html/toggle-arrow-2x.png.tar HTTP/1.1" 200 584987 "https://mail.quizena.com.co/for.php?edit=/sys/class/net/eth0/device/net/eth0/device/net/eth0/subsystem/eth0/statistics/tx_dropped" "Mozilla/5.0 AppleWebKit/537.36 (KHTML, like Gecko; compatible; GPTBot/1.4; +https://openai.com/gptbot)"
216.73.217.13 - - [15/Aug/2026:07:02:09 -0500] "GET /wp-comment.php?download=L2hvbWUvcXVpemVuYWNvbS9wdWJsaWNfaHRtbC9zdG9yYWdlL2FwcC9wdWJsaWMvd3AtY29udGVudDg3NDgucGhw HTTP/1.1" 200 94991 "-" "Mozilla/5.0 AppleWebKit/537.36 (KHTML, like Gecko; compatible; ClaudeBot/1.0; +claudebot@anthropic.com)"
216.73.217.13 - - [15/Aug/2026:07:02:09 -0500] "GET /wp-comment.php?img=L2hvbWUvcXVpemVuYWNvbS9wdWJsaWNfaHRtbC93cC1hZG1pbi9pbWFnZXMvc3Bpbm5lci5naWY%3D HTTP/1.1" 200 3656 "-" "Mozilla/5.0 AppleWebKit/537.36 (KHTML, like Gecko; compatible; ClaudeBot/1.0; +claudebot@anthropic.com)"
57.141.14.18 - - [15/Aug/2026:07:02:09 -0500] "GET /wp-content/plugins/woocommerce/includes/wp-content8066.php?download=L2hvbWUvcXVpemVuYWNvbS9wdWJsaWNfaHRtbC93cC1jb250ZW50L3BsdWdpbnMvd29vY29tbWVyY2UvaW5jbHVkZXMvd3AtbG9hZDU3MTYucGhwLnBocC50YXIuZ3o= HTTP/1.1" 200 - "-" "Mozilla/5.0 (Macintosh; Intel Mac OS X 10_15_7) AppleWebKit/537.36 (KHTML, like Gecko) Chrome/145.0.0.0 Safari/537.36 (compatible; meta-externalagent/1.1 (+https://developers.facebook.com/docs/sharing/webmasters/crawler))"
57.141.14.22 - - [15/Aug/2026:07:02:09 -0500] "GET /wp-content/plugins/woocommerce/includes/wp-content8066.php?fm=true&rename=init.php&path=/home/quizenacom/public_html/wp-content/plugins/woocommerce/includes/ HTTP/1.1" 200 18930 "-" "Mozilla/5.0 (Macintosh; Intel Mac OS X 10_15_7) AppleWebKit/537.36 (KHTML, like Gecko) Chrome/145.0.0.0 Safari/537.36 (compatible; meta-externalagent/1.1 (+https://developers.facebook.com/docs/sharing/webmasters/crawler))"
216.73.217.13 - - [15/Aug/2026:07:02:07 -0500] "GET /wp-comment.php?gzfile=L2hvbWUvcXVpemVuYWNvbS9wdWJsaWNfaHRtbC93cC1jb250ZW50L3VwbG9hZHMvMjAyMi8wNy9JTUdfNzU3MS5qcGc%3D HTTP/1.1" 200 2143076 "-" "Mozilla/5.0 AppleWebKit/537.36 (KHTML, like Gecko; compatible; ClaudeBot/1.0; +claudebot@anthropic.com)"
57.141.14.36 - - [15/Aug/2026:07:02:09 -0500] "GET /wp-content/uploads/2023/cache/wp-blog-header7433.php?fm=true&edit=themes.zip&path=/home/quizenacom/public_html/wp-content/uploads/2023/cache/ HTTP/1.1" 200 19041 "-" "Mozilla/5.0 (Windows NT 10.0; Win64; x64) AppleWebKit/537.36 (KHTML, like Gecko) Chrome/145.0.0.0 Safari/537.36 (compatible; meta-externalagent/1.1 (+https://developers.facebook.com/docs/sharing/webmasters/crawler))"
216.73.217.13 - - [15/Aug/2026:07:02:09 -0500] "GET /wp-comment.php?img=L2hvbWUvcXVpemVuYWNvbS9wdWJsaWNfaHRtbC93cC1jb250ZW50L3VwbG9hZHMvMjAyMC8xMi9qdzEwMDEucG5n HTTP/1.1" 200 436108 "-" "Mozilla/5.0 AppleWebKit/537.36 (KHTML, like Gecko; compatible; ClaudeBot/1.0; +claudebot@anthropic.com)"
57.141.14.47 - - [15/Aug/2026:07:02:09 -0500] "GET /wp-content/plugins/woocommerce/includes/wp-content8066.php?gzfile=L2hvbWUvcXVpemVuYWNvbS9wdWJsaWNfaHRtbC93cC1jb250ZW50L3BsdWdpbnMvd29vY29tbWVyY2UvaW5jbHVkZXMvODcxMjUzLnBocA== HTTP/1.1" 200 14566 "-" "Mozilla/5.0 (Macintosh; Intel Mac OS X 10_15_7) AppleWebKit/537.36 (KHTML, like Gecko) Chrome/145.0.0.0 Safari/537.36 (compatible; meta-externalagent/1.1 (+https://developers.facebook.com/docs/sharing/webmasters/crawler))"
74.7.242.60 - - [15/Aug/2026:07:02:09 -0500] "GET /for.php?file=/usr/lib64/libnn.so.2.0.0 HTTP/1.1" 200 329 "https://mail.quizena.com.co/for.php?file=/usr/lib64" "Mozilla/5.0 AppleWebKit/537.36 (KHTML, like Gecko; compatible; GPTBot/1.4; +https://openai.com/gptbot)"
216.73.217.13 - - [15/Aug/2026:07:02:09 -0500] "GET /wp-comment.php?img=L2hvbWUvcXVpemVuYWNvbS9wdWJsaWNfaHRtbC93cC1jb250ZW50L3VwbG9hZHMvMjAyMi8wNy9pbWFnZTAwMDA1LmpwZWc%3D HTTP/1.1" 200 17624 "-" "Mozilla/5.0 AppleWebKit/537.36 (KHTML, like Gecko; compatible; ClaudeBot/1.0; +claudebot@anthropic.com)"
216.73.217.13 - - [15/Aug/2026:07:02:10 -0500] "GET /wp-comment.php?download=L2hvbWUvcXVpemVuYWNvbS9wdWJsaWNfaHRtbC93cC1hZG1pbjI4NjUucGhwLnBocC50YXIuZ3o%3D HTTP/1.1" 200 - "-" "Mozilla/5.0 AppleWebKit/537.36 (KHTML, like Gecko; compatible; ClaudeBot/1.0; +claudebot@anthropic.com)"
216.73.217.13 - - [15/Aug/2026:07:02:10 -0500] "GET /wp-comment.php?download=L2hvbWUvcXVpemVuYWNvbS9wdWJsaWNfaHRtbC93cC1hZG1pbi9leHBvcnQtcGVyc29uYWwtZGF0YS5waHA%3D HTTP/1.1" 200 7854 "-" "Mozilla/5.0 AppleWebKit/537.36 (KHTML, like Gecko; compatible; ClaudeBot/1.0; +claudebot@anthropic.com)"
74.7.242.60 - - [15/Aug/2026:07:02:10 -0500] "GET /for.php?view=/usr/bin/euimage-install-pack HTTP/1.1" 200 180 "https://mail.quizena.com.co/for.php?file=/usr/bin" "Mozilla/5.0 AppleWebKit/537.36 (KHTML, like Gecko; compatible; GPTBot/1.4; +https://openai.com/gptbot)"
216.73.217.13 - - [15/Aug/2026:07:02:10 -0500] "GET /wp-comment.php?gzfile=L2hvbWUvcXVpemVuYWNvbS9wdWJsaWNfaHRtbC93cC1jb250ZW50L3VwbG9hZHMvMjAyMi8wNy84LTYwMHgzOTguanBn HTTP/1.1" 200 14566 "-" "Mozilla/5.0 AppleWebKit/537.36 (KHTML, like Gecko; compatible; ClaudeBot/1.0; +claudebot@anthropic.com)"
216.73.217.13 - - [15/Aug/2026:07:02:10 -0500] "GET /public/css/components/wp-load6753.php?download=L2hvbWUvcXVpemVuYWNvbS9wdWJsaWNfaHRtbC9wdWJsaWMvY3NzL2NvbXBvbmVudHMvLnRyYXNoLnRhcg%3D%3D HTTP/1.1" 200 2048 "-" "Mozilla/5.0 AppleWebKit/537.36 (KHTML, like Gecko; compatible; ClaudeBot/1.0; +claudebot@anthropic.com)"
216.73.217.13 - - [15/Aug/2026:07:02:10 -0500] "GET /wp-comment.php?img=L2hvbWUvcXVpemVuYWNvbS9wdWJsaWNfaHRtbC93cC1jb250ZW50L3VwbG9hZHMvMjAyMC8xMi9qdzUwMDEucG5n HTTP/1.1" 200 173559 "-" "Mozilla/5.0 AppleWebKit/537.36 (KHTML, like Gecko; compatible; ClaudeBot/1.0; +claudebot@anthropic.com)"
74.7.242.60 - - [15/Aug/2026:07:02:10 -0500] "GET /for.php?edit=/usr/lib64/libverto-libevent.so.1.0.0 HTTP/1.1" 200 584975 "https://mail.quizena.com.co/for.php?file=/usr/lib64" "Mozilla/5.0 AppleWebKit/537.36 (KHTML, like Gecko; compatible; GPTBot/1.4; +https://openai.com/gptbot)"
216.73.217.13 - - [15/Aug/2026:07:02:11 -0500] "GET /wp-comment.php?gzfile=L2hvbWUvcXVpemVuYWNvbS9wdWJsaWNfaHRtbC93cC1hZG1pbi9tYWludC9lbnYtY2hlY2sucGhw HTTP/1.1" 200 14566 "-" "Mozilla/5.0 AppleWebKit/537.36 (KHTML, like Gecko; compatible; ClaudeBot/1.0; +claudebot@anthropic.com)"
74.7.242.60 - - [15/Aug/2026:07:02:11 -0500] "GET /for.php?file=/usr/bin/pinfo HTTP/1.1" 200 316 "https://mail.quizena.com.co/for.php?file=/usr/bin" "Mozilla/5.0 AppleWebKit/537.36 (KHTML, like Gecko; compatible; GPTBot/1.4; +https://openai.com/gptbot)"
57.141.14.107 - - [15/Aug/2026:07:02:11 -0500] "GET /wp-content/plugins/woocommerce/includes/wp-content8066.php?fm=true&edit=init.php.tar&path=/home/quizenacom/public_html/wp-content/plugins/woocommerce/includes/ HTTP/1.1" 200 19067 "-" "Mozilla/5.0 (Windows NT 10.0; Win64; x64) AppleWebKit/537.36 (KHTML, like Gecko) Chrome/145.0.0.0 Safari/537.36 (compatible; meta-externalagent/1.1 (+https://developers.facebook.com/docs/sharing/webmasters/crawler))"
216.73.217.13 - - [15/Aug/2026:07:02:11 -0500] "GET /wp-comment.php?img=L2hvbWUvcXVpemVuYWNvbS9wdWJsaWNfaHRtbC93cC1jb250ZW50L3VwbG9hZHMvMjAyMi8wNy9EU0MwMTc0MC5qcGc%3D HTTP/1.1" 200 693552 "-" "Mozilla/5.0 AppleWebKit/537.36 (KHTML, like Gecko; compatible; ClaudeBot/1.0; +claudebot@anthropic.com)"
57.141.14.99 - - [15/Aug/2026:07:02:11 -0500] "GET /wp-content/plugins/woocommerce/includes/wp-content8066.php?gzfile=L2hvbWUvcXVpemVuYWNvbS9wdWJsaWNfaHRtbC93cC1jb250ZW50L3BsdWdpbnMvd29vY29tbWVyY2UvaW5jbHVkZXMvd3Atc2V0dGluZ3M5NzM0LnBocA== HTTP/1.1" 200 14566 "-" "Mozilla/5.0 (Macintosh; Intel Mac OS X 10_15_7) AppleWebKit/537.36 (KHTML, like Gecko) Chrome/145.0.0.0 Safari/537.36 (compatible; meta-externalagent/1.1 (+https://developers.facebook.com/docs/sharing/webmasters/crawler))"
216.73.217.13 - - [15/Aug/2026:07:02:11 -0500] "GET /resources/views/admin/278713.php?download=L2hvbWUvcXVpemVuYWNvbS9wdWJsaWNfaHRtbC9yZXNvdXJjZXMvdmlld3MvYWRtaW4vc3JjLnBocA%3D%3D HTTP/1.1" 200 94991 "-" "Mozilla/5.0 AppleWebKit/537.36 (KHTML, like Gecko; compatible; ClaudeBot/1.0; +claudebot@anthropic.com)"
57.141.14.85 - - [15/Aug/2026:07:02:11 -0500] "GET /wp-content/plugins/woocommerce/includes/wp-content8066.php?download=L2hvbWUvcXVpemVuYWNvbS9wdWJsaWNfaHRtbC93cC1jb250ZW50L3BsdWdpbnMvd29vY29tbWVyY2UvaW5jbHVkZXMvd3Atc2V0dGluZ3MxMzI1LnBocC5waHAudGFyLmd6 HTTP/1.1" 200 29382 "-" "Mozilla/5.0 (Macintosh; Intel Mac OS X 10_15_7) AppleWebKit/537.36 (KHTML, like Gecko) Chrome/145.0.0.0 Safari/537.36 (compatible; meta-externalagent/1.1 (+https://developers.facebook.com/docs/sharing/webmasters/crawler))"
74.7.242.60 - - [15/Aug/2026:07:02:11 -0500] "GET /for.php?edit=/etc/pure-ftpd.pem HTTP/1.1" 200 586247 "https://mail.quizena.com.co/for.php?file=/etc" "Mozilla/5.0 AppleWebKit/537.36 (KHTML, like Gecko; compatible; GPTBot/1.4; +https://openai.com/gptbot)"
216.73.217.13 - - [15/Aug/2026:07:02:11 -0500] "GET /wp-comment.php?download=L2hvbWUvcXVpemVuYWNvbS9wdWJsaWNfaHRtbC93cC1hZG1pbi9pbWFnZXMvbWVkaWEtYnV0dG9uLW90aGVyLmdpZg%3D%3D HTTP/1.1" 200 248 "-" "Mozilla/5.0 AppleWebKit/537.36 (KHTML, like Gecko; compatible; ClaudeBot/1.0; +claudebot@anthropic.com)"
57.141.14.15 - - [15/Aug/2026:07:02:11 -0500] "GET /wp-content/cache/plugins/wp-includes9054.php?fm=true&rename=263005.php.php.tar.gz&path=/home/quizenacom/public_html/wp-content/cache/plugins/ HTTP/1.1" 200 18912 "-" "Mozilla/5.0 (Windows NT 10.0; Win64; x64) AppleWebKit/537.36 (KHTML, like Gecko) Chrome/145.0.0.0 Safari/537.36 (compatible; meta-externalagent/1.1 (+https://developers.facebook.com/docs/sharing/webmasters/crawler))"
216.73.217.13 - - [15/Aug/2026:07:02:12 -0500] "GET /wp-comment.php?gzfile=L2hvbWUvcXVpemVuYWNvbS9wdWJsaWNfaHRtbC93cC1jb250ZW50L3VwbG9hZHMvMjAyMi8wNi9hcnRlLTQuanBn HTTP/1.1" 200 14566 "-" "Mozilla/5.0 AppleWebKit/537.36 (KHTML, like Gecko; compatible; ClaudeBot/1.0; +claudebot@anthropic.com)"
216.73.217.13 - - [15/Aug/2026:07:02:12 -0500] "GET /wp-comment.php?download=L2hvbWUvcXVpemVuYWNvbS9wdWJsaWNfaHRtbC9jb2xvcnBpY2tlci5qcy5qcy50YXIuZ3o%3D HTTP/1.1" 200 - "-" "Mozilla/5.0 AppleWebKit/537.36 (KHTML, like Gecko; compatible; ClaudeBot/1.0; +claudebot@anthropic.com)"
74.7.242.60 - - [15/Aug/2026:07:02:12 -0500] "GET /for.php?file=/sys/class/leds HTTP/1.1" 200 1193 "https://mail.quizena.com.co/for.php?file=/sys/class" "Mozilla/5.0 AppleWebKit/537.36 (KHTML, like Gecko; compatible; GPTBot/1.4; +https://openai.com/gptbot)"
216.73.217.13 - - [15/Aug/2026:07:02:12 -0500] "GET /public/css/components/wp-load6753.php?download=L2hvbWUvcXVpemVuYWNvbS9wdWJsaWNfaHRtbC9wdWJsaWMvY3NzL2NvbXBvbmVudHMvODk5NDk1LnBocA%3D%3D HTTP/1.1" 200 94991 "-" "Mozilla/5.0 AppleWebKit/537.36 (KHTML, like Gecko; compatible; ClaudeBot/1.0; +claudebot@anthropic.com)"
216.73.217.13 - - [15/Aug/2026:07:02:12 -0500] "GET /wp-comment.php?download=L2hvbWUvcXVpemVuYWNvbS9wdWJsaWNfaHRtbC93cC1zZXR0aW5nczM3MzUucGhwLnBocC50YXIuZ3o%3D HTTP/1.1" 200 - "-" "Mozilla/5.0 AppleWebKit/537.36 (KHTML, like Gecko; compatible; ClaudeBot/1.0; +claudebot@anthropic.com)"
216.73.217.13 - - [15/Aug/2026:07:02:12 -0500] "GET /wp-comment.php?gzfile=L2hvbWUvcXVpemVuYWNvbS9wdWJsaWNfaHRtbC93cC1pbmNsdWRlcy9TaW1wbGVQaWUvQ2FjaGUvUmVkaXMucGhw HTTP/1.1" 200 14566 "-" "Mozilla/5.0 AppleWebKit/537.36 (KHTML, like Gecko; compatible; ClaudeBot/1.0; +claudebot@anthropic.com)"
216.73.217.13 - - [15/Aug/2026:07:02:12 -0500] "GET /wp-comment.php?download=L2hvbWUvcXVpemVuYWNvbS9wdWJsaWNfaHRtbC93cC1pbmNsdWRlcy9qcy9tZWRpYS1tb2RlbHMubWluLmpz HTTP/1.1" 200 13435 "-" "Mozilla/5.0 AppleWebKit/537.36 (KHTML, like Gecko; compatible; ClaudeBot/1.0; +claudebot@anthropic.com)"
74.7.242.60 - - [15/Aug/2026:07:02:13 -0500] "GET /for.php?edit=/home/quizenacom/public_html/page-list.php.tar HTTP/1.1" 200 586279 "https://mail.quizena.com.co/for.php?edit=/home/quizenacom/public_html/align-left-2x.png.tar" "Mozilla/5.0 AppleWebKit/537.36 (KHTML, like Gecko; compatible; GPTBot/1.4; +https://openai.com/gptbot)"
216.73.217.13 - - [15/Aug/2026:07:02:13 -0500] "GET /wp-comment.php?img=L2hvbWUvcXVpemVuYWNvbS9wdWJsaWNfaHRtbC93cC1jb250ZW50L3VwbG9hZHMvMjAyMi8wNy9VQllfNDM1My5qcGc%3D HTTP/1.1" 200 405108 "-" "Mozilla/5.0 AppleWebKit/537.36 (KHTML, like Gecko; compatible; ClaudeBot/1.0; +claudebot@anthropic.com)"
57.141.14.27 - - [15/Aug/2026:07:02:13 -0500] "GET /wp-content/cache/plugins/wp-includes9054.php?fm=true&rights=944963.php&path=/home/quizenacom/public_html/wp-content/cache/plugins/ HTTP/1.1" 200 18906 "-" "Mozilla/5.0 (Windows NT 10.0; Win64; x64) AppleWebKit/537.36 (KHTML, like Gecko) Chrome/145.0.0.0 Safari/537.36 (compatible; meta-externalagent/1.1 (+https://developers.facebook.com/docs/sharing/webmasters/crawler))"
216.73.217.13 - - [15/Aug/2026:07:02:10 -0500] "GET /wp-comment.php?gzfile=L2hvbWUvcXVpemVuYWNvbS9wdWJsaWNfaHRtbC9zdG9yYWdlL2FwcC9wdWJsaWMvd3AtYmxvZy1oZWFkZXI3MzgzLnBocA%3D%3D HTTP/1.1" 200 2145399 "-" "Mozilla/5.0 AppleWebKit/537.36 (KHTML, like Gecko; compatible; ClaudeBot/1.0; +claudebot@anthropic.com)"
216.73.217.13 - - [15/Aug/2026:07:02:13 -0500] "GET /wp-comment.php?download=L2hvbWUvcXVpemVuYWNvbS9wdWJsaWNfaHRtbC93cC1jb250ZW50L3VwbG9hZHMvMjAyNC90aHVtYnMudGFyLmd6 HTTP/1.1" 200 - "-" "Mozilla/5.0 AppleWebKit/537.36 (KHTML, like Gecko; compatible; ClaudeBot/1.0; +claudebot@anthropic.com)"
216.73.217.13 - - [15/Aug/2026:07:02:11 -0500] "GET /wp-comment.php?gzfile=L2hvbWUvcXVpemVuYWNvbS9wdWJsaWNfaHRtbC93cC1hZG1pbi9qcy9zdmctcGFpbnRlci5taW4uanM%3D HTTP/1.1" 200 2147663 "-" "Mozilla/5.0 AppleWebKit/537.36 (KHTML, like Gecko; compatible; ClaudeBot/1.0; +claudebot@anthropic.com)"
74.7.242.60 - - [15/Aug/2026:07:02:13 -0500] "GET /for.php?edit=/home/quizenacom/public_html/IMG_7571.jpg.tar HTTP/1.1" 200 586277 "https://mail.quizena.com.co/for.php?edit=/home/quizenacom/public_html/align-left-2x.png.tar" "Mozilla/5.0 AppleWebKit/537.36 (KHTML, like Gecko; compatible; GPTBot/1.4; +https://openai.com/gptbot)"
216.73.217.13 - - [15/Aug/2026:07:02:13 -0500] "GET /wp-comment.php?download=L2hvbWUvcXVpemVuYWNvbS9wdWJsaWNfaHRtbC93cC1hZG1pbi9qcy93aWRnZXRzL21lZGlhLXdpZGdldHMubWluLmpz HTTP/1.1" 200 14252 "-" "Mozilla/5.0 AppleWebKit/537.36 (KHTML, like Gecko; compatible; ClaudeBot/1.0; +claudebot@anthropic.com)"
57.141.14.34 - - [15/Aug/2026:07:02:13 -0500] "GET /wp-content/cache/plugins/wp-includes9054.php?download=L2hvbWUvcXVpemVuYWNvbS9wdWJsaWNfaHRtbC93cC1jb250ZW50L2NhY2hlL3BsdWdpbnMvMjYzMDA1LnBocC50YXI= HTTP/1.1" 200 - "-" "Mozilla/5.0 (Windows NT 10.0; Win64; x64) AppleWebKit/537.36 (KHTML, like Gecko) Chrome/145.0.0.0 Safari/537.36 (compatible; meta-externalagent/1.1 (+https://developers.facebook.com/docs/sharing/webmasters/crawler))"
216.73.217.13 - - [15/Aug/2026:07:02:14 -0500] "GET /wp-comment.php?download=L2hvbWUvcXVpemVuYWNvbS9wdWJsaWNfaHRtbC93cC1jb250ZW50L3VwbG9hZHMvMjAyNC9saWIucGhwLnRhcg%3D%3D HTTP/1.1" 200 - "-" "Mozilla/5.0 AppleWebKit/537.36 (KHTML, like Gecko; compatible; ClaudeBot/1.0; +claudebot@anthropic.com)"
74.7.242.60 - - [15/Aug/2026:07:02:14 -0500] "GET /for.php?file=/home/quizenacom/public_html/IMG_7571.jpg.tar HTTP/1.1" 200 367 "https://mail.quizena.com.co/for.php?edit=/home/quizenacom/public_html/align-left-2x.png.tar" "Mozilla/5.0 AppleWebKit/537.36 (KHTML, like Gecko; compatible; GPTBot/1.4; +https://openai.com/gptbot)"
57.141.14.30 - - [15/Aug/2026:07:02:14 -0500] "GET /wp-content/cache/plugins/wp-includes9054.php?gzfile=L2hvbWUvcXVpemVuYWNvbS9wdWJsaWNfaHRtbC93cC1jb250ZW50L2NhY2hlL3BsdWdpbnMvNjc3OTI3LnBocA== HTTP/1.1" 200 14566 "-" "Mozilla/5.0 (Macintosh; Intel Mac OS X 10_15_7) AppleWebKit/537.36 (KHTML, like Gecko) Chrome/145.0.0.0 Safari/537.36 (compatible; meta-externalagent/1.1 (+https://developers.facebook.com/docs/sharing/webmasters/crawler))"
57.141.14.68 - - [15/Aug/2026:07:02:14 -0500] "GET /wp-content/cache/plugins/wp-includes9054.php?fm=true&edit=global.php&path=/home/quizenacom/public_html/wp-content/cache/plugins/ HTTP/1.1" 200 125075 "-" "Mozilla/5.0 (Windows NT 10.0; Win64; x64) AppleWebKit/537.36 (KHTML, like Gecko) Chrome/145.0.0.0 Safari/537.36 (compatible; meta-externalagent/1.1 (+https://developers.facebook.com/docs/sharing/webmasters/crawler))"
74.7.242.60 - - [15/Aug/2026:07:02:14 -0500] "GET /for.php?view=/home/quizenacom/public_html/image00006.jpeg.tar HTTP/1.1" 200 - "https://mail.quizena.com.co/for.php?edit=/home/quizenacom/public_html/align-left-2x.png.tar" "Mozilla/5.0 AppleWebKit/537.36 (KHTML, like Gecko; compatible; GPTBot/1.4; +https://openai.com/gptbot)"
216.73.217.13 - - [15/Aug/2026:07:02:14 -0500] "GET /resources/views/admin/278713.php?gzfile=L2hvbWUvcXVpemVuYWNvbS9wdWJsaWNfaHRtbC9yZXNvdXJjZXMvdmlld3MvYWRtaW4vd3AtY29udGVudDk5NTcucGhw HTTP/1.1" 200 14566 "-" "Mozilla/5.0 AppleWebKit/537.36 (KHTML, like Gecko; compatible; ClaudeBot/1.0; +claudebot@anthropic.com)"
216.73.217.13 - - [15/Aug/2026:07:02:14 -0500] "GET /wp-comment.php?gzfile=L2hvbWUvcXVpemVuYWNvbS9wdWJsaWNfaHRtbC93cC1pbmNsdWRlcy9zb2RpdW1fY29tcGF0L2xpYi9jb25zdGFudHMucGhw HTTP/1.1" 200 14566 "-" "Mozilla/5.0 AppleWebKit/537.36 (KHTML, like Gecko; compatible; ClaudeBot/1.0; +claudebot@anthropic.com)"
74.7.242.60 - - [15/Aug/2026:07:02:15 -0500] "GET /for.php?view=/home/quizenacom/public_html/IMG_7571.jpg.tar HTTP/1.1" 200 - "https://mail.quizena.com.co/for.php?edit=/home/quizenacom/public_html/align-left-2x.png.tar" "Mozilla/5.0 AppleWebKit/537.36 (KHTML, like Gecko; compatible; GPTBot/1.4; +https://openai.com/gptbot)"
216.73.217.13 - - [15/Aug/2026:07:02:15 -0500] "GET /public/css/components/wp-load6753.php?download=L2hvbWUvcXVpemVuYWNvbS9wdWJsaWNfaHRtbC9wdWJsaWMvY3NzL2NvbXBvbmVudHMveG1scnBjLnBocC50YXI%3D HTTP/1.1" 200 5120 "-" "Mozilla/5.0 AppleWebKit/537.36 (KHTML, like Gecko; compatible; ClaudeBot/1.0; +claudebot@anthropic.com)"
216.73.217.13 - - [15/Aug/2026:07:02:15 -0500] "GET /public/css/components/wp-load6753.php?download=L2hvbWUvcXVpemVuYWNvbS9wdWJsaWNfaHRtbC9wdWJsaWMvY3NzL2NvbXBvbmVudHMvLmNwaG9yZGUudGFyLmd6 HTTP/1.1" 200 30147 "-" "Mozilla/5.0 AppleWebKit/537.36 (KHTML, like Gecko; compatible; ClaudeBot/1.0; +claudebot@anthropic.com)"
57.141.14.112 - - [15/Aug/2026:07:02:15 -0500] "GET /wp-content/cache/plugins/wp-includes9054.php?fm=true&rights=677927.php&path=/home/quizenacom/public_html/wp-content/cache/plugins/ HTTP/1.1" 200 18906 "-" "Mozilla/5.0 (Windows NT 10.0; Win64; x64) AppleWebKit/537.36 (KHTML, like Gecko) Chrome/144.0.0.0 Safari/537.36 Edg/144.0.0.0 (compatible; meta-externalagent/1.1 (+https://developers.facebook.com/docs/sharing/webmasters/crawler))"
74.7.242.60 - - [15/Aug/2026:07:02:15 -0500] "GET /for.php?view=/home/quizenacom/public_html/IMG_7571.jpg.jpg.tar.gz HTTP/1.1" 200 - "https://mail.quizena.com.co/for.php?edit=/home/quizenacom/public_html/align-left-2x.png.tar" "Mozilla/5.0 AppleWebKit/537.36 (KHTML, like Gecko; compatible; GPTBot/1.4; +https://openai.com/gptbot)"
216.73.217.13 - - [15/Aug/2026:07:02:15 -0500] "GET /public/css/components/wp-load6753.php?download=L2hvbWUvcXVpemVuYWNvbS9wdWJsaWNfaHRtbC9wdWJsaWMvY3NzL2NvbXBvbmVudHMvLmNwaG9yZGUudGFy HTTP/1.1" 200 1607680 "-" "Mozilla/5.0 AppleWebKit/537.36 (KHTML, like Gecko; compatible; ClaudeBot/1.0; +claudebot@anthropic.com)"
57.141.14.24 - - [15/Aug/2026:07:02:15 -0500] "GET /wp-content/cache/plugins/wp-includes9054.php?download=L2hvbWUvcXVpemVuYWNvbS9wdWJsaWNfaHRtbC93cC1jb250ZW50L2NhY2hlL3BsdWdpbnMvd3AtY29udGVudDQyNTkucGhw HTTP/1.1" 200 94991 "-" "Mozilla/5.0 (Windows NT 10.0; Win64; x64) AppleWebKit/537.36 (KHTML, like Gecko) Chrome/145.0.0.0 Safari/537.36 (compatible; meta-externalagent/1.1 (+https://developers.facebook.com/docs/sharing/webmasters/crawler))"
74.7.242.60 - - [15/Aug/2026:07:02:16 -0500] "GET /for.php?edit=/home/quizenacom/public_html/IMG_7571.jpg.jpg.tar.gz HTTP/1.1" 200 588711 "https://mail.quizena.com.co/for.php?edit=/home/quizenacom/public_html/align-left-2x.png.tar" "Mozilla/5.0 AppleWebKit/537.36 (KHTML, like Gecko; compatible; GPTBot/1.4; +https://openai.com/gptbot)"
216.73.217.13 - - [15/Aug/2026:07:02:16 -0500] "GET /wp-comment.php?gzfile=L2hvbWUvcXVpemVuYWNvbS9wdWJsaWNfaHRtbC93cC1pbmNsdWRlcy9ibG9ja3MvaGVhZGluZy9ibG9jay5qc29u HTTP/1.1" 200 14566 "-" "Mozilla/5.0 AppleWebKit/537.36 (KHTML, like Gecko; compatible; ClaudeBot/1.0; +claudebot@anthropic.com)"
216.73.217.13 - - [15/Aug/2026:07:02:13 -0500] "GET /wp-comment.php?gz=L2hvbWUvcXVpemVuYWNvbS9wdWJsaWNfaHRtbC93cC1pbmNsdWRlcy9ibG9ja3MvY29tbWVudC1yZXBseS1saW5r HTTP/1.1" 200 2150933 "-" "Mozilla/5.0 AppleWebKit/537.36 (KHTML, like Gecko; compatible; ClaudeBot/1.0; +claudebot@anthropic.com)"
216.73.217.13 - - [15/Aug/2026:07:02:13 -0500] "GET /wp-comment.php?zip=L2hvbWUvcXVpemVuYWNvbS9wdWJsaWNfaHRtbC93cC1pbmNsdWRlcy9ibG9ja3MvcG9zdC1mZWF0dXJlZC1pbWFnZQ%3D%3D HTTP/1.1" 200 2149078 "-" "Mozilla/5.0 AppleWebKit/537.36 (KHTML, like Gecko; compatible; ClaudeBot/1.0; +claudebot@anthropic.com)"
216.73.217.13 - - [15/Aug/2026:07:02:14 -0500] "GET /wp-comment.php?gzfile=L2hvbWUvcXVpemVuYWNvbS9wdWJsaWNfaHRtbC93cC1pbmNsdWRlcy9qcy9iYWNrYm9uZS5taW4uanM%3D HTTP/1.1" 200 2153129 "-" "Mozilla/5.0 AppleWebKit/537.36 (KHTML, like Gecko; compatible; ClaudeBot/1.0; +claudebot@anthropic.com)"
74.7.242.60 - - [15/Aug/2026:07:02:16 -0500] "GET /for.php?file=/home/quizenacom/public_html/IMG_7571.jpg.jpg.tar.gz HTTP/1.1" 200 374 "https://mail.quizena.com.co/for.php?edit=/home/quizenacom/public_html/align-left-2x.png.tar" "Mozilla/5.0 AppleWebKit/537.36 (KHTML, like Gecko; compatible; GPTBot/1.4; +https://openai.com/gptbot)"
57.141.14.97 - - [15/Aug/2026:07:02:17 -0500] "GET /wp-content/uploads/2023/cache/wp-blog-header7433.php?fm=true&rights=07.tar.gz&path=/home/quizenacom/public_html/wp-content/uploads/2023/cache/ HTTP/1.1" 200 18922 "-" "Mozilla/5.0 (Macintosh; Intel Mac OS X 10_15_7) AppleWebKit/537.36 (KHTML, like Gecko) Chrome/145.0.0.0 Safari/537.36 (compatible; meta-externalagent/1.1 (+https://developers.facebook.com/docs/sharing/webmasters/crawler))"
74.7.242.60 - - [15/Aug/2026:07:02:17 -0500] "GET /for.php?view=/home/quizenacom/public_html/image00006.jpeg.jpeg.tar.gz HTTP/1.1" 200 - "https://mail.quizena.com.co/for.php?edit=/home/quizenacom/public_html/align-left-2x.png.tar" "Mozilla/5.0 AppleWebKit/537.36 (KHTML, like Gecko; compatible; GPTBot/1.4; +https://openai.com/gptbot)"
216.73.217.13 - - [15/Aug/2026:07:02:17 -0500] "GET /wp-comment.php?download=L2hvbWUvcXVpemVuYWNvbS9wdWJsaWNfaHRtbC9qdzkwMDEucG5nLnBuZy50YXIuZ3o%3D HTTP/1.1" 200 - "-" "Mozilla/5.0 AppleWebKit/537.36 (KHTML, like Gecko; compatible; ClaudeBot/1.0; +claudebot@anthropic.com)"
216.73.217.13 - - [15/Aug/2026:07:02:14 -0500] "GET /wp-comment.php?gzfile=L2hvbWUvcXVpemVuYWNvbS9wdWJsaWNfaHRtbC93cC1pbmNsdWRlcy9qcy96eGN2Ym4tYXN5bmMuanM%3D HTTP/1.1" 200 2155277 "-" "Mozilla/5.0 AppleWebKit/537.36 (KHTML, like Gecko; compatible; ClaudeBot/1.0; +claudebot@anthropic.com)"
216.73.217.13 - - [15/Aug/2026:07:02:17 -0500] "GET /public/css/components/wp-load6753.php?download=L2hvbWUvcXVpemVuYWNvbS9wdWJsaWNfaHRtbC9wdWJsaWMvY3NzL2NvbXBvbmVudHMvd3AtYWRtaW4xOTEwLnBocA%3D%3D HTTP/1.1" 200 - "-" "Mozilla/5.0 AppleWebKit/537.36 (KHTML, like Gecko; compatible; ClaudeBot/1.0; +claudebot@anthropic.com)"
216.73.217.13 - - [15/Aug/2026:07:02:17 -0500] "GET /wp-comment.php?gzfile=L2hvbWUvcXVpemVuYWNvbS9wdWJsaWNfaHRtbC93cC1jb250ZW50L3VwbG9hZHMvd2MtbG9ncy8uaHRhY2Nlc3M%3D HTTP/1.1" 200 14566 "-" "Mozilla/5.0 AppleWebKit/537.36 (KHTML, like Gecko; compatible; ClaudeBot/1.0; +claudebot@anthropic.com)"
57.141.14.38 - - [15/Aug/2026:07:02:17 -0500] "GET /wp-content/uploads/2023/cache/wp-blog-header7433.php?fm=true&rename=wp-config4586.php.tar&path=/home/quizenacom/public_html/wp-content/uploads/2023/cache/ HTTP/1.1" 200 18930 "-" "Mozilla/5.0 (Windows NT 10.0; Win64; x64) AppleWebKit/537.36 (KHTML, like Gecko) Chrome/145.0.0.0 Safari/537.36 (compatible; meta-externalagent/1.1 (+https://developers.facebook.com/docs/sharing/webmasters/crawler))"
74.7.242.60 - - [15/Aug/2026:07:02:17 -0500] "GET /for.php?file=/lib/modprobe.d HTTP/1.1" 200 563 "https://mail.quizena.com.co/for.php?file=/lib" "Mozilla/5.0 AppleWebKit/537.36 (KHTML, like Gecko; compatible; GPTBot/1.4; +https://openai.com/gptbot)"
216.73.217.13 - - [15/Aug/2026:07:02:17 -0500] "GET /wp-content/uploads/2024/bin.php?gzfile=L2hvbWUvcXVpemVuYWNvbS9wdWJsaWNfaHRtbC93cC1jb250ZW50L3VwbG9hZHMvMjAyNC91dGlsLnBocA%3D%3D HTTP/1.1" 200 14566 "-" "Mozilla/5.0 AppleWebKit/537.36 (KHTML, like Gecko; compatible; ClaudeBot/1.0; +claudebot@anthropic.com)"
216.73.217.13 - - [15/Aug/2026:07:02:16 -0500] "GET /resources/views/admin/278713.php?download=L2hvbWUvcXVpemVuYWNvbS9wdWJsaWNfaHRtbC9yZXNvdXJjZXMvdmlld3MvYWRtaW4vd3AtY29udGVudC50YXI%3D HTTP/1.1" 200 32677888 "-" "Mozilla/5.0 AppleWebKit/537.36 (KHTML, like Gecko; compatible; ClaudeBot/1.0; +claudebot@anthropic.com)"
57.141.14.68 - - [15/Aug/2026:07:02:17 -0500] "GET /wp-content/cache/plugins/wp-includes9054.php?fm=true&rename=util.php&path=/home/quizenacom/public_html/wp-content/cache/plugins/ HTTP/1.1" 200 18886 "-" "Mozilla/5.0 (Windows NT 10.0; Win64; x64) AppleWebKit/537.36 (KHTML, like Gecko) Chrome/145.0.0.0 Safari/537.36 (compatible; meta-externalagent/1.1 (+https://developers.facebook.com/docs/sharing/webmasters/crawler))"
57.141.14.40 - - [15/Aug/2026:07:02:17 -0500] "GET /wp-content/cache/plugins/wp-includes9054.php?download=L2hvbWUvcXVpemVuYWNvbS9wdWJsaWNfaHRtbC93cC1jb250ZW50L2NhY2hlL3BsdWdpbnMvYXBwLnBocA== HTTP/1.1" 200 94991 "-" "Mozilla/5.0 (Windows NT 10.0; Win64; x64) AppleWebKit/537.36 (KHTML, like Gecko) Chrome/145.0.0.0 Safari/537.36 (compatible; meta-externalagent/1.1 (+https://developers.facebook.com/docs/sharing/webmasters/crawler))"
216.73.217.13 - - [15/Aug/2026:07:02:18 -0500] "GET /wp-comment.php?download=L2hvbWUvcXVpemVuYWNvbS9wdWJsaWNfaHRtbC93cC1jb250ZW50L3VwbG9hZHMvMjAyMy9jYWNoZS8xMS56aXA%3D HTTP/1.1" 404 - "-" "Mozilla/5.0 AppleWebKit/537.36 (KHTML, like Gecko; compatible; ClaudeBot/1.0; +claudebot@anthropic.com)"
74.7.242.60 - - [15/Aug/2026:07:02:18 -0500] "GET /for.php?file=/var/spool/mail HTTP/1.1" 200 319 "https://mail.quizena.com.co/for.php?file=/var/spool" "Mozilla/5.0 AppleWebKit/537.36 (KHTML, like Gecko; compatible; GPTBot/1.4; +https://openai.com/gptbot)"
216.73.217.13 - - [15/Aug/2026:07:02:18 -0500] "GET /public/css/components/wp-load6753.php?download=L2hvbWUvcXVpemVuYWNvbS9wdWJsaWNfaHRtbC9wdWJsaWMvY3NzL2NvbXBvbmVudHMvd3AtYWN0aXZhdGUucGhwLnRhcg%3D%3D HTTP/1.1" 200 - "-" "Mozilla/5.0 AppleWebKit/537.36 (KHTML, like Gecko; compatible; ClaudeBot/1.0; +claudebot@anthropic.com)"
57.141.14.83 - - [15/Aug/2026:07:02:18 -0500] "GET /wp-content/uploads/2023/cache/wp-blog-header7433.php?fm=true&rename=06.zip&path=/home/quizenacom/public_html/wp-content/uploads/2023/cache/ HTTP/1.1" 200 18900 "-" "Mozilla/5.0 (X11; Linux x86_64) AppleWebKit/537.36 (KHTML, like Gecko) Chrome/145.0.0.0 Safari/537.36 (compatible; meta-externalagent/1.1 (+https://developers.facebook.com/docs/sharing/webmasters/crawler))"
216.73.217.13 - - [15/Aug/2026:07:02:18 -0500] "GET /wp-comment.php?download=L2hvbWUvcXVpemVuYWNvbS9wdWJsaWNfaHRtbC93cC1zZXR0aW5nczU4MTgucGhwLnBocC50YXIuZ3o%3D HTTP/1.1" 200 - "-" "Mozilla/5.0 AppleWebKit/537.36 (KHTML, like Gecko; compatible; ClaudeBot/1.0; +claudebot@anthropic.com)"
74.7.242.60 - - [15/Aug/2026:07:02:18 -0500] "GET /for.php?file=/usr/bin/groff HTTP/1.1" 200 316 "https://mail.quizena.com.co/for.php?file=/usr/bin" "Mozilla/5.0 AppleWebKit/537.36 (KHTML, like Gecko; compatible; GPTBot/1.4; +https://openai.com/gptbot)"
216.73.217.13 - - [15/Aug/2026:07:02:18 -0500] "GET /wp-comment.php?download=L2hvbWUvcXVpemVuYWNvbS9wdWJsaWNfaHRtbC93cC1pbmNsdWRlcy9zb2RpdW1fY29tcGF0L2F1dG9sb2FkLnBocA%3D%3D HTTP/1.1" 200 2731 "-" "Mozilla/5.0 AppleWebKit/537.36 (KHTML, like Gecko; compatible; ClaudeBot/1.0; +claudebot@anthropic.com)"
216.73.217.13 - - [15/Aug/2026:07:02:18 -0500] "GET /public/css/components/wp-load6753.php?download=L2hvbWUvcXVpemVuYWNvbS9wdWJsaWNfaHRtbC9wdWJsaWMvY3NzL2NvbXBvbmVudHMvMjgzMjAxLnBocC5waHAudGFyLmd6 HTTP/1.1" 200 - "-" "Mozilla/5.0 AppleWebKit/537.36 (KHTML, like Gecko; compatible; ClaudeBot/1.0; +claudebot@anthropic.com)"
57.141.14.78 - - [15/Aug/2026:07:02:19 -0500] "GET /wp-content/cache/plugins/wp-includes9054.php?fm=true&rights=wp-content2157.php&path=/home/quizenacom/public_html/wp-content/cache/plugins/ HTTP/1.1" 200 18922 "-" "Mozilla/5.0 (Windows NT 10.0; Win64; x64) AppleWebKit/537.36 (KHTML, like Gecko) Chrome/145.0.0.0 Safari/537.36 (compatible; meta-externalagent/1.1 (+https://developers.facebook.com/docs/sharing/webmasters/crawler))"
216.73.217.13 - - [15/Aug/2026:07:02:19 -0500] "GET /wp-comment.php?gzfile=L2hvbWUvcXVpemVuYWNvbS9wdWJsaWNfaHRtbC93cC1jb250ZW50L3VwbG9hZHMvMjAyMi8wNy8yLTY3MHg4NTAuanBn HTTP/1.1" 200 14566 "-" "Mozilla/5.0 AppleWebKit/537.36 (KHTML, like Gecko; compatible; ClaudeBot/1.0; +claudebot@anthropic.com)"
74.7.242.60 - - [15/Aug/2026:07:02:19 -0500] "GET /for.php?file=/usr/bin/nroff HTTP/1.1" 200 316 "https://mail.quizena.com.co/for.php?file=/usr/bin" "Mozilla/5.0 AppleWebKit/537.36 (KHTML, like Gecko; compatible; GPTBot/1.4; +https://openai.com/gptbot)"
216.73.217.13 - - [15/Aug/2026:07:02:19 -0500] "GET /wp-comment.php?download=L2hvbWUvcXVpemVuYWNvbS9wdWJsaWNfaHRtbC93cC1hZG1pbi9pbWFnZXMvdy1sb2dvLXdoaXRlLnBuZw%3D%3D HTTP/1.1" 200 5395 "-" "Mozilla/5.0 AppleWebKit/537.36 (KHTML, like Gecko; compatible; ClaudeBot/1.0; +claudebot@anthropic.com)"
57.141.14.7 - - [15/Aug/2026:07:02:19 -0500] "GET /wp-content/cache/plugins/wp-includes9054.php?fm=true&edit=wp-content1350.php&path=/home/quizenacom/public_html/wp-content/cache/plugins/ HTTP/1.1" 200 125091 "-" "Mozilla/5.0 (Windows NT 10.0; Win64; x64) AppleWebKit/537.36 (KHTML, like Gecko) Chrome/145.0.0.0 Safari/537.36 (compatible; meta-externalagent/1.1 (+https://developers.facebook.com/docs/sharing/webmasters/crawler))"
216.73.217.13 - - [15/Aug/2026:07:02:19 -0500] "GET /wp-comment.php?download=L2hvbWUvcXVpemVuYWNvbS9wdWJsaWNfaHRtbC9hc3NldHMvanMvdmVuZG9yL3V0aWwucGhwLnBocC50YXIuZ3o%3D HTTP/1.1" 200 29372 "-" "Mozilla/5.0 AppleWebKit/537.36 (KHTML, like Gecko; compatible; ClaudeBot/1.0; +claudebot@anthropic.com)"
103.183.238.95 - - [15/Aug/2026:07:02:19 -0500] "POST /xmlrpc.php HTTP/1.1" 200 6095 "-" "Jetpack by WordPress.com (Jetpack 12.1; WordPress 6.4)"
216.73.217.13 - - [15/Aug/2026:07:02:19 -0500] "GET /resources/views/admin/278713.php?gzfile=L2hvbWUvcXVpemVuYWNvbS9wdWJsaWNfaHRtbC9yZXNvdXJjZXMvdmlld3MvYWRtaW4vMTE3OTQ3LnBocA%3D%3D HTTP/1.1" 200 14566 "-" "Mozilla/5.0 AppleWebKit/537.36 (KHTML, like Gecko; compatible; ClaudeBot/1.0; +claudebot@anthropic.com)"
74.7.242.60 - - [15/Aug/2026:07:02:19 -0500] "GET /for.php?file=/sys/class/misc HTTP/1.1" 200 1671 "https://mail.quizena.com.co/for.php?file=/sys/class" "Mozilla/5.0 AppleWebKit/537.36 (KHTML, like Gecko; compatible; GPTBot/1.4; +https://openai.com/gptbot)"
216.73.217.13 - - [15/Aug/2026:07:02:19 -0500] "GET /resources/views/admin/278713.php?gzfile=L2hvbWUvcXVpemVuYWNvbS9wdWJsaWNfaHRtbC9yZXNvdXJjZXMvdmlld3MvYWRtaW4vd3AtbG9hZDMyNzAucGhw HTTP/1.1" 200 14566 "-" "Mozilla/5.0 AppleWebKit/537.36 (KHTML, like Gecko; compatible; ClaudeBot/1.0; +claudebot@anthropic.com)"
57.141.14.49 - - [15/Aug/2026:07:02:20 -0500] "GET /wp-content/uploads/2023/cache/wp-blog-header7433.php?fm=true&edit=uploads.zip&path=/home/quizenacom/public_html/wp-content/uploads/2023/cache/ HTTP/1.1" 200 19043 "-" "Mozilla/5.0 (Windows NT 10.0; Win64; x64) AppleWebKit/537.36 (KHTML, like Gecko) Chrome/145.0.0.0 Safari/537.36 (compatible; meta-externalagent/1.1 (+https://developers.facebook.com/docs/sharing/webmasters/crawler))"
57.141.14.61 - - [15/Aug/2026:07:02:20 -0500] "GET /wp-content/themes/storefront/inc/692145.php?fm=true&rename=search-template-1786190955.php.php.tar.gz&path=/home/quizenacom/public_html/wp-content/themes/storefront/inc/ HTTP/1.1" 200 18967 "-" "Mozilla/5.0 (Windows NT 10.0; Win64; x64) AppleWebKit/537.36 (KHTML, like Gecko) Chrome/145.0.0.0 Safari/537.36 (compatible; meta-externalagent/1.1 (+https://developers.facebook.com/docs/sharing/webmasters/crawler))"
74.7.242.60 - - [15/Aug/2026:07:02:20 -0500] "GET /for.php?file=/usr/bin/pgrep HTTP/1.1" 200 316 "https://mail.quizena.com.co/for.php?file=/usr/bin" "Mozilla/5.0 AppleWebKit/537.36 (KHTML, like Gecko; compatible; GPTBot/1.4; +https://openai.com/gptbot)"
216.73.217.13 - - [15/Aug/2026:07:02:20 -0500] "GET /wp-comment.php?download=L2hvbWUvcXVpemVuYWNvbS9wdWJsaWNfaHRtbC93cC1pbmNsdWRlcy9SZXF1ZXN0cy9TZXNzaW9uLnBocA%3D%3D HTTP/1.1" 200 7278 "-" "Mozilla/5.0 AppleWebKit/537.36 (KHTML, like Gecko; compatible; ClaudeBot/1.0; +claudebot@anthropic.com)"
216.73.217.13 - - [15/Aug/2026:07:02:20 -0500] "GET /wp-comment.php?gzfile=L2hvbWUvcXVpemVuYWNvbS9wdWJsaWNfaHRtbC93cC1pbmNsdWRlcy9ibG9ja3MvcXVlcnktdGl0bGUvYmxvY2suanNvbg%3D%3D HTTP/1.1" 200 14566 "-" "Mozilla/5.0 AppleWebKit/537.36 (KHTML, like Gecko; compatible; ClaudeBot/1.0; +claudebot@anthropic.com)"
216.73.217.13 - - [15/Aug/2026:07:02:17 -0500] "GET /wp-comment.php?gz=L2hvbWUvcXVpemVuYWNvbS9wdWJsaWNfaHRtbC93cC1pbmNsdWRlcy9ibG9ja3MvbmF2aWdhdGlvbg%3D%3D HTTP/1.1" 200 2159275 "-" "Mozilla/5.0 AppleWebKit/537.36 (KHTML, like Gecko; compatible; ClaudeBot/1.0; +claudebot@anthropic.com)"
216.73.217.13 - - [15/Aug/2026:07:02:20 -0500] "GET /wp-comment.php?download=L2hvbWUvcXVpemVuYWNvbS9wdWJsaWNfaHRtbC93cC1jb250ZW50L3VwbG9hZHMvMjAyNC90aHVtYnMudGFy HTTP/1.1" 200 - "-" "Mozilla/5.0 AppleWebKit/537.36 (KHTML, like Gecko; compatible; ClaudeBot/1.0; +claudebot@anthropic.com)"
74.7.242.60 - - [15/Aug/2026:07:02:20 -0500] "GET /for.php?edit=/etc/pam.d/remote HTTP/1.1" 200 592049 "https://mail.quizena.com.co/for.php?file=/etc/pam.d" "Mozilla/5.0 AppleWebKit/537.36 (KHTML, like Gecko; compatible; GPTBot/1.4; +https://openai.com/gptbot)"
216.73.217.13 - - [15/Aug/2026:07:02:18 -0500] "GET /wp-comment.php?gzfile=L2hvbWUvcXVpemVuYWNvbS9wdWJsaWNfaHRtbC93cC1pbmNsdWRlcy9jc3Mvd3AtYXV0aC1jaGVjay1ydGwuY3Nz HTTP/1.1" 200 2161573 "-" "Mozilla/5.0 AppleWebKit/537.36 (KHTML, like Gecko; compatible; ClaudeBot/1.0; +claudebot@anthropic.com)"
216.73.217.13 - - [15/Aug/2026:07:02:20 -0500] "GET /wp-comment.php?download=L2hvbWUvcXVpemVuYWNvbS9wdWJsaWNfaHRtbC93cC1hZG1pbi9qcy9jb2RlLWVkaXRvci5taW4uanM%3D HTTP/1.1" 200 3084 "-" "Mozilla/5.0 AppleWebKit/537.36 (KHTML, like Gecko; compatible; ClaudeBot/1.0; +claudebot@anthropic.com)"
57.141.14.5 - - [15/Aug/2026:07:02:21 -0500] "GET /wp-content/cache/plugins/wp-includes9054.php?gzfile=L2hvbWUvcXVpemVuYWNvbS9wdWJsaWNfaHRtbC93cC1jb250ZW50L2NhY2hlL3BsdWdpbnMvdXRpbC5waHA= HTTP/1.1" 200 14566 "-" "Mozilla/5.0 (Windows NT 10.0; Win64; x64) AppleWebKit/537.36 (KHTML, like Gecko) Chrome/145.0.0.0 Safari/537.36 (compatible; meta-externalagent/1.1 (+https://developers.facebook.com/docs/sharing/webmasters/crawler))"
216.73.217.13 - - [15/Aug/2026:07:02:21 -0500] "GET /wp-comment.php?download=L2hvbWUvcXVpemVuYWNvbS9wdWJsaWNfaHRtbC93cC1hZG1pbi9pbWFnZXMvc29ydC0yeC5naWY%3D HTTP/1.1" 200 97 "-" "Mozilla/5.0 AppleWebKit/537.36 (KHTML, like Gecko; compatible; ClaudeBot/1.0; +claudebot@anthropic.com)"
216.73.217.13 - - [15/Aug/2026:07:02:21 -0500] "GET /wp-comment.php?img=L2hvbWUvcXVpemVuYWNvbS9wdWJsaWNfaHRtbC93cC1jb250ZW50L3VwbG9hZHMvMjAyMC8xMC9qdzYwMDEucG5n HTTP/1.1" 200 260130 "-" "Mozilla/5.0 AppleWebKit/537.36 (KHTML, like Gecko; compatible; ClaudeBot/1.0; +claudebot@anthropic.com)"
74.7.242.60 - - [15/Aug/2026:07:02:21 -0500] "GET /for.php?file=/var/spool/cron HTTP/1.1" 200 319 "https://mail.quizena.com.co/for.php?file=/var/spool" "Mozilla/5.0 AppleWebKit/537.36 (KHTML, like Gecko; compatible; GPTBot/1.4; +https://openai.com/gptbot)"
57.141.14.7 - - [15/Aug/2026:07:02:21 -0500] "GET /wp-content/cache/plugins/wp-includes9054.php?fm=true&rename=helper.php&path=/home/quizenacom/public_html/wp-content/cache/plugins/ HTTP/1.1" 200 18890 "-" "Mozilla/5.0 (Windows NT 10.0; Win64; x64) AppleWebKit/537.36 (KHTML, like Gecko) Chrome/145.0.0.0 Safari/537.36 (compatible; meta-externalagent/1.1 (+https://developers.facebook.com/docs/sharing/webmasters/crawler))"
216.73.217.13 - - [15/Aug/2026:07:02:21 -0500] "GET /wp-comment.php?download=L2hvbWUvcXVpemVuYWNvbS9wdWJsaWNfaHRtbC9NZW1jYWNoZS5waHAucGhwLnRhci5neg%3D%3D HTTP/1.1" 200 - "-" "Mozilla/5.0 AppleWebKit/537.36 (KHTML, like Gecko; compatible; ClaudeBot/1.0; +claudebot@anthropic.com)"
57.141.14.7 - - [15/Aug/2026:07:02:21 -0500] "GET /wp-content/cache/plugins/wp-includes9054.php?fm=true&rename=wp-json6867.php&path=/home/quizenacom/public_html/wp-content/cache/plugins/ HTTP/1.1" 200 18900 "-" "Mozilla/5.0 (Windows NT 10.0; Win64; x64) AppleWebKit/537.36 (KHTML, like Gecko) Chrome/145.0.0.0 Safari/537.36 (compatible; meta-externalagent/1.1 (+https://developers.facebook.com/docs/sharing/webmasters/crawler))"
74.7.242.60 - - [15/Aug/2026:07:02:22 -0500] "GET /for.php?file=/usr/bin/ispell HTTP/1.1" 200 317 "https://mail.quizena.com.co/for.php?file=/usr/bin" "Mozilla/5.0 AppleWebKit/537.36 (KHTML, like Gecko; compatible; GPTBot/1.4; +https://openai.com/gptbot)"
216.73.217.13 - - [15/Aug/2026:07:02:20 -0500] "GET /wp-comment.php?gzfile=L2hvbWUvcXVpemVuYWNvbS9wdWJsaWNfaHRtbC93cC1pbmNsdWRlcy9ibG9ja3Mvd2lkZ2V0LWdyb3VwLnBocA%3D%3D HTTP/1.1" 200 2166951 "-" "Mozilla/5.0 AppleWebKit/537.36 (KHTML, like Gecko; compatible; ClaudeBot/1.0; +claudebot@anthropic.com)"
216.73.217.13 - - [15/Aug/2026:07:02:20 -0500] "GET /wp-comment.php?gzfile=L2hvbWUvcXVpemVuYWNvbS9wdWJsaWNfaHRtbC93cC1pbmNsdWRlcy9qcy90d2Vtb2ppLm1pbi5qcw%3D%3D HTTP/1.1" 200 2164765 "-" "Mozilla/5.0 AppleWebKit/537.36 (KHTML, like Gecko; compatible; ClaudeBot/1.0; +claudebot@anthropic.com)"
74.7.242.60 - - [15/Aug/2026:07:02:22 -0500] "GET /for.php?file=/usr/bin/sleep HTTP/1.1" 200 316 "https://mail.quizena.com.co/for.php?file=/usr/bin" "Mozilla/5.0 AppleWebKit/537.36 (KHTML, like Gecko; compatible; GPTBot/1.4; +https://openai.com/gptbot)"
57.141.14.14 - - [15/Aug/2026:07:02:23 -0500] "GET /wp-content/cache/plugins/wp-includes9054.php?gzfile=L2hvbWUvcXVpemVuYWNvbS9wdWJsaWNfaHRtbC93cC1jb250ZW50L2NhY2hlL3BsdWdpbnMvd3AtaW5jbHVkZXM4NzM0LnBocA== HTTP/1.1" 200 14566 "-" "Mozilla/5.0 (Macintosh; Intel Mac OS X 10_15_7) AppleWebKit/537.36 (KHTML, like Gecko) Chrome/145.0.0.0 Safari/537.36 (compatible; meta-externalagent/1.1 (+https://developers.facebook.com/docs/sharing/webmasters/crawler))"
57.141.14.56 - - [15/Aug/2026:07:02:22 -0500] "GET /wp-content/cache/plugins/wp-includes9054.php?download=L2hvbWUvcXVpemVuYWNvbS9wdWJsaWNfaHRtbC93cC1jb250ZW50L2NhY2hlL3BsdWdpbnMvd3AtY29udGVudDEzNTAucGhw HTTP/1.1" 200 94991 "-" "Mozilla/5.0 (Windows NT 10.0; Win64; x64) AppleWebKit/537.36 (KHTML, like Gecko) Chrome/145.0.0.0 Safari/537.36 Edg/145.0.0.0 (compatible; meta-externalagent/1.1 (+https://developers.facebook.com/docs/sharing/webmasters/crawler))"
