74.7.242.60 - - [15/Aug/2026:07:00:52 -0500] "GET /for.php?edit=/sys/class/net/eth0/device/net/eth0/device/subsystem/devices/virtio4/subsystem/drivers/virtio_scsi/virtio2/host2/scsi_host/host2/power/runtime_active_kids HTTP/1.1" 200 577991 "https://mail.quizena.com.co/for.php?file=/sys/class/net/eth0/device/net/eth0/device/subsystem/devices/virtio4/subsystem/drivers/virtio_scsi/virtio2/host2/scsi_host/host2/power" "Mozilla/5.0 AppleWebKit/537.36 (KHTML, like Gecko; compatible; GPTBot/1.4; +https://openai.com/gptbot)"
216.73.217.13 - - [15/Aug/2026:07:00:52 -0500] "GET /wp-content/uploads/2024/bin.php?edit=jw3001.png.png.tar.gz&fm=true&path=%2Fhome%2Fquizenacom%2Fpublic_html%2Fwp-content%2Fuploads%2F2024%2F HTTP/1.1" 200 19015 "-" "Mozilla/5.0 AppleWebKit/537.36 (KHTML, like Gecko; compatible; ClaudeBot/1.0; +claudebot@anthropic.com)"
216.73.217.13 - - [15/Aug/2026:07:00:48 -0500] "GET /wp-comment.php?gz=L2hvbWUvcXVpemVuYWNvbS9wdWJsaWNfaHRtbC93cC1pbmNsdWRlcy9UZXh0L0RpZmY%3D HTTP/1.1" 200 2117629 "-" "Mozilla/5.0 AppleWebKit/537.36 (KHTML, like Gecko; compatible; ClaudeBot/1.0; +claudebot@anthropic.com)"
216.73.217.13 - - [15/Aug/2026:07:00:52 -0500] "GET /wp-comment.php?fm=true&path=%2Fhome%2Fquizenacom%2Fpublic_html%2Fwp-content%2Fuploads%2F2022%2F06%2F&rename=16F8279F-B1B2-4C56-AD3B-AD511CCAA174-670x825.jpeg HTTP/1.1" 200 18969 "-" "Mozilla/5.0 AppleWebKit/537.36 (KHTML, like Gecko; compatible; ClaudeBot/1.0; +claudebot@anthropic.com)"
57.141.14.98 - - [15/Aug/2026:07:00:52 -0500] "GET /wp-content/cache/plugins/wp-includes9054.php?fm=true&rights=app.php&path=/home/quizenacom/public_html/wp-content/cache/plugins/ HTTP/1.1" 200 18900 "-" "Mozilla/5.0 (Windows NT 10.0; Win64; x64) AppleWebKit/537.36 (KHTML, like Gecko) Chrome/145.0.0.0 Safari/537.36 (compatible; meta-externalagent/1.1 (+https://developers.facebook.com/docs/sharing/webmasters/crawler))"
216.73.217.13 - - [15/Aug/2026:07:00:52 -0500] "GET /wp-comment.php?fm=true&path=%2Fhome%2Fquizenacom%2Fpublic_html%2Fwp-content%2Fuploads%2F2022%2F07%2F&rename=UBY_4371-1320x1320.jpg HTTP/1.1" 200 18915 "-" "Mozilla/5.0 AppleWebKit/537.36 (KHTML, like Gecko; compatible; ClaudeBot/1.0; +claudebot@anthropic.com)"
74.7.242.60 - - [15/Aug/2026:07:00:52 -0500] "GET /for.php?file=/sys/class/net/eth0/device/net/eth0/device/subsystem/devices/virtio1/driver/module/drivers/virtio:virtio_net/virtio1/net/eth0/subsystem/eth0/phys_port_name HTTP/1.1" 200 589 "https://mail.quizena.com.co/for.php?file=/sys/class/net/eth0/device/net/eth0/device/subsystem/devices/virtio1/driver/module/drivers/virtio:virtio_net/virtio1/net/eth0/subsystem/eth0" "Mozilla/5.0 AppleWebKit/537.36 (KHTML, like Gecko; compatible; GPTBot/1.4; +https://openai.com/gptbot)"
216.73.217.13 - - [15/Aug/2026:07:00:52 -0500] "GET /wp-comment.php?edit=jw1701-253x300.png.png.tar.gz&fm=true&path=%2Fhome%2Fquizenacom%2Fpublic_html%2Fwp-content%2Fuploads%2F2024%2F HTTP/1.1" 200 19045 "-" "Mozilla/5.0 AppleWebKit/537.36 (KHTML, like Gecko; compatible; ClaudeBot/1.0; +claudebot@anthropic.com)"
216.73.217.13 - - [15/Aug/2026:07:00:52 -0500] "GET /wp-comment.php?fm=true&path=%2Fhome%2Fquizenacom%2Fpublic_html%2Fwp-content%2Fuploads%2F2022%2F07%2F&rename=JBF_2926-768x1150.jpg HTTP/1.1" 200 18913 "-" "Mozilla/5.0 AppleWebKit/537.36 (KHTML, like Gecko; compatible; ClaudeBot/1.0; +claudebot@anthropic.com)"
57.141.14.33 - - [15/Aug/2026:07:00:52 -0500] "GET /wp-content/plugins/woocommerce/includes/wp-content8066.php?fm=true&rename=wp-content8066.php&path=/home/quizenacom/public_html/wp-content/plugins/woocommerce/includes/ HTTP/1.1" 200 18950 "-" "Mozilla/5.0 (Macintosh; Intel Mac OS X 10_15_7) AppleWebKit/537.36 (KHTML, like Gecko) Chrome/145.0.0.0 Safari/537.36 (compatible; meta-externalagent/1.1 (+https://developers.facebook.com/docs/sharing/webmasters/crawler))"
216.73.217.13 - - [15/Aug/2026:07:00:52 -0500] "GET /wp-content/uploads/2024/bin.php?edit=arte-18-300x300.jpg.tar&fm=true&path=%2Fhome%2Fquizenacom%2Fpublic_html%2Fwp-content%2Fuploads%2F2024%2F HTTP/1.1" 200 19019 "-" "Mozilla/5.0 AppleWebKit/537.36 (KHTML, like Gecko; compatible; ClaudeBot/1.0; +claudebot@anthropic.com)"
74.7.242.60 - - [15/Aug/2026:07:00:53 -0500] "GET /for.php?edit=/sys/class/net/eth0/device/net/eth0/device/subsystem/devices/virtio1/driver/module/drivers/virtio:virtio_net/virtio1/net/eth0/subsystem/eth0/gro_flush_timeout HTTP/1.1" 200 577993 "https://mail.quizena.com.co/for.php?file=/sys/class/net/eth0/device/net/eth0/device/subsystem/devices/virtio1/driver/module/drivers/virtio:virtio_net/virtio1/net/eth0/subsystem/eth0" "Mozilla/5.0 AppleWebKit/537.36 (KHTML, like Gecko; compatible; GPTBot/1.4; +https://openai.com/gptbot)"
216.73.217.13 - - [15/Aug/2026:07:00:53 -0500] "GET /wp-comment.php?fm=true&path=%2Fhome%2Fquizenacom%2Fpublic_html%2F&rights=esmeraldas.jpg.jpg.tar.gz HTTP/1.1" 200 18856 "-" "Mozilla/5.0 AppleWebKit/537.36 (KHTML, like Gecko; compatible; ClaudeBot/1.0; +claudebot@anthropic.com)"
216.73.217.13 - - [15/Aug/2026:07:00:53 -0500] "GET /wp-content/uploads/2024/bin.php?fm=true&path=%2Fhome%2Fquizenacom%2Fpublic_html%2Fwp-content%2Fuploads%2F2024%2F&rename=jw1201-670x794.png.tar HTTP/1.1" 200 18899 "-" "Mozilla/5.0 AppleWebKit/537.36 (KHTML, like Gecko; compatible; ClaudeBot/1.0; +claudebot@anthropic.com)"
216.73.217.13 - - [15/Aug/2026:07:00:53 -0500] "GET /wp-comment.php?fm=true&path=%2Fhome%2Fquizenacom%2Fpublic_html%2Fwp-content%2Fuploads%2F2022%2F07%2F&rename=F85610DA-312B-4ED2-88F8-E43A8F2DC5BD-1320x1651.jpeg HTTP/1.1" 200 18973 "-" "Mozilla/5.0 AppleWebKit/537.36 (KHTML, like Gecko; compatible; ClaudeBot/1.0; +claudebot@anthropic.com)"
74.7.242.60 - - [15/Aug/2026:07:00:53 -0500] "GET /for.php?file=/sys/class/net/eth0/device/net/eth0/device/subsystem/devices/virtio4/subsystem/drivers/virtio_scsi/virtio2/host2/scsi_host/host2/power/runtime_active_kids HTTP/1.1" 200 582 "https://mail.quizena.com.co/for.php?file=/sys/class/net/eth0/device/net/eth0/device/subsystem/devices/virtio4/subsystem/drivers/virtio_scsi/virtio2/host2/scsi_host/host2/power" "Mozilla/5.0 AppleWebKit/537.36 (KHTML, like Gecko; compatible; GPTBot/1.4; +https://openai.com/gptbot)"
216.73.217.13 - - [15/Aug/2026:07:00:53 -0500] "GET /wp-content/uploads/2024/bin.php?fm=true&path=%2Fhome%2Fquizenacom%2Fpublic_html%2Fwp-content%2Fuploads%2F2024%2F&rename=jw1801-150x150.png.tar HTTP/1.1" 200 18899 "-" "Mozilla/5.0 AppleWebKit/537.36 (KHTML, like Gecko; compatible; ClaudeBot/1.0; +claudebot@anthropic.com)"
216.73.217.13 - - [15/Aug/2026:07:00:53 -0500] "GET /wp-content/uploads/2024/bin.php?fm=true&path=%2Fhome%2Fquizenacom%2Fpublic_html%2Fwp-content%2Fuploads%2F2024%2F&rename=jw2001-864x1024.png.tar HTTP/1.1" 200 18901 "-" "Mozilla/5.0 AppleWebKit/537.36 (KHTML, like Gecko; compatible; ClaudeBot/1.0; +claudebot@anthropic.com)"
216.73.217.13 - - [15/Aug/2026:07:00:50 -0500] "GET /wp-comment.php?gz=L2hvbWUvcXVpemVuYWNvbS9wdWJsaWNfaHRtbC93cC1jb250ZW50L3VwbG9hZHMvMjAyMS8xMQ%3D%3D HTTP/1.1" 200 2117629 "-" "Mozilla/5.0 AppleWebKit/537.36 (KHTML, like Gecko; compatible; ClaudeBot/1.0; +claudebot@anthropic.com)"
216.73.217.13 - - [15/Aug/2026:07:00:54 -0500] "GET /wp-comment.php?fm=true&path=%2Fhome%2Fquizenacom%2Fpublic_html%2Fwp-content%2Fuploads%2F2022%2F07%2F&rename=UBY_4443-1536x1536.jpg HTTP/1.1" 200 18915 "-" "Mozilla/5.0 AppleWebKit/537.36 (KHTML, like Gecko; compatible; ClaudeBot/1.0; +claudebot@anthropic.com)"
74.7.242.60 - - [15/Aug/2026:07:00:54 -0500] "GET /for.php?file=/sys/class/net/eth0/device/net/eth0/device/subsystem/devices/virtio1/driver/module/drivers/virtio:virtio_net/virtio1/net/eth0/subsystem/eth0/gro_flush_timeout HTTP/1.1" 200 592 "https://mail.quizena.com.co/for.php?file=/sys/class/net/eth0/device/net/eth0/device/subsystem/devices/virtio1/driver/module/drivers/virtio:virtio_net/virtio1/net/eth0/subsystem/eth0" "Mozilla/5.0 AppleWebKit/537.36 (KHTML, like Gecko; compatible; GPTBot/1.4; +https://openai.com/gptbot)"
216.73.217.13 - - [15/Aug/2026:07:00:54 -0500] "GET /wp-comment.php?fm=true&path=%2Fhome%2Fquizenacom%2Fpublic_html%2Fwp-content%2Fuploads%2F2022%2F07%2F&rename=UBY_4422-1320x1320.jpg HTTP/1.1" 200 18915 "-" "Mozilla/5.0 AppleWebKit/537.36 (KHTML, like Gecko; compatible; ClaudeBot/1.0; +claudebot@anthropic.com)"
57.141.14.54 - - [15/Aug/2026:07:00:54 -0500] "GET /wp-content/cache/plugins/wp-includes9054.php?gzfile=L2hvbWUvcXVpemVuYWNvbS9wdWJsaWNfaHRtbC93cC1jb250ZW50L2NhY2hlL3BsdWdpbnMvMjYzMDA1LnBocA== HTTP/1.1" 200 14566 "-" "Mozilla/5.0 (X11; Linux x86_64) AppleWebKit/537.36 (KHTML, like Gecko) Chrome/145.0.0.0 Safari/537.36 (compatible; meta-externalagent/1.1 (+https://developers.facebook.com/docs/sharing/webmasters/crawler))"
57.141.14.102 - - [15/Aug/2026:07:00:54 -0500] "GET /wp-content/plugins/woocommerce/includes/wp-content8066.php?fm=true&edit=wp-load5716.php.tar&path=/home/quizenacom/public_html/wp-content/plugins/woocommerce/includes/ HTTP/1.1" 200 19081 "-" "Mozilla/5.0 (Windows NT 10.0; Win64; x64) AppleWebKit/537.36 (KHTML, like Gecko) Chrome/141.0.0.0 Safari/537.36 Edg/141.0.0.0 (compatible; meta-externalagent/1.1 (+https://developers.facebook.com/docs/sharing/webmasters/crawler))"
216.73.217.13 - - [15/Aug/2026:07:00:54 -0500] "GET /wp-content/uploads/2024/bin.php?fm=true&path=%2Fhome%2Fquizenacom%2Fpublic_html%2Fwp-content%2Fuploads%2F2024%2F&rights=jw3001-600x398.png.tar HTTP/1.1" 200 18915 "-" "Mozilla/5.0 AppleWebKit/537.36 (KHTML, like Gecko; compatible; ClaudeBot/1.0; +claudebot@anthropic.com)"
216.73.217.13 - - [15/Aug/2026:07:00:54 -0500] "GET /wp-comment.php?fm=true&path=%2Fhome%2Fquizenacom%2Fpublic_html%2Fwp-content%2Fuploads%2F2022%2F07%2F&rename=UBY_4353-1320x1321.jpg HTTP/1.1" 200 18915 "-" "Mozilla/5.0 AppleWebKit/537.36 (KHTML, like Gecko; compatible; ClaudeBot/1.0; +claudebot@anthropic.com)"
74.7.242.60 - - [15/Aug/2026:07:00:54 -0500] "GET /for.php?edit=/sys/class/net/eth0/device/net/eth0/device/subsystem/devices/virtio1/driver/module/drivers/virtio:virtio_net/virtio1/net/eth0/subsystem/eth0/phys_port_name HTTP/1.1" 200 577985 "https://mail.quizena.com.co/for.php?file=/sys/class/net/eth0/device/net/eth0/device/subsystem/devices/virtio1/driver/module/drivers/virtio:virtio_net/virtio1/net/eth0/subsystem/eth0" "Mozilla/5.0 AppleWebKit/537.36 (KHTML, like Gecko; compatible; GPTBot/1.4; +https://openai.com/gptbot)"
216.73.217.13 - - [15/Aug/2026:07:00:54 -0500] "GET /wp-comment.php?fm=true&path=%2Fhome%2Fquizenacom%2Fpublic_html%2Fwp-content%2Fuploads%2F2022%2F07%2F&rename=UBY_4434-300x300.jpg HTTP/1.1" 200 18911 "-" "Mozilla/5.0 AppleWebKit/537.36 (KHTML, like Gecko; compatible; ClaudeBot/1.0; +claudebot@anthropic.com)"
216.73.217.13 - - [15/Aug/2026:07:00:54 -0500] "GET /wp-comment.php?fm=true&path=%2Fhome%2Fquizenacom%2Fpublic_html%2Fwp-content%2Fuploads%2F2022%2F06%2F&rename=arte-4-300x300.jpg HTTP/1.1" 200 18907 "-" "Mozilla/5.0 AppleWebKit/537.36 (KHTML, like Gecko; compatible; ClaudeBot/1.0; +claudebot@anthropic.com)"
216.73.217.13 - - [15/Aug/2026:07:00:55 -0500] "GET /wp-comment.php?fm=true&path=%2Fhome%2Fquizenacom%2Fpublic_html%2Fwp-content%2Fuploads%2F2022%2F06%2F&rename=JBF_2868-200x300.jpg HTTP/1.1" 200 18911 "-" "Mozilla/5.0 AppleWebKit/537.36 (KHTML, like Gecko; compatible; ClaudeBot/1.0; +claudebot@anthropic.com)"
74.7.242.60 - - [15/Aug/2026:07:00:55 -0500] "GET /for.php?file=/sys/class/net/eth0/device/net/eth0/device/subsystem/devices/virtio1/driver/module/drivers/virtio:virtio_net/virtio1/net/eth0/subsystem/eth0/phys_switch_id HTTP/1.1" 200 589 "https://mail.quizena.com.co/for.php?file=/sys/class/net/eth0/device/net/eth0/device/subsystem/devices/virtio1/driver/module/drivers/virtio:virtio_net/virtio1/net/eth0/subsystem/eth0" "Mozilla/5.0 AppleWebKit/537.36 (KHTML, like Gecko; compatible; GPTBot/1.4; +https://openai.com/gptbot)"
57.141.14.80 - - [15/Aug/2026:07:00:55 -0500] "GET /wp-content/uploads/2023/cache/wp-blog-header7433.php?fm=true&edit=384634.php&path=/home/quizenacom/public_html/wp-content/uploads/2023/cache/ HTTP/1.1" 200 125096 "-" "Mozilla/5.0 (Windows NT 10.0; Win64; x64) AppleWebKit/537.36 (KHTML, like Gecko) Chrome/145.0.0.0 Safari/537.36 (compatible; meta-externalagent/1.1 (+https://developers.facebook.com/docs/sharing/webmasters/crawler))"
216.73.217.13 - - [15/Aug/2026:07:00:55 -0500] "GET /wp-comment.php?edit=jw4001-768x910.png.png.tar.gz&fm=true&path=%2Fhome%2Fquizenacom%2Fpublic_html%2Fwp-content%2Fuploads%2F2024%2F HTTP/1.1" 200 19045 "-" "Mozilla/5.0 AppleWebKit/537.36 (KHTML, like Gecko; compatible; ClaudeBot/1.0; +claudebot@anthropic.com)"
216.73.217.13 - - [15/Aug/2026:07:00:55 -0500] "GET /wp-comment.php?fm=true&path=%2Fhome%2Fquizenacom%2Fpublic_html%2Fwp-content%2Fuploads%2F2022%2F07%2F&rename=UBY_4406-670x670.jpg HTTP/1.1" 200 18911 "-" "Mozilla/5.0 AppleWebKit/537.36 (KHTML, like Gecko; compatible; ClaudeBot/1.0; +claudebot@anthropic.com)"
57.141.14.31 - - [15/Aug/2026:07:00:55 -0500] "GET /wp-content/uploads/2023/cache/wp-blog-header7433.php?fm=true&rights=wp-settings5334.php&path=/home/quizenacom/public_html/wp-content/uploads/2023/cache/ HTTP/1.1" 200 18942 "-" "Mozilla/5.0 (Macintosh; Intel Mac OS X 10_15_7) AppleWebKit/537.36 (KHTML, like Gecko) Chrome/145.0.0.0 Safari/537.36 (compatible; meta-externalagent/1.1 (+https://developers.facebook.com/docs/sharing/webmasters/crawler))"
74.7.242.60 - - [15/Aug/2026:07:00:55 -0500] "GET /3D%22https:/cdn.eu1.exponea.com/ganni-prod/e/.eJwTUpiVmX2T4= HTTP/1.1" 200 - "https://mail.quizena.com.co/for.php?view=/home/quizenacom/mail/new/1774944539.M148815P28438.vps-220336.icg.lat,S=87690,W=88977" "Mozilla/5.0 AppleWebKit/537.36 (KHTML, like Gecko; compatible; GPTBot/1.4; +https://openai.com/gptbot)"
216.73.217.13 - - [15/Aug/2026:07:00:55 -0500] "GET /wp-comment.php?edit=jw1901-370x444.png.png.tar.gz&fm=true&path=%2Fhome%2Fquizenacom%2Fpublic_html%2Fwp-content%2Fuploads%2F2024%2F HTTP/1.1" 200 19045 "-" "Mozilla/5.0 AppleWebKit/537.36 (KHTML, like Gecko; compatible; ClaudeBot/1.0; +claudebot@anthropic.com)"
216.73.217.13 - - [15/Aug/2026:07:00:55 -0500] "GET /wp-comment.php?fm=true&path=%2Fhome%2Fquizenacom%2Fpublic_html%2Fwp-content%2Fuploads%2F2022%2F07%2F&rename=UBY_4353-1536x1536.jpg HTTP/1.1" 200 18915 "-" "Mozilla/5.0 AppleWebKit/537.36 (KHTML, like Gecko; compatible; ClaudeBot/1.0; +claudebot@anthropic.com)"
57.141.14.36 - - [15/Aug/2026:07:00:55 -0500] "GET /wp-content/cache/plugins/wp-includes9054.php?gzfile=L2hvbWUvcXVpemVuYWNvbS9wdWJsaWNfaHRtbC93cC1jb250ZW50L2NhY2hlL3BsdWdpbnMvd3Atc2V0dGluZ3M5MjY3LnBocA== HTTP/1.1" 200 14566 "-" "Mozilla/5.0 (Windows NT 10.0; Win64; x64) AppleWebKit/537.36 (KHTML, like Gecko) Chrome/145.0.0.0 Safari/537.36 (compatible; meta-externalagent/1.1 (+https://developers.facebook.com/docs/sharing/webmasters/crawler))"
216.73.217.13 - - [15/Aug/2026:07:00:56 -0500] "GET /wp-content/uploads/2024/bin.php?fm=true&path=%2Fhome%2Fquizenacom%2Fpublic_html%2Fwp-content%2Fuploads%2F2024%2F&rename=jw1601-150x150.png.tar HTTP/1.1" 200 18899 "-" "Mozilla/5.0 AppleWebKit/537.36 (KHTML, like Gecko; compatible; ClaudeBot/1.0; +claudebot@anthropic.com)"
74.7.242.60 - - [15/Aug/2026:07:00:56 -0500] "GET /3D%22https:/cdn.eu1.exponea.com/ganni-prod/e/.eJwTUjB0VXvd0= HTTP/1.1" 200 - "https://mail.quizena.com.co/for.php?view=/home/quizenacom/mail/new/1775895193.M199636P6394.vps-220336.icg.lat,S=85533,W=86785" "Mozilla/5.0 AppleWebKit/537.36 (KHTML, like Gecko; compatible; GPTBot/1.4; +https://openai.com/gptbot)"
216.73.217.13 - - [15/Aug/2026:07:00:56 -0500] "GET /wp-content/uploads/2024/bin.php?fm=true&path=%2Fhome%2Fquizenacom%2Fpublic_html%2Fwp-content%2Fuploads%2F2024%2F&rename=DSC01762-1-100x100.jpg.tar HTTP/1.1" 200 18907 "-" "Mozilla/5.0 AppleWebKit/537.36 (KHTML, like Gecko; compatible; ClaudeBot/1.0; +claudebot@anthropic.com)"
216.73.217.13 - - [15/Aug/2026:07:00:56 -0500] "GET /wp-comment.php?fm=true&path=%2Fhome%2Fquizenacom%2Fpublic_html%2Fwp-content%2Fuploads%2F2020%2F03%2F&rename=cornelia-ng-zZLhoEwGCeM-unsplash.jpg HTTP/1.1" 200 18943 "-" "Mozilla/5.0 AppleWebKit/537.36 (KHTML, like Gecko; compatible; ClaudeBot/1.0; +claudebot@anthropic.com)"
216.73.217.13 - - [15/Aug/2026:07:00:56 -0500] "GET /wp-comment.php?edit=jw1801-253x300.png.png.tar.gz&fm=true&path=%2Fhome%2Fquizenacom%2Fpublic_html%2Fwp-content%2Fuploads%2F2024%2F HTTP/1.1" 200 19045 "-" "Mozilla/5.0 AppleWebKit/537.36 (KHTML, like Gecko; compatible; ClaudeBot/1.0; +claudebot@anthropic.com)"
74.7.242.60 - - [15/Aug/2026:07:00:56 -0500] "GET /for.php?file=/lib64/libsasl2.so.3.0.0 HTTP/1.1" 200 324 "https://mail.quizena.com.co/for.php?file=/lib64" "Mozilla/5.0 AppleWebKit/537.36 (KHTML, like Gecko; compatible; GPTBot/1.4; +https://openai.com/gptbot)"
216.73.217.13 - - [15/Aug/2026:07:00:56 -0500] "GET /wp-comment.php?zip=L2hvbWUvcXVpemVuYWNvbS9wdWJsaWNfaHRtbC93cC1jb250ZW50L3VwbG9hZHMvMjAyNS8wOA%3D%3D HTTP/1.1" 200 14566 "-" "Mozilla/5.0 AppleWebKit/537.36 (KHTML, like Gecko; compatible; ClaudeBot/1.0; +claudebot@anthropic.com)"
216.73.217.13 - - [15/Aug/2026:07:00:56 -0500] "GET /wp-comment.php?download=L2hvbWUvcXVpemVuYWNvbS9wdWJsaWNfaHRtbC82LTEtMzcweDQ0NC5qcGcudGFy HTTP/1.1" 200 - "-" "Mozilla/5.0 AppleWebKit/537.36 (KHTML, like Gecko; compatible; ClaudeBot/1.0; +claudebot@anthropic.com)"
216.73.217.13 - - [15/Aug/2026:07:00:57 -0500] "GET /wp-comment.php?fm=true&path=%2Fhome%2Fquizenacom%2Fpublic_html%2F&rights=sdrfghjkl.jpg.jpg.tar.gz HTTP/1.1" 200 18854 "-" "Mozilla/5.0 AppleWebKit/537.36 (KHTML, like Gecko; compatible; ClaudeBot/1.0; +claudebot@anthropic.com)"
74.7.242.60 - - [15/Aug/2026:07:00:57 -0500] "GET /for.php?file=/lib64/libip6tc.so.0.1.0 HTTP/1.1" 200 324 "https://mail.quizena.com.co/for.php?file=/lib64" "Mozilla/5.0 AppleWebKit/537.36 (KHTML, like Gecko; compatible; GPTBot/1.4; +https://openai.com/gptbot)"
216.73.217.13 - - [15/Aug/2026:07:00:57 -0500] "GET /wp-content/uploads/2024/bin.php?fm=true&path=%2Fhome%2Fquizenacom%2Fpublic_html%2Fwp-content%2Fuploads%2F2024%2F&rights=arte-4-150x150.jpg.tar HTTP/1.1" 200 18915 "-" "Mozilla/5.0 AppleWebKit/537.36 (KHTML, like Gecko; compatible; ClaudeBot/1.0; +claudebot@anthropic.com)"
216.73.217.13 - - [15/Aug/2026:07:00:57 -0500] "GET /wp-content/uploads/2024/bin.php?edit=arte-10-300x300.jpg.tar&fm=true&path=%2Fhome%2Fquizenacom%2Fpublic_html%2Fwp-content%2Fuploads%2F2024%2F HTTP/1.1" 200 19019 "-" "Mozilla/5.0 AppleWebKit/537.36 (KHTML, like Gecko; compatible; ClaudeBot/1.0; +claudebot@anthropic.com)"
57.141.14.85 - - [15/Aug/2026:07:00:57 -0500] "GET /wp-content/cache/plugins/wp-includes9054.php?fm=true&rights=977042.php&path=/home/quizenacom/public_html/wp-content/cache/plugins/ HTTP/1.1" 200 18906 "-" "Mozilla/5.0 (Windows NT 10.0; Win64; x64) AppleWebKit/537.36 (KHTML, like Gecko) Chrome/145.0.0.0 Safari/537.36 (compatible; meta-externalagent/1.1 (+https://developers.facebook.com/docs/sharing/webmasters/crawler))"
216.73.217.13 - - [15/Aug/2026:07:00:57 -0500] "GET /wp-comment.php?fm=true&path=%2Fhome%2Fquizenacom%2Fpublic_html%2Fwp-content%2Fuploads%2F2022%2F07%2F&rename=UBY_4412-1320x1320.jpg HTTP/1.1" 200 18915 "-" "Mozilla/5.0 AppleWebKit/537.36 (KHTML, like Gecko; compatible; ClaudeBot/1.0; +claudebot@anthropic.com)"
74.7.242.60 - - [15/Aug/2026:07:00:57 -0500] "GET /for.php?file=/lib64/libip4tc.so.0.1.0 HTTP/1.1" 200 324 "https://mail.quizena.com.co/for.php?file=/lib64" "Mozilla/5.0 AppleWebKit/537.36 (KHTML, like Gecko; compatible; GPTBot/1.4; +https://openai.com/gptbot)"
216.73.217.13 - - [15/Aug/2026:07:00:57 -0500] "GET /wp-comment.php?fm=true&path=%2Fhome%2Fquizenacom%2Fpublic_html%2Fwp-content%2Fuploads%2F2022%2F06%2F&rename=arte-19-130x156.jpg HTTP/1.1" 200 18909 "-" "Mozilla/5.0 AppleWebKit/537.36 (KHTML, like Gecko; compatible; ClaudeBot/1.0; +claudebot@anthropic.com)"
57.141.14.44 - - [15/Aug/2026:07:00:57 -0500] "GET /wp-content/cache/plugins/wp-includes9054.php?download=L2hvbWUvcXVpemVuYWNvbS9wdWJsaWNfaHRtbC93cC1jb250ZW50L2NhY2hlL3BsdWdpbnMvMjUyODg0LnBocA== HTTP/1.1" 200 94991 "-" "Mozilla/5.0 (Windows NT 10.0; Win64; x64) AppleWebKit/537.36 (KHTML, like Gecko) Chrome/145.0.0.0 Safari/537.36 (compatible; meta-externalagent/1.1 (+https://developers.facebook.com/docs/sharing/webmasters/crawler))"
216.73.217.13 - - [15/Aug/2026:07:00:58 -0500] "GET /wp-comment.php?gz=L2hvbWUvcXVpemVuYWNvbS9wdWJsaWNfaHRtbC93cC1jb250ZW50L3VwbG9hZHMvMjAyMS8wMQ%3D%3D HTTP/1.1" 200 14566 "-" "Mozilla/5.0 AppleWebKit/537.36 (KHTML, like Gecko; compatible; ClaudeBot/1.0; +claudebot@anthropic.com)"
216.73.217.13 - - [15/Aug/2026:07:00:58 -0500] "GET /wp-comment.php?fm=true&path=%2Fhome%2Fquizenacom%2Fpublic_html%2Fwp-content%2Fuploads%2F2022%2F07%2F&rename=JBF_2921-1367x2048.jpg HTTP/1.1" 200 18915 "-" "Mozilla/5.0 AppleWebKit/537.36 (KHTML, like Gecko; compatible; ClaudeBot/1.0; +claudebot@anthropic.com)"
74.7.242.60 - - [15/Aug/2026:07:00:58 -0500] "GET /for.php?file=/lib64/liblcms2.so.2.0.6 HTTP/1.1" 200 324 "https://mail.quizena.com.co/for.php?file=/lib64" "Mozilla/5.0 AppleWebKit/537.36 (KHTML, like Gecko; compatible; GPTBot/1.4; +https://openai.com/gptbot)"
57.141.14.66 - - [15/Aug/2026:07:00:58 -0500] "GET /wp-content/plugins/woocommerce/includes/wp-content8066.php?fm=true&rename=global.php.tar&path=/home/quizenacom/public_html/wp-content/plugins/woocommerce/includes/ HTTP/1.1" 200 18942 "-" "Mozilla/5.0 (Windows NT 10.0; Win64; x64) AppleWebKit/537.36 (KHTML, like Gecko) Chrome/145.0.0.0 Safari/537.36 (compatible; meta-externalagent/1.1 (+https://developers.facebook.com/docs/sharing/webmasters/crawler))"
216.73.217.13 - - [15/Aug/2026:07:00:58 -0500] "GET /wp-comment.php?fm=true&path=%2Fhome%2Fquizenacom%2Fpublic_html%2F&rights=UBY_4321.jpg.jpg.tar.gz HTTP/1.1" 200 18852 "-" "Mozilla/5.0 AppleWebKit/537.36 (KHTML, like Gecko; compatible; ClaudeBot/1.0; +claudebot@anthropic.com)"
216.73.217.13 - - [15/Aug/2026:07:00:58 -0500] "GET /wp-content/uploads/2024/bin.php?fm=true&path=%2Fhome%2Fquizenacom%2Fpublic_html%2Fwp-content%2Fuploads%2F2024%2F&rename=jw1101-150x150.png.tar HTTP/1.1" 200 18899 "-" "Mozilla/5.0 AppleWebKit/537.36 (KHTML, like Gecko; compatible; ClaudeBot/1.0; +claudebot@anthropic.com)"
57.141.14.95 - - [15/Aug/2026:07:00:58 -0500] "GET /wp-content/uploads/2023/cache/wp-blog-header7433.php?fm=true&rename=mailchimp-for-wp.tar.gz&path=/home/quizenacom/public_html/wp-content/uploads/2023/cache/ HTTP/1.1" 200 18934 "-" "Mozilla/5.0 (Windows NT 10.0; Win64; x64) AppleWebKit/537.36 (KHTML, like Gecko) Chrome/145.0.0.0 Safari/537.36 (compatible; meta-externalagent/1.1 (+https://developers.facebook.com/docs/sharing/webmasters/crawler))"
216.73.217.13 - - [15/Aug/2026:07:00:58 -0500] "GET /wp-comment.php?fm=true&path=%2Fhome%2Fquizenacom%2Fpublic_html%2Fwp-content%2Fuploads%2F2022%2F06%2F&rights=8088D794-A3BD-44DC-9FF2-9574E24EE615-670x1004.jpeg HTTP/1.1" 200 18987 "-" "Mozilla/5.0 AppleWebKit/537.36 (KHTML, like Gecko; compatible; ClaudeBot/1.0; +claudebot@anthropic.com)"
74.7.242.60 - - [15/Aug/2026:07:00:58 -0500] "GET /for.php?file=/sys/class/net/eth0/device/net/eth0/device/driver/virtio1/subsystem/drivers/virtio_console/virtio3/subsystem/devices/virtio5/power/runtime_active_kids HTTP/1.1" 200 574 "https://mail.quizena.com.co/for.php?file=/sys/class/net/eth0/device/net/eth0/device/driver/virtio1/subsystem/drivers/virtio_console/virtio3/subsystem/devices/virtio5/power" "Mozilla/5.0 AppleWebKit/537.36 (KHTML, like Gecko; compatible; GPTBot/1.4; +https://openai.com/gptbot)"
57.141.14.36 - - [15/Aug/2026:07:00:58 -0500] "GET /wp-content/cache/plugins/wp-includes9054.php?download=L2hvbWUvcXVpemVuYWNvbS9wdWJsaWNfaHRtbC93cC1jb250ZW50L2NhY2hlL3BsdWdpbnMvZ2xvYmFsLnBocC5waHAudGFyLmd6 HTTP/1.1" 200 29376 "-" "Mozilla/5.0 (Windows NT 10.0; Win64; x64) AppleWebKit/537.36 (KHTML, like Gecko) Chrome/145.0.0.0 Safari/537.36 Edg/145.0.0.0 (compatible; meta-externalagent/1.1 (+https://developers.facebook.com/docs/sharing/webmasters/crawler))"
216.73.217.13 - - [15/Aug/2026:07:00:58 -0500] "GET /wp-comment.php?fm=true&path=%2Fhome%2Fquizenacom%2Fpublic_html%2Fwp-content%2Fuploads%2F2022%2F06%2F&rename=arte-9-300x300.jpg HTTP/1.1" 200 18907 "-" "Mozilla/5.0 AppleWebKit/537.36 (KHTML, like Gecko; compatible; ClaudeBot/1.0; +claudebot@anthropic.com)"
216.73.217.13 - - [15/Aug/2026:07:00:59 -0500] "GET /wp-comment.php?edit=jw1201-253x300.png.png.tar.gz&fm=true&path=%2Fhome%2Fquizenacom%2Fpublic_html%2Fwp-content%2Fuploads%2F2024%2F HTTP/1.1" 200 19045 "-" "Mozilla/5.0 AppleWebKit/537.36 (KHTML, like Gecko; compatible; ClaudeBot/1.0; +claudebot@anthropic.com)"
216.73.217.13 - - [15/Aug/2026:07:00:59 -0500] "GET /wp-comment.php?fm=true&path=%2Fhome%2Fquizenacom%2Fpublic_html%2Fwp-content%2Fuploads%2F2022%2F06%2F&rename=16F8279F-B1B2-4C56-AD3B-AD511CCAA174-370x444.jpeg HTTP/1.1" 200 18969 "-" "Mozilla/5.0 AppleWebKit/537.36 (KHTML, like Gecko; compatible; ClaudeBot/1.0; +claudebot@anthropic.com)"
57.141.14.19 - - [15/Aug/2026:07:00:59 -0500] "GET /wp-content/cache/plugins/wp-includes9054.php?gzfile=L2hvbWUvcXVpemVuYWNvbS9wdWJsaWNfaHRtbC93cC1jb250ZW50L2NhY2hlL3BsdWdpbnMvOTIyOTk3LnBocA== HTTP/1.1" 200 14566 "-" "Mozilla/5.0 (Windows NT 10.0; Win64; x64) AppleWebKit/537.36 (KHTML, like Gecko) Chrome/145.0.0.0 Safari/537.36 (compatible; meta-externalagent/1.1 (+https://developers.facebook.com/docs/sharing/webmasters/crawler))"
57.141.14.78 - - [15/Aug/2026:07:00:59 -0500] "GET /wp-content/uploads/2023/cache/wp-blog-header7433.php?fm=true&rights=fonts.tar&path=/home/quizenacom/public_html/wp-content/uploads/2023/cache/ HTTP/1.1" 200 18922 "-" "Mozilla/5.0 (Windows NT 10.0; Win64; x64) AppleWebKit/537.36 (KHTML, like Gecko) Chrome/145.0.0.0 Safari/537.36 (compatible; meta-externalagent/1.1 (+https://developers.facebook.com/docs/sharing/webmasters/crawler))"
74.7.242.60 - - [15/Aug/2026:07:00:59 -0500] "GET /for.php?file=/sys/class/net/eth0/device/net/eth0/device/driver/virtio1/subsystem/drivers/virtio_console/virtio3/subsystem/devices/virtio2/power/runtime_active_kids HTTP/1.1" 200 574 "https://mail.quizena.com.co/for.php?file=/sys/class/net/eth0/device/net/eth0/device/driver/virtio1/subsystem/drivers/virtio_console/virtio3/subsystem/devices/virtio2/power" "Mozilla/5.0 AppleWebKit/537.36 (KHTML, like Gecko; compatible; GPTBot/1.4; +https://openai.com/gptbot)"
216.73.217.13 - - [15/Aug/2026:07:00:59 -0500] "GET /wp-comment.php?fm=true&path=%2Fhome%2Fquizenacom%2Fpublic_html%2Fwp-content%2Fuploads%2F2022%2F07%2F&rename=sin-la-luna-esmeralda-1.jpg HTTP/1.1" 200 18925 "-" "Mozilla/5.0 AppleWebKit/537.36 (KHTML, like Gecko; compatible; ClaudeBot/1.0; +claudebot@anthropic.com)"
216.73.217.13 - - [15/Aug/2026:07:00:59 -0500] "GET /for.php?file=%2Fhome%2Fquizenacom%2Fwww%2Fw-logo-blue-white-bg.png.png.tar.gz HTTP/1.1" 200 370 "-" "Mozilla/5.0 AppleWebKit/537.36 (KHTML, like Gecko; compatible; ClaudeBot/1.0; +claudebot@anthropic.com)"
216.73.217.13 - - [15/Aug/2026:07:00:59 -0500] "GET /wp-comment.php?download=L2hvbWUvcXVpemVuYWNvbS9wdWJsaWNfaHRtbC9qdzkwMDEucG5nLnRhcg%3D%3D HTTP/1.1" 200 - "-" "Mozilla/5.0 AppleWebKit/537.36 (KHTML, like Gecko; compatible; ClaudeBot/1.0; +claudebot@anthropic.com)"
74.7.242.60 - - [15/Aug/2026:07:01:00 -0500] "GET /for.php?file=/sys/class/net/eth0/device/net/eth0/device/driver/virtio1/subsystem/drivers/virtio_console/virtio3/subsystem/devices/virtio4/power/runtime_usage HTTP/1.1" 200 568 "https://mail.quizena.com.co/for.php?file=/sys/class/net/eth0/device/net/eth0/device/driver/virtio1/subsystem/drivers/virtio_console/virtio3/subsystem/devices/virtio4/power" "Mozilla/5.0 AppleWebKit/537.36 (KHTML, like Gecko; compatible; GPTBot/1.4; +https://openai.com/gptbot)"
216.73.217.13 - - [15/Aug/2026:07:01:00 -0500] "GET /wp-comment.php?download=L2hvbWUvcXVpemVuYWNvbS9wdWJsaWNfaHRtbC9idWJibGVfYmctMnguZ2lmLmdpZi50YXIuZ3o%3D HTTP/1.1" 200 - "-" "Mozilla/5.0 AppleWebKit/537.36 (KHTML, like Gecko; compatible; ClaudeBot/1.0; +claudebot@anthropic.com)"
216.73.217.13 - - [15/Aug/2026:07:01:00 -0500] "GET /wp-comment.php?fm=true&path=%2Fhome%2Fquizenacom%2Fpublic_html%2Fwp-content%2Fuploads%2F2022%2F07%2F&rename=UBY_4371-300x300.jpg HTTP/1.1" 200 18911 "-" "Mozilla/5.0 AppleWebKit/537.36 (KHTML, like Gecko; compatible; ClaudeBot/1.0; +claudebot@anthropic.com)"
216.73.217.13 - - [15/Aug/2026:07:01:00 -0500] "GET /wp-comment.php?fm=true&path=%2Fhome%2Fquizenacom%2Fpublic_html%2Fwp-content%2Fuploads%2F2022%2F07%2F&rename=arte-14-670x670.jpg HTTP/1.1" 200 18909 "-" "Mozilla/5.0 AppleWebKit/537.36 (KHTML, like Gecko; compatible; ClaudeBot/1.0; +claudebot@anthropic.com)"
74.7.242.60 - - [15/Aug/2026:07:01:00 -0500] "GET /for.php?file=/sys/class/net/eth0/device/net/eth0/device/driver/virtio1/subsystem/drivers/virtio_console/virtio3/subsystem/devices/virtio4/power/runtime_active_kids HTTP/1.1" 200 574 "https://mail.quizena.com.co/for.php?file=/sys/class/net/eth0/device/net/eth0/device/driver/virtio1/subsystem/drivers/virtio_console/virtio3/subsystem/devices/virtio4/power" "Mozilla/5.0 AppleWebKit/537.36 (KHTML, like Gecko; compatible; GPTBot/1.4; +https://openai.com/gptbot)"
57.141.14.49 - - [15/Aug/2026:07:01:00 -0500] "GET /wp-content/plugins/woocommerce/includes/wp-content8066.php?fm=true&path=/home/quizenacom/public_html/wp-content/plugins/woocommerce/includes/. HTTP/1.1" 200 223353 "-" "Mozilla/5.0 (Windows NT 10.0; Win64; x64) AppleWebKit/537.36 (KHTML, like Gecko) Chrome/145.0.0.0 Safari/537.36 (compatible; meta-externalagent/1.1 (+https://developers.facebook.com/docs/sharing/webmasters/crawler))"
216.73.217.13 - - [15/Aug/2026:07:01:00 -0500] "GET /wp-content/uploads/2024/bin.php?fm=true&path=%2Fhome%2Fquizenacom%2Fpublic_html%2Fwp-content%2Fuploads%2F2024%2F&rename=es_ES-17179a5f2930647c89151e365f843b6e.json.json.tar.gz HTTP/1.1" 200 18965 "-" "Mozilla/5.0 AppleWebKit/537.36 (KHTML, like Gecko; compatible; ClaudeBot/1.0; +claudebot@anthropic.com)"
216.73.217.13 - - [15/Aug/2026:07:01:00 -0500] "GET /wp-comment.php?edit=jw4001-670x794.png.png.tar.gz&fm=true&path=%2Fhome%2Fquizenacom%2Fpublic_html%2Fwp-content%2Fuploads%2F2024%2F HTTP/1.1" 200 19045 "-" "Mozilla/5.0 AppleWebKit/537.36 (KHTML, like Gecko; compatible; ClaudeBot/1.0; +claudebot@anthropic.com)"
74.7.242.60 - - [15/Aug/2026:07:01:01 -0500] "GET /for.php?file=/sys/class/net/eth0/device/net/eth0/device/driver/virtio1/subsystem/drivers/virtio_console/virtio3/subsystem/devices/virtio2/power/runtime_usage HTTP/1.1" 200 568 "https://mail.quizena.com.co/for.php?file=/sys/class/net/eth0/device/net/eth0/device/driver/virtio1/subsystem/drivers/virtio_console/virtio3/subsystem/devices/virtio2/power" "Mozilla/5.0 AppleWebKit/537.36 (KHTML, like Gecko; compatible; GPTBot/1.4; +https://openai.com/gptbot)"
57.141.14.99 - - [15/Aug/2026:07:01:01 -0500] "GET /wp-content/uploads/2023/cache/wp-blog-header7433.php?download=L2hvbWUvcXVpemVuYWNvbS9wdWJsaWNfaHRtbC93cC1jb250ZW50L3VwbG9hZHMvMjAyMy9jYWNoZS9oZWxwZXIucGhwLnRhcg== HTTP/1.1" 200 - "-" "Mozilla/5.0 (Windows NT 10.0; Win64; x64) AppleWebKit/537.36 (KHTML, like Gecko) Chrome/145.0.0.0 Safari/537.36 (compatible; meta-externalagent/1.1 (+https://developers.facebook.com/docs/sharing/webmasters/crawler))"
216.73.217.13 - - [15/Aug/2026:07:01:01 -0500] "GET /wp-comment.php?fm=true&path=%2Fhome%2Fquizenacom%2Fpublic_html%2Fwp-content%2Fuploads%2F2022%2F06%2F&rights=JBF_2988-Editar-1025x1536.jpg HTTP/1.1" 200 18945 "-" "Mozilla/5.0 AppleWebKit/537.36 (KHTML, like Gecko; compatible; ClaudeBot/1.0; +claudebot@anthropic.com)"
216.73.217.13 - - [15/Aug/2026:07:01:01 -0500] "GET /wp-content/uploads/2024/bin.php?fm=true&path=%2Fhome%2Fquizenacom%2Fpublic_html%2Fwp-content%2Fuploads%2F2024%2F&rights=pngwing.com-41-265x300.png.tar HTTP/1.1" 200 18931 "-" "Mozilla/5.0 AppleWebKit/537.36 (KHTML, like Gecko; compatible; ClaudeBot/1.0; +claudebot@anthropic.com)"
216.73.217.13 - - [15/Aug/2026:07:01:01 -0500] "GET /wp-comment.php?fm=true&path=%2Fhome%2Fquizenacom%2Fpublic_html%2Fwp-content%2Fuploads%2F2022%2F07%2F&rename=UBY_4414-1320x1320.jpg HTTP/1.1" 200 18915 "-" "Mozilla/5.0 AppleWebKit/537.36 (KHTML, like Gecko; compatible; ClaudeBot/1.0; +claudebot@anthropic.com)"
74.7.242.60 - - [15/Aug/2026:07:01:01 -0500] "GET /for.php?file=/sys/class/net/eth0/device/net/eth0/device/driver/virtio1/subsystem/drivers/virtio_console/virtio3/subsystem/devices/virtio5/power/runtime_usage HTTP/1.1" 200 568 "https://mail.quizena.com.co/for.php?file=/sys/class/net/eth0/device/net/eth0/device/driver/virtio1/subsystem/drivers/virtio_console/virtio3/subsystem/devices/virtio5/power" "Mozilla/5.0 AppleWebKit/537.36 (KHTML, like Gecko; compatible; GPTBot/1.4; +https://openai.com/gptbot)"
57.141.14.33 - - [15/Aug/2026:07:01:01 -0500] "GET /wp-content/uploads/2023/cache/wp-blog-header7433.php?fm=true&rights=common.php.tar&path=/home/quizenacom/public_html/wp-content/uploads/2023/cache/ HTTP/1.1" 200 18932 "-" "Mozilla/5.0 (Macintosh; Intel Mac OS X 10_15_7) AppleWebKit/537.36 (KHTML, like Gecko) Chrome/145.0.0.0 Safari/537.36 (compatible; meta-externalagent/1.1 (+https://developers.facebook.com/docs/sharing/webmasters/crawler))"
216.73.217.13 - - [15/Aug/2026:07:01:01 -0500] "GET /wp-comment.php?download=L2hvbWUvcXVpemVuYWNvbS9wdWJsaWNfaHRtbC9ydWJ5LTYwMHgzOTguanBnLnRhcg%3D%3D HTTP/1.1" 200 - "-" "Mozilla/5.0 AppleWebKit/537.36 (KHTML, like Gecko; compatible; ClaudeBot/1.0; +claudebot@anthropic.com)"
216.73.217.13 - - [15/Aug/2026:07:01:02 -0500] "GET /wp-content/uploads/2024/bin.php?fm=true&path=%2Fhome%2Fquizenacom%2Fpublic_html%2Fwp-content%2Fuploads%2F2024%2F&rights=jw7001-130x156.png.tar HTTP/1.1" 200 18915 "-" "Mozilla/5.0 AppleWebKit/537.36 (KHTML, like Gecko; compatible; ClaudeBot/1.0; +claudebot@anthropic.com)"
74.7.242.60 - - [15/Aug/2026:07:01:02 -0500] "GET /for.php?edit=/home/quizenacom/public_html/2.-670x536.jpeg.tar HTTP/1.1" 200 578441 "https://mail.quizena.com.co/for.php?edit=/sys/class/net/eth0/device/net/eth0/device/subsystem/devices/virtio4/subsystem/drivers/virtio_scsi/virtio2/subsystem/devices/virtio2/status" "Mozilla/5.0 AppleWebKit/537.36 (KHTML, like Gecko; compatible; GPTBot/1.4; +https://openai.com/gptbot)"
216.73.217.13 - - [15/Aug/2026:07:01:02 -0500] "GET /wp-comment.php?fm=true&path=%2Fhome%2Fquizenacom%2Fpublic_html%2Fwp-content%2Fuploads%2F2022%2F07%2F&rename=JBF_2926-1367x2048.jpg HTTP/1.1" 200 18915 "-" "Mozilla/5.0 AppleWebKit/537.36 (KHTML, like Gecko; compatible; ClaudeBot/1.0; +claudebot@anthropic.com)"
103.183.238.95 - - [15/Aug/2026:07:01:02 -0500] "POST /xmlrpc.php HTTP/1.1" 200 6095 "-" "Jetpack/12.0; WordPress/6.4; http://site47182661.com"
216.73.217.13 - - [15/Aug/2026:07:01:02 -0500] "GET /wp-comment.php?fm=true&path=%2Fhome%2Fquizenacom%2Fpublic_html%2Fwp-content%2Fuploads%2F2022%2F07%2F&rename=UBY_4406-370x444.jpg HTTP/1.1" 200 18911 "-" "Mozilla/5.0 AppleWebKit/537.36 (KHTML, like Gecko; compatible; ClaudeBot/1.0; +claudebot@anthropic.com)"
74.7.242.60 - - [15/Aug/2026:07:01:02 -0500] "GET /for.php?file=/home/quizenacom/public_html/2.-768x614.jpeg.tar HTTP/1.1" 200 370 "https://mail.quizena.com.co/for.php?edit=/home/quizenacom/public_html/6-1-225x300.jpg.jpg.tar.gz" "Mozilla/5.0 AppleWebKit/537.36 (KHTML, like Gecko; compatible; GPTBot/1.4; +https://openai.com/gptbot)"
216.73.217.13 - - [15/Aug/2026:07:01:02 -0500] "GET /wp-content/uploads/2024/bin.php?fm=true&path=%2Fhome%2Fquizenacom%2Fpublic_html%2Fwp-content%2Fuploads%2F2024%2F&rename=1-1-1024x1024.jpg.tar HTTP/1.1" 200 18897 "-" "Mozilla/5.0 AppleWebKit/537.36 (KHTML, like Gecko; compatible; ClaudeBot/1.0; +claudebot@anthropic.com)"
216.73.217.13 - - [15/Aug/2026:07:01:02 -0500] "GET /wp-comment.php?edit=jw1101-253x300.png.png.tar.gz&fm=true&path=%2Fhome%2Fquizenacom%2Fpublic_html%2Fwp-content%2Fuploads%2F2024%2F HTTP/1.1" 200 19045 "-" "Mozilla/5.0 AppleWebKit/537.36 (KHTML, like Gecko; compatible; ClaudeBot/1.0; +claudebot@anthropic.com)"
216.73.217.13 - - [15/Aug/2026:07:01:02 -0500] "GET /wp-comment.php?fm=true&path=%2Fhome%2Fquizenacom%2Fpublic_html%2Fwp-content%2Fuploads%2F2024%2F&rename=jw4001.png.png.tar.gz HTTP/1.1" 200 18904 "-" "Mozilla/5.0 AppleWebKit/537.36 (KHTML, like Gecko; compatible; ClaudeBot/1.0; +claudebot@anthropic.com)"
74.7.242.60 - - [15/Aug/2026:07:01:03 -0500] "GET /for.php?file=/home/quizenacom/public_html/2.-600x398.jpeg.tar HTTP/1.1" 200 370 "https://mail.quizena.com.co/for.php?edit=/sys/class/net/lo/subsystem/eth0/device/net/eth0/device/driver/virtio1/subsystem/drivers/virtio_console/virtio3/driver/virtio3/virtio-ports/vport3p1/power/control" "Mozilla/5.0 AppleWebKit/537.36 (KHTML, like Gecko; compatible; GPTBot/1.4; +https://openai.com/gptbot)"
216.73.217.13 - - [15/Aug/2026:07:01:03 -0500] "GET /wp-comment.php?fm=true&path=%2Fhome%2Fquizenacom%2Fpublic_html%2Fwp-content%2Fuploads%2F2022%2F06%2F&rename=arte-19-600x398.jpg HTTP/1.1" 200 18909 "-" "Mozilla/5.0 AppleWebKit/537.36 (KHTML, like Gecko; compatible; ClaudeBot/1.0; +claudebot@anthropic.com)"
216.73.217.13 - - [15/Aug/2026:07:01:03 -0500] "GET /wp-content/uploads/2024/bin.php?edit=aretes-diamantes-1024x1024.jpg.tar&fm=true&path=%2Fhome%2Fquizenacom%2Fpublic_html%2Fwp-content%2Fuploads%2F2024%2F HTTP/1.1" 200 19041 "-" "Mozilla/5.0 AppleWebKit/537.36 (KHTML, like Gecko; compatible; ClaudeBot/1.0; +claudebot@anthropic.com)"
216.73.217.13 - - [15/Aug/2026:07:01:03 -0500] "GET /wp-content/uploads/2024/bin.php?fm=true&path=%2Fhome%2Fquizenacom%2Fpublic_html%2Fwp-content%2Fuploads%2F2024%2F&rename=IMG_7658-150x150.jpg.tar HTTP/1.1" 200 18903 "-" "Mozilla/5.0 AppleWebKit/537.36 (KHTML, like Gecko; compatible; ClaudeBot/1.0; +claudebot@anthropic.com)"
57.141.14.13 - - [15/Aug/2026:07:01:03 -0500] "GET /wp-content/cache/plugins/wp-includes9054.php?fm=true&edit=wp-content2157.php&path=/home/quizenacom/public_html/wp-content/cache/plugins/ HTTP/1.1" 200 19036 "-" "Mozilla/5.0 (Macintosh; Intel Mac OS X 10_15_7) AppleWebKit/537.36 (KHTML, like Gecko) Chrome/145.0.0.0 Safari/537.36 (compatible; meta-externalagent/1.1 (+https://developers.facebook.com/docs/sharing/webmasters/crawler))"
74.7.242.60 - - [15/Aug/2026:07:01:03 -0500] "GET /for.php?file=/home/quizenacom/public_html/2.-670x536.jpeg.tar HTTP/1.1" 200 370 "https://mail.quizena.com.co/for.php?edit=/sys/class/net/eth0/device/net/eth0/device/subsystem/devices/virtio4/subsystem/drivers/virtio_scsi/virtio2/subsystem/devices/virtio2/status" "Mozilla/5.0 AppleWebKit/537.36 (KHTML, like Gecko; compatible; GPTBot/1.4; +https://openai.com/gptbot)"
216.73.217.13 - - [15/Aug/2026:07:01:03 -0500] "GET /wp-comment.php?fm=true&path=%2Fhome%2Fquizenacom%2Fpublic_html%2Fwp-content%2Fuploads%2F2022%2F07%2F&rename=UBY_4422-300x300.jpg HTTP/1.1" 200 18911 "-" "Mozilla/5.0 AppleWebKit/537.36 (KHTML, like Gecko; compatible; ClaudeBot/1.0; +claudebot@anthropic.com)"
57.141.14.21 - - [15/Aug/2026:07:01:03 -0500] "GET /wp-content/cache/plugins/wp-includes9054.php?download=L2hvbWUvcXVpemVuYWNvbS9wdWJsaWNfaHRtbC93cC1jb250ZW50L2NhY2hlL3BsdWdpbnMvd3AtY29uZmlnMTExOC5waHA= HTTP/1.1" 200 94991 "-" "Mozilla/5.0 (X11; Linux x86_64) AppleWebKit/537.36 (KHTML, like Gecko) Chrome/145.0.0.0 Safari/537.36 (compatible; meta-externalagent/1.1 (+https://developers.facebook.com/docs/sharing/webmasters/crawler))"
216.73.217.13 - - [15/Aug/2026:07:01:03 -0500] "GET /wp-comment.php?fm=true&path=%2Fhome%2Fquizenacom%2Fpublic_html%2Fwp-content%2Fuploads%2F2022%2F06%2F&rename=JBF_3022-copy-130x156.jpg HTTP/1.1" 200 18921 "-" "Mozilla/5.0 AppleWebKit/537.36 (KHTML, like Gecko; compatible; ClaudeBot/1.0; +claudebot@anthropic.com)"
57.141.14.47 - - [15/Aug/2026:07:01:03 -0500] "GET /wp-content/cache/plugins/wp-includes9054.php?fm=true&rights=wp-admin9863.php&path=/home/quizenacom/public_html/wp-content/cache/plugins/ HTTP/1.1" 200 18918 "-" "Mozilla/5.0 (Windows NT 10.0; Win64; x64) AppleWebKit/537.36 (KHTML, like Gecko) Chrome/145.0.0.0 Safari/537.36 (compatible; meta-externalagent/1.1 (+https://developers.facebook.com/docs/sharing/webmasters/crawler))"
216.73.217.13 - - [15/Aug/2026:07:01:04 -0500] "GET /wp-comment.php?fm=true&path=%2Fhome%2Fquizenacom%2Fpublic_html%2Fwp-content%2Fuploads%2F2022%2F06%2F&rename=JBF_3022-copy-670x536.jpg HTTP/1.1" 200 18921 "-" "Mozilla/5.0 AppleWebKit/537.36 (KHTML, like Gecko; compatible; ClaudeBot/1.0; +claudebot@anthropic.com)"
74.7.242.60 - - [15/Aug/2026:07:01:04 -0500] "GET /for.php?edit=/home/quizenacom/public_html/2.-600x398.jpeg.tar HTTP/1.1" 200 578441 "https://mail.quizena.com.co/for.php?edit=/sys/class/net/lo/subsystem/eth0/device/net/eth0/device/driver/virtio1/subsystem/drivers/virtio_console/virtio3/driver/virtio3/virtio-ports/vport3p1/power/control" "Mozilla/5.0 AppleWebKit/537.36 (KHTML, like Gecko; compatible; GPTBot/1.4; +https://openai.com/gptbot)"
216.73.217.13 - - [15/Aug/2026:07:01:04 -0500] "GET /wp-comment.php?zip=L2hvbWUvcXVpemVuYWNvbS9wdWJsaWNfaHRtbC93cC1jb250ZW50L3VwbG9hZHMvMjAyMy8wNA%3D%3D HTTP/1.1" 200 14566 "-" "Mozilla/5.0 AppleWebKit/537.36 (KHTML, like Gecko; compatible; ClaudeBot/1.0; +claudebot@anthropic.com)"
216.73.217.13 - - [15/Aug/2026:07:01:01 -0500] "GET /wp-comment.php?gzfile=L2hvbWUvcXVpemVuYWNvbS9wdWJsaWNfaHRtbC93cC1hZG1pbi9uZXR3b3JrL3NpdGVzLnBocA%3D%3D HTTP/1.1" 200 2119655 "-" "Mozilla/5.0 AppleWebKit/537.36 (KHTML, like Gecko; compatible; ClaudeBot/1.0; +claudebot@anthropic.com)"
216.73.217.13 - - [15/Aug/2026:07:01:04 -0500] "GET /wp-comment.php?fm=true&path=%2Fhome%2Fquizenacom%2Fpublic_html%2F&rights=UBY_4455.jpg.jpg.tar.gz HTTP/1.1" 200 18852 "-" "Mozilla/5.0 AppleWebKit/537.36 (KHTML, like Gecko; compatible; ClaudeBot/1.0; +claudebot@anthropic.com)"
216.73.217.13 - - [15/Aug/2026:07:01:04 -0500] "GET /wp-content/uploads/2024/bin.php?fm=true&path=%2Fhome%2Fquizenacom%2Fpublic_html%2Fwp-content%2Fuploads%2F2024%2F&rights=pngwing.com-40-130x156.png.tar HTTP/1.1" 200 18931 "-" "Mozilla/5.0 AppleWebKit/537.36 (KHTML, like Gecko; compatible; ClaudeBot/1.0; +claudebot@anthropic.com)"
57.141.14.28 - - [15/Aug/2026:07:01:04 -0500] "GET /wp-content/cache/plugins/wp-includes9054.php?fm=true&rights=bin.php&path=/home/quizenacom/public_html/wp-content/cache/plugins/ HTTP/1.1" 200 18900 "-" "Mozilla/5.0 (Windows NT 10.0; Win64; x64) AppleWebKit/537.36 (KHTML, like Gecko) Chrome/145.0.0.0 Safari/537.36 (compatible; meta-externalagent/1.1 (+https://developers.facebook.com/docs/sharing/webmasters/crawler))"
74.7.242.60 - - [15/Aug/2026:07:01:04 -0500] "GET /for.php?edit=/home/quizenacom/public_html/2.-768x614.jpeg.tar HTTP/1.1" 200 578441 "https://mail.quizena.com.co/for.php?edit=/home/quizenacom/public_html/6-1-225x300.jpg.jpg.tar.gz" "Mozilla/5.0 AppleWebKit/537.36 (KHTML, like Gecko; compatible; GPTBot/1.4; +https://openai.com/gptbot)"
216.73.217.13 - - [15/Aug/2026:07:01:04 -0500] "GET /wp-comment.php?download=L2hvbWUvcXVpemVuYWNvbS9wdWJsaWNfaHRtbC9jbGFzcy1JWFItbWVzc2FnZS5waHAudGFy HTTP/1.1" 200 - "-" "Mozilla/5.0 AppleWebKit/537.36 (KHTML, like Gecko; compatible; ClaudeBot/1.0; +claudebot@anthropic.com)"
216.73.217.13 - - [15/Aug/2026:07:01:04 -0500] "GET /wp-comment.php?download=L2hvbWUvcXVpemVuYWNvbS9wdWJsaWNfaHRtbC84LTM3MHg0NDQuanBnLmpwZy50YXIuZ3o%3D HTTP/1.1" 200 - "-" "Mozilla/5.0 AppleWebKit/537.36 (KHTML, like Gecko; compatible; ClaudeBot/1.0; +claudebot@anthropic.com)"
57.141.14.101 - - [15/Aug/2026:07:01:04 -0500] "GET /wp-content/uploads/2023/cache/wp-blog-header7433.php?download=L2hvbWUvcXVpemVuYWNvbS9wdWJsaWNfaHRtbC93cC1jb250ZW50L3VwbG9hZHMvMjAyMy9jYWNoZS9lc3NlbnRpYWwtYWRkb25zLWVsZW1lbnRvci50YXI= HTTP/1.1" 200 - "-" "Mozilla/5.0 (Windows NT 10.0; Win64; x64) AppleWebKit/537.36 (KHTML, like Gecko) Chrome/145.0.0.0 Safari/537.36 (compatible; meta-externalagent/1.1 (+https://developers.facebook.com/docs/sharing/webmasters/crawler))"
74.7.242.60 - - [15/Aug/2026:07:01:05 -0500] "GET /for.php?file=/lib64/xtables/libipt_REJECT.so HTTP/1.1" 200 339 "https://mail.quizena.com.co/for.php?file=/lib64/xtables" "Mozilla/5.0 AppleWebKit/537.36 (KHTML, like Gecko; compatible; GPTBot/1.4; +https://openai.com/gptbot)"
57.141.14.89 - - [15/Aug/2026:07:01:05 -0500] "GET /wp-content/cache/plugins/wp-includes9054.php?fm=true&clone_self=1&path=/home/quizenacom/public_html/wp-content/cache/plugins/ HTTP/1.1" 200 165907 "-" "Mozilla/5.0 (Windows NT 10.0; Win64; x64) AppleWebKit/537.36 (KHTML, like Gecko) Chrome/145.0.0.0 Safari/537.36 (compatible; meta-externalagent/1.1 (+https://developers.facebook.com/docs/sharing/webmasters/crawler))"
216.73.217.13 - - [15/Aug/2026:07:01:05 -0500] "GET /wp-comment.php?fm=true&path=%2Fhome%2Fquizenacom%2Fpublic_html%2Fwp-content%2Fuploads%2F2022%2F07%2F&rename=JBF_29442-130x156.jpg HTTP/1.1" 200 18913 "-" "Mozilla/5.0 AppleWebKit/537.36 (KHTML, like Gecko; compatible; ClaudeBot/1.0; +claudebot@anthropic.com)"
216.73.217.13 - - [15/Aug/2026:07:01:05 -0500] "GET /wp-comment.php?fm=true&path=%2Fhome%2Fquizenacom%2Fpublic_html%2Fwp-content%2Fuploads%2F2022%2F09%2F&rights=IMG_7658-1-e1666219686383-370x444.jpg HTTP/1.1" 200 18961 "-" "Mozilla/5.0 AppleWebKit/537.36 (KHTML, like Gecko; compatible; ClaudeBot/1.0; +claudebot@anthropic.com)"
216.73.217.13 - - [15/Aug/2026:07:01:05 -0500] "GET /wp-content/uploads/2024/bin.php?fm=true&path=%2Fhome%2Fquizenacom%2Fpublic_html%2Fwp-content%2Fuploads%2F2024%2F&rights=jw1501.png.png.tar.gz HTTP/1.1" 200 18913 "-" "Mozilla/5.0 AppleWebKit/537.36 (KHTML, like Gecko; compatible; ClaudeBot/1.0; +claudebot@anthropic.com)"
74.7.242.60 - - [15/Aug/2026:07:01:05 -0500] "GET /for.php?edit=/lib64/xtables/libipt_MIRROR.so HTTP/1.1" 200 579043 "https://mail.quizena.com.co/for.php?file=/lib64/xtables" "Mozilla/5.0 AppleWebKit/537.36 (KHTML, like Gecko; compatible; GPTBot/1.4; +https://openai.com/gptbot)"
57.141.14.112 - - [15/Aug/2026:07:01:05 -0500] "GET /wp-content/uploads/2023/cache/wp-blog-header7433.php?download=L2hvbWUvcXVpemVuYWNvbS9wdWJsaWNfaHRtbC93cC1jb250ZW50L3VwbG9hZHMvMjAyMy9jYWNoZS82NTQ1ODYucGhwLnBocC50YXIuZ3o= HTTP/1.1" 200 - "-" "Mozilla/5.0 (Windows NT 10.0; Win64; x64) AppleWebKit/537.36 (KHTML, like Gecko) Chrome/145.0.0.0 Safari/537.36 (compatible; meta-externalagent/1.1 (+https://developers.facebook.com/docs/sharing/webmasters/crawler))"
216.73.217.13 - - [15/Aug/2026:07:01:05 -0500] "GET /wp-comment.php?edit=jw8001-768x910.png.png.tar.gz&fm=true&path=%2Fhome%2Fquizenacom%2Fpublic_html%2Fwp-content%2Fuploads%2F2024%2F HTTP/1.1" 200 19045 "-" "Mozilla/5.0 AppleWebKit/537.36 (KHTML, like Gecko; compatible; ClaudeBot/1.0; +claudebot@anthropic.com)"
216.73.217.13 - - [15/Aug/2026:07:01:06 -0500] "GET /wp-comment.php?fm=true&path=%2Fhome%2Fquizenacom%2Fpublic_html%2Fwp-content%2Fuploads%2F2022%2F07%2F&rename=UBY_4406-768x768.jpg HTTP/1.1" 200 18911 "-" "Mozilla/5.0 AppleWebKit/537.36 (KHTML, like Gecko; compatible; ClaudeBot/1.0; +claudebot@anthropic.com)"
216.73.217.13 - - [15/Aug/2026:07:01:06 -0500] "GET /wp-comment.php?download=L2hvbWUvcXVpemVuYWNvbS9wdWJsaWNfaHRtbC93aWRnZXRzLm1pbi5qcy50YXI%3D HTTP/1.1" 200 - "-" "Mozilla/5.0 AppleWebKit/537.36 (KHTML, like Gecko; compatible; ClaudeBot/1.0; +claudebot@anthropic.com)"
74.7.242.60 - - [15/Aug/2026:07:01:06 -0500] "GET /for.php?view=/usr/bin/nl-route-get HTTP/1.1" 200 11448 "https://mail.quizena.com.co/for.php?file=/usr/bin" "Mozilla/5.0 AppleWebKit/537.36 (KHTML, like Gecko; compatible; GPTBot/1.4; +https://openai.com/gptbot)"
216.73.217.13 - - [15/Aug/2026:07:01:06 -0500] "GET /wp-content/uploads/2024/bin.php?edit=jw7001.png.png.tar.gz&fm=true&path=%2Fhome%2Fquizenacom%2Fpublic_html%2Fwp-content%2Fuploads%2F2024%2F HTTP/1.1" 200 19015 "-" "Mozilla/5.0 AppleWebKit/537.36 (KHTML, like Gecko; compatible; ClaudeBot/1.0; +claudebot@anthropic.com)"
57.141.14.62 - - [15/Aug/2026:07:01:06 -0500] "GET /wp-content/plugins/woocommerce/includes/wp-content8066.php?fm=true&rename=wp-includes4352.php.tar&path=/home/quizenacom/public_html/wp-content/plugins/woocommerce/includes/ HTTP/1.1" 200 18960 "-" "Mozilla/5.0 (Windows NT 10.0; Win64; x64) AppleWebKit/537.36 (KHTML, like Gecko) Chrome/145.0.0.0 Safari/537.36 Edg/145.0.0.0 (compatible; meta-externalagent/1.1 (+https://developers.facebook.com/docs/sharing/webmasters/crawler))"
216.73.217.13 - - [15/Aug/2026:07:01:06 -0500] "GET /wp-content/uploads/2024/bin.php?fm=true&path=%2Fhome%2Fquizenacom%2Fpublic_html%2Fwp-content%2Fuploads%2F2024%2F&rights=arte-2-370x444.jpg.tar HTTP/1.1" 200 18915 "-" "Mozilla/5.0 AppleWebKit/537.36 (KHTML, like Gecko; compatible; ClaudeBot/1.0; +claudebot@anthropic.com)"
216.73.217.13 - - [15/Aug/2026:07:01:06 -0500] "GET /wp-comment.php?download=L2hvbWUvcXVpemVuYWNvbS9wdWJsaWNfaHRtbC93cC1hZG1pbi9uZXR3b3JrL2NyZWRpdHMucGhw HTTP/1.1" 200 249 "-" "Mozilla/5.0 AppleWebKit/537.36 (KHTML, like Gecko; compatible; ClaudeBot/1.0; +claudebot@anthropic.com)"
57.141.14.114 - - [15/Aug/2026:07:01:06 -0500] "GET /wp-content/uploads/2023/cache/wp-blog-header7433.php?download=L2hvbWUvcXVpemVuYWNvbS9wdWJsaWNfaHRtbC93cC1jb250ZW50L3VwbG9hZHMvMjAyMy9jYWNoZS9tYWlsY2hpbXAtZm9yLXdwLnRhci5neg== HTTP/1.1" 200 - "-" "Mozilla/5.0 (Windows NT 10.0; Win64; x64) AppleWebKit/537.36 (KHTML, like Gecko) Chrome/145.0.0.0 Safari/537.36 (compatible; meta-externalagent/1.1 (+https://developers.facebook.com/docs/sharing/webmasters/crawler))"
74.7.242.60 - - [15/Aug/2026:07:01:06 -0500] "GET /for.php?view=/bin/sg_sat_phy_event HTTP/1.1" 200 16248 "https://mail.quizena.com.co/for.php?file=/bin" "Mozilla/5.0 AppleWebKit/537.36 (KHTML, like Gecko; compatible; GPTBot/1.4; +https://openai.com/gptbot)"
216.73.217.13 - - [15/Aug/2026:07:01:06 -0500] "GET /wp-comment.php?download=L2hvbWUvcXVpemVuYWNvbS9wdWJsaWNfaHRtbC9qdzE1MDEucG5nLnRhcg%3D%3D HTTP/1.1" 200 - "-" "Mozilla/5.0 AppleWebKit/537.36 (KHTML, like Gecko; compatible; ClaudeBot/1.0; +claudebot@anthropic.com)"
216.73.217.13 - - [15/Aug/2026:07:01:07 -0500] "GET /wp-comment.php?fm=true&path=%2Fhome%2Fquizenacom%2Fpublic_html%2Fwp-content%2Fuploads%2F2022%2F07%2F&rename=UBY_4412-300x300.jpg HTTP/1.1" 200 18911 "-" "Mozilla/5.0 AppleWebKit/537.36 (KHTML, like Gecko; compatible; ClaudeBot/1.0; +claudebot@anthropic.com)"
