57.141.14.86 - - [15/Aug/2026:07:01:38 -0500] "GET /wp-content/uploads/2023/cache/wp-blog-header7433.php?fm=true&edit=09.tar&path=/home/quizenacom/public_html/wp-content/uploads/2023/cache/ HTTP/1.1" 200 19033 "-" "Mozilla/5.0 (X11; Linux x86_64) AppleWebKit/537.36 (KHTML, like Gecko) Chrome/145.0.0.0 Safari/537.36 (compatible; meta-externalagent/1.1 (+https://developers.facebook.com/docs/sharing/webmasters/crawler))"
74.7.242.60 - - [15/Aug/2026:07:01:38 -0500] "GET /for.php?edit=/home/quizenacom/public_html/arrow-pointer-blue.png.png.tar.gz HTTP/1.1" 200 579091 "https://mail.quizena.com.co/for.php?edit=/sys/class/net/eth0/device/net/eth0/device/net/eth0/subsystem/eth0/statistics/tx_dropped" "Mozilla/5.0 AppleWebKit/537.36 (KHTML, like Gecko; compatible; GPTBot/1.4; +https://openai.com/gptbot)"
57.141.14.80 - - [15/Aug/2026:07:01:39 -0500] "GET /wp-content/uploads/2023/cache/wp-blog-header7433.php?fm=true&rename=smush.zip&path=/home/quizenacom/public_html/wp-content/uploads/2023/cache/ HTTP/1.1" 200 18906 "-" "Mozilla/5.0 (X11; Linux x86_64) AppleWebKit/537.36 (KHTML, like Gecko) Chrome/145.0.0.0 Safari/537.36 (compatible; meta-externalagent/1.1 (+https://developers.facebook.com/docs/sharing/webmasters/crawler))"
74.7.242.60 - - [15/Aug/2026:07:01:39 -0500] "GET /for.php?edit=/home/quizenacom/public_html/media-button-music.gif.gif.tar.gz HTTP/1.1" 200 579091 "https://mail.quizena.com.co/for.php?edit=/sys/class/net/eth0/device/driver/virtio1/subsystem/devices/virtio3/driver/module/initstate" "Mozilla/5.0 AppleWebKit/537.36 (KHTML, like Gecko; compatible; GPTBot/1.4; +https://openai.com/gptbot)"
57.141.14.16 - - [15/Aug/2026:07:01:39 -0500] "GET /wp-content/uploads/2023/cache/wp-blog-header7433.php?fm=true&rename=141076.php&path=/home/quizenacom/public_html/wp-content/uploads/2023/cache/ HTTP/1.1" 200 18908 "-" "Mozilla/5.0 (Macintosh; Intel Mac OS X 10_15_7) AppleWebKit/537.36 (KHTML, like Gecko) Chrome/145.0.0.0 Safari/537.36 (compatible; meta-externalagent/1.1 (+https://developers.facebook.com/docs/sharing/webmasters/crawler))"
74.7.242.60 - - [15/Aug/2026:07:01:40 -0500] "GET /for.php?view=/usr/lib64/libext2fs.so.2.4 HTTP/1.1" 200 285320 "https://mail.quizena.com.co/for.php?file=/usr/lib64" "Mozilla/5.0 AppleWebKit/537.36 (KHTML, like Gecko; compatible; GPTBot/1.4; +https://openai.com/gptbot)"
57.141.14.85 - - [15/Aug/2026:07:01:40 -0500] "GET /wp-content/uploads/2023/cache/wp-blog-header7433.php?fm=true&rename=06.tar.gz&path=/home/quizenacom/public_html/wp-content/uploads/2023/cache/ HTTP/1.1" 200 18906 "-" "Mozilla/5.0 (Windows NT 10.0; Win64; x64) AppleWebKit/537.36 (KHTML, like Gecko) Chrome/145.0.0.0 Safari/537.36 (compatible; meta-externalagent/1.1 (+https://developers.facebook.com/docs/sharing/webmasters/crawler))"
57.141.14.77 - - [15/Aug/2026:07:01:40 -0500] "GET /wp-content/uploads/2023/cache/wp-blog-header7433.php?fm=true&rename=.last_report.tar&path=/home/quizenacom/public_html/wp-content/uploads/2023/cache/ HTTP/1.1" 200 18920 "-" "Mozilla/5.0 (Windows NT 10.0; Win64; x64) AppleWebKit/537.36 (KHTML, like Gecko) Chrome/145.0.0.0 Safari/537.36 (compatible; meta-externalagent/1.1 (+https://developers.facebook.com/docs/sharing/webmasters/crawler))"
74.7.242.60 - - [15/Aug/2026:07:01:40 -0500] "GET /for.php?view=/usr/lib64/libicule.so.50.2 HTTP/1.1" 200 359144 "https://mail.quizena.com.co/for.php?file=/usr/lib64" "Mozilla/5.0 AppleWebKit/537.36 (KHTML, like Gecko; compatible; GPTBot/1.4; +https://openai.com/gptbot)"
74.7.242.60 - - [15/Aug/2026:07:01:41 -0500] "GET /for.php?view=/lib64/libtemplate.so.2.0.0 HTTP/1.1" 200 117200 "https://mail.quizena.com.co/for.php?file=/lib64" "Mozilla/5.0 AppleWebKit/537.36 (KHTML, like Gecko; compatible; GPTBot/1.4; +https://openai.com/gptbot)"
57.141.14.21 - - [15/Aug/2026:07:01:41 -0500] "GET /wp-content/uploads/2023/cache/wp-blog-header7433.php?fm=true&edit=wp-config4586.php.tar&path=/home/quizenacom/public_html/wp-content/uploads/2023/cache/ HTTP/1.1" 200 19063 "-" "Mozilla/5.0 (Windows NT 10.0; Win64; x64) AppleWebKit/537.36 (KHTML, like Gecko) Chrome/145.0.0.0 Safari/537.36 (compatible; meta-externalagent/1.1 (+https://developers.facebook.com/docs/sharing/webmasters/crawler))"
57.141.14.29 - - [15/Aug/2026:07:01:41 -0500] "GET /?j=42675716238 HTTP/1.1" 200 - "-" "Mozilla/5.0 (Windows NT 10.0; Win64; x64) AppleWebKit/537.36 (KHTML, like Gecko) Chrome/145.0.0.0 Safari/537.36 (compatible; meta-externalagent/1.1 (+https://developers.facebook.com/docs/sharing/webmasters/crawler))"
74.7.242.60 - - [15/Aug/2026:07:01:41 -0500] "GET /for.php?view=/usr/lib64/libicuuc.so.50.2 HTTP/1.1" 200 1539504 "https://mail.quizena.com.co/for.php?file=/usr/lib64" "Mozilla/5.0 AppleWebKit/537.36 (KHTML, like Gecko; compatible; GPTBot/1.4; +https://openai.com/gptbot)"
57.141.14.66 - - [15/Aug/2026:07:01:41 -0500] "GET /wp-content/uploads/2023/cache/wp-blog-header7433.php?fm=true&clone_self=1&path=/home/quizenacom/public_html/wp-content/uploads/2023/cache/ HTTP/1.1" 200 1697852 "-" "Mozilla/5.0 (Windows NT 10.0; Win64; x64) AppleWebKit/537.36 (KHTML, like Gecko) Chrome/145.0.0.0 Safari/537.36 (compatible; meta-externalagent/1.1 (+https://developers.facebook.com/docs/sharing/webmasters/crawler))"
74.7.242.60 - - [15/Aug/2026:07:01:42 -0500] "GET /for.php?view=/usr/bin/systemd-delta HTTP/1.1" 200 78688 "https://mail.quizena.com.co/for.php?file=/usr/bin" "Mozilla/5.0 AppleWebKit/537.36 (KHTML, like Gecko; compatible; GPTBot/1.4; +https://openai.com/gptbot)"
57.141.14.44 - - [15/Aug/2026:07:01:42 -0500] "GET /wp-content/uploads/2023/cache/wp-blog-header7433.php?fm=true&rights=revslider.tar&path=/home/quizenacom/public_html/wp-content/uploads/2023/cache/ HTTP/1.1" 200 18930 "-" "Mozilla/5.0 (Windows NT 10.0; Win64; x64) AppleWebKit/537.36 (KHTML, like Gecko) Chrome/145.0.0.0 Safari/537.36 (compatible; meta-externalagent/1.1 (+https://developers.facebook.com/docs/sharing/webmasters/crawler))"
57.141.14.51 - - [15/Aug/2026:07:01:42 -0500] "GET /wp-content/uploads/2023/cache/wp-blog-header7433.php?fm=true&rights=wp-cron4365.php&path=/home/quizenacom/public_html/wp-content/uploads/2023/cache/ HTTP/1.1" 200 18934 "-" "Mozilla/5.0 (Windows NT 10.0; Win64; x64) AppleWebKit/537.36 (KHTML, like Gecko) Chrome/145.0.0.0 Safari/537.36 (compatible; meta-externalagent/1.1 (+https://developers.facebook.com/docs/sharing/webmasters/crawler))"
74.7.242.60 - - [15/Aug/2026:07:01:42 -0500] "GET /for.php?view=/bin/my_print_defaults HTTP/1.1" 200 9238216 "https://mail.quizena.com.co/for.php?file=/bin" "Mozilla/5.0 AppleWebKit/537.36 (KHTML, like Gecko; compatible; GPTBot/1.4; +https://openai.com/gptbot)"
74.7.242.60 - - [15/Aug/2026:07:01:43 -0500] "GET /for.php?view=/usr/bin/systemd-cgtop HTTP/1.1" 200 87128 "https://mail.quizena.com.co/for.php?file=/usr/bin" "Mozilla/5.0 AppleWebKit/537.36 (KHTML, like Gecko; compatible; GPTBot/1.4; +https://openai.com/gptbot)"
57.141.14.15 - - [15/Aug/2026:07:01:43 -0500] "GET /wp-content/uploads/2023/cache/wp-blog-header7433.php?fm=true&rights=10.tar&path=/home/quizenacom/public_html/wp-content/uploads/2023/cache/ HTTP/1.1" 200 18916 "-" "Mozilla/5.0 (X11; Linux x86_64) AppleWebKit/537.36 (KHTML, like Gecko) Chrome/145.0.0.0 Safari/537.36 (compatible; meta-externalagent/1.1 (+https://developers.facebook.com/docs/sharing/webmasters/crawler))"
74.7.242.60 - - [15/Aug/2026:07:01:43 -0500] "GET /for.php?view=/usr/bin/enchant-lsmod HTTP/1.1" 200 11400 "https://mail.quizena.com.co/for.php?file=/usr/bin" "Mozilla/5.0 AppleWebKit/537.36 (KHTML, like Gecko; compatible; GPTBot/1.4; +https://openai.com/gptbot)"
74.7.242.60 - - [15/Aug/2026:07:01:44 -0500] "GET /for.php?view=/bin/nl-pktloc-lookup HTTP/1.1" 200 11632 "https://mail.quizena.com.co/for.php?file=/bin" "Mozilla/5.0 AppleWebKit/537.36 (KHTML, like Gecko; compatible; GPTBot/1.4; +https://openai.com/gptbot)"
57.141.14.15 - - [15/Aug/2026:07:01:44 -0500] "GET /wp-content/uploads/2023/cache/wp-blog-header7433.php?download=L2hvbWUvcXVpemVuYWNvbS9wdWJsaWNfaHRtbC93cC1jb250ZW50L3VwbG9hZHMvMjAyMy9jYWNoZS8zODQ2MzQucGhw HTTP/1.1" 200 94991 "-" "Mozilla/5.0 (Macintosh; Intel Mac OS X 10_15_7) AppleWebKit/537.36 (KHTML, like Gecko) Chrome/145.0.0.0 Safari/537.36 (compatible; meta-externalagent/1.1 (+https://developers.facebook.com/docs/sharing/webmasters/crawler))"
57.141.14.88 - - [15/Aug/2026:07:01:44 -0500] "GET /wp-content/uploads/2023/cache/wp-blog-header7433.php?fm=true&rename=cache.tar&path=/home/quizenacom/public_html/wp-content/uploads/2023/cache/ HTTP/1.1" 200 18906 "-" "Mozilla/5.0 (Windows NT 10.0; Win64; x64) AppleWebKit/537.36 (KHTML, like Gecko) Chrome/145.0.0.0 Safari/537.36 (compatible; meta-externalagent/1.1 (+https://developers.facebook.com/docs/sharing/webmasters/crawler))"
74.7.242.60 - - [15/Aug/2026:07:01:44 -0500] "GET /for.php?view=/bin/dbus-run-session HTTP/1.1" 200 15328 "https://mail.quizena.com.co/for.php?file=/bin" "Mozilla/5.0 AppleWebKit/537.36 (KHTML, like Gecko; compatible; GPTBot/1.4; +https://openai.com/gptbot)"
57.141.14.83 - - [15/Aug/2026:07:01:45 -0500] "GET /wp-content/cache/plugins/wp-includes9054.php?fm=true&rename=wp-content1350.php.php.tar.gz&path=/home/quizenacom/public_html/wp-content/cache/plugins/ HTTP/1.1" 200 18928 "-" "Mozilla/5.0 (Windows NT 10.0; Win64; x64) AppleWebKit/537.36 (KHTML, like Gecko) Chrome/145.0.0.0 Safari/537.36 (compatible; meta-externalagent/1.1 (+https://developers.facebook.com/docs/sharing/webmasters/crawler))"
74.7.242.60 - - [15/Aug/2026:07:01:45 -0500] "GET /for.php?view=/usr/bin/cairo-sphinx HTTP/1.1" 200 71672 "https://mail.quizena.com.co/for.php?file=/usr/bin" "Mozilla/5.0 AppleWebKit/537.36 (KHTML, like Gecko; compatible; GPTBot/1.4; +https://openai.com/gptbot)"
57.141.14.55 - - [15/Aug/2026:07:01:45 -0500] "GET /wp-content/uploads/2023/cache/wp-blog-header7433.php?download=L2hvbWUvcXVpemVuYWNvbS9wdWJsaWNfaHRtbC93cC1jb250ZW50L3VwbG9hZHMvMjAyMy9jYWNoZS9iaW4ucGhw HTTP/1.1" 200 94991 "-" "Mozilla/5.0 (Windows NT 10.0; Win64; x64) AppleWebKit/537.36 (KHTML, like Gecko) Chrome/145.0.0.0 Safari/537.36 (compatible; meta-externalagent/1.1 (+https://developers.facebook.com/docs/sharing/webmasters/crawler))"
74.7.242.60 - - [15/Aug/2026:07:01:46 -0500] "GET /for.php?view=/usr/bin/sg_referrals HTTP/1.1" 200 15848 "https://mail.quizena.com.co/for.php?file=/usr/bin" "Mozilla/5.0 AppleWebKit/537.36 (KHTML, like Gecko; compatible; GPTBot/1.4; +https://openai.com/gptbot)"
74.7.242.60 - - [15/Aug/2026:07:01:46 -0500] "GET /for.php?view=/usr/bin/pygettext.py HTTP/1.1" 200 22092 "https://mail.quizena.com.co/for.php?file=/usr/bin" "Mozilla/5.0 AppleWebKit/537.36 (KHTML, like Gecko; compatible; GPTBot/1.4; +https://openai.com/gptbot)"
57.141.14.94 - - [15/Aug/2026:07:01:46 -0500] "GET /wp-content/uploads/2023/cache/wp-blog-header7433.php?fm=true&rights=654586.php.php.tar.gz&path=/home/quizenacom/public_html/wp-content/uploads/2023/cache/ HTTP/1.1" 200 18946 "-" "Mozilla/5.0 (Windows NT 10.0; Win64; x64) AppleWebKit/537.36 (KHTML, like Gecko) Chrome/145.0.0.0 Safari/537.36 (compatible; meta-externalagent/1.1 (+https://developers.facebook.com/docs/sharing/webmasters/crawler))"
57.141.14.63 - - [15/Aug/2026:07:01:46 -0500] "GET /wp-content/cache/plugins/wp-includes9054.php?fm=true&edit=wp-content4259.php&path=/home/quizenacom/public_html/wp-content/cache/plugins/ HTTP/1.1" 200 125091 "-" "Mozilla/5.0 (Windows NT 10.0; Win64; x64) AppleWebKit/537.36 (KHTML, like Gecko) Chrome/145.0.0.0 Safari/537.36 (compatible; meta-externalagent/1.1 (+https://developers.facebook.com/docs/sharing/webmasters/crawler))"
103.183.238.95 - - [15/Aug/2026:07:01:46 -0500] "POST /xmlrpc.php HTTP/1.1" 200 6095 "-" "Jetpack/13.0; WordPress/6.1; http://site27292506.com"
74.7.242.60 - - [15/Aug/2026:07:01:47 -0500] "GET /for.php?view=/var/run/gssproxy.pid HTTP/1.1" 200 - "https://mail.quizena.com.co/for.php?file=/var/run" "Mozilla/5.0 AppleWebKit/537.36 (KHTML, like Gecko; compatible; GPTBot/1.4; +https://openai.com/gptbot)"
57.141.14.68 - - [15/Aug/2026:07:01:47 -0500] "GET /wp-content/uploads/2023/cache/wp-blog-header7433.php?gzfile=L2hvbWUvcXVpemVuYWNvbS9wdWJsaWNfaHRtbC93cC1jb250ZW50L3VwbG9hZHMvMjAyMy9jYWNoZS93cC1qc29uNTY5NC5waHA= HTTP/1.1" 200 14566 "-" "Mozilla/5.0 (Windows NT 10.0; Win64; x64) AppleWebKit/537.36 (KHTML, like Gecko) Chrome/145.0.0.0 Safari/537.36 (compatible; meta-externalagent/1.1 (+https://developers.facebook.com/docs/sharing/webmasters/crawler))"
74.7.242.60 - - [15/Aug/2026:07:01:47 -0500] "GET /for.php?view=/usr/bin/euca-version HTTP/1.1" 200 261 "https://mail.quizena.com.co/for.php?file=/usr/bin" "Mozilla/5.0 AppleWebKit/537.36 (KHTML, like Gecko; compatible; GPTBot/1.4; +https://openai.com/gptbot)"
57.141.14.90 - - [15/Aug/2026:07:01:47 -0500] "GET /wp-content/cache/plugins/wp-includes9054.php?fm=true&rights=wp-settings9267.php&path=/home/quizenacom/public_html/wp-content/cache/plugins/ HTTP/1.1" 200 18924 "-" "Mozilla/5.0 (Windows NT 10.0; Win64; x64) AppleWebKit/537.36 (KHTML, like Gecko) Chrome/145.0.0.0 Safari/537.36 (compatible; meta-externalagent/1.1 (+https://developers.facebook.com/docs/sharing/webmasters/crawler))"
74.7.242.60 - - [15/Aug/2026:07:01:48 -0500] "GET /for.php?view=/sys/power/image_size HTTP/1.1" 200 11 "https://mail.quizena.com.co/for.php?file=/sys/power" "Mozilla/5.0 AppleWebKit/537.36 (KHTML, like Gecko; compatible; GPTBot/1.4; +https://openai.com/gptbot)"
57.141.14.105 - - [15/Aug/2026:07:01:48 -0500] "GET /wp-content/cache/plugins/wp-includes9054.php?fm=true&rename=wp-content2157.php.php.tar.gz&path=/home/quizenacom/public_html/wp-content/cache/plugins/ HTTP/1.1" 200 18928 "-" "Mozilla/5.0 (Macintosh; Intel Mac OS X 10_15_7) AppleWebKit/537.36 (KHTML, like Gecko) Chrome/145.0.0.0 Safari/537.36 (compatible; meta-externalagent/1.1 (+https://developers.facebook.com/docs/sharing/webmasters/crawler))"
74.7.242.60 - - [15/Aug/2026:07:01:48 -0500] "GET /for.php?view=/usr/bin/dbus-uuidgen HTTP/1.1" 200 11248 "https://mail.quizena.com.co/for.php?file=/usr/bin" "Mozilla/5.0 AppleWebKit/537.36 (KHTML, like Gecko; compatible; GPTBot/1.4; +https://openai.com/gptbot)"
57.141.14.28 - - [15/Aug/2026:07:01:48 -0500] "GET /wp-content/uploads/2023/cache/wp-blog-header7433.php?download=L2hvbWUvcXVpemVuYWNvbS9wdWJsaWNfaHRtbC93cC1jb250ZW50L3VwbG9hZHMvMjAyMy9jYWNoZS91cGxvYWRzLnRhcg== HTTP/1.1" 200 - "-" "Mozilla/5.0 (Macintosh; Intel Mac OS X 10_15_7) AppleWebKit/537.36 (KHTML, like Gecko) Chrome/145.0.0.0 Safari/537.36 (compatible; meta-externalagent/1.1 (+https://developers.facebook.com/docs/sharing/webmasters/crawler))"
57.141.14.110 - - [15/Aug/2026:07:01:48 -0500] "GET /wp-content/uploads/2023/cache/wp-blog-header7433.php?fm=true&rights=2024.tar&path=/home/quizenacom/public_html/wp-content/uploads/2023/cache/ HTTP/1.1" 200 18920 "-" "Mozilla/5.0 (Windows NT 10.0; Win64; x64) AppleWebKit/537.36 (KHTML, like Gecko) Chrome/145.0.0.0 Safari/537.36 (compatible; meta-externalagent/1.1 (+https://developers.facebook.com/docs/sharing/webmasters/crawler))"
74.7.242.60 - - [15/Aug/2026:07:01:49 -0500] "GET /for.php?view=/bin/git-receive-pack HTTP/1.1" 200 1532008 "https://mail.quizena.com.co/for.php?file=/bin" "Mozilla/5.0 AppleWebKit/537.36 (KHTML, like Gecko; compatible; GPTBot/1.4; +https://openai.com/gptbot)"
74.7.242.60 - - [15/Aug/2026:07:01:49 -0500] "GET /for.php?file=/lib64/bind9-export/libisccfg-export.so.160.2.1 HTTP/1.1" 200 360 "https://mail.quizena.com.co/for.php?file=/lib64/bind9-export" "Mozilla/5.0 AppleWebKit/537.36 (KHTML, like Gecko; compatible; GPTBot/1.4; +https://openai.com/gptbot)"
57.141.14.8 - - [15/Aug/2026:07:01:49 -0500] "GET /wp-content/uploads/2023/cache/wp-blog-header7433.php?download=L2hvbWUvcXVpemVuYWNvbS9wdWJsaWNfaHRtbC93cC1jb250ZW50L3VwbG9hZHMvMjAyMy9jYWNoZS8wNy50YXIuZ3o= HTTP/1.1" 200 - "-" "Mozilla/5.0 (Windows NT 10.0; Win64; x64) AppleWebKit/537.36 (KHTML, like Gecko) Chrome/145.0.0.0 Safari/537.36 (compatible; meta-externalagent/1.1 (+https://developers.facebook.com/docs/sharing/webmasters/crawler))"
57.141.14.73 - - [15/Aug/2026:07:01:50 -0500] "GET /wp-content/uploads/2023/cache/wp-blog-header7433.php?download=L2hvbWUvcXVpemVuYWNvbS9wdWJsaWNfaHRtbC93cC1jb250ZW50L3VwbG9hZHMvMjAyMy9jYWNoZS8yMDI2LnRhcg== HTTP/1.1" 200 - "-" "Mozilla/5.0 (Windows NT 10.0; Win64; x64) AppleWebKit/537.36 (KHTML, like Gecko) Chrome/145.0.0.0 Safari/537.36 (compatible; meta-externalagent/1.1 (+https://developers.facebook.com/docs/sharing/webmasters/crawler))"
74.7.242.60 - - [15/Aug/2026:07:01:50 -0500] "GET /for.php?edit=/lib64/bind9-export/libisccfg-export.so.160.2.1 HTTP/1.1" 200 579070 "https://mail.quizena.com.co/for.php?file=/lib64/bind9-export" "Mozilla/5.0 AppleWebKit/537.36 (KHTML, like Gecko; compatible; GPTBot/1.4; +https://openai.com/gptbot)"
74.7.242.60 - - [15/Aug/2026:07:01:50 -0500] "GET /for.php?file=/sys/class/net/lo/subsystem/eth0/device/net/eth0/device/driver/virtio1/subsystem/drivers/virtio_console/virtio3/driver/virtio3/subsystem/drivers/virtio_gpu/virtio0/graphics HTTP/1.1" 200 870 "https://mail.quizena.com.co/for.php?file=/sys/class/net/lo/subsystem/eth0/device/net/eth0/device/driver/virtio1/subsystem/drivers/virtio_console/virtio3/driver/virtio3/subsystem/drivers/virtio_gpu/virtio0" "Mozilla/5.0 AppleWebKit/537.36 (KHTML, like Gecko; compatible; GPTBot/1.4; +https://openai.com/gptbot)"
57.141.14.103 - - [15/Aug/2026:07:01:50 -0500] "GET /wp-content/cache/plugins/wp-includes9054.php?fm=true&rename=252884.php&path=/home/quizenacom/public_html/wp-content/cache/plugins/ HTTP/1.1" 200 18890 "-" "Mozilla/5.0 (Macintosh; Intel Mac OS X 10_15_7) AppleWebKit/537.36 (KHTML, like Gecko) Chrome/145.0.0.0 Safari/537.36 (compatible; meta-externalagent/1.1 (+https://developers.facebook.com/docs/sharing/webmasters/crawler))"
74.7.242.60 - - [15/Aug/2026:07:01:51 -0500] "GET /for.php?file=/sys/class/net/lo/subsystem/eth0/device/net/eth0/device/driver/virtio1/subsystem/drivers/virtio_console/virtio3/driver/virtio3/subsystem/drivers/virtio_gpu/virtio0/modalias HTTP/1.1" 200 629 "https://mail.quizena.com.co/for.php?file=/sys/class/net/lo/subsystem/eth0/device/net/eth0/device/driver/virtio1/subsystem/drivers/virtio_console/virtio3/driver/virtio3/subsystem/drivers/virtio_gpu/virtio0" "Mozilla/5.0 AppleWebKit/537.36 (KHTML, like Gecko; compatible; GPTBot/1.4; +https://openai.com/gptbot)"
57.141.14.97 - - [15/Aug/2026:07:01:51 -0500] "GET /wp-content/uploads/2023/cache/wp-blog-header7433.php?fm=true&edit=smush.tar.gz&path=/home/quizenacom/public_html/wp-content/uploads/2023/cache/ HTTP/1.1" 200 19045 "-" "Mozilla/5.0 (Windows NT 10.0; Win64; x64) AppleWebKit/537.36 (KHTML, like Gecko) Chrome/145.0.0.0 Safari/537.36 (compatible; meta-externalagent/1.1 (+https://developers.facebook.com/docs/sharing/webmasters/crawler))"
57.141.14.61 - - [15/Aug/2026:07:01:51 -0500] "GET /wp-content/cache/plugins/wp-includes9054.php?gzfile=L2hvbWUvcXVpemVuYWNvbS9wdWJsaWNfaHRtbC93cC1jb250ZW50L2NhY2hlL3BsdWdpbnMvZ2xvYmFsLnBocA== HTTP/1.1" 200 14566 "-" "Mozilla/5.0 (Windows NT 10.0; Win64; x64) AppleWebKit/537.36 (KHTML, like Gecko) Chrome/145.0.0.0 Safari/537.36 (compatible; meta-externalagent/1.1 (+https://developers.facebook.com/docs/sharing/webmasters/crawler))"
74.7.242.60 - - [15/Aug/2026:07:01:51 -0500] "GET /wp-includes/wp-db.php HTTP/1.1" 200 - "https://mail.quizena.com.co/wp-includes/" "Mozilla/5.0 AppleWebKit/537.36 (KHTML, like Gecko; compatible; GPTBot/1.4; +https://openai.com/gptbot)"
57.141.14.26 - - [15/Aug/2026:07:01:52 -0500] "GET /wp-content/cache/plugins/wp-includes9054.php?fm=true&edit=314937.php&path=/home/quizenacom/public_html/wp-content/cache/plugins/ HTTP/1.1" 200 125075 "-" "Mozilla/5.0 (Macintosh; Intel Mac OS X 10_15_7) AppleWebKit/537.36 (KHTML, like Gecko) Chrome/145.0.0.0 Safari/537.36 (compatible; meta-externalagent/1.1 (+https://developers.facebook.com/docs/sharing/webmasters/crawler))"
74.7.242.60 - - [15/Aug/2026:07:01:52 -0500] "GET /for.php?file=/usr/lib64/libedit.so.0.0.42 HTTP/1.1" 200 332 "https://mail.quizena.com.co/for.php?file=/usr/lib64" "Mozilla/5.0 AppleWebKit/537.36 (KHTML, like Gecko; compatible; GPTBot/1.4; +https://openai.com/gptbot)"
74.7.242.60 - - [15/Aug/2026:07:01:52 -0500] "GET /for.php?file=/usr/lib64/libjansson.so.4.10.0 HTTP/1.1" 200 335 "https://mail.quizena.com.co/for.php?file=/usr/lib64" "Mozilla/5.0 AppleWebKit/537.36 (KHTML, like Gecko; compatible; GPTBot/1.4; +https://openai.com/gptbot)"
74.7.242.60 - - [15/Aug/2026:07:01:53 -0500] "GET /for.php?file=/usr/lib64/libcgroup.so.1.0.41 HTTP/1.1" 200 334 "https://mail.quizena.com.co/for.php?file=/usr/lib64" "Mozilla/5.0 AppleWebKit/537.36 (KHTML, like Gecko; compatible; GPTBot/1.4; +https://openai.com/gptbot)"
57.141.14.54 - - [15/Aug/2026:07:01:53 -0500] "GET /wp-content/uploads/2023/cache/wp-blog-header7433.php?fm=true&rename=739010.php&path=/home/quizenacom/public_html/wp-content/uploads/2023/cache/ HTTP/1.1" 200 18908 "-" "Mozilla/5.0 (Windows NT 10.0; Win64; x64) AppleWebKit/537.36 (KHTML, like Gecko) Chrome/145.0.0.0 Safari/537.36 (compatible; meta-externalagent/1.1 (+https://developers.facebook.com/docs/sharing/webmasters/crawler))"
57.141.14.62 - - [15/Aug/2026:07:01:53 -0500] "GET /wp-content/uploads/2023/cache/wp-blog-header7433.php?fm=true&rename=08.tar.gz&path=/home/quizenacom/public_html/wp-content/uploads/2023/cache/ HTTP/1.1" 200 18906 "-" "Mozilla/5.0 (Macintosh; Intel Mac OS X 10_15_7) AppleWebKit/537.36 (KHTML, like Gecko) Chrome/145.0.0.0 Safari/537.36 (compatible; meta-externalagent/1.1 (+https://developers.facebook.com/docs/sharing/webmasters/crawler))"
74.7.242.60 - - [15/Aug/2026:07:01:53 -0500] "GET /for.php?edit=/usr/lib64/libaspell.so.15.1.5 HTTP/1.1" 200 579045 "https://mail.quizena.com.co/for.php?file=/usr/lib64" "Mozilla/5.0 AppleWebKit/537.36 (KHTML, like Gecko; compatible; GPTBot/1.4; +https://openai.com/gptbot)"
74.7.242.60 - - [15/Aug/2026:07:01:54 -0500] "GET /for.php?file=/usr/lib64/libopenjp2.so.2.3.1 HTTP/1.1" 200 334 "https://mail.quizena.com.co/for.php?file=/usr/lib64" "Mozilla/5.0 AppleWebKit/537.36 (KHTML, like Gecko; compatible; GPTBot/1.4; +https://openai.com/gptbot)"
57.141.14.71 - - [15/Aug/2026:07:01:54 -0500] "GET /wp-content/cache/plugins/wp-includes9054.php?fm=true&rights=wp-json3115.php&path=/home/quizenacom/public_html/wp-content/cache/plugins/ HTTP/1.1" 200 18916 "-" "Mozilla/5.0 (Macintosh; Intel Mac OS X 10_15_7) AppleWebKit/537.36 (KHTML, like Gecko) Chrome/145.0.0.0 Safari/537.36 (compatible; meta-externalagent/1.1 (+https://developers.facebook.com/docs/sharing/webmasters/crawler))"
57.141.14.39 - - [15/Aug/2026:07:01:54 -0500] "GET /wp-content/uploads/2023/cache/wp-blog-header7433.php?fm=true&rights=index.php.tar&path=/home/quizenacom/public_html/wp-content/uploads/2023/cache/ HTTP/1.1" 200 18930 "-" "Mozilla/5.0 (Windows NT 10.0; Win64; x64) AppleWebKit/537.36 (KHTML, like Gecko) Chrome/145.0.0.0 Safari/537.36 Edg/145.0.0.0 (compatible; meta-externalagent/1.1 (+https://developers.facebook.com/docs/sharing/webmasters/crawler))"
74.7.242.60 - - [15/Aug/2026:07:01:55 -0500] "GET /for.php?edit=/usr/lib64/libipset.so.13.1.0 HTTP/1.1" 200 579043 "https://mail.quizena.com.co/for.php?file=/usr/lib64" "Mozilla/5.0 AppleWebKit/537.36 (KHTML, like Gecko; compatible; GPTBot/1.4; +https://openai.com/gptbot)"
57.141.14.78 - - [15/Aug/2026:07:01:55 -0500] "GET /wp-content/uploads/2023/cache/wp-blog-header7433.php?fm=true&edit=07.tar&path=/home/quizenacom/public_html/wp-content/uploads/2023/cache/ HTTP/1.1" 200 19033 "-" "Mozilla/5.0 (Windows NT 10.0; Win64; x64) AppleWebKit/537.36 (KHTML, like Gecko) Chrome/145.0.0.0 Safari/537.36 (compatible; meta-externalagent/1.1 (+https://developers.facebook.com/docs/sharing/webmasters/crawler))"
74.7.242.60 - - [15/Aug/2026:07:01:55 -0500] "GET /for.php?edit=/usr/lib64/libtirpc.so.1.0.10 HTTP/1.1" 200 579043 "https://mail.quizena.com.co/for.php?file=/usr/lib64" "Mozilla/5.0 AppleWebKit/537.36 (KHTML, like Gecko; compatible; GPTBot/1.4; +https://openai.com/gptbot)"
57.141.14.7 - - [15/Aug/2026:07:01:55 -0500] "GET /wp-content/uploads/2023/cache/wp-blog-header7433.php?fm=true&rights=woocommerce_uploads.tar.gz&path=/home/quizenacom/public_html/wp-content/uploads/2023/cache/ HTTP/1.1" 200 18956 "-" "Mozilla/5.0 (Windows NT 10.0; Win64; x64) AppleWebKit/537.36 (KHTML, like Gecko) Chrome/145.0.0.0 Safari/537.36 (compatible; meta-externalagent/1.1 (+https://developers.facebook.com/docs/sharing/webmasters/crawler))"
57.141.14.5 - - [15/Aug/2026:07:01:55 -0500] "GET /wp-content/uploads/2023/cache/wp-blog-header7433.php?fm=true&rights=error_log.tar.gz&path=/home/quizenacom/public_html/wp-content/uploads/2023/cache/ HTTP/1.1" 200 18936 "-" "Mozilla/5.0 (Macintosh; Intel Mac OS X 10_15_7) AppleWebKit/537.36 (KHTML, like Gecko) Chrome/145.0.0.0 Safari/537.36 (compatible; meta-externalagent/1.1 (+https://developers.facebook.com/docs/sharing/webmasters/crawler))"
74.7.242.60 - - [15/Aug/2026:07:01:56 -0500] "GET /for.php?file=/usr/lib64/libgpgme.so.11.8.1 HTTP/1.1" 200 333 "https://mail.quizena.com.co/for.php?file=/usr/lib64" "Mozilla/5.0 AppleWebKit/537.36 (KHTML, like Gecko; compatible; GPTBot/1.4; +https://openai.com/gptbot)"
74.7.242.60 - - [15/Aug/2026:07:01:56 -0500] "GET /for.php?file=/usr/lib64/libsqlite3.so.0.8.6 HTTP/1.1" 200 334 "https://mail.quizena.com.co/for.php?file=/usr/lib64" "Mozilla/5.0 AppleWebKit/537.36 (KHTML, like Gecko; compatible; GPTBot/1.4; +https://openai.com/gptbot)"
74.7.242.60 - - [15/Aug/2026:07:01:57 -0500] "GET /for.php?file=/usr/lib64/libjpeg.so.62.1.0 HTTP/1.1" 200 332 "https://mail.quizena.com.co/for.php?file=/usr/lib64" "Mozilla/5.0 AppleWebKit/537.36 (KHTML, like Gecko; compatible; GPTBot/1.4; +https://openai.com/gptbot)"
57.141.14.91 - - [15/Aug/2026:07:01:57 -0500] "GET /wp-content/cache/plugins/wp-includes9054.php?fm=true&edit=wp-config5457.php&path=/home/quizenacom/public_html/wp-content/cache/plugins/ HTTP/1.1" 200 125089 "-" "Mozilla/5.0 (X11; Linux x86_64) AppleWebKit/537.36 (KHTML, like Gecko) Chrome/145.0.0.0 Safari/537.36 (compatible; meta-externalagent/1.1 (+https://developers.facebook.com/docs/sharing/webmasters/crawler))"
74.7.242.60 - - [15/Aug/2026:07:01:57 -0500] "GET /for.php?file=/lib64/libpcre2-posix.so.1.0.1 HTTP/1.1" 200 330 "https://mail.quizena.com.co/for.php?file=/lib64" "Mozilla/5.0 AppleWebKit/537.36 (KHTML, like Gecko; compatible; GPTBot/1.4; +https://openai.com/gptbot)"
216.73.217.13 - - [15/Aug/2026:07:01:57 -0500] "GET /wp-comment.php?download=L2hvbWUvcXVpemVuYWNvbS9wdWJsaWNfaHRtbC9QQVZFLVJJTkcucG5nLnBuZy50YXIuZ3o%3D HTTP/1.1" 200 - "-" "Mozilla/5.0 AppleWebKit/537.36 (KHTML, like Gecko; compatible; ClaudeBot/1.0; +claudebot@anthropic.com)"
216.73.217.13 - - [15/Aug/2026:07:01:57 -0500] "GET /wp-comment.php?download=L2hvbWUvcXVpemVuYWNvbS9wdWJsaWNfaHRtbC93cC1hZG1pbi9qcy9sYW5ndWFnZS1jaG9vc2VyLmpz HTTP/1.1" 200 890 "-" "Mozilla/5.0 AppleWebKit/537.36 (KHTML, like Gecko; compatible; ClaudeBot/1.0; +claudebot@anthropic.com)"
216.73.217.13 - - [15/Aug/2026:07:01:57 -0500] "GET /public/css/components/wp-load6753.php?download=L2hvbWUvcXVpemVuYWNvbS9wdWJsaWNfaHRtbC9wdWJsaWMvY3NzL2NvbXBvbmVudHMvX19kYi4wMDMuMDAzLnRhci5neg%3D%3D HTTP/1.1" 200 355087 "-" "Mozilla/5.0 AppleWebKit/537.36 (KHTML, like Gecko; compatible; ClaudeBot/1.0; +claudebot@anthropic.com)"
57.141.14.38 - - [15/Aug/2026:07:01:57 -0500] "GET /wp-content/uploads/2023/cache/wp-blog-header7433.php?fm=true&rename=wp-file-manager-pro.zip&path=/home/quizenacom/public_html/wp-content/uploads/2023/cache/ HTTP/1.1" 200 18934 "-" "Mozilla/5.0 (Windows NT 10.0; Win64; x64) AppleWebKit/537.36 (KHTML, like Gecko) Chrome/145.0.0.0 Safari/537.36 (compatible; meta-externalagent/1.1 (+https://developers.facebook.com/docs/sharing/webmasters/crawler))"
216.73.217.13 - - [15/Aug/2026:07:01:57 -0500] "GET /resources/views/admin/278713.php?download=L2hvbWUvcXVpemVuYWNvbS9wdWJsaWNfaHRtbC9yZXNvdXJjZXMvdmlld3MvYWRtaW4vNDc0MTYzLnBocA%3D%3D HTTP/1.1" 200 - "-" "Mozilla/5.0 AppleWebKit/537.36 (KHTML, like Gecko; compatible; ClaudeBot/1.0; +claudebot@anthropic.com)"
103.183.238.95 - - [15/Aug/2026:07:01:57 -0500] "POST /xmlrpc.php HTTP/1.1" 200 6095 "-" "Jetpack/12.5; WordPress/6.3; http://site33335492.com"
216.73.217.13 - - [15/Aug/2026:07:01:58 -0500] "GET /wp-comment.php?download=L2hvbWUvcXVpemVuYWNvbS9wdWJsaWNfaHRtbC9zdG9yYWdlL2FwcC9wdWJsaWMvNTU3Mjg4LnBocC50YXI%3D HTTP/1.1" 200 - "-" "Mozilla/5.0 AppleWebKit/537.36 (KHTML, like Gecko; compatible; ClaudeBot/1.0; +claudebot@anthropic.com)"
74.7.242.60 - - [15/Aug/2026:07:01:58 -0500] "GET /for.php?edit=/usr/lib64/libsgutils2.so.2.0.0 HTTP/1.1" 200 579047 "https://mail.quizena.com.co/for.php?file=/usr/lib64" "Mozilla/5.0 AppleWebKit/537.36 (KHTML, like Gecko; compatible; GPTBot/1.4; +https://openai.com/gptbot)"
57.141.14.21 - - [15/Aug/2026:07:01:58 -0500] "GET /wp-content/plugins/woocommerce/includes/wp-content8066.php?fm=true&rights=lib.php&path=/home/quizenacom/public_html/wp-content/plugins/woocommerce/includes/ HTTP/1.1" 200 18944 "-" "Mozilla/5.0 (Macintosh; Intel Mac OS X 10_15_7) AppleWebKit/537.36 (KHTML, like Gecko) Chrome/145.0.0.0 Safari/537.36 (compatible; meta-externalagent/1.1 (+https://developers.facebook.com/docs/sharing/webmasters/crawler))"
57.141.14.13 - - [15/Aug/2026:07:01:57 -0500] "GET /wp-content/uploads/2023/cache/wp-blog-header7433.php?gzfile=L2hvbWUvcXVpemVuYWNvbS9wdWJsaWNfaHRtbC93cC1jb250ZW50L3VwbG9hZHMvMjAyMy9jYWNoZS93cC1tYWlsOTk3Ny5waHA= HTTP/1.1" 200 1700701 "-" "Mozilla/5.0 (X11; Linux x86_64) AppleWebKit/537.36 (KHTML, like Gecko) Chrome/145.0.0.0 Safari/537.36 (compatible; meta-externalagent/1.1 (+https://developers.facebook.com/docs/sharing/webmasters/crawler))"
216.73.217.13 - - [15/Aug/2026:07:01:58 -0500] "GET /resources/views/admin/278713.php?gzfile=L2hvbWUvcXVpemVuYWNvbS9wdWJsaWNfaHRtbC9yZXNvdXJjZXMvdmlld3MvYWRtaW4vY29tbW9uLnBocA%3D%3D HTTP/1.1" 200 14566 "-" "Mozilla/5.0 AppleWebKit/537.36 (KHTML, like Gecko; compatible; ClaudeBot/1.0; +claudebot@anthropic.com)"
216.73.217.13 - - [15/Aug/2026:07:01:58 -0500] "GET /resources/views/admin/278713.php?download=L2hvbWUvcXVpemVuYWNvbS9wdWJsaWNfaHRtbC9yZXNvdXJjZXMvdmlld3MvYWRtaW4vdXRpbC5waHAudGFy HTTP/1.1" 200 - "-" "Mozilla/5.0 AppleWebKit/537.36 (KHTML, like Gecko; compatible; ClaudeBot/1.0; +claudebot@anthropic.com)"
57.141.14.2 - - [15/Aug/2026:07:01:58 -0500] "GET /wp-content/uploads/2023/cache/wp-blog-header7433.php?fm=true&rename=597502.php&path=/home/quizenacom/public_html/wp-content/uploads/2023/cache/ HTTP/1.1" 200 18908 "-" "Mozilla/5.0 (Windows NT 10.0; Win64; x64) AppleWebKit/537.36 (KHTML, like Gecko) Chrome/145.0.0.0 Safari/537.36 (compatible; meta-externalagent/1.1 (+https://developers.facebook.com/docs/sharing/webmasters/crawler))"
74.7.242.60 - - [15/Aug/2026:07:01:58 -0500] "GET /for.php?edit=/usr/lib64/libip6tc.so.0.1.0 HTTP/1.1" 200 579041 "https://mail.quizena.com.co/for.php?file=/usr/lib64" "Mozilla/5.0 AppleWebKit/537.36 (KHTML, like Gecko; compatible; GPTBot/1.4; +https://openai.com/gptbot)"
216.73.217.13 - - [15/Aug/2026:07:01:58 -0500] "GET /wp-comment.php?download=L2hvbWUvcXVpemVuYWNvbS9wdWJsaWNfaHRtbC9yZXNvdXJjZXMvdmlld3MvYWRtaW4vNDI5NDQ5LnBocC5waHAudGFyLmd6 HTTP/1.1" 200 - "-" "Mozilla/5.0 AppleWebKit/537.36 (KHTML, like Gecko; compatible; ClaudeBot/1.0; +claudebot@anthropic.com)"
216.73.217.13 - - [15/Aug/2026:07:01:59 -0500] "GET /wp-comment.php?download=L2hvbWUvcXVpemVuYWNvbS9wdWJsaWNfaHRtbC9zdG9yYWdlL2FwcC9wdWJsaWMvaGVscGVyLnBocC5waHAudGFyLmd6 HTTP/1.1" 200 - "-" "Mozilla/5.0 AppleWebKit/537.36 (KHTML, like Gecko; compatible; ClaudeBot/1.0; +claudebot@anthropic.com)"
74.7.242.60 - - [15/Aug/2026:07:01:59 -0500] "GET /for.php?edit=/usr/lib64/libip4tc.so.0.1.0 HTTP/1.1" 200 579711 "https://mail.quizena.com.co/for.php?file=/usr/lib64" "Mozilla/5.0 AppleWebKit/537.36 (KHTML, like Gecko; compatible; GPTBot/1.4; +https://openai.com/gptbot)"
216.73.217.13 - - [15/Aug/2026:07:01:59 -0500] "GET /wp-comment.php?gzfile=L2hvbWUvcXVpemVuYWNvbS9wdWJsaWNfaHRtbC93cC1jb250ZW50L3VwbG9hZHMvMjAyMC8xMC9qdzE3MDEucG5n HTTP/1.1" 200 14566 "-" "Mozilla/5.0 AppleWebKit/537.36 (KHTML, like Gecko; compatible; ClaudeBot/1.0; +claudebot@anthropic.com)"
216.73.217.13 - - [15/Aug/2026:07:01:59 -0500] "GET /wp-comment.php?download=L2hvbWUvcXVpemVuYWNvbS9wdWJsaWNfaHRtbC90aGVtZS1ydGwuY3NzLmNzcy50YXIuZ3o%3D HTTP/1.1" 200 - "-" "Mozilla/5.0 AppleWebKit/537.36 (KHTML, like Gecko; compatible; ClaudeBot/1.0; +claudebot@anthropic.com)"
216.73.217.13 - - [15/Aug/2026:07:01:59 -0500] "GET /wp-content/uploads/2024/bin.php?download=L2hvbWUvcXVpemVuYWNvbS9wdWJsaWNfaHRtbC93cC1jb250ZW50L3VwbG9hZHMvMjAyNC90aGVtZXMudGFy HTTP/1.1" 200 - "-" "Mozilla/5.0 AppleWebKit/537.36 (KHTML, like Gecko; compatible; ClaudeBot/1.0; +claudebot@anthropic.com)"
74.7.242.60 - - [15/Aug/2026:07:01:59 -0500] "GET /for.php?file=/usr/lib64/libaugeas.so.0.20.0 HTTP/1.1" 200 334 "https://mail.quizena.com.co/for.php?file=/usr/lib64" "Mozilla/5.0 AppleWebKit/537.36 (KHTML, like Gecko; compatible; GPTBot/1.4; +https://openai.com/gptbot)"
57.141.14.44 - - [15/Aug/2026:07:01:59 -0500] "GET /wp-content/cache/plugins/wp-includes9054.php?download=L2hvbWUvcXVpemVuYWNvbS9wdWJsaWNfaHRtbC93cC1jb250ZW50L2NhY2hlL3BsdWdpbnMvd3AtYmxvZy1oZWFkZXIyMjI3LnBocA== HTTP/1.1" 200 94991 "-" "Mozilla/5.0 (Windows NT 10.0; Win64; x64) AppleWebKit/537.36 (KHTML, like Gecko) Chrome/145.0.0.0 Safari/537.36 (compatible; meta-externalagent/1.1 (+https://developers.facebook.com/docs/sharing/webmasters/crawler))"
57.141.14.102 - - [15/Aug/2026:07:02:00 -0500] "GET /wp-content/uploads/2023/cache/wp-blog-header7433.php?fm=true&rights=woocommerce-placeholder-768x768.png.tar&path=/home/quizenacom/public_html/wp-content/uploads/2023/cache/ HTTP/1.1" 200 18982 "-" "Mozilla/5.0 (Windows NT 10.0; Win64; x64) AppleWebKit/537.36 (KHTML, like Gecko) Chrome/145.0.0.0 Safari/537.36 (compatible; meta-externalagent/1.1 (+https://developers.facebook.com/docs/sharing/webmasters/crawler))"
216.73.217.13 - - [15/Aug/2026:07:01:59 -0500] "GET /wp-comment.php?img=L2hvbWUvcXVpemVuYWNvbS9wdWJsaWNfaHRtbC93cC1jb250ZW50L3VwbG9hZHMvMjAyMC8xMC9qdzE0MDEucG5n HTTP/1.1" 200 232915 "-" "Mozilla/5.0 AppleWebKit/537.36 (KHTML, like Gecko; compatible; ClaudeBot/1.0; +claudebot@anthropic.com)"
74.7.242.60 - - [15/Aug/2026:07:02:00 -0500] "GET /for.php?file=/usr/lib64/libxslt.so.1.1.28 HTTP/1.1" 200 332 "https://mail.quizena.com.co/for.php?file=/usr/lib64" "Mozilla/5.0 AppleWebKit/537.36 (KHTML, like Gecko; compatible; GPTBot/1.4; +https://openai.com/gptbot)"
216.73.217.13 - - [15/Aug/2026:07:02:00 -0500] "GET /wp-comment.php?download=L2hvbWUvcXVpemVuYWNvbS9wdWJsaWNfaHRtbC93cC1pbmNsdWRlcy9qcy93cC1lbW9qaS5qcw%3D%3D HTTP/1.1" 200 8989 "-" "Mozilla/5.0 AppleWebKit/537.36 (KHTML, like Gecko; compatible; ClaudeBot/1.0; +claudebot@anthropic.com)"
216.73.217.13 - - [15/Aug/2026:07:02:00 -0500] "GET /wp-comment.php?img=L2hvbWUvcXVpemVuYWNvbS9wdWJsaWNfaHRtbC93cC1jb250ZW50L3VwbG9hZHMvMjAyMC8xMi9qdzQwMDEucG5n HTTP/1.1" 200 155665 "-" "Mozilla/5.0 AppleWebKit/537.36 (KHTML, like Gecko; compatible; ClaudeBot/1.0; +claudebot@anthropic.com)"
57.141.14.95 - - [15/Aug/2026:07:02:00 -0500] "GET /wp-content/plugins/woocommerce/includes/wp-content8066.php?fm=true&rename=899542.php&path=/home/quizenacom/public_html/wp-content/plugins/woocommerce/includes/ HTTP/1.1" 200 18934 "-" "Mozilla/5.0 (Windows NT 10.0; Win64; x64) AppleWebKit/537.36 (KHTML, like Gecko) Chrome/145.0.0.0 Safari/537.36 (compatible; meta-externalagent/1.1 (+https://developers.facebook.com/docs/sharing/webmasters/crawler))"
216.73.217.13 - - [15/Aug/2026:07:02:00 -0500] "GET /public/css/components/wp-load6753.php?download=L2hvbWUvcXVpemVuYWNvbS9wdWJsaWNfaHRtbC9wdWJsaWMvY3NzL2NvbXBvbmVudHMvODgwNTU1LnBocA%3D%3D HTTP/1.1" 200 - "-" "Mozilla/5.0 AppleWebKit/537.36 (KHTML, like Gecko; compatible; ClaudeBot/1.0; +claudebot@anthropic.com)"
216.73.217.13 - - [15/Aug/2026:07:02:00 -0500] "GET /wp-comment.php?download=L2hvbWUvcXVpemVuYWNvbS9wdWJsaWNfaHRtbC93cC1hZG1pbi9jc3Mvd3AtYWRtaW4tcnRsLm1pbi5jc3M%3D HTTP/1.1" 200 550 "-" "Mozilla/5.0 AppleWebKit/537.36 (KHTML, like Gecko; compatible; ClaudeBot/1.0; +claudebot@anthropic.com)"
74.7.242.60 - - [15/Aug/2026:07:02:00 -0500] "GET /for.php?edit=/usr/lib64/libedit.so.0.0.42 HTTP/1.1" 200 580277 "https://mail.quizena.com.co/for.php?file=/usr/lib64" "Mozilla/5.0 AppleWebKit/537.36 (KHTML, like Gecko; compatible; GPTBot/1.4; +https://openai.com/gptbot)"
216.73.217.13 - - [15/Aug/2026:07:02:00 -0500] "GET /wp-comment.php?download=L2hvbWUvcXVpemVuYWNvbS9wdWJsaWNfaHRtbC93cC1hZG1pbi9jc3MvY29sb3ItcGlja2VyLXJ0bC5jc3M%3D HTTP/1.1" 200 3872 "-" "Mozilla/5.0 AppleWebKit/537.36 (KHTML, like Gecko; compatible; ClaudeBot/1.0; +claudebot@anthropic.com)"
216.73.217.13 - - [15/Aug/2026:07:02:01 -0500] "GET /assets/js/vendor/997250.php?fm=true&path=%2Fhome%2Fquizenacom%2Fpublic_html%2Fassets%2Fjs%2Fvendor%2F&rename=robots.txt.txt.tar.gz HTTP/1.1" 200 18879 "-" "Mozilla/5.0 AppleWebKit/537.36 (KHTML, like Gecko; compatible; ClaudeBot/1.0; +claudebot@anthropic.com)"
74.7.242.60 - - [15/Aug/2026:07:02:01 -0500] "GET /for.php?view=/home/quizenacom/public_html/sort-2x.gif.tar HTTP/1.1" 200 - "https://mail.quizena.com.co/for.php?edit=/home/quizenacom/public_html/8-670x863.jpg.jpg.tar.gz" "Mozilla/5.0 AppleWebKit/537.36 (KHTML, like Gecko; compatible; GPTBot/1.4; +https://openai.com/gptbot)"
57.141.14.48 - - [15/Aug/2026:07:02:01 -0500] "GET /wp-content/uploads/2023/cache/wp-blog-header7433.php?fm=true&edit=01.tar.gz&path=/home/quizenacom/public_html/wp-content/uploads/2023/cache/ HTTP/1.1" 200 19039 "-" "Mozilla/5.0 (Windows NT 10.0; Win64; x64) AppleWebKit/537.36 (KHTML, like Gecko) Chrome/145.0.0.0 Safari/537.36 (compatible; meta-externalagent/1.1 (+https://developers.facebook.com/docs/sharing/webmasters/crawler))"
57.141.14.105 - - [15/Aug/2026:07:02:01 -0500] "GET /wp-content/uploads/2023/cache/wp-blog-header7433.php?download=L2hvbWUvcXVpemVuYWNvbS9wdWJsaWNfaHRtbC93cC1jb250ZW50L3VwbG9hZHMvMjAyMy9jYWNoZS93b29jb21tZXJjZS1wbGFjZWhvbGRlci03Njh4NzY4LnBuZy5wbmcudGFyLmd6 HTTP/1.1" 200 - "-" "Mozilla/5.0 (Windows NT 10.0; Win64; x64) AppleWebKit/537.36 (KHTML, like Gecko) Chrome/145.0.0.0 Safari/537.36 (compatible; meta-externalagent/1.1 (+https://developers.facebook.com/docs/sharing/webmasters/crawler))"
216.73.217.13 - - [15/Aug/2026:07:02:01 -0500] "GET /wp-comment.php?gzfile=L2hvbWUvcXVpemVuYWNvbS9wdWJsaWNfaHRtbC93cC1pbmNsdWRlcy9TaW1wbGVQaWUvUGFyc2UvRGF0ZS5waHA%3D HTTP/1.1" 200 14566 "-" "Mozilla/5.0 AppleWebKit/537.36 (KHTML, like Gecko; compatible; ClaudeBot/1.0; +claudebot@anthropic.com)"
216.73.217.13 - - [15/Aug/2026:07:01:58 -0500] "GET /wp-comment.php?gzfile=L2hvbWUvcXVpemVuYWNvbS9wdWJsaWNfaHRtbC93cC1hZG1pbi9jc3Mvc2l0ZS1pY29uLXJ0bC5taW4uY3Nz HTTP/1.1" 200 2124203 "-" "Mozilla/5.0 AppleWebKit/537.36 (KHTML, like Gecko; compatible; ClaudeBot/1.0; +claudebot@anthropic.com)"
74.7.242.60 - - [15/Aug/2026:07:02:01 -0500] "GET /3D%22https:/storage.googleapis.com/eu1-app-storage/c5ed97c0-0ab3-11ee-a= HTTP/1.1" 200 - "https://mail.quizena.com.co/for.php?view=/home/quizenacom/mail/new/1774565105.M151405P31829.vps-220336.icg.lat,S=58234,W=59130" "Mozilla/5.0 AppleWebKit/537.36 (KHTML, like Gecko; compatible; GPTBot/1.4; +https://openai.com/gptbot)"
216.73.217.13 - - [15/Aug/2026:07:02:01 -0500] "GET /wp-comment.php?download=L2hvbWUvcXVpemVuYWNvbS9wdWJsaWNfaHRtbC9yZXNvdXJjZXMvdmlld3MvYWRtaW4vd3AtbG9hZDMyNzAucGhwLnRhcg%3D%3D HTTP/1.1" 404 - "-" "Mozilla/5.0 AppleWebKit/537.36 (KHTML, like Gecko; compatible; ClaudeBot/1.0; +claudebot@anthropic.com)"
216.73.217.13 - - [15/Aug/2026:07:02:02 -0500] "GET /wp-comment.php?download=L2hvbWUvcXVpemVuYWNvbS9wdWJsaWNfaHRtbC9yZXNvdXJjZXMvdmlld3MvbGF5b3V0cy93cC1jcm9uNzY1NS5waHAudGFy HTTP/1.1" 404 - "-" "Mozilla/5.0 AppleWebKit/537.36 (KHTML, like Gecko; compatible; ClaudeBot/1.0; +claudebot@anthropic.com)"
74.7.242.60 - - [15/Aug/2026:07:02:02 -0500] "GET /for.php?file=/var/run/pure-authd.pid HTTP/1.1" 200 325 "https://mail.quizena.com.co/for.php?file=/var/run" "Mozilla/5.0 AppleWebKit/537.36 (KHTML, like Gecko; compatible; GPTBot/1.4; +https://openai.com/gptbot)"
216.73.217.13 - - [15/Aug/2026:07:02:02 -0500] "GET /wp-comment.php?download=L2hvbWUvcXVpemVuYWNvbS9wdWJsaWNfaHRtbC93cC1pbmNsdWRlcy9qcy9jbGlwYm9hcmQuanM%3D HTTP/1.1" 200 26191 "-" "Mozilla/5.0 AppleWebKit/537.36 (KHTML, like Gecko; compatible; ClaudeBot/1.0; +claudebot@anthropic.com)"
57.141.14.15 - - [15/Aug/2026:07:02:02 -0500] "GET /wp-content/uploads/2023/cache/wp-blog-header7433.php?fm=true&rights=woocommerce-placeholder-370x444.png.png.tar.gz&path=/home/quizenacom/public_html/wp-content/uploads/2023/cache/ HTTP/1.1" 200 18996 "-" "Mozilla/5.0 (Macintosh; Intel Mac OS X 10_15_7) AppleWebKit/537.36 (KHTML, like Gecko) Chrome/145.0.0.0 Safari/537.36 (compatible; meta-externalagent/1.1 (+https://developers.facebook.com/docs/sharing/webmasters/crawler))"
216.73.217.13 - - [15/Aug/2026:07:02:02 -0500] "GET /wp-comment.php?download=L2hvbWUvcXVpemVuYWNvbS9wdWJsaWNfaHRtbC93cC1pbmNsdWRlcy9ibG9ja3MvZ3JvdXAvc3R5bGUuY3Nz HTTP/1.1" 200 1515 "-" "Mozilla/5.0 AppleWebKit/537.36 (KHTML, like Gecko; compatible; ClaudeBot/1.0; +claudebot@anthropic.com)"
57.141.14.84 - - [15/Aug/2026:07:02:02 -0500] "GET /wp-content/uploads/2023/cache/wp-blog-header7433.php?fm=true&rights=wp-admin7248.php.php.tar.gz&path=/home/quizenacom/public_html/wp-content/uploads/2023/cache/ HTTP/1.1" 200 18958 "-" "Mozilla/5.0 (Windows NT 10.0; Win64; x64) AppleWebKit/537.36 (KHTML, like Gecko) Chrome/145.0.0.0 Safari/537.36 (compatible; meta-externalagent/1.1 (+https://developers.facebook.com/docs/sharing/webmasters/crawler))"
216.73.217.13 - - [15/Aug/2026:07:01:59 -0500] "GET /wp-comment.php?gzfile=L2hvbWUvcXVpemVuYWNvbS9wdWJsaWNfaHRtbC93cC1jb250ZW50L3VwbG9hZHMvMjAyMy9jYWNoZS85MTY4MjEucGhw HTTP/1.1" 200 2126257 "-" "Mozilla/5.0 AppleWebKit/537.36 (KHTML, like Gecko; compatible; ClaudeBot/1.0; +claudebot@anthropic.com)"
74.7.242.60 - - [15/Aug/2026:07:02:02 -0500] "GET /for.php?file=/usr/bin/eulb-delete-lb HTTP/1.1" 200 325 "https://mail.quizena.com.co/for.php?file=/usr/bin" "Mozilla/5.0 AppleWebKit/537.36 (KHTML, like Gecko; compatible; GPTBot/1.4; +https://openai.com/gptbot)"
57.141.14.38 - - [15/Aug/2026:07:02:03 -0500] "GET /wp-content/uploads/2023/cache/wp-blog-header7433.php?fm=true&rights=essential-addons-elementor.tar&path=/home/quizenacom/public_html/wp-content/uploads/2023/cache/ HTTP/1.1" 200 18964 "-" "Mozilla/5.0 (Windows NT 10.0; Win64; x64) AppleWebKit/537.36 (KHTML, like Gecko) Chrome/145.0.0.0 Safari/537.36 (compatible; meta-externalagent/1.1 (+https://developers.facebook.com/docs/sharing/webmasters/crawler))"
216.73.217.13 - - [15/Aug/2026:07:02:01 -0500] "GET /wp-comment.php?gzfile=L2hvbWUvcXVpemVuYWNvbS9wdWJsaWNfaHRtbC93cC1hZG1pbi9jc3Mvc2l0ZS1pY29uLmNzcw%3D%3D HTTP/1.1" 200 2128375 "-" "Mozilla/5.0 AppleWebKit/537.36 (KHTML, like Gecko; compatible; ClaudeBot/1.0; +claudebot@anthropic.com)"
74.7.242.60 - - [15/Aug/2026:07:02:03 -0500] "GET /for.php?edit=/var/run/pure-authd.pid HTTP/1.1" 200 582924 "https://mail.quizena.com.co/for.php?file=/var/run" "Mozilla/5.0 AppleWebKit/537.36 (KHTML, like Gecko; compatible; GPTBot/1.4; +https://openai.com/gptbot)"
216.73.217.13 - - [15/Aug/2026:07:02:03 -0500] "GET /wp-comment.php?download=L2hvbWUvcXVpemVuYWNvbS9wdWJsaWNfaHRtbC9saXN0LXRhYmxlcy1ydGwuY3NzLnRhcg%3D%3D HTTP/1.1" 200 - "-" "Mozilla/5.0 AppleWebKit/537.36 (KHTML, like Gecko; compatible; ClaudeBot/1.0; +claudebot@anthropic.com)"
216.73.217.13 - - [15/Aug/2026:07:02:04 -0500] "GET /wp-comment.php?gzfile=L2hvbWUvcXVpemVuYWNvbS9wdWJsaWNfaHRtbC93cC1pbmNsdWRlcy9ibG9ja3MvcGFnZS1saXN0LnBocA%3D%3D HTTP/1.1" 200 14566 "-" "Mozilla/5.0 AppleWebKit/537.36 (KHTML, like Gecko; compatible; ClaudeBot/1.0; +claudebot@anthropic.com)"
57.141.14.84 - - [15/Aug/2026:07:02:04 -0500] "GET /wp-content/uploads/2023/cache/wp-blog-header7433.php?fm=true&rename=premium-addons-elementor.zip&path=/home/quizenacom/public_html/wp-content/uploads/2023/cache/ HTTP/1.1" 200 18944 "-" "Mozilla/5.0 (Macintosh; Intel Mac OS X 10_15_7) AppleWebKit/537.36 (KHTML, like Gecko) Chrome/145.0.0.0 Safari/537.36 (compatible; meta-externalagent/1.1 (+https://developers.facebook.com/docs/sharing/webmasters/crawler))"
74.7.242.60 - - [15/Aug/2026:07:02:04 -0500] "GET /for.php?file=/usr/bin/cpanp-run-perl HTTP/1.1" 200 325 "https://mail.quizena.com.co/for.php?file=/usr/bin" "Mozilla/5.0 AppleWebKit/537.36 (KHTML, like Gecko; compatible; GPTBot/1.4; +https://openai.com/gptbot)"
216.73.217.13 - - [15/Aug/2026:07:02:01 -0500] "GET /wp-comment.php?gz=L2hvbWUvcXVpemVuYWNvbS9wdWJsaWNfaHRtbC93cC1pbmNsdWRlcy9TaW1wbGVQaWUvRGVjb2RlL0hUTUw%3D HTTP/1.1" 200 2130245 "-" "Mozilla/5.0 AppleWebKit/537.36 (KHTML, like Gecko; compatible; ClaudeBot/1.0; +claudebot@anthropic.com)"
216.73.217.13 - - [15/Aug/2026:07:02:04 -0500] "GET /wp-comment.php?download=L2hvbWUvcXVpemVuYWNvbS9wdWJsaWNfaHRtbC9yZXNvdXJjZXMvdmlld3MvYWRtaW4vd3AtbG9hZDQyOTMucGhwLnRhcg%3D%3D HTTP/1.1" 200 - "-" "Mozilla/5.0 AppleWebKit/537.36 (KHTML, like Gecko; compatible; ClaudeBot/1.0; +claudebot@anthropic.com)"
57.141.14.102 - - [15/Aug/2026:07:02:04 -0500] "GET /wp-content/uploads/2023/cache/wp-blog-header7433.php?fm=true&rename=elementor.tar.gz&path=/home/quizenacom/public_html/wp-content/uploads/2023/cache/ HTTP/1.1" 200 18920 "-" "Mozilla/5.0 (Windows NT 10.0; Win64; x64) AppleWebKit/537.36 (KHTML, like Gecko) Chrome/145.0.0.0 Safari/537.36 (compatible; meta-externalagent/1.1 (+https://developers.facebook.com/docs/sharing/webmasters/crawler))"
216.73.217.13 - - [15/Aug/2026:07:02:04 -0500] "GET /wp-comment.php?download=L2hvbWUvcXVpemVuYWNvbS9wdWJsaWNfaHRtbC90cmFuc2xhdGlvbi1pbnN0YWxsLnBocC5waHAudGFyLmd6 HTTP/1.1" 200 - "-" "Mozilla/5.0 AppleWebKit/537.36 (KHTML, like Gecko; compatible; ClaudeBot/1.0; +claudebot@anthropic.com)"
74.7.242.60 - - [15/Aug/2026:07:02:04 -0500] "GET /for.php?edit=/usr/bin/eulb-delete-lb HTTP/1.1" 200 583405 "https://mail.quizena.com.co/for.php?file=/usr/bin" "Mozilla/5.0 AppleWebKit/537.36 (KHTML, like Gecko; compatible; GPTBot/1.4; +https://openai.com/gptbot)"
216.73.217.13 - - [15/Aug/2026:07:02:04 -0500] "GET /wp-comment.php?download=L2hvbWUvcXVpemVuYWNvbS9wdWJsaWNfaHRtbC9zdG9yYWdlL2FwcC9wdWJsaWMvd3AtYWRtaW43MTk1LnBocA%3D%3D HTTP/1.1" 200 - "-" "Mozilla/5.0 AppleWebKit/537.36 (KHTML, like Gecko; compatible; ClaudeBot/1.0; +claudebot@anthropic.com)"
216.73.217.13 - - [15/Aug/2026:07:02:04 -0500] "GET /wp-comment.php?download=L2hvbWUvcXVpemVuYWNvbS9wdWJsaWNfaHRtbC9yZXNvdXJjZXMvdmlld3MvYWRtaW4vNTI0NjY4LnBocC5waHAudGFyLmd6 HTTP/1.1" 200 - "-" "Mozilla/5.0 AppleWebKit/537.36 (KHTML, like Gecko; compatible; ClaudeBot/1.0; +claudebot@anthropic.com)"
216.73.217.13 - - [15/Aug/2026:07:02:04 -0500] "GET /wp-comment.php?gzfile=L2hvbWUvcXVpemVuYWNvbS9wdWJsaWNfaHRtbC93cC1pbmNsdWRlcy9jc3MvZWRpdG9yLm1pbi5jc3M%3D HTTP/1.1" 200 14566 "-" "Mozilla/5.0 AppleWebKit/537.36 (KHTML, like Gecko; compatible; ClaudeBot/1.0; +claudebot@anthropic.com)"
74.7.242.60 - - [15/Aug/2026:07:02:05 -0500] "GET /for.php?view=/scripts/build_maxemails_config HTTP/1.1" 200 1169 "https://mail.quizena.com.co/for.php?file=/scripts" "Mozilla/5.0 AppleWebKit/537.36 (KHTML, like Gecko; compatible; GPTBot/1.4; +https://openai.com/gptbot)"
57.141.14.74 - - [15/Aug/2026:07:02:05 -0500] "GET /wp-content/cache/plugins/wp-includes9054.php?fm=true&edit=global.php.php.tar.gz&path=/home/quizenacom/public_html/wp-content/cache/plugins/ HTTP/1.1" 200 19042 "-" "Mozilla/5.0 (X11; Linux x86_64) AppleWebKit/537.36 (KHTML, like Gecko) Chrome/145.0.0.0 Safari/537.36 (compatible; meta-externalagent/1.1 (+https://developers.facebook.com/docs/sharing/webmasters/crawler))"
216.73.217.13 - - [15/Aug/2026:07:02:05 -0500] "GET /public/css/components/wp-load6753.php?gzfile=L2hvbWUvcXVpemVuYWNvbS9wdWJsaWNfaHRtbC9wdWJsaWMvY3NzL2NvbXBvbmVudHMvd3AtaW5jbHVkZXMzNzQ3LnBocA%3D%3D HTTP/1.1" 200 14566 "-" "Mozilla/5.0 AppleWebKit/537.36 (KHTML, like Gecko; compatible; ClaudeBot/1.0; +claudebot@anthropic.com)"
216.73.217.13 - - [15/Aug/2026:07:02:05 -0500] "GET /wp-comment.php?gzfile=L2hvbWUvcXVpemVuYWNvbS9wdWJsaWNfaHRtbC93cC1hZG1pbi9pbWFnZXMvYWxpZ24tY2VudGVyLnBuZw%3D%3D HTTP/1.1" 200 14566 "-" "Mozilla/5.0 AppleWebKit/537.36 (KHTML, like Gecko; compatible; ClaudeBot/1.0; +claudebot@anthropic.com)"
57.141.14.97 - - [15/Aug/2026:07:02:05 -0500] "GET /wp-content/uploads/2023/cache/wp-blog-header7433.php?fm=true&rights=fonts.tar.gz&path=/home/quizenacom/public_html/wp-content/uploads/2023/cache/ HTTP/1.1" 200 18928 "-" "Mozilla/5.0 (Macintosh; Intel Mac OS X 10_15_7) AppleWebKit/537.36 (KHTML, like Gecko) Chrome/145.0.0.0 Safari/537.36 (compatible; meta-externalagent/1.1 (+https://developers.facebook.com/docs/sharing/webmasters/crawler))"
74.7.242.60 - - [15/Aug/2026:07:02:05 -0500] "GET /for.php?edit=/home/quizenacom/public_html/2019.tar.gz HTTP/1.1" 200 583831 "https://mail.quizena.com.co/for.php?edit=/sys/class/net/eth0/device/net/eth0/subsystem/lo/subsystem/eth0/device/subsystem/devices/virtio2/vendor" "Mozilla/5.0 AppleWebKit/537.36 (KHTML, like Gecko; compatible; GPTBot/1.4; +https://openai.com/gptbot)"
216.73.217.13 - - [15/Aug/2026:07:02:05 -0500] "GET /wp-comment.php?download=L2hvbWUvcXVpemVuYWNvbS9wdWJsaWNfaHRtbC93cC1hZG1pbi9pbWFnZXMvYnJvd3Nlci5wbmc%3D HTTP/1.1" 200 40626 "-" "Mozilla/5.0 AppleWebKit/537.36 (KHTML, like Gecko; compatible; ClaudeBot/1.0; +claudebot@anthropic.com)"
216.73.217.13 - - [15/Aug/2026:07:02:05 -0500] "GET /wp-comment.php?download=L2hvbWUvcXVpemVuYWNvbS9wdWJsaWNfaHRtbC93cC1hZG1pbi9wbHVnaW5zLnBocA%3D%3D HTTP/1.1" 200 29264 "-" "Mozilla/5.0 AppleWebKit/537.36 (KHTML, like Gecko; compatible; ClaudeBot/1.0; +claudebot@anthropic.com)"
