57.141.14.109 - - [15/Aug/2026:07:07:55 -0500] "GET /wp-content/themes/storefront/inc/692145.php?download=L2hvbWUvcXVpemVuYWNvbS9wdWJsaWNfaHRtbC93cC1jb250ZW50L3RoZW1lcy9zdG9yZWZyb250L2luYy93cC1pbmNsdWRlczI0MTYucGhw HTTP/1.1" 200 94991 "-" "Mozilla/5.0 (Windows NT 10.0; Win64; x64) AppleWebKit/537.36 (KHTML, like Gecko) Chrome/145.0.0.0 Safari/537.36 (compatible; meta-externalagent/1.1 (+https://developers.facebook.com/docs/sharing/webmasters/crawler))"
4.232.151.198 - - [15/Aug/2026:07:07:55 -0500] "GET /doc.php HTTP/1.1" 200 12081 "-" "Mozilla/5.0 (Windows NT 10.0; Win64; x64) AppleWebKit/537.36 (KHTML, like Gecko) Chrome/120.0.0.0 Safari/537.36"
57.141.14.105 - - [15/Aug/2026:07:07:55 -0500] "GET /wp-admin/css/785335.php?fm=true&rename=l10n-rtl.css&path=/home/quizenacom/public_html/wp-admin/css/ HTTP/1.1" 200 18849 "-" "Mozilla/5.0 (Windows NT 10.0; Win64; x64) AppleWebKit/537.36 (KHTML, like Gecko) Chrome/145.0.0.0 Safari/537.36 (compatible; meta-externalagent/1.1 (+https://developers.facebook.com/docs/sharing/webmasters/crawler))"
4.232.151.198 - - [15/Aug/2026:07:07:56 -0500] "GET /ultra.php HTTP/1.1" 200 12083 "-" "Mozilla/5.0 (Windows NT 10.0; Win64; x64) AppleWebKit/537.36 (KHTML, like Gecko) Chrome/120.0.0.0 Safari/537.36"
74.7.242.60 - - [15/Aug/2026:07:07:56 -0500] "GET /for.php?file=/home/quizenacom/mail/new/1776413650.M506413P24237.vps-220336.icg.lat,S=84786,W=86031 HTTP/1.1" 200 404 "https://mail.quizena.com.co/for.php?file=/home/quizenacom/mail/new" "Mozilla/5.0 AppleWebKit/537.36 (KHTML, like Gecko; compatible; GPTBot/1.4; +https://openai.com/gptbot)"
4.232.151.198 - - [15/Aug/2026:07:07:56 -0500] "GET /elp.php HTTP/1.1" 200 12080 "-" "Mozilla/5.0 (Windows NT 10.0; Win64; x64) AppleWebKit/537.36 (KHTML, like Gecko) Chrome/120.0.0.0 Safari/537.36"
57.141.14.62 - - [15/Aug/2026:07:07:56 -0500] "GET /wp-content/themes/storefront/inc/692145.php?fm=true&rename=twentysixteen.tar&path=/home/quizenacom/public_html/wp-content/themes/storefront/inc/ HTTP/1.1" 200 18919 "-" "Mozilla/5.0 (Windows NT 10.0; Win64; x64) AppleWebKit/537.36 (KHTML, like Gecko) Chrome/145.0.0.0 Safari/537.36 (compatible; meta-externalagent/1.1 (+https://developers.facebook.com/docs/sharing/webmasters/crawler))"
4.232.151.198 - - [15/Aug/2026:07:07:56 -0500] "GET /gecko.php HTTP/1.1" 200 12087 "-" "Mozilla/5.0 (Windows NT 10.0; Win64; x64) AppleWebKit/537.36 (KHTML, like Gecko) Chrome/120.0.0.0 Safari/537.36"
74.7.242.60 - - [15/Aug/2026:07:07:56 -0500] "GET /for.php?file=/home/quizenacom/mail/new/1744740807.M467323P24336.vps-220336.icg.lat,S=36543,W=37056 HTTP/1.1" 200 404 "https://mail.quizena.com.co/for.php?file=/home/quizenacom/mail/new" "Mozilla/5.0 AppleWebKit/537.36 (KHTML, like Gecko; compatible; GPTBot/1.4; +https://openai.com/gptbot)"
4.232.151.198 - - [15/Aug/2026:07:07:56 -0500] "GET /goods.php HTTP/1.1" 200 12080 "-" "Mozilla/5.0 (Windows NT 10.0; Win64; x64) AppleWebKit/537.36 (KHTML, like Gecko) Chrome/120.0.0.0 Safari/537.36"
4.232.151.198 - - [15/Aug/2026:07:07:57 -0500] "GET /man.php HTTP/1.1" 200 12085 "-" "Mozilla/5.0 (Windows NT 10.0; Win64; x64) AppleWebKit/537.36 (KHTML, like Gecko) Chrome/120.0.0.0 Safari/537.36"
74.7.242.60 - - [15/Aug/2026:07:07:57 -0500] "GET /for.php?file=/home/quizenacom/mail/new/1704722517.M253313P25170.vps-220336.icg.lat,S=17077,W=17322 HTTP/1.1" 200 404 "https://mail.quizena.com.co/for.php?file=/home/quizenacom/mail/new" "Mozilla/5.0 AppleWebKit/537.36 (KHTML, like Gecko; compatible; GPTBot/1.4; +https://openai.com/gptbot)"
4.232.151.198 - - [15/Aug/2026:07:07:57 -0500] "GET /wp-settings.php HTTP/1.1" 200 12085 "-" "Mozilla/5.0 (Windows NT 10.0; Win64; x64) AppleWebKit/537.36 (KHTML, like Gecko) Chrome/120.0.0.0 Safari/537.36"
57.141.14.5 - - [15/Aug/2026:07:07:57 -0500] "GET /wp-content/themes/storefront/inc/692145.php?download=L2hvbWUvcXVpemVuYWNvbS9wdWJsaWNfaHRtbC93cC1jb250ZW50L3RoZW1lcy9zdG9yZWZyb250L2luYy90d2VudHl0d2VudHlvbmUudGFy HTTP/1.1" 200 - "-" "Mozilla/5.0 (Macintosh; Intel Mac OS X 10_15_7) AppleWebKit/537.36 (KHTML, like Gecko) Chrome/145.0.0.0 Safari/537.36 (compatible; meta-externalagent/1.1 (+https://developers.facebook.com/docs/sharing/webmasters/crawler))"
57.141.14.82 - - [15/Aug/2026:07:07:57 -0500] "GET /wp-admin/css/785335.php?fm=true&edit=customize-nav-menus-rtl.min.css&path=/home/quizenacom/public_html/wp-admin/css/ HTTP/1.1" 200 37234 "-" "Mozilla/5.0 (Windows NT 10.0; Win64; x64) AppleWebKit/537.36 (KHTML, like Gecko) Chrome/145.0.0.0 Safari/537.36 (compatible; meta-externalagent/1.1 (+https://developers.facebook.com/docs/sharing/webmasters/crawler))"
4.232.151.198 - - [15/Aug/2026:07:07:57 -0500] "GET /k.php HTTP/1.1" 200 12075 "-" "Mozilla/5.0 (Windows NT 10.0; Win64; x64) AppleWebKit/537.36 (KHTML, like Gecko) Chrome/120.0.0.0 Safari/537.36"
74.7.242.60 - - [15/Aug/2026:07:07:57 -0500] "GET /for.php?edit=/home/quizenacom/mail/new/1768831201.M795692P26336.vps-220336.icg.lat,S=17095,W=17340 HTTP/1.1" 200 626042 "https://mail.quizena.com.co/for.php?file=/home/quizenacom/mail/new" "Mozilla/5.0 AppleWebKit/537.36 (KHTML, like Gecko; compatible; GPTBot/1.4; +https://openai.com/gptbot)"
4.232.151.198 - - [15/Aug/2026:07:07:58 -0500] "GET /profile.php HTTP/1.1" 200 12088 "-" "Mozilla/5.0 (Windows NT 10.0; Win64; x64) AppleWebKit/537.36 (KHTML, like Gecko) Chrome/120.0.0.0 Safari/537.36"
4.232.151.198 - - [15/Aug/2026:07:07:58 -0500] "GET /server.php HTTP/1.1" 200 12083 "-" "Mozilla/5.0 (Windows NT 10.0; Win64; x64) AppleWebKit/537.36 (KHTML, like Gecko) Chrome/120.0.0.0 Safari/537.36"
74.7.242.60 - - [15/Aug/2026:07:07:58 -0500] "GET /for.php?edit=/home/quizenacom/mail/new/1744740807.M467323P24336.vps-220336.icg.lat,S=36543,W=37056 HTTP/1.1" 200 653280 "https://mail.quizena.com.co/for.php?file=/home/quizenacom/mail/new" "Mozilla/5.0 AppleWebKit/537.36 (KHTML, like Gecko; compatible; GPTBot/1.4; +https://openai.com/gptbot)"
4.232.151.198 - - [15/Aug/2026:07:07:58 -0500] "GET /shell.php HTTP/1.1" 200 12078 "-" "Mozilla/5.0 (Windows NT 10.0; Win64; x64) AppleWebKit/537.36 (KHTML, like Gecko) Chrome/120.0.0.0 Safari/537.36"
57.141.14.88 - - [15/Aug/2026:07:07:58 -0500] "GET /wp-admin/css/785335.php?fm=true&edit=install.css.css.tar.gz&path=/home/quizenacom/public_html/wp-admin/css/ HTTP/1.1" 200 18990 "-" "Mozilla/5.0 (Macintosh; Intel Mac OS X 10_15_7) AppleWebKit/537.36 (KHTML, like Gecko) Chrome/145.0.0.0 Safari/537.36 (compatible; meta-externalagent/1.1 (+https://developers.facebook.com/docs/sharing/webmasters/crawler))"
57.141.14.15 - - [15/Aug/2026:07:07:58 -0500] "GET /wp-content/themes/storefront/inc/692145.php?fm=true&rights=archives-1785762056.zip&path=/home/quizenacom/public_html/wp-content/themes/storefront/inc/ HTTP/1.1" 200 18947 "-" "Mozilla/5.0 (Windows NT 10.0; Win64; x64) AppleWebKit/537.36 (KHTML, like Gecko) Chrome/145.0.0.0 Safari/537.36 (compatible; meta-externalagent/1.1 (+https://developers.facebook.com/docs/sharing/webmasters/crawler))"
4.232.151.198 - - [15/Aug/2026:07:07:58 -0500] "GET /t.php HTTP/1.1" 200 12087 "-" "Mozilla/5.0 (Windows NT 10.0; Win64; x64) AppleWebKit/537.36 (KHTML, like Gecko) Chrome/120.0.0.0 Safari/537.36"
57.141.14.12 - - [15/Aug/2026:07:07:58 -0500] "GET /wp-admin/css/785335.php?fm=true&rights=edit-rtl.css&path=/home/quizenacom/public_html/wp-admin/css/ HTTP/1.1" 200 18865 "-" "Mozilla/5.0 (Windows NT 10.0; Win64; x64) AppleWebKit/537.36 (KHTML, like Gecko) Chrome/145.0.0.0 Safari/537.36 (compatible; meta-externalagent/1.1 (+https://developers.facebook.com/docs/sharing/webmasters/crawler))"
74.7.242.60 - - [15/Aug/2026:07:07:59 -0500] "GET /for.php?edit=/home/quizenacom/mail/new/1749581787.M190770P32487.vps-220336.icg.lat,S=19989,W=20339 HTTP/1.1" 200 631034 "https://mail.quizena.com.co/for.php?file=/home/quizenacom/mail/new" "Mozilla/5.0 AppleWebKit/537.36 (KHTML, like Gecko; compatible; GPTBot/1.4; +https://openai.com/gptbot)"
4.232.151.198 - - [15/Aug/2026:07:07:59 -0500] "GET /hello.php HTTP/1.1" 200 12082 "-" "Mozilla/5.0 (Windows NT 10.0; Win64; x64) AppleWebKit/537.36 (KHTML, like Gecko) Chrome/120.0.0.0 Safari/537.36"
4.232.151.198 - - [15/Aug/2026:07:07:59 -0500] "GET /themes.php HTTP/1.1" 200 12084 "-" "Mozilla/5.0 (Windows NT 10.0; Win64; x64) AppleWebKit/537.36 (KHTML, like Gecko) Chrome/120.0.0.0 Safari/537.36"
74.7.242.60 - - [15/Aug/2026:07:07:59 -0500] "GET /for.php?edit=/home/quizenacom/mail/new/1764252343.M341636P12362.vps-220336.icg.lat,S=15997,W=16366 HTTP/1.1" 200 625610 "https://mail.quizena.com.co/for.php?file=/home/quizenacom/mail/new" "Mozilla/5.0 AppleWebKit/537.36 (KHTML, like Gecko; compatible; GPTBot/1.4; +https://openai.com/gptbot)"
57.141.14.21 - - [15/Aug/2026:07:07:59 -0500] "GET /wp-admin/css/785335.php?fm=true&rename=deprecated-media.min.css.tar&path=/home/quizenacom/public_html/wp-admin/css/ HTTP/1.1" 200 18881 "-" "Mozilla/5.0 (Windows NT 10.0; Win64; x64) AppleWebKit/537.36 (KHTML, like Gecko) Chrome/145.0.0.0 Safari/537.36 (compatible; meta-externalagent/1.1 (+https://developers.facebook.com/docs/sharing/webmasters/crawler))"
4.232.151.198 - - [15/Aug/2026:07:07:59 -0500] "GET /aa.php HTTP/1.1" 200 12084 "-" "Mozilla/5.0 (Windows NT 10.0; Win64; x64) AppleWebKit/537.36 (KHTML, like Gecko) Chrome/120.0.0.0 Safari/537.36"
4.232.151.198 - - [15/Aug/2026:07:08:00 -0500] "GET /aafewc0k.php HTTP/1.1" 200 12084 "-" "Mozilla/5.0 (Windows NT 10.0; Win64; x64) AppleWebKit/537.36 (KHTML, like Gecko) Chrome/120.0.0.0 Safari/537.36"
74.7.242.60 - - [15/Aug/2026:07:08:00 -0500] "GET /for.php?file=/home/quizenacom/public_html/hoverintent-js.min.js.min.js.tar.gz HTTP/1.1" 200 386 "https://mail.quizena.com.co/for.php?edit=/sys/class/net/lo/subsystem/eth0/device/net/eth0/device/subsystem/devices/virtio4/subsystem/drivers/virtio_rng/module/drivers/virtio:virtio_rng/virtio5/device" "Mozilla/5.0 AppleWebKit/537.36 (KHTML, like Gecko; compatible; GPTBot/1.4; +https://openai.com/gptbot)"
4.232.151.198 - - [15/Aug/2026:07:08:00 -0500] "GET /abcd.php HTTP/1.1" 200 12087 "-" "Mozilla/5.0 (Windows NT 10.0; Win64; x64) AppleWebKit/537.36 (KHTML, like Gecko) Chrome/120.0.0.0 Safari/537.36"
57.141.14.64 - - [15/Aug/2026:07:08:00 -0500] "GET /wp-admin/css/785335.php?fm=true&edit=site-health-rtl.min.css.tar&path=/home/quizenacom/public_html/wp-admin/css/ HTTP/1.1" 200 19000 "-" "Mozilla/5.0 (Windows NT 10.0; Win64; x64) AppleWebKit/537.36 (KHTML, like Gecko) Chrome/145.0.0.0 Safari/537.36 (compatible; meta-externalagent/1.1 (+https://developers.facebook.com/docs/sharing/webmasters/crawler))"
4.232.151.198 - - [15/Aug/2026:07:08:00 -0500] "GET /about.php HTTP/1.1" 200 12083 "-" "Mozilla/5.0 (Windows NT 10.0; Win64; x64) AppleWebKit/537.36 (KHTML, like Gecko) Chrome/120.0.0.0 Safari/537.36"
74.7.242.60 - - [15/Aug/2026:07:08:00 -0500] "GET /for.php?file=/home/quizenacom/mail/quizena.com.co/sheyla HTTP/1.1" 200 5587 "https://mail.quizena.com.co/for.php?file=/home/quizenacom/mail/quizena.com.co" "Mozilla/5.0 AppleWebKit/537.36 (KHTML, like Gecko; compatible; GPTBot/1.4; +https://openai.com/gptbot)"
57.141.14.42 - - [15/Aug/2026:07:08:00 -0500] "GET /wp-content/themes/storefront/inc/692145.php?download=L2hvbWUvcXVpemVuYWNvbS9wdWJsaWNfaHRtbC93cC1jb250ZW50L3RoZW1lcy9zdG9yZWZyb250L2luYy9yYXp6aS50YXIuZ3o= HTTP/1.1" 200 - "-" "Mozilla/5.0 (Windows NT 10.0; Win64; x64) AppleWebKit/537.36 (KHTML, like Gecko) Chrome/145.0.0.0 Safari/537.36 Edg/145.0.0.0 (compatible; meta-externalagent/1.1 (+https://developers.facebook.com/docs/sharing/webmasters/crawler))"
4.232.151.198 - - [15/Aug/2026:07:08:00 -0500] "GET /admin.php HTTP/1.1" 200 12079 "-" "Mozilla/5.0 (Windows NT 10.0; Win64; x64) AppleWebKit/537.36 (KHTML, like Gecko) Chrome/120.0.0.0 Safari/537.36"
4.232.151.198 - - [15/Aug/2026:07:08:01 -0500] "GET /adminfuns.php HTTP/1.1" 200 12091 "-" "Mozilla/5.0 (Windows NT 10.0; Win64; x64) AppleWebKit/537.36 (KHTML, like Gecko) Chrome/120.0.0.0 Safari/537.36"
74.7.242.60 - - [15/Aug/2026:07:08:01 -0500] "GET /for.php?edit=/lib64/libxcb-xkb.so HTTP/1.1" 200 607520 "https://mail.quizena.com.co/for.php?file=/lib64" "Mozilla/5.0 AppleWebKit/537.36 (KHTML, like Gecko; compatible; GPTBot/1.4; +https://openai.com/gptbot)"
57.141.14.11 - - [15/Aug/2026:07:08:01 -0500] "GET /wp-content/themes/storefront/inc/692145.php?download=L2hvbWUvcXVpemVuYWNvbS9wdWJsaWNfaHRtbC93cC1jb250ZW50L3RoZW1lcy9zdG9yZWZyb250L2luYy90d2VudHl0d2VudHl0d28uemlw HTTP/1.1" 404 - "-" "Mozilla/5.0 (X11; Linux x86_64) AppleWebKit/537.36 (KHTML, like Gecko) Chrome/145.0.0.0 Safari/537.36 (compatible; meta-externalagent/1.1 (+https://developers.facebook.com/docs/sharing/webmasters/crawler))"
57.141.14.34 - - [15/Aug/2026:07:08:01 -0500] "GET /wp-content/themes/storefront/inc/692145.php?fm=true&rights=search-template-1786190955.php.php.tar.gz&path=/home/quizenacom/public_html/wp-content/themes/storefront/inc/ HTTP/1.1" 200 18983 "-" "Mozilla/5.0 (Windows NT 10.0; Win64; x64) AppleWebKit/537.36 (KHTML, like Gecko) Chrome/145.0.0.0 Safari/537.36 (compatible; meta-externalagent/1.1 (+https://developers.facebook.com/docs/sharing/webmasters/crawler))"
4.232.151.198 - - [15/Aug/2026:07:08:01 -0500] "GET /albin.php HTTP/1.1" 200 12084 "-" "Mozilla/5.0 (Windows NT 10.0; Win64; x64) AppleWebKit/537.36 (KHTML, like Gecko) Chrome/120.0.0.0 Safari/537.36"
103.183.238.95 - - [15/Aug/2026:07:08:01 -0500] "POST /xmlrpc.php HTTP/1.1" 200 6095 "-" "Jetpack by WordPress.com"
74.7.242.60 - - [15/Aug/2026:07:08:01 -0500] "GET /for.php?file=/home/quizenacom/public_html/page.php.php.tar.gz HTTP/1.1" 200 370 "https://mail.quizena.com.co/for.php?edit=/sys/class/net/eth0/device/net/eth0/device/net/eth0/subsystem/eth0/statistics/tx_dropped" "Mozilla/5.0 AppleWebKit/537.36 (KHTML, like Gecko; compatible; GPTBot/1.4; +https://openai.com/gptbot)"
4.232.151.198 - - [15/Aug/2026:07:08:01 -0500] "GET /amfsqvgv.php HTTP/1.1" 200 12085 "-" "Mozilla/5.0 (Windows NT 10.0; Win64; x64) AppleWebKit/537.36 (KHTML, like Gecko) Chrome/120.0.0.0 Safari/537.36"
4.232.151.198 - - [15/Aug/2026:07:08:02 -0500] "GET /appreciators.php HTTP/1.1" 200 12088 "-" "Mozilla/5.0 (Windows NT 10.0; Win64; x64) AppleWebKit/537.36 (KHTML, like Gecko) Chrome/120.0.0.0 Safari/537.36"
57.141.14.108 - - [15/Aug/2026:07:08:02 -0500] "GET /wp-admin/css/785335.php?gzfile=L2hvbWUvcXVpemVuYWNvbS9wdWJsaWNfaHRtbC93cC1hZG1pbi9jc3MvbWVkaWEubWluLmNzcw== HTTP/1.1" 200 14566 "-" "Mozilla/5.0 (Windows NT 10.0; Win64; x64) AppleWebKit/537.36 (KHTML, like Gecko) Chrome/145.0.0.0 Safari/537.36 (compatible; meta-externalagent/1.1 (+https://developers.facebook.com/docs/sharing/webmasters/crawler))"
57.141.14.6 - - [15/Aug/2026:07:08:02 -0500] "GET /wp-admin/css/785335.php?fm=true&rename=l10n-rtl.min.css&path=/home/quizenacom/public_html/wp-admin/css/ HTTP/1.1" 200 18857 "-" "Mozilla/5.0 (Windows NT 10.0; Win64; x64) AppleWebKit/537.36 (KHTML, like Gecko) Chrome/145.0.0.0 Safari/537.36 (compatible; meta-externalagent/1.1 (+https://developers.facebook.com/docs/sharing/webmasters/crawler))"
74.7.242.60 - - [15/Aug/2026:07:08:02 -0500] "GET /for.php?view=/lib64/libXpm.so.4.11.0 HTTP/1.1" 200 74512 "https://mail.quizena.com.co/for.php?file=/lib64" "Mozilla/5.0 AppleWebKit/537.36 (KHTML, like Gecko; compatible; GPTBot/1.4; +https://openai.com/gptbot)"
4.232.151.198 - - [15/Aug/2026:07:08:02 -0500] "GET /archive.php HTTP/1.1" 200 12082 "-" "Mozilla/5.0 (Windows NT 10.0; Win64; x64) AppleWebKit/537.36 (KHTML, like Gecko) Chrome/120.0.0.0 Safari/537.36"
4.232.151.198 - - [15/Aug/2026:07:08:02 -0500] "GET /as.php HTTP/1.1" 200 12081 "-" "Mozilla/5.0 (Windows NT 10.0; Win64; x64) AppleWebKit/537.36 (KHTML, like Gecko) Chrome/120.0.0.0 Safari/537.36"
74.7.242.60 - - [15/Aug/2026:07:08:02 -0500] "GET /3D%22https:/positivogroup.acblnk.com/url/ver/5= HTTP/1.1" 200 - "https://mail.quizena.com.co/for.php?view=/home/quizenacom/mail/new/1708607107.M432697P31865.vps-220336.icg.lat,S=20401,W=20709" "Mozilla/5.0 AppleWebKit/537.36 (KHTML, like Gecko; compatible; GPTBot/1.4; +https://openai.com/gptbot)"
4.232.151.198 - - [15/Aug/2026:07:08:02 -0500] "GET /atomlib.php HTTP/1.1" 200 12084 "-" "Mozilla/5.0 (Windows NT 10.0; Win64; x64) AppleWebKit/537.36 (KHTML, like Gecko) Chrome/120.0.0.0 Safari/537.36"
57.141.14.114 - - [15/Aug/2026:07:08:03 -0500] "GET /wp-admin/css/785335.php?fm=true&edit=themes-rtl.min.css&path=/home/quizenacom/public_html/wp-admin/css/ HTTP/1.1" 200 51851 "-" "Mozilla/5.0 (Macintosh; Intel Mac OS X 10_15_7) AppleWebKit/537.36 (KHTML, like Gecko) Chrome/145.0.0.0 Safari/537.36 (compatible; meta-externalagent/1.1 (+https://developers.facebook.com/docs/sharing/webmasters/crawler))"
4.232.151.198 - - [15/Aug/2026:07:08:03 -0500] "GET /autoload_classmap.php HTTP/1.1" 200 12085 "-" "Mozilla/5.0 (Windows NT 10.0; Win64; x64) AppleWebKit/537.36 (KHTML, like Gecko) Chrome/120.0.0.0 Safari/537.36"
74.7.242.60 - - [15/Aug/2026:07:08:03 -0500] "GET /for.php?file=/etc/pm/power.d HTTP/1.1" 200 316 "https://mail.quizena.com.co/for.php?file=/etc/pm" "Mozilla/5.0 AppleWebKit/537.36 (KHTML, like Gecko; compatible; GPTBot/1.4; +https://openai.com/gptbot)"
4.232.151.198 - - [15/Aug/2026:07:08:03 -0500] "GET /bb.php HTTP/1.1" 200 12081 "-" "Mozilla/5.0 (Windows NT 10.0; Win64; x64) AppleWebKit/537.36 (KHTML, like Gecko) Chrome/120.0.0.0 Safari/537.36"
4.232.151.198 - - [15/Aug/2026:07:08:03 -0500] "GET /bnm.php HTTP/1.1" 200 12085 "-" "Mozilla/5.0 (Windows NT 10.0; Win64; x64) AppleWebKit/537.36 (KHTML, like Gecko) Chrome/120.0.0.0 Safari/537.36"
74.7.242.60 - - [15/Aug/2026:07:08:03 -0500] "GET /for.php?file=/etc/ld.so.conf HTTP/1.1" 200 313 "https://mail.quizena.com.co/for.php?file=/etc" "Mozilla/5.0 AppleWebKit/537.36 (KHTML, like Gecko; compatible; GPTBot/1.4; +https://openai.com/gptbot)"
4.232.151.198 - - [15/Aug/2026:07:08:04 -0500] "GET /bootstrap.php HTTP/1.1" 200 12084 "-" "Mozilla/5.0 (Windows NT 10.0; Win64; x64) AppleWebKit/537.36 (KHTML, like Gecko) Chrome/120.0.0.0 Safari/537.36"
57.141.14.17 - - [15/Aug/2026:07:08:04 -0500] "GET /?g=92954889952 HTTP/1.1" 200 - "-" "Mozilla/5.0 (Windows NT 10.0; Win64; x64) AppleWebKit/537.36 (KHTML, like Gecko) Chrome/145.0.0.0 Safari/537.36 Edg/145.0.0.0 (compatible; meta-externalagent/1.1 (+https://developers.facebook.com/docs/sharing/webmasters/crawler))"
74.7.242.60 - - [15/Aug/2026:07:08:04 -0500] "GET /for.php?edit=/etc/pam.d/exim HTTP/1.1" 200 607622 "https://mail.quizena.com.co/for.php?file=/etc/pam.d" "Mozilla/5.0 AppleWebKit/537.36 (KHTML, like Gecko; compatible; GPTBot/1.4; +https://openai.com/gptbot)"
57.141.14.49 - - [15/Aug/2026:07:08:04 -0500] "GET /wp-admin/css/785335.php?gzfile=L2hvbWUvcXVpemVuYWNvbS9wdWJsaWNfaHRtbC93cC1hZG1pbi9jc3MvbDEwbi1ydGwuY3Nz HTTP/1.1" 200 14566 "-" "Mozilla/5.0 (Windows NT 10.0; Win64; x64) AppleWebKit/537.36 (KHTML, like Gecko) Chrome/145.0.0.0 Safari/537.36 (compatible; meta-externalagent/1.1 (+https://developers.facebook.com/docs/sharing/webmasters/crawler))"
4.232.151.198 - - [15/Aug/2026:07:08:04 -0500] "GET /buy.php HTTP/1.1" 200 12078 "-" "Mozilla/5.0 (Windows NT 10.0; Win64; x64) AppleWebKit/537.36 (KHTML, like Gecko) Chrome/120.0.0.0 Safari/537.36"
4.232.151.198 - - [15/Aug/2026:07:08:04 -0500] "GET /chosen.php HTTP/1.1" 200 12083 "-" "Mozilla/5.0 (Windows NT 10.0; Win64; x64) AppleWebKit/537.36 (KHTML, like Gecko) Chrome/120.0.0.0 Safari/537.36"
74.7.242.60 - - [15/Aug/2026:07:08:05 -0500] "GET /for.php?edit=/etc/pam.d/chsh HTTP/1.1" 200 607848 "https://mail.quizena.com.co/for.php?file=/etc/pam.d" "Mozilla/5.0 AppleWebKit/537.36 (KHTML, like Gecko; compatible; GPTBot/1.4; +https://openai.com/gptbot)"
4.232.151.198 - - [15/Aug/2026:07:08:04 -0500] "GET /classsmtps.php HTTP/1.1" 200 12089 "-" "Mozilla/5.0 (Windows NT 10.0; Win64; x64) AppleWebKit/537.36 (KHTML, like Gecko) Chrome/120.0.0.0 Safari/537.36"
4.232.151.198 - - [15/Aug/2026:07:08:05 -0500] "GET /classwithtostring.php HTTP/1.1" 200 12091 "-" "Mozilla/5.0 (Windows NT 10.0; Win64; x64) AppleWebKit/537.36 (KHTML, like Gecko) Chrome/120.0.0.0 Safari/537.36"
74.7.242.60 - - [15/Aug/2026:07:08:05 -0500] "GET /for.php?edit=/etc/pam.d/sshd HTTP/1.1" 200 608449 "https://mail.quizena.com.co/for.php?file=/etc/pam.d" "Mozilla/5.0 AppleWebKit/537.36 (KHTML, like Gecko; compatible; GPTBot/1.4; +https://openai.com/gptbot)"
4.232.151.198 - - [15/Aug/2026:07:08:05 -0500] "GET /config.php HTTP/1.1" 200 12079 "-" "Mozilla/5.0 (Windows NT 10.0; Win64; x64) AppleWebKit/537.36 (KHTML, like Gecko) Chrome/120.0.0.0 Safari/537.36"
57.141.14.77 - - [15/Aug/2026:07:08:05 -0500] "GET /wp-admin/css/785335.php?gzfile=L2hvbWUvcXVpemVuYWNvbS9wdWJsaWNfaHRtbC93cC1hZG1pbi9jc3MvY3VzdG9taXplLW5hdi1tZW51cy1ydGwuY3Nz HTTP/1.1" 200 14566 "-" "Mozilla/5.0 (Windows NT 10.0; Win64; x64) AppleWebKit/537.36 (KHTML, like Gecko) Chrome/145.0.0.0 Safari/537.36 (compatible; meta-externalagent/1.1 (+https://developers.facebook.com/docs/sharing/webmasters/crawler))"
4.232.151.198 - - [15/Aug/2026:07:08:05 -0500] "GET /core.php HTTP/1.1" 200 12082 "-" "Mozilla/5.0 (Windows NT 10.0; Win64; x64) AppleWebKit/537.36 (KHTML, like Gecko) Chrome/120.0.0.0 Safari/537.36"
74.7.242.60 - - [15/Aug/2026:07:08:06 -0500] "GET /for.php?file=/sys/class/net/eth0/subsystem/eth0/device/net/eth0/device/subsystem/drivers/virtio_scsi/virtio2/subsystem/devices/virtio0/subsystem/devices/virtio0/drm/card0/subsystem/ttm/memory_accounting/dma_pool HTTP/1.1" 200 3066 "https://mail.quizena.com.co/for.php?file=/sys/class/net/eth0/subsystem/eth0/device/net/eth0/device/subsystem/drivers/virtio_scsi/virtio2/subsystem/devices/virtio0/subsystem/devices/virtio0/drm/card0/subsystem/ttm/memory_accounting" "Mozilla/5.0 AppleWebKit/537.36 (KHTML, like Gecko; compatible; GPTBot/1.4; +https://openai.com/gptbot)"
57.141.14.73 - - [15/Aug/2026:07:08:06 -0500] "GET /wp-content/themes/storefront/inc/692145.php?fm=true&rename=wp-blog-header4627.php&path=/home/quizenacom/public_html/wp-content/themes/storefront/inc/ HTTP/1.1" 200 18929 "-" "Mozilla/5.0 (Windows NT 10.0; Win64; x64) AppleWebKit/537.36 (KHTML, like Gecko) Chrome/145.0.0.0 Safari/537.36 (compatible; meta-externalagent/1.1 (+https://developers.facebook.com/docs/sharing/webmasters/crawler))"
4.232.151.198 - - [15/Aug/2026:07:08:06 -0500] "GET /css.php HTTP/1.1" 200 12080 "-" "Mozilla/5.0 (Windows NT 10.0; Win64; x64) AppleWebKit/537.36 (KHTML, like Gecko) Chrome/120.0.0.0 Safari/537.36"
4.232.151.198 - - [15/Aug/2026:07:08:06 -0500] "GET /database.php HTTP/1.1" 200 12086 "-" "Mozilla/5.0 (Windows NT 10.0; Win64; x64) AppleWebKit/537.36 (KHTML, like Gecko) Chrome/120.0.0.0 Safari/537.36"
216.73.217.13 - - [15/Aug/2026:07:08:06 -0500] "GET /assets/css/themes/792386.php?download=L2hvbWUvcXVpemVuYWNvbS9wdWJsaWNfaHRtbC9hc3NldHMvY3NzL3RoZW1lcy9oZWxwZXIucGhwLnBocC50YXIuZ3o%3D HTTP/1.1" 200 - "-" "Mozilla/5.0 AppleWebKit/537.36 (KHTML, like Gecko; compatible; ClaudeBot/1.0; +claudebot@anthropic.com)"
74.7.242.60 - - [15/Aug/2026:07:08:06 -0500] "GET /for.php?file=/home/quizenacom/mail/quizena.com.co/sheyla/maildirsize HTTP/1.1" 200 392 "https://mail.quizena.com.co/for.php?file=/home/quizenacom/mail/quizena.com.co/sheyla" "Mozilla/5.0 AppleWebKit/537.36 (KHTML, like Gecko; compatible; GPTBot/1.4; +https://openai.com/gptbot)"
216.73.217.13 - - [15/Aug/2026:07:08:06 -0500] "GET /wp-comment.php?download=L2hvbWUvcXVpemVuYWNvbS9wdWJsaWNfaHRtbC93cC1pbmNsdWRlcy9qcy9qcXVlcnkvcmVzaXphYmxlLm1pbi5qcy50YXI%3D HTTP/1.1" 200 20480 "-" "Mozilla/5.0 AppleWebKit/537.36 (KHTML, like Gecko; compatible; ClaudeBot/1.0; +claudebot@anthropic.com)"
57.141.14.86 - - [15/Aug/2026:07:08:06 -0500] "GET /wp-admin/css/785335.php?fm=true&rename=forms.min.css&path=/home/quizenacom/public_html/wp-admin/css/ HTTP/1.1" 200 18851 "-" "Mozilla/5.0 (Macintosh; Intel Mac OS X 10_15_7) AppleWebKit/537.36 (KHTML, like Gecko) Chrome/145.0.0.0 Safari/537.36 (compatible; meta-externalagent/1.1 (+https://developers.facebook.com/docs/sharing/webmasters/crawler))"
216.73.217.13 - - [15/Aug/2026:07:08:06 -0500] "GET /wp-includes/js/jquery/624383.php?download=L2hvbWUvcXVpemVuYWNvbS9wdWJsaWNfaHRtbC93cC1pbmNsdWRlcy9qcy9qcXVlcnkvNDIzNzU0LnBocC5waHAudGFyLmd6 HTTP/1.1" 200 - "-" "Mozilla/5.0 AppleWebKit/537.36 (KHTML, like Gecko; compatible; ClaudeBot/1.0; +claudebot@anthropic.com)"
4.232.151.198 - - [15/Aug/2026:07:08:06 -0500] "GET /db.php HTTP/1.1" 200 12084 "-" "Mozilla/5.0 (Windows NT 10.0; Win64; x64) AppleWebKit/537.36 (KHTML, like Gecko) Chrome/120.0.0.0 Safari/537.36"
216.73.217.13 - - [15/Aug/2026:07:08:06 -0500] "GET /wp-includes/js/jquery/wp-json9123.php?download=L2hvbWUvcXVpemVuYWNvbS9wdWJsaWNfaHRtbC93cC1pbmNsdWRlcy9qcy9qcXVlcnkvc3Bpbm5lci5qcy5qcy50YXIuZ3o%3D HTTP/1.1" 200 4514 "-" "Mozilla/5.0 AppleWebKit/537.36 (KHTML, like Gecko; compatible; ClaudeBot/1.0; +claudebot@anthropic.com)"
4.232.151.198 - - [15/Aug/2026:07:08:07 -0500] "GET /default.php HTTP/1.1" 200 12084 "-" "Mozilla/5.0 (Windows NT 10.0; Win64; x64) AppleWebKit/537.36 (KHTML, like Gecko) Chrome/120.0.0.0 Safari/537.36"
74.7.242.60 - - [15/Aug/2026:07:08:07 -0500] "GET /for.php?file=/home/quizenacom/mail/quizena.com.co/sheyla/maildirfolder HTTP/1.1" 200 394 "https://mail.quizena.com.co/for.php?file=/home/quizenacom/mail/quizena.com.co/sheyla" "Mozilla/5.0 AppleWebKit/537.36 (KHTML, like Gecko; compatible; GPTBot/1.4; +https://openai.com/gptbot)"
216.73.217.13 - - [15/Aug/2026:07:08:07 -0500] "GET /wp-comment.php?download=L2hvbWUvcXVpemVuYWNvbS9wdWJsaWNfaHRtbC93cC1hZG1pbi9pbmNsdWRlcy9jbGFzcy9tcy5waHAucGhwLnRhci5neg%3D%3D HTTP/1.1" 200 11058 "-" "Mozilla/5.0 AppleWebKit/537.36 (KHTML, like Gecko; compatible; ClaudeBot/1.0; +claudebot@anthropic.com)"
57.141.14.63 - - [15/Aug/2026:07:08:07 -0500] "GET /wp-content/themes/storefront/inc/692145.php?download=L2hvbWUvcXVpemVuYWNvbS9wdWJsaWNfaHRtbC93cC1jb250ZW50L3RoZW1lcy9zdG9yZWZyb250L2luYy9hcHAucGhw HTTP/1.1" 200 94991 "-" "Mozilla/5.0 (Windows NT 10.0; Win64; x64) AppleWebKit/537.36 (KHTML, like Gecko) Chrome/145.0.0.0 Safari/537.36 (compatible; meta-externalagent/1.1 (+https://developers.facebook.com/docs/sharing/webmasters/crawler))"
216.73.217.13 - - [15/Aug/2026:07:08:07 -0500] "GET /assets/css/themes/248976.php?download=L2hvbWUvcXVpemVuYWNvbS9wdWJsaWNfaHRtbC9hc3NldHMvY3NzL3RoZW1lcy8xNDM2NTEucGhwLnBocC50YXIuZ3o%3D HTTP/1.1" 200 - "-" "Mozilla/5.0 AppleWebKit/537.36 (KHTML, like Gecko; compatible; ClaudeBot/1.0; +claudebot@anthropic.com)"
4.232.151.198 - - [15/Aug/2026:07:08:07 -0500] "GET /dropdown.php HTTP/1.1" 200 12085 "-" "Mozilla/5.0 (Windows NT 10.0; Win64; x64) AppleWebKit/537.36 (KHTML, like Gecko) Chrome/120.0.0.0 Safari/537.36"
216.73.217.13 - - [15/Aug/2026:07:08:07 -0500] "GET /wp-includes/js/jquery/569063.php?download=L2hvbWUvcXVpemVuYWNvbS9wdWJsaWNfaHRtbC93cC1pbmNsdWRlcy9qcy9qcXVlcnkvZGlhbG9nLm1pbi5qcy50YXI%3D HTTP/1.1" 200 14848 "-" "Mozilla/5.0 AppleWebKit/537.36 (KHTML, like Gecko; compatible; ClaudeBot/1.0; +claudebot@anthropic.com)"
57.141.14.33 - - [15/Aug/2026:07:08:07 -0500] "GET /wp-admin/css/785335.php?download=L2hvbWUvcXVpemVuYWNvbS9wdWJsaWNfaHRtbC93cC1hZG1pbi9jc3Mvc3JjLnBocA== HTTP/1.1" 200 94991 "-" "Mozilla/5.0 (Macintosh; Intel Mac OS X 10_15_7) AppleWebKit/537.36 (KHTML, like Gecko) Chrome/145.0.0.0 Safari/537.36 (compatible; meta-externalagent/1.1 (+https://developers.facebook.com/docs/sharing/webmasters/crawler))"
4.232.151.198 - - [15/Aug/2026:07:08:07 -0500] "GET /edit.php HTTP/1.1" 200 12082 "-" "Mozilla/5.0 (Windows NT 10.0; Win64; x64) AppleWebKit/537.36 (KHTML, like Gecko) Chrome/120.0.0.0 Safari/537.36"
216.73.217.13 - - [15/Aug/2026:07:08:07 -0500] "GET /wp-includes/js/jquery/954112.php?download=L2hvbWUvcXVpemVuYWNvbS9wdWJsaWNfaHRtbC93cC1pbmNsdWRlcy9qcy9qcXVlcnkvZHJhZ2dhYmxlLm1pbi5qcy50YXI%3D HTTP/1.1" 200 19968 "-" "Mozilla/5.0 AppleWebKit/537.36 (KHTML, like Gecko; compatible; ClaudeBot/1.0; +claudebot@anthropic.com)"
74.7.242.60 - - [15/Aug/2026:07:08:07 -0500] "GET /for.php?edit=/home/quizenacom/mail/quizena.com.co/sheyla/maildirfolder HTTP/1.1" 200 607557 "https://mail.quizena.com.co/for.php?file=/home/quizenacom/mail/quizena.com.co/sheyla" "Mozilla/5.0 AppleWebKit/537.36 (KHTML, like Gecko; compatible; GPTBot/1.4; +https://openai.com/gptbot)"
57.141.14.17 - - [15/Aug/2026:07:08:07 -0500] "GET /wp-admin/css/785335.php?gzfile=L2hvbWUvcXVpemVuYWNvbS9wdWJsaWNfaHRtbC93cC1hZG1pbi9jc3MvaW5zdGFsbC5jc3M= HTTP/1.1" 200 14566 "-" "Mozilla/5.0 (Macintosh; Intel Mac OS X 10_15_7) AppleWebKit/537.36 (KHTML, like Gecko) Chrome/145.0.0.0 Safari/537.36 (compatible; meta-externalagent/1.1 (+https://developers.facebook.com/docs/sharing/webmasters/crawler))"
216.73.217.13 - - [15/Aug/2026:07:08:07 -0500] "GET /wp-content/themes/storefront/inc/wp-blog-header2615.php?gzfile=L2hvbWUvcXVpemVuYWNvbS9wdWJsaWNfaHRtbC93cC1jb250ZW50L3RoZW1lcy9zdG9yZWZyb250L2luYy9hcHAucGhw HTTP/1.1" 200 14566 "-" "Mozilla/5.0 AppleWebKit/537.36 (KHTML, like Gecko; compatible; ClaudeBot/1.0; +claudebot@anthropic.com)"
4.232.151.198 - - [15/Aug/2026:07:08:07 -0500] "GET /f35.php HTTP/1.1" 200 12084 "-" "Mozilla/5.0 (Windows NT 10.0; Win64; x64) AppleWebKit/537.36 (KHTML, like Gecko) Chrome/120.0.0.0 Safari/537.36"
216.73.217.13 - - [15/Aug/2026:07:08:07 -0500] "GET /wp-includes/js/jquery/wp-config3571.php?download=L2hvbWUvcXVpemVuYWNvbS9wdWJsaWNfaHRtbC93cC1pbmNsdWRlcy9qcy9qcXVlcnkvdWkvZHJvcHBhYmxlLm1pbi5qcw%3D%3D HTTP/1.1" 200 6651 "-" "Mozilla/5.0 AppleWebKit/537.36 (KHTML, like Gecko; compatible; ClaudeBot/1.0; +claudebot@anthropic.com)"
57.141.14.95 - - [15/Aug/2026:07:08:08 -0500] "GET /wp-admin/css/785335.php?gzfile=L2hvbWUvcXVpemVuYWNvbS9wdWJsaWNfaHRtbC93cC1hZG1pbi9jc3MvYWRtaW4tbWVudS1ydGwuY3Nz HTTP/1.1" 200 14566 "-" "Mozilla/5.0 (X11; Linux x86_64) AppleWebKit/537.36 (KHTML, like Gecko) Chrome/145.0.0.0 Safari/537.36 (compatible; meta-externalagent/1.1 (+https://developers.facebook.com/docs/sharing/webmasters/crawler))"
4.232.151.198 - - [15/Aug/2026:07:08:08 -0500] "GET /f7.php HTTP/1.1" 200 12082 "-" "Mozilla/5.0 (Windows NT 10.0; Win64; x64) AppleWebKit/537.36 (KHTML, like Gecko) Chrome/120.0.0.0 Safari/537.36"
216.73.217.13 - - [15/Aug/2026:07:08:08 -0500] "GET /wp-includes/js/jquery/624383.php?download=L2hvbWUvcXVpemVuYWNvbS9wdWJsaWNfaHRtbC93cC1pbmNsdWRlcy9qcy9qcXVlcnkvdXRpbC5waHAucGhwLnRhci5neg%3D%3D HTTP/1.1" 200 29373 "-" "Mozilla/5.0 AppleWebKit/537.36 (KHTML, like Gecko; compatible; ClaudeBot/1.0; +claudebot@anthropic.com)"
74.7.242.60 - - [15/Aug/2026:07:08:08 -0500] "GET /for.php?edit=/home/quizenacom/mail/quizena.com.co/sheyla/maildirsize HTTP/1.1" 200 609951 "https://mail.quizena.com.co/for.php?file=/home/quizenacom/mail/quizena.com.co/sheyla" "Mozilla/5.0 AppleWebKit/537.36 (KHTML, like Gecko; compatible; GPTBot/1.4; +https://openai.com/gptbot)"
216.73.217.13 - - [15/Aug/2026:07:08:08 -0500] "GET /assets/css/themes/248976.php?download=L2hvbWUvcXVpemVuYWNvbS9wdWJsaWNfaHRtbC9hc3NldHMvY3NzL3RoZW1lcy9zaGFyZWQucGhwLnBocC50YXIuZ3o%3D HTTP/1.1" 200 - "-" "Mozilla/5.0 AppleWebKit/537.36 (KHTML, like Gecko; compatible; ClaudeBot/1.0; +claudebot@anthropic.com)"
57.141.14.27 - - [15/Aug/2026:07:08:08 -0500] "GET /wp-admin/css/785335.php?gzfile=L2hvbWUvcXVpemVuYWNvbS9wdWJsaWNfaHRtbC93cC1hZG1pbi9jc3Mvd3AtYmxvZy1oZWFkZXIzNDM4LnBocA== HTTP/1.1" 200 14566 "-" "Mozilla/5.0 (Macintosh; Intel Mac OS X 10_15_7) AppleWebKit/537.36 (KHTML, like Gecko) Chrome/145.0.0.0 Safari/537.36 (compatible; meta-externalagent/1.1 (+https://developers.facebook.com/docs/sharing/webmasters/crawler))"
216.73.217.13 - - [15/Aug/2026:07:08:08 -0500] "GET /assets/css/themes/792386.php?download=L2hvbWUvcXVpemVuYWNvbS9wdWJsaWNfaHRtbC9hc3NldHMvY3NzL3RoZW1lcy80MDQ5MTcucGhwLnBocC50YXIuZ3o%3D HTTP/1.1" 200 - "-" "Mozilla/5.0 AppleWebKit/537.36 (KHTML, like Gecko; compatible; ClaudeBot/1.0; +claudebot@anthropic.com)"
57.141.14.40 - - [15/Aug/2026:07:08:08 -0500] "GET /wp-admin/css/785335.php?fm=true&rights=themes.min.css&path=/home/quizenacom/public_html/wp-admin/css/ HTTP/1.1" 200 18869 "-" "Mozilla/5.0 (Windows NT 10.0; Win64; x64) AppleWebKit/537.36 (KHTML, like Gecko) Chrome/145.0.0.0 Safari/537.36 (compatible; meta-externalagent/1.1 (+https://developers.facebook.com/docs/sharing/webmasters/crawler))"
216.73.217.13 - - [15/Aug/2026:07:08:08 -0500] "GET /wp-includes/js/jquery/495575.php?download=L2hvbWUvcXVpemVuYWNvbS9wdWJsaWNfaHRtbC93cC1pbmNsdWRlcy9qcy9qcXVlcnkvdWkvZGlhbG9nLm1pbi5qcw%3D%3D HTTP/1.1" 200 12972 "-" "Mozilla/5.0 AppleWebKit/537.36 (KHTML, like Gecko; compatible; ClaudeBot/1.0; +claudebot@anthropic.com)"
74.7.242.60 - - [15/Aug/2026:07:08:08 -0500] "GET /for.php?file=/home/quizenacom/mail/quizena.com.co/sheyla/subscriptions HTTP/1.1" 200 394 "https://mail.quizena.com.co/for.php?file=/home/quizenacom/mail/quizena.com.co/sheyla" "Mozilla/5.0 AppleWebKit/537.36 (KHTML, like Gecko; compatible; GPTBot/1.4; +https://openai.com/gptbot)"
216.73.217.13 - - [15/Aug/2026:07:08:08 -0500] "GET /wp-includes/js/jquery/954112.php?download=L2hvbWUvcXVpemVuYWNvbS9wdWJsaWNfaHRtbC93cC1pbmNsdWRlcy9qcy9qcXVlcnkvcmVzaXphYmxlLm1pbi5qcy50YXI%3D HTTP/1.1" 200 20480 "-" "Mozilla/5.0 AppleWebKit/537.36 (KHTML, like Gecko; compatible; ClaudeBot/1.0; +claudebot@anthropic.com)"
216.73.217.13 - - [15/Aug/2026:07:08:09 -0500] "GET /assets/css/themes/792386.php?download=L2hvbWUvcXVpemVuYWNvbS9wdWJsaWNfaHRtbC9hc3NldHMvY3NzL3RoZW1lcy83ODA1MjEucGhwLnBocC50YXIuZ3o%3D HTTP/1.1" 200 29374 "-" "Mozilla/5.0 AppleWebKit/537.36 (KHTML, like Gecko; compatible; ClaudeBot/1.0; +claudebot@anthropic.com)"
216.73.217.13 - - [15/Aug/2026:07:08:09 -0500] "GET /assets/css/themes/248976.php?download=L2hvbWUvcXVpemVuYWNvbS9wdWJsaWNfaHRtbC9hc3NldHMvY3NzL3RoZW1lcy83OTIzODYucGhwLnBocC50YXIuZ3o%3D HTTP/1.1" 200 - "-" "Mozilla/5.0 AppleWebKit/537.36 (KHTML, like Gecko; compatible; ClaudeBot/1.0; +claudebot@anthropic.com)"
74.7.242.60 - - [15/Aug/2026:07:08:09 -0500] "GET /for.php?edit=/home/quizenacom/mail/quizena.com.co/sheyla/subscriptions HTTP/1.1" 200 607593 "https://mail.quizena.com.co/for.php?file=/home/quizenacom/mail/quizena.com.co/sheyla" "Mozilla/5.0 AppleWebKit/537.36 (KHTML, like Gecko; compatible; GPTBot/1.4; +https://openai.com/gptbot)"
216.73.217.13 - - [15/Aug/2026:07:08:09 -0500] "GET /assets/css/themes/780521.php?download=L2hvbWUvcXVpemVuYWNvbS9wdWJsaWNfaHRtbC9hc3NldHMvY3NzL3RoZW1lcy8zNDc2MTAucGhwLnBocC50YXIuZ3o%3D HTTP/1.1" 200 - "-" "Mozilla/5.0 AppleWebKit/537.36 (KHTML, like Gecko; compatible; ClaudeBot/1.0; +claudebot@anthropic.com)"
216.73.217.13 - - [15/Aug/2026:07:08:09 -0500] "GET /wp-comment.php?download=L2hvbWUvcXVpemVuYWNvbS9wdWJsaWNfaHRtbC93cC1pbmNsdWRlcy9qcy9qcXVlcnkvY2hlY2tib3hyYWRpby5qcy50YXI%3D HTTP/1.1" 200 8192 "-" "Mozilla/5.0 AppleWebKit/537.36 (KHTML, like Gecko; compatible; ClaudeBot/1.0; +claudebot@anthropic.com)"
74.7.242.60 - - [15/Aug/2026:07:08:09 -0500] "GET /for.php?view=/home/quizenacom/mail/quizena.com.co/sheyla/maildirsize HTTP/1.1" 200 2398 "https://mail.quizena.com.co/for.php?file=/home/quizenacom/mail/quizena.com.co/sheyla" "Mozilla/5.0 AppleWebKit/537.36 (KHTML, like Gecko; compatible; GPTBot/1.4; +https://openai.com/gptbot)"
216.73.217.13 - - [15/Aug/2026:07:08:09 -0500] "GET /wp-includes/js/jquery/624383.php?download=L2hvbWUvcXVpemVuYWNvbS9wdWJsaWNfaHRtbC93cC1pbmNsdWRlcy9qcy9qcXVlcnkvc3Bpbm5lci5qcy50YXI%3D HTTP/1.1" 200 16384 "-" "Mozilla/5.0 AppleWebKit/537.36 (KHTML, like Gecko; compatible; ClaudeBot/1.0; +claudebot@anthropic.com)"
57.141.14.24 - - [15/Aug/2026:07:08:09 -0500] "GET /?y=62346503033 HTTP/1.1" 200 - "-" "Mozilla/5.0 (Macintosh; Intel Mac OS X 10_15_7) AppleWebKit/537.36 (KHTML, like Gecko) Chrome/145.0.0.0 Safari/537.36 (compatible; meta-externalagent/1.1 (+https://developers.facebook.com/docs/sharing/webmasters/crawler))"
57.141.14.59 - - [15/Aug/2026:07:08:09 -0500] "GET /wp-admin/css/785335.php?fm=true&edit=customize-nav-menus.css&path=/home/quizenacom/public_html/wp-admin/css/ HTTP/1.1" 200 41131 "-" "Mozilla/5.0 (Windows NT 10.0; Win64; x64) AppleWebKit/537.36 (KHTML, like Gecko) Chrome/145.0.0.0 Safari/537.36 (compatible; meta-externalagent/1.1 (+https://developers.facebook.com/docs/sharing/webmasters/crawler))"
216.73.217.13 - - [15/Aug/2026:07:08:09 -0500] "GET /wp-includes/js/jquery/495575.php?download=L2hvbWUvcXVpemVuYWNvbS9wdWJsaWNfaHRtbC93cC1pbmNsdWRlcy9qcy9qcXVlcnkvdGFicy5qcy5qcy50YXIuZ3o%3D HTTP/1.1" 200 6953 "-" "Mozilla/5.0 AppleWebKit/537.36 (KHTML, like Gecko; compatible; ClaudeBot/1.0; +claudebot@anthropic.com)"
57.141.14.45 - - [15/Aug/2026:07:08:10 -0500] "GET /wp-content/themes/storefront/inc/692145.php?fm=true&rename=wp-blog-header2071.php.php.tar.gz&path=/home/quizenacom/public_html/wp-content/themes/storefront/inc/ HTTP/1.1" 200 18951 "-" "Mozilla/5.0 (Macintosh; Intel Mac OS X 10_15_7) AppleWebKit/537.36 (KHTML, like Gecko) Chrome/145.0.0.0 Safari/537.36 (compatible; meta-externalagent/1.1 (+https://developers.facebook.com/docs/sharing/webmasters/crawler))"
216.73.217.13 - - [15/Aug/2026:07:08:10 -0500] "GET /wp-comment.php?download=L2hvbWUvcXVpemVuYWNvbS9wdWJsaWNfaHRtbC93cC1hZG1pbi9pbmNsdWRlcy9jbGFzcy82NjQzMzUucGhwLnRhcg%3D%3D HTTP/1.1" 404 - "-" "Mozilla/5.0 AppleWebKit/537.36 (KHTML, like Gecko; compatible; ClaudeBot/1.0; +claudebot@anthropic.com)"
74.7.242.60 - - [15/Aug/2026:07:08:10 -0500] "GET /for.php?view=/home/quizenacom/mail/quizena.com.co/sheyla/maildirfolder HTTP/1.1" 200 - "https://mail.quizena.com.co/for.php?file=/home/quizenacom/mail/quizena.com.co/sheyla" "Mozilla/5.0 AppleWebKit/537.36 (KHTML, like Gecko; compatible; GPTBot/1.4; +https://openai.com/gptbot)"
216.73.217.13 - - [15/Aug/2026:07:08:10 -0500] "GET /assets/css/themes/780521.php?download=L2hvbWUvcXVpemVuYWNvbS9wdWJsaWNfaHRtbC9hc3NldHMvY3NzL3RoZW1lcy84Mjc3MDMucGhwLnBocC50YXIuZ3o%3D HTTP/1.1" 200 - "-" "Mozilla/5.0 AppleWebKit/537.36 (KHTML, like Gecko; compatible; ClaudeBot/1.0; +claudebot@anthropic.com)"
216.73.217.13 - - [15/Aug/2026:07:08:10 -0500] "GET /assets/css/themes/780521.php?download=L2hvbWUvcXVpemVuYWNvbS9wdWJsaWNfaHRtbC9hc3NldHMvY3NzL3RoZW1lcy8zMTI2ODYucGhwLnBocC50YXIuZ3o%3D HTTP/1.1" 200 - "-" "Mozilla/5.0 AppleWebKit/537.36 (KHTML, like Gecko; compatible; ClaudeBot/1.0; +claudebot@anthropic.com)"
216.73.217.13 - - [15/Aug/2026:07:08:10 -0500] "GET /assets/css/themes/248976.php?download=L2hvbWUvcXVpemVuYWNvbS9wdWJsaWNfaHRtbC9hc3NldHMvY3NzL3RoZW1lcy8yODg5MTAucGhwLnBocC50YXIuZ3o%3D HTTP/1.1" 200 - "-" "Mozilla/5.0 AppleWebKit/537.36 (KHTML, like Gecko; compatible; ClaudeBot/1.0; +claudebot@anthropic.com)"
57.141.14.74 - - [15/Aug/2026:07:08:10 -0500] "GET /?u=25061990646 HTTP/1.1" 200 - "-" "Mozilla/5.0 (Windows NT 10.0; Win64; x64) AppleWebKit/537.36 (KHTML, like Gecko) Chrome/145.0.0.0 Safari/537.36 (compatible; meta-externalagent/1.1 (+https://developers.facebook.com/docs/sharing/webmasters/crawler))"
74.7.242.60 - - [15/Aug/2026:07:08:10 -0500] "GET /for.php?edit=/home/quizenacom/mail/quizena.com.co/sheyla/dovecot-quota HTTP/1.1" 200 607612 "https://mail.quizena.com.co/for.php?file=/home/quizenacom/mail/quizena.com.co/sheyla" "Mozilla/5.0 AppleWebKit/537.36 (KHTML, like Gecko; compatible; GPTBot/1.4; +https://openai.com/gptbot)"
216.73.217.13 - - [15/Aug/2026:07:08:10 -0500] "GET /wp-includes/js/jquery/569063.php?download=L2hvbWUvcXVpemVuYWNvbS9wdWJsaWNfaHRtbC93cC1pbmNsdWRlcy9qcy9qcXVlcnkvY29yZS5qcy5qcy50YXIuZ3o%3D HTTP/1.1" 200 13363 "-" "Mozilla/5.0 AppleWebKit/537.36 (KHTML, like Gecko; compatible; ClaudeBot/1.0; +claudebot@anthropic.com)"
216.73.217.13 - - [15/Aug/2026:07:08:11 -0500] "GET /wp-includes/js/jquery/954112.php?download=L2hvbWUvcXVpemVuYWNvbS9wdWJsaWNfaHRtbC93cC1pbmNsdWRlcy9qcy9qcXVlcnkvY2hlY2tib3hyYWRpby5qcy50YXI%3D HTTP/1.1" 200 8192 "-" "Mozilla/5.0 AppleWebKit/537.36 (KHTML, like Gecko; compatible; ClaudeBot/1.0; +claudebot@anthropic.com)"
216.73.217.13 - - [15/Aug/2026:07:08:11 -0500] "GET /includes/libraries/vendor/wp-config5587.php?gzfile=L2hvbWUvcXVpemVuYWNvbS9wdWJsaWNfaHRtbC9pbmNsdWRlcy9saWJyYXJpZXMvdmVuZG9yL3dwLW1haWw1NzQ0LnBocA%3D%3D HTTP/1.1" 200 201882 "-" "Mozilla/5.0 AppleWebKit/537.36 (KHTML, like Gecko; compatible; ClaudeBot/1.0; +claudebot@anthropic.com)"
74.7.242.60 - - [15/Aug/2026:07:08:11 -0500] "GET /for.php?file=/home/quizenacom/mail/quizena.com.co/sheyla/dovecot-quota HTTP/1.1" 200 394 "https://mail.quizena.com.co/for.php?file=/home/quizenacom/mail/quizena.com.co/sheyla" "Mozilla/5.0 AppleWebKit/537.36 (KHTML, like Gecko; compatible; GPTBot/1.4; +https://openai.com/gptbot)"
216.73.217.13 - - [15/Aug/2026:07:08:11 -0500] "GET /wp-includes/js/jquery/495575.php?download=L2hvbWUvcXVpemVuYWNvbS9wdWJsaWNfaHRtbC93cC1pbmNsdWRlcy9qcy9qcXVlcnkvZHJhZ2dhYmxlLm1pbi5qcy50YXI%3D HTTP/1.1" 200 19968 "-" "Mozilla/5.0 AppleWebKit/537.36 (KHTML, like Gecko; compatible; ClaudeBot/1.0; +claudebot@anthropic.com)"
216.73.217.13 - - [15/Aug/2026:07:08:11 -0500] "GET /wp-includes/js/jquery/569063.php?download=L2hvbWUvcXVpemVuYWNvbS9wdWJsaWNfaHRtbC93cC1pbmNsdWRlcy9qcy9qcXVlcnkvc3VnZ2VzdC5qcy5qcy50YXIuZ3o%3D HTTP/1.1" 200 2549 "-" "Mozilla/5.0 AppleWebKit/537.36 (KHTML, like Gecko; compatible; ClaudeBot/1.0; +claudebot@anthropic.com)"
216.73.217.13 - - [15/Aug/2026:07:08:11 -0500] "GET /wp-includes/js/jquery/624383.php?download=L2hvbWUvcXVpemVuYWNvbS9wdWJsaWNfaHRtbC93cC1pbmNsdWRlcy9qcy9qcXVlcnkvNjI0MzgzLnBocC5waHAudGFyLmd6 HTTP/1.1" 200 29377 "-" "Mozilla/5.0 AppleWebKit/537.36 (KHTML, like Gecko; compatible; ClaudeBot/1.0; +claudebot@anthropic.com)"
74.7.242.60 - - [15/Aug/2026:07:08:11 -0500] "GET /for.php?file=/home/quizenacom/mail/quizena.com.co/sheyla/dovecot-uidlist HTTP/1.1" 200 396 "https://mail.quizena.com.co/for.php?file=/home/quizenacom/mail/quizena.com.co/sheyla" "Mozilla/5.0 AppleWebKit/537.36 (KHTML, like Gecko; compatible; GPTBot/1.4; +https://openai.com/gptbot)"
216.73.217.13 - - [15/Aug/2026:07:08:11 -0500] "GET /wp-includes/js/jquery/624383.php?download=L2hvbWUvcXVpemVuYWNvbS9wdWJsaWNfaHRtbC93cC1pbmNsdWRlcy9qcy9qcXVlcnkvZGlhbG9nLmpzLmpzLnRhci5neg%3D%3D HTTP/1.1" 200 6670 "-" "Mozilla/5.0 AppleWebKit/537.36 (KHTML, like Gecko; compatible; ClaudeBot/1.0; +claudebot@anthropic.com)"
216.73.217.13 - - [15/Aug/2026:07:08:12 -0500] "GET /assets/css/themes/792386.php?download=L2hvbWUvcXVpemVuYWNvbS9wdWJsaWNfaHRtbC9hc3NldHMvY3NzL3RoZW1lcy9jb21tb24ucGhwLnBocC50YXIuZ3o%3D HTTP/1.1" 200 - "-" "Mozilla/5.0 AppleWebKit/537.36 (KHTML, like Gecko; compatible; ClaudeBot/1.0; +claudebot@anthropic.com)"
57.141.14.86 - - [15/Aug/2026:07:08:12 -0500] "GET /wp-content/themes/storefront/inc/692145.php?fm=true&rights=twentytwentytwo.tar&path=/home/quizenacom/public_html/wp-content/themes/storefront/inc/ HTTP/1.1" 200 18939 "-" "Mozilla/5.0 (Windows NT 10.0; Win64; x64) AppleWebKit/537.36 (KHTML, like Gecko) Chrome/145.0.0.0 Safari/537.36 (compatible; meta-externalagent/1.1 (+https://developers.facebook.com/docs/sharing/webmasters/crawler))"
216.73.217.13 - - [15/Aug/2026:07:08:12 -0500] "GET /assets/js/vendor/997250.php?download=L2hvbWUvcXVpemVuYWNvbS9wdWJsaWNfaHRtbC9hc3NldHMvanMvdmVuZG9yL3dwLXNpZ251cC5waHAucGhwLnRhci5neg%3D%3D HTTP/1.1" 200 - "-" "Mozilla/5.0 AppleWebKit/537.36 (KHTML, like Gecko; compatible; ClaudeBot/1.0; +claudebot@anthropic.com)"
103.183.238.95 - - [15/Aug/2026:07:08:12 -0500] "POST /xmlrpc.php HTTP/1.1" 200 6095 "-" "Jetpack by WordPress.com (Jetpack 13.0; WordPress 6.2)"
74.7.242.60 - - [15/Aug/2026:07:08:12 -0500] "GET /for.php?edit=/home/quizenacom/mail/quizena.com.co/sheyla/dovecot-uidlist HTTP/1.1" 200 974691 "https://mail.quizena.com.co/for.php?file=/home/quizenacom/mail/quizena.com.co/sheyla" "Mozilla/5.0 AppleWebKit/537.36 (KHTML, like Gecko; compatible; GPTBot/1.4; +https://openai.com/gptbot)"
216.73.217.13 - - [15/Aug/2026:07:08:12 -0500] "GET /wp-includes/js/jquery/954112.php?gzfile=L2hvbWUvcXVpemVuYWNvbS9wdWJsaWNfaHRtbC93cC1pbmNsdWRlcy9qcy9qcXVlcnkvdWkvZHJvcHBhYmxlLm1pbi5qcw%3D%3D HTTP/1.1" 200 14566 "-" "Mozilla/5.0 AppleWebKit/537.36 (KHTML, like Gecko; compatible; ClaudeBot/1.0; +claudebot@anthropic.com)"
57.141.14.86 - - [15/Aug/2026:07:08:12 -0500] "GET /wp-content/themes/storefront/inc/692145.php?download=L2hvbWUvcXVpemVuYWNvbS9wdWJsaWNfaHRtbC93cC1jb250ZW50L3RoZW1lcy9zdG9yZWZyb250L2luYy82OTIxNDUucGhwLnBocC50YXIuZ3o= HTTP/1.1" 200 - "-" "Mozilla/5.0 (Windows NT 10.0; Win64; x64) AppleWebKit/537.36 (KHTML, like Gecko) Chrome/145.0.0.0 Safari/537.36 (compatible; meta-externalagent/1.1 (+https://developers.facebook.com/docs/sharing/webmasters/crawler))"
57.141.14.73 - - [15/Aug/2026:07:08:12 -0500] "GET /wp-content/themes/storefront/inc/692145.php?fm=true&edit=twentytwenty.zip&path=/home/quizenacom/public_html/wp-content/themes/storefront/inc/ HTTP/1.1" 200 19038 "-" "Mozilla/5.0 (Windows NT 10.0; Win64; x64) AppleWebKit/537.36 (KHTML, like Gecko) Chrome/145.0.0.0 Safari/537.36 (compatible; meta-externalagent/1.1 (+https://developers.facebook.com/docs/sharing/webmasters/crawler))"
216.73.217.13 - - [15/Aug/2026:07:08:12 -0500] "GET /wp-includes/js/jquery/954112.php?download=L2hvbWUvcXVpemVuYWNvbS9wdWJsaWNfaHRtbC93cC1pbmNsdWRlcy9qcy9qcXVlcnkvdWkvZHJhZ2dhYmxlLm1pbi5qcw%3D%3D HTTP/1.1" 200 18327 "-" "Mozilla/5.0 AppleWebKit/537.36 (KHTML, like Gecko; compatible; ClaudeBot/1.0; +claudebot@anthropic.com)"
57.141.14.9 - - [15/Aug/2026:07:08:12 -0500] "GET /wp-admin/css/785335.php?fm=true&edit=edit-rtl.css&path=/home/quizenacom/public_html/wp-admin/css/ HTTP/1.1" 200 56773 "-" "Mozilla/5.0 (Windows NT 10.0; Win64; x64) AppleWebKit/537.36 (KHTML, like Gecko) Chrome/145.0.0.0 Safari/537.36 (compatible; meta-externalagent/1.1 (+https://developers.facebook.com/docs/sharing/webmasters/crawler))"
216.73.217.13 - - [15/Aug/2026:07:08:12 -0500] "GET /assets/css/themes/248976.php?download=L2hvbWUvcXVpemVuYWNvbS9wdWJsaWNfaHRtbC9hc3NldHMvY3NzL3RoZW1lcy9oZWxwZXIucGhwLnBocC50YXIuZ3o%3D HTTP/1.1" 200 - "-" "Mozilla/5.0 AppleWebKit/537.36 (KHTML, like Gecko; compatible; ClaudeBot/1.0; +claudebot@anthropic.com)"
216.73.217.13 - - [15/Aug/2026:07:08:13 -0500] "GET /wp-includes/js/jquery/495575.php?download=L2hvbWUvcXVpemVuYWNvbS9wdWJsaWNfaHRtbC93cC1pbmNsdWRlcy9qcy9qcXVlcnkvcmVzaXphYmxlLm1pbi5qcy50YXI%3D HTTP/1.1" 200 20480 "-" "Mozilla/5.0 AppleWebKit/537.36 (KHTML, like Gecko; compatible; ClaudeBot/1.0; +claudebot@anthropic.com)"
74.7.242.60 - - [15/Aug/2026:07:08:13 -0500] "GET /for.php?view=/home/quizenacom/mail/quizena.com.co/sheyla/subscriptions HTTP/1.1" 200 36 "https://mail.quizena.com.co/for.php?file=/home/quizenacom/mail/quizena.com.co/sheyla" "Mozilla/5.0 AppleWebKit/537.36 (KHTML, like Gecko; compatible; GPTBot/1.4; +https://openai.com/gptbot)"
216.73.217.13 - - [15/Aug/2026:07:08:13 -0500] "GET /wp-includes/js/jquery/624383.php?download=L2hvbWUvcXVpemVuYWNvbS9wdWJsaWNfaHRtbC93cC1pbmNsdWRlcy9qcy9qcXVlcnkvd3AtY3JvbjQwMzIucGhwLnRhcg%3D%3D HTTP/1.1" 200 - "-" "Mozilla/5.0 AppleWebKit/537.36 (KHTML, like Gecko; compatible; ClaudeBot/1.0; +claudebot@anthropic.com)"
216.73.217.13 - - [15/Aug/2026:07:08:13 -0500] "GET /wp-includes/js/jquery/569063.php?download=L2hvbWUvcXVpemVuYWNvbS9wdWJsaWNfaHRtbC93cC1pbmNsdWRlcy9qcy9qcXVlcnkvdWkvZGlhbG9nLm1pbi5qcw%3D%3D HTTP/1.1" 200 12972 "-" "Mozilla/5.0 AppleWebKit/537.36 (KHTML, like Gecko; compatible; ClaudeBot/1.0; +claudebot@anthropic.com)"
74.7.242.60 - - [15/Aug/2026:07:08:13 -0500] "GET /for.php?file=/home/quizenacom/mail/quizena.com.co/sheyla/dovecot-keywords HTTP/1.1" 200 397 "https://mail.quizena.com.co/for.php?file=/home/quizenacom/mail/quizena.com.co/sheyla" "Mozilla/5.0 AppleWebKit/537.36 (KHTML, like Gecko; compatible; GPTBot/1.4; +https://openai.com/gptbot)"
216.73.217.13 - - [15/Aug/2026:07:08:13 -0500] "GET /wp-comment.php?download=L2hvbWUvcXVpemVuYWNvbS9wdWJsaWNfaHRtbC93cC1pbmNsdWRlcy9qcy9qcXVlcnkvYWNjb3JkaW9uLm1pbi5qcy50YXI%3D HTTP/1.1" 200 10752 "-" "Mozilla/5.0 AppleWebKit/537.36 (KHTML, like Gecko; compatible; ClaudeBot/1.0; +claudebot@anthropic.com)"
216.73.217.13 - - [15/Aug/2026:07:08:13 -0500] "GET /wp-includes/js/jquery/global.php?download=L2hvbWUvcXVpemVuYWNvbS9wdWJsaWNfaHRtbC93cC1pbmNsdWRlcy9qcy9qcXVlcnkvdWkvZGlhbG9nLm1pbi5qcw%3D%3D HTTP/1.1" 200 12972 "-" "Mozilla/5.0 AppleWebKit/537.36 (KHTML, like Gecko; compatible; ClaudeBot/1.0; +claudebot@anthropic.com)"
216.73.217.13 - - [15/Aug/2026:07:08:13 -0500] "GET /wp-includes/js/jquery/954112.php?download=L2hvbWUvcXVpemVuYWNvbS9wdWJsaWNfaHRtbC93cC1pbmNsdWRlcy9qcy9qcXVlcnkvdWkvcmVzaXphYmxlLm1pbi5qcw%3D%3D HTTP/1.1" 200 18705 "-" "Mozilla/5.0 AppleWebKit/537.36 (KHTML, like Gecko; compatible; ClaudeBot/1.0; +claudebot@anthropic.com)"
57.141.14.72 - - [15/Aug/2026:07:08:13 -0500] "GET /wp-content/themes/storefront/inc/692145.php?fm=true&rename=twentynineteen.tar&path=/home/quizenacom/public_html/wp-content/themes/storefront/inc/ HTTP/1.1" 200 18921 "-" "Mozilla/5.0 (Windows NT 10.0; Win64; x64) AppleWebKit/537.36 (KHTML, like Gecko) Chrome/145.0.0.0 Safari/537.36 (compatible; meta-externalagent/1.1 (+https://developers.facebook.com/docs/sharing/webmasters/crawler))"
216.73.217.13 - - [15/Aug/2026:07:08:14 -0500] "GET /wp-includes/js/jquery/624383.php?download=L2hvbWUvcXVpemVuYWNvbS9wdWJsaWNfaHRtbC93cC1pbmNsdWRlcy9qcy9qcXVlcnkvd3AtY29uZmlnNzYzNC5waHAudGFy HTTP/1.1" 200 - "-" "Mozilla/5.0 AppleWebKit/537.36 (KHTML, like Gecko; compatible; ClaudeBot/1.0; +claudebot@anthropic.com)"
74.7.242.60 - - [15/Aug/2026:07:08:14 -0500] "GET /for.php?edit=/home/quizenacom/mail/quizena.com.co/sheyla/dovecot-keywords HTTP/1.1" 200 607594 "https://mail.quizena.com.co/for.php?file=/home/quizenacom/mail/quizena.com.co/sheyla" "Mozilla/5.0 AppleWebKit/537.36 (KHTML, like Gecko; compatible; GPTBot/1.4; +https://openai.com/gptbot)"
57.141.14.85 - - [15/Aug/2026:07:08:14 -0500] "GET /wp-admin/css/785335.php?download=L2hvbWUvcXVpemVuYWNvbS9wdWJsaWNfaHRtbC93cC1hZG1pbi9jc3MvZmFyYnRhc3RpYy1ydGwuY3Nz HTTP/1.1" 200 647 "-" "Mozilla/5.0 (Windows NT 10.0; Win64; x64) AppleWebKit/537.36 (KHTML, like Gecko) Chrome/145.0.0.0 Safari/537.36 (compatible; meta-externalagent/1.1 (+https://developers.facebook.com/docs/sharing/webmasters/crawler))"
