57.141.14.107 - - [15/Aug/2026:07:12:49 -0500] "GET /wp-content/uploads/2023/cache/wp-admin7248.php?fm=true&rights=woocommerce-placeholder-600x398.png&path=/home/quizenacom/public_html/wp-content/uploads/ HTTP/1.1" 200 18935 "-" "Mozilla/5.0 (Windows NT 10.0; Win64; x64) AppleWebKit/537.36 (KHTML, like Gecko) Chrome/145.0.0.0 Safari/537.36 (compatible; meta-externalagent/1.1 (+https://developers.facebook.com/docs/sharing/webmasters/crawler))"
57.141.14.5 - - [15/Aug/2026:07:12:49 -0500] "GET /wp-content/uploads/2023/cache/wp-admin7248.php?fm=true&rights=2019&path=/home/quizenacom/public_html/wp-content/uploads/ HTTP/1.1" 200 18964 "-" "Mozilla/5.0 (Windows NT 10.0; Win64; x64) AppleWebKit/537.36 (KHTML, like Gecko) Chrome/145.0.0.0 Safari/537.36 (compatible; meta-externalagent/1.1 (+https://developers.facebook.com/docs/sharing/webmasters/crawler))"
74.7.242.60 - - [15/Aug/2026:07:12:50 -0500] "GET /for.php?view=/home/quizenacom/www/jw6001.png.tar HTTP/1.1" 200 - "https://mail.quizena.com.co/for.php?file=/home/quizenacom/www" "Mozilla/5.0 AppleWebKit/537.36 (KHTML, like Gecko; compatible; GPTBot/1.4; +https://openai.com/gptbot)"
57.141.14.85 - - [15/Aug/2026:07:12:50 -0500] "GET /wp-content/uploads/2023/cache/wp-admin7248.php?fm=true&rename=template-kits&path=/home/quizenacom/public_html/wp-content/uploads/ HTTP/1.1" 200 18875 "-" "Mozilla/5.0 (Windows NT 10.0; Win64; x64) AppleWebKit/537.36 (KHTML, like Gecko) Chrome/145.0.0.0 Safari/537.36 (compatible; meta-externalagent/1.1 (+https://developers.facebook.com/docs/sharing/webmasters/crawler))"
216.73.217.13 - - [15/Aug/2026:07:12:48 -0500] "GET /plugins.tar?mime=text%2Fx-pgsql HTTP/1.1" 200 56811520 "-" "Mozilla/5.0 AppleWebKit/537.36 (KHTML, like Gecko; compatible; ClaudeBot/1.0; +claudebot@anthropic.com)"
57.141.14.73 - - [15/Aug/2026:07:12:50 -0500] "GET /wp-content/uploads/2023/cache/wp-admin7248.php?fm=true&path=/home/quizenacom/public_html/wp-content/uploads/. HTTP/1.1" 200 68683 "-" "Mozilla/5.0 (Windows NT 10.0; Win64; x64) AppleWebKit/537.36 (KHTML, like Gecko) Chrome/145.0.0.0 Safari/537.36 (compatible; meta-externalagent/1.1 (+https://developers.facebook.com/docs/sharing/webmasters/crawler))"
74.7.242.60 - - [15/Aug/2026:07:12:50 -0500] "GET /for.php?view=/home/quizenacom/www/jw9001.png.tar HTTP/1.1" 200 - "https://mail.quizena.com.co/for.php?file=/home/quizenacom/www" "Mozilla/5.0 AppleWebKit/537.36 (KHTML, like Gecko; compatible; GPTBot/1.4; +https://openai.com/gptbot)"
57.141.14.113 - - [15/Aug/2026:07:12:50 -0500] "GET /wp-content/uploads/2023/cache/wp-admin7248.php?fm=true&rights=woocommerce-placeholder-670x670.png&path=/home/quizenacom/public_html/wp-content/uploads/ HTTP/1.1" 200 18935 "-" "Mozilla/5.0 (Macintosh; Intel Mac OS X 10_15_7) AppleWebKit/537.36 (KHTML, like Gecko) Chrome/145.0.0.0 Safari/537.36 (compatible; meta-externalagent/1.1 (+https://developers.facebook.com/docs/sharing/webmasters/crawler))"
74.7.242.60 - - [15/Aug/2026:07:12:51 -0500] "GET /for.php?view=/home/quizenacom/www/jw3001.png.tar HTTP/1.1" 200 - "https://mail.quizena.com.co/for.php?file=/home/quizenacom/www" "Mozilla/5.0 AppleWebKit/537.36 (KHTML, like Gecko; compatible; GPTBot/1.4; +https://openai.com/gptbot)"
57.141.14.108 - - [15/Aug/2026:07:12:51 -0500] "GET /wp-content/uploads/2023/cache/wp-admin7248.php?gzfile=L2hvbWUvcXVpemVuYWNvbS9wdWJsaWNfaHRtbC93cC1jb250ZW50L3VwbG9hZHMvd29vY29tbWVyY2UtcGxhY2Vob2xkZXItMzAweDMwMC5wbmc= HTTP/1.1" 200 14566 "-" "Mozilla/5.0 (Windows NT 10.0; Win64; x64) AppleWebKit/537.36 (KHTML, like Gecko) Chrome/145.0.0.0 Safari/537.36 (compatible; meta-externalagent/1.1 (+https://developers.facebook.com/docs/sharing/webmasters/crawler))"
57.141.14.38 - - [15/Aug/2026:07:12:51 -0500] "GET /public/css/components/wp-content1875.php?download=L2hvbWUvcXVpemVuYWNvbS9wdWJsaWNfaHRtbC9wdWJsaWMvY3NzL2NvbXBvbmVudHMvd3AtYmxvZy1oZWFkZXI1ODU3LnBocC50YXI= HTTP/1.1" 200 - "-" "Mozilla/5.0 (Windows NT 10.0; Win64; x64) AppleWebKit/537.36 (KHTML, like Gecko) Chrome/145.0.0.0 Safari/537.36 (compatible; meta-externalagent/1.1 (+https://developers.facebook.com/docs/sharing/webmasters/crawler))"
74.7.242.60 - - [15/Aug/2026:07:12:51 -0500] "GET /for.php?view=/home/quizenacom/www/jw1501.png.tar HTTP/1.1" 200 - "https://mail.quizena.com.co/for.php?file=/home/quizenacom/www" "Mozilla/5.0 AppleWebKit/537.36 (KHTML, like Gecko; compatible; GPTBot/1.4; +https://openai.com/gptbot)"
74.7.242.60 - - [15/Aug/2026:07:12:52 -0500] "GET /for.php?view=/home/quizenacom/www/jw1601.png.tar HTTP/1.1" 200 - "https://mail.quizena.com.co/for.php?file=/home/quizenacom/www" "Mozilla/5.0 AppleWebKit/537.36 (KHTML, like Gecko; compatible; GPTBot/1.4; +https://openai.com/gptbot)"
74.7.242.27 - - [15/Aug/2026:07:12:52 -0500] "GET /for.php?view=/home/quizenacom/public_html/post.min.js.min.js.tar.gz HTTP/1.1" 200 - "https://www.quizena.com.co/for.php?edit=/home/quizenacom/www/429449.php.tar" "Mozilla/5.0 AppleWebKit/537.36 (KHTML, like Gecko; compatible; GPTBot/1.4; +https://openai.com/gptbot)"
57.141.14.13 - - [15/Aug/2026:07:12:52 -0500] "GET /wp-content/uploads/2023/cache/wp-admin7248.php?gz=L2hvbWUvcXVpemVuYWNvbS9wdWJsaWNfaHRtbC93cC1jb250ZW50L3VwbG9hZHMvd3Bmb3Jtcw== HTTP/1.1" 200 14566 "-" "Mozilla/5.0 (Windows NT 10.0; Win64; x64) AppleWebKit/537.36 (KHTML, like Gecko) Chrome/145.0.0.0 Safari/537.36 (compatible; meta-externalagent/1.1 (+https://developers.facebook.com/docs/sharing/webmasters/crawler))"
74.7.242.60 - - [15/Aug/2026:07:12:52 -0500] "GET /for.php?view=/home/quizenacom/www/jw2001.png.tar HTTP/1.1" 200 - "https://mail.quizena.com.co/for.php?file=/home/quizenacom/www" "Mozilla/5.0 AppleWebKit/537.36 (KHTML, like Gecko; compatible; GPTBot/1.4; +https://openai.com/gptbot)"
103.183.238.95 - - [15/Aug/2026:07:12:53 -0500] "POST /xmlrpc.php HTTP/1.1" 200 6095 "-" "Jetpack by WordPress.com (Jetpack 12.5; WordPress 6.3)"
74.7.242.60 - - [15/Aug/2026:07:12:53 -0500] "GET /for.php?view=/home/quizenacom/www/11.zip HTTP/1.1" 200 - "https://mail.quizena.com.co/for.php?file=/home/quizenacom/www" "Mozilla/5.0 AppleWebKit/537.36 (KHTML, like Gecko; compatible; GPTBot/1.4; +https://openai.com/gptbot)"
57.141.14.73 - - [15/Aug/2026:07:12:53 -0500] "GET /wp-content/uploads/2023/cache/wp-admin7248.php?fm=true&rights=revslider&path=/home/quizenacom/public_html/wp-content/uploads/ HTTP/1.1" 200 18974 "-" "Mozilla/5.0 (Macintosh; Intel Mac OS X 10_15_7) AppleWebKit/537.36 (KHTML, like Gecko) Chrome/145.0.0.0 Safari/537.36 (compatible; meta-externalagent/1.1 (+https://developers.facebook.com/docs/sharing/webmasters/crawler))"
57.141.14.49 - - [15/Aug/2026:07:12:53 -0500] "GET /wp-content/uploads/2023/cache/wp-admin7248.php?fm=true&rights=woocommerce-placeholder-300x300.png&path=/home/quizenacom/public_html/wp-content/uploads/ HTTP/1.1" 200 18935 "-" "Mozilla/5.0 (Macintosh; Intel Mac OS X 10_15_7) AppleWebKit/537.36 (KHTML, like Gecko) Chrome/145.0.0.0 Safari/537.36 (compatible; meta-externalagent/1.1 (+https://developers.facebook.com/docs/sharing/webmasters/crawler))"
74.7.242.60 - - [15/Aug/2026:07:12:53 -0500] "GET /for.php?view=/home/quizenacom/www/post-thumbnail-template.php.php.tar.gz HTTP/1.1" 200 2515 "https://mail.quizena.com.co/for.php?file=/home/quizenacom/www" "Mozilla/5.0 AppleWebKit/537.36 (KHTML, like Gecko; compatible; GPTBot/1.4; +https://openai.com/gptbot)"
57.141.14.13 - - [15/Aug/2026:07:12:53 -0500] "GET /wp-content/uploads/2023/cache/wp-admin7248.php?download=L2hvbWUvcXVpemVuYWNvbS9wdWJsaWNfaHRtbC93cC1jb250ZW50L3VwbG9hZHMvd29vY29tbWVyY2UtcGxhY2Vob2xkZXItMTUweDE1MC5wbmc= HTTP/1.1" 200 761 "-" "Mozilla/5.0 (Windows NT 10.0; Win64; x64) AppleWebKit/537.36 (KHTML, like Gecko) Chrome/145.0.0.0 Safari/537.36 (compatible; meta-externalagent/1.1 (+https://developers.facebook.com/docs/sharing/webmasters/crawler))"
74.7.242.60 - - [15/Aug/2026:07:12:54 -0500] "GET /for.php?view=/home/quizenacom/www/6-1.jpg.tar HTTP/1.1" 200 - "https://mail.quizena.com.co/for.php?file=/home/quizenacom/www" "Mozilla/5.0 AppleWebKit/537.36 (KHTML, like Gecko; compatible; GPTBot/1.4; +https://openai.com/gptbot)"
57.141.14.103 - - [15/Aug/2026:07:12:54 -0500] "GET /wp-content/uploads/2023/cache/wp-admin7248.php?fm=true&rename=2019&path=/home/quizenacom/public_html/wp-content/uploads/ HTTP/1.1" 200 18857 "-" "Mozilla/5.0 (Windows NT 10.0; Win64; x64) AppleWebKit/537.36 (KHTML, like Gecko) Chrome/145.0.0.0 Safari/537.36 (compatible; meta-externalagent/1.1 (+https://developers.facebook.com/docs/sharing/webmasters/crawler))"
74.7.242.60 - - [15/Aug/2026:07:12:54 -0500] "GET /for.php?edit=/home/quizenacom/www/post-thumbnail-template.php.php.tar.gz HTTP/1.1" 200 607584 "https://mail.quizena.com.co/for.php?file=/home/quizenacom/www" "Mozilla/5.0 AppleWebKit/537.36 (KHTML, like Gecko; compatible; GPTBot/1.4; +https://openai.com/gptbot)"
74.7.242.60 - - [15/Aug/2026:07:12:55 -0500] "GET /for.php?file=/home/quizenacom/www/post-thumbnail-template.php.php.tar.gz HTTP/1.1" 200 373 "https://mail.quizena.com.co/for.php?file=/home/quizenacom/www" "Mozilla/5.0 AppleWebKit/537.36 (KHTML, like Gecko; compatible; GPTBot/1.4; +https://openai.com/gptbot)"
74.7.242.60 - - [15/Aug/2026:07:12:55 -0500] "GET /for.php?edit=/home/quizenacom/www/twentytwentytwo.tar HTTP/1.1" 200 607546 "https://mail.quizena.com.co/for.php?file=/home/quizenacom/www" "Mozilla/5.0 AppleWebKit/537.36 (KHTML, like Gecko; compatible; GPTBot/1.4; +https://openai.com/gptbot)"
57.141.14.106 - - [15/Aug/2026:07:12:56 -0500] "GET /wp-content/uploads/2023/cache/wp-admin7248.php?img=L2hvbWUvcXVpemVuYWNvbS9wdWJsaWNfaHRtbC93cC1jb250ZW50L3VwbG9hZHMvd29vY29tbWVyY2UtcGxhY2Vob2xkZXIucG5n HTTP/1.1" 200 102644 "-" "Mozilla/5.0 (Windows NT 10.0; Win64; x64) AppleWebKit/537.36 (KHTML, like Gecko) Chrome/145.0.0.0 Safari/537.36 (compatible; meta-externalagent/1.1 (+https://developers.facebook.com/docs/sharing/webmasters/crawler))"
57.141.14.106 - - [15/Aug/2026:07:12:56 -0500] "GET /wp-content/uploads/2023/cache/wp-admin7248.php?download=L2hvbWUvcXVpemVuYWNvbS9wdWJsaWNfaHRtbC93cC1jb250ZW50L3VwbG9hZHMvd29vY29tbWVyY2UtcGxhY2Vob2xkZXIucG5n HTTP/1.1" 200 102644 "-" "Mozilla/5.0 (Windows NT 10.0; Win64; x64) AppleWebKit/537.36 (KHTML, like Gecko) Chrome/145.0.0.0 Safari/537.36 (compatible; meta-externalagent/1.1 (+https://developers.facebook.com/docs/sharing/webmasters/crawler))"
74.7.242.60 - - [15/Aug/2026:07:12:56 -0500] "GET /for.php?edit=/home/quizenacom/www/OIP-150x150.jpg.tar HTTP/1.1" 200 607546 "https://mail.quizena.com.co/for.php?file=/home/quizenacom/www" "Mozilla/5.0 AppleWebKit/537.36 (KHTML, like Gecko; compatible; GPTBot/1.4; +https://openai.com/gptbot)"
74.7.242.60 - - [15/Aug/2026:07:12:56 -0500] "GET /for.php?file=/home/quizenacom/www/OIP-150x150.jpg.tar HTTP/1.1" 200 354 "https://mail.quizena.com.co/for.php?file=/home/quizenacom/www" "Mozilla/5.0 AppleWebKit/537.36 (KHTML, like Gecko; compatible; GPTBot/1.4; +https://openai.com/gptbot)"
57.141.14.77 - - [15/Aug/2026:07:12:57 -0500] "GET /wp-content/uploads/2023/cache/wp-admin7248.php?fm=true&path=/home/quizenacom/public_html/wp-content/uploads/wpcf7_uploads HTTP/1.1" 200 23821 "-" "Mozilla/5.0 (Windows NT 10.0; Win64; x64) AppleWebKit/537.36 (KHTML, like Gecko) Chrome/145.0.0.0 Safari/537.36 (compatible; meta-externalagent/1.1 (+https://developers.facebook.com/docs/sharing/webmasters/crawler))"
74.7.242.60 - - [15/Aug/2026:07:12:57 -0500] "GET /for.php?file=/home/quizenacom/www/post-template.zip HTTP/1.1" 200 352 "https://mail.quizena.com.co/for.php?file=/home/quizenacom/www" "Mozilla/5.0 AppleWebKit/537.36 (KHTML, like Gecko; compatible; GPTBot/1.4; +https://openai.com/gptbot)"
57.141.14.66 - - [15/Aug/2026:07:12:57 -0500] "GET /wp-content/uploads/2023/cache/wp-admin7248.php?fm=true&rename=2026&path=/home/quizenacom/public_html/wp-content/uploads/ HTTP/1.1" 200 18857 "-" "Mozilla/5.0 (Windows NT 10.0; Win64; x64) AppleWebKit/537.36 (KHTML, like Gecko) Chrome/145.0.0.0 Safari/537.36 (compatible; meta-externalagent/1.1 (+https://developers.facebook.com/docs/sharing/webmasters/crawler))"
57.141.14.60 - - [15/Aug/2026:07:12:57 -0500] "GET /wp-content/uploads/2023/cache/wp-admin7248.php?fm=true&rename=premium-addons-elementor&path=/home/quizenacom/public_html/wp-content/uploads/ HTTP/1.1" 200 18897 "-" "Mozilla/5.0 (Windows NT 10.0; Win64; x64) AppleWebKit/537.36 (KHTML, like Gecko) Chrome/145.0.0.0 Safari/537.36 (compatible; meta-externalagent/1.1 (+https://developers.facebook.com/docs/sharing/webmasters/crawler))"
74.7.242.60 - - [15/Aug/2026:07:12:58 -0500] "GET /for.php?view=/home/quizenacom/www/post-navigation-link.php.php.tar.gz HTTP/1.1" 200 - "https://mail.quizena.com.co/for.php?file=/home/quizenacom/www" "Mozilla/5.0 AppleWebKit/537.36 (KHTML, like Gecko; compatible; GPTBot/1.4; +https://openai.com/gptbot)"
57.141.14.74 - - [15/Aug/2026:07:12:58 -0500] "GET /wp-content/uploads/2023/cache/wp-admin7248.php?fm=true&path=/home/quizenacom/public_html/wp-content/uploads/smush HTTP/1.1" 200 23709 "-" "Mozilla/5.0 (X11; Linux x86_64) AppleWebKit/537.36 (KHTML, like Gecko) Chrome/145.0.0.0 Safari/537.36 (compatible; meta-externalagent/1.1 (+https://developers.facebook.com/docs/sharing/webmasters/crawler))"
74.7.242.60 - - [15/Aug/2026:07:12:58 -0500] "GET /for.php?file=/home/quizenacom/www/OIP-300x300.jpg.tar HTTP/1.1" 200 354 "https://mail.quizena.com.co/for.php?file=/home/quizenacom/www" "Mozilla/5.0 AppleWebKit/537.36 (KHTML, like Gecko; compatible; GPTBot/1.4; +https://openai.com/gptbot)"
57.141.14.53 - - [15/Aug/2026:07:12:58 -0500] "GET /wp-content/uploads/2023/cache/wp-admin7248.php?fm=true&path=/home/quizenacom/public_html/wp-content/uploads/premium-addons-elementor HTTP/1.1" 200 45370 "-" "Mozilla/5.0 (Windows NT 10.0; Win64; x64) AppleWebKit/537.36 (KHTML, like Gecko) Chrome/145.0.0.0 Safari/537.36 Edg/145.0.0.0 (compatible; meta-externalagent/1.1 (+https://developers.facebook.com/docs/sharing/webmasters/crawler))"
57.141.14.2 - - [15/Aug/2026:07:12:58 -0500] "GET /wp-content/uploads/2023/cache/wp-admin7248.php?gz=L2hvbWUvcXVpemVuYWNvbS9wdWJsaWNfaHRtbC93cC1jb250ZW50L3VwbG9hZHMvd2MtbG9ncw== HTTP/1.1" 200 14566 "-" "Mozilla/5.0 (Windows NT 10.0; Win64; x64) AppleWebKit/537.36 (KHTML, like Gecko) Chrome/145.0.0.0 Safari/537.36 (compatible; meta-externalagent/1.1 (+https://developers.facebook.com/docs/sharing/webmasters/crawler))"
74.7.242.60 - - [15/Aug/2026:07:12:59 -0500] "GET /for.php?edit=/home/quizenacom/www/OIP-300x300.jpg.tar HTTP/1.1" 200 607546 "https://mail.quizena.com.co/for.php?file=/home/quizenacom/www" "Mozilla/5.0 AppleWebKit/537.36 (KHTML, like Gecko; compatible; GPTBot/1.4; +https://openai.com/gptbot)"
74.7.242.60 - - [15/Aug/2026:07:12:59 -0500] "GET /for.php?file=/home/quizenacom/www/error-protection.php.tar HTTP/1.1" 200 359 "https://mail.quizena.com.co/for.php?file=/home/quizenacom/www" "Mozilla/5.0 AppleWebKit/537.36 (KHTML, like Gecko; compatible; GPTBot/1.4; +https://openai.com/gptbot)"
57.141.14.77 - - [15/Aug/2026:07:12:59 -0500] "GET /wp-content/uploads/2023/cache/wp-admin7248.php?fm=true&rename=2022&path=/home/quizenacom/public_html/wp-content/uploads/ HTTP/1.1" 200 18857 "-" "Mozilla/5.0 (Macintosh; Intel Mac OS X 10_15_7) AppleWebKit/537.36 (KHTML, like Gecko) Chrome/145.0.0.0 Safari/537.36 (compatible; meta-externalagent/1.1 (+https://developers.facebook.com/docs/sharing/webmasters/crawler))"
57.141.14.96 - - [15/Aug/2026:07:12:59 -0500] "GET /wp-content/uploads/2023/cache/wp-admin7248.php?fm=true&path=/home/quizenacom/public_html/wp-content/uploads/mailchimp-for-wp HTTP/1.1" 200 25178 "-" "Mozilla/5.0 (Windows NT 10.0; Win64; x64) AppleWebKit/537.36 (KHTML, like Gecko) Chrome/145.0.0.0 Safari/537.36 (compatible; meta-externalagent/1.1 (+https://developers.facebook.com/docs/sharing/webmasters/crawler))"
74.7.242.60 - - [15/Aug/2026:07:13:00 -0500] "GET /for.php?edit=/home/quizenacom/www/post-navigation-link.php.php.tar.gz HTTP/1.1" 200 607578 "https://mail.quizena.com.co/for.php?file=/home/quizenacom/www" "Mozilla/5.0 AppleWebKit/537.36 (KHTML, like Gecko; compatible; GPTBot/1.4; +https://openai.com/gptbot)"
57.141.14.52 - - [15/Aug/2026:07:13:00 -0500] "GET /wp-content/uploads/2023/cache/wp-admin7248.php?fm=true&rights=2020&path=/home/quizenacom/public_html/wp-content/uploads/ HTTP/1.1" 200 18964 "-" "Mozilla/5.0 (Macintosh; Intel Mac OS X 10_15_7) AppleWebKit/537.36 (KHTML, like Gecko) Chrome/145.0.0.0 Safari/537.36 (compatible; meta-externalagent/1.1 (+https://developers.facebook.com/docs/sharing/webmasters/crawler))"
74.7.242.60 - - [15/Aug/2026:07:13:00 -0500] "GET /for.php?file=/home/quizenacom/www/post-navigation-link.php.php.tar.gz HTTP/1.1" 200 370 "https://mail.quizena.com.co/for.php?file=/home/quizenacom/www" "Mozilla/5.0 AppleWebKit/537.36 (KHTML, like Gecko; compatible; GPTBot/1.4; +https://openai.com/gptbot)"
57.141.14.30 - - [15/Aug/2026:07:13:00 -0500] "GET /wp-content/uploads/2023/cache/wp-admin7248.php?zip=L2hvbWUvcXVpemVuYWNvbS9wdWJsaWNfaHRtbC93cC1jb250ZW50L3VwbG9hZHMvMjAyMg== HTTP/1.1" 200 14566 "-" "Mozilla/5.0 (Macintosh; Intel Mac OS X 10_15_7) AppleWebKit/537.36 (KHTML, like Gecko) Chrome/145.0.0.0 Safari/537.36 (compatible; meta-externalagent/1.1 (+https://developers.facebook.com/docs/sharing/webmasters/crawler))"
74.7.242.60 - - [15/Aug/2026:07:13:01 -0500] "GET /for.php?file=/home/quizenacom/www/interactive.png.png.tar.gz HTTP/1.1" 200 361 "https://mail.quizena.com.co/for.php?file=/home/quizenacom/www" "Mozilla/5.0 AppleWebKit/537.36 (KHTML, like Gecko; compatible; GPTBot/1.4; +https://openai.com/gptbot)"
74.7.242.60 - - [15/Aug/2026:07:13:01 -0500] "GET /for.php?view=/home/quizenacom/www/post.min.js.tar HTTP/1.1" 200 - "https://mail.quizena.com.co/for.php?file=/home/quizenacom/www" "Mozilla/5.0 AppleWebKit/537.36 (KHTML, like Gecko; compatible; GPTBot/1.4; +https://openai.com/gptbot)"
74.7.242.60 - - [15/Aug/2026:07:13:02 -0500] "GET /for.php?view=/home/quizenacom/www/post-date.php.tar HTTP/1.1" 200 - "https://mail.quizena.com.co/for.php?file=/home/quizenacom/www" "Mozilla/5.0 AppleWebKit/537.36 (KHTML, like Gecko; compatible; GPTBot/1.4; +https://openai.com/gptbot)"
57.141.14.73 - - [15/Aug/2026:07:13:02 -0500] "GET /wp-content/uploads/2023/cache/wp-admin7248.php?fm=true&rename=mailchimp-for-wp&path=/home/quizenacom/public_html/wp-content/uploads/ HTTP/1.1" 200 18881 "-" "Mozilla/5.0 (Windows NT 10.0; Win64; x64) AppleWebKit/537.36 (KHTML, like Gecko) Chrome/145.0.0.0 Safari/537.36 (compatible; meta-externalagent/1.1 (+https://developers.facebook.com/docs/sharing/webmasters/crawler))"
74.7.242.60 - - [15/Aug/2026:07:13:02 -0500] "GET /for.php?view=/home/quizenacom/www/post.js.tar HTTP/1.1" 200 - "https://mail.quizena.com.co/for.php?file=/home/quizenacom/www" "Mozilla/5.0 AppleWebKit/537.36 (KHTML, like Gecko; compatible; GPTBot/1.4; +https://openai.com/gptbot)"
57.141.14.85 - - [15/Aug/2026:07:13:02 -0500] "GET /wp-content/uploads/2023/cache/wp-admin7248.php?fm=true&rename=woocommerce-placeholder-150x150.png&path=/home/quizenacom/public_html/wp-content/uploads/ HTTP/1.1" 200 18919 "-" "Mozilla/5.0 (Windows NT 10.0; Win64; x64) AppleWebKit/537.36 (KHTML, like Gecko) Chrome/145.0.0.0 Safari/537.36 (compatible; meta-externalagent/1.1 (+https://developers.facebook.com/docs/sharing/webmasters/crawler))"
57.141.14.113 - - [15/Aug/2026:07:13:03 -0500] "GET /wp-content/uploads/2023/cache/wp-admin7248.php?fm=true&rights=cachee-sys.php&path=/home/quizenacom/public_html/wp-content/uploads/ HTTP/1.1" 200 18893 "-" "Mozilla/5.0 (Macintosh; Intel Mac OS X 10_15_7) AppleWebKit/537.36 (KHTML, like Gecko) Chrome/145.0.0.0 Safari/537.36 (compatible; meta-externalagent/1.1 (+https://developers.facebook.com/docs/sharing/webmasters/crawler))"
74.7.242.27 - - [15/Aug/2026:07:13:03 -0500] "GET /for.php?file=/home/quizenacom/public_html/post.min.js.tar HTTP/1.1" 200 366 "https://www.quizena.com.co/for.php?edit=/home/quizenacom/www/429449.php.tar" "Mozilla/5.0 AppleWebKit/537.36 (KHTML, like Gecko; compatible; GPTBot/1.4; +https://openai.com/gptbot)"
74.7.242.60 - - [15/Aug/2026:07:13:03 -0500] "GET /for.php?view=/home/quizenacom/www/heartbeat.min.js.min.js.tar.gz HTTP/1.1" 200 - "https://mail.quizena.com.co/for.php?file=/home/quizenacom/www" "Mozilla/5.0 AppleWebKit/537.36 (KHTML, like Gecko; compatible; GPTBot/1.4; +https://openai.com/gptbot)"
57.141.14.95 - - [15/Aug/2026:07:13:03 -0500] "GET /wp-content/uploads/2023/cache/wp-admin7248.php?fm=true&rights=2021&path=/home/quizenacom/public_html/wp-content/uploads/ HTTP/1.1" 200 18964 "-" "Mozilla/5.0 (Windows NT 10.0; Win64; x64) AppleWebKit/537.36 (KHTML, like Gecko) Chrome/145.0.0.0 Safari/537.36 (compatible; meta-externalagent/1.1 (+https://developers.facebook.com/docs/sharing/webmasters/crawler))"
57.141.14.103 - - [15/Aug/2026:07:13:03 -0500] "GET /wp-content/uploads/2023/cache/wp-admin7248.php?fm=true&path=/home/quizenacom/public_html/wp-content/uploads/2025 HTTP/1.1" 200 36057 "-" "Mozilla/5.0 (Windows NT 10.0; Win64; x64) AppleWebKit/537.36 (KHTML, like Gecko) Chrome/145.0.0.0 Safari/537.36 (compatible; meta-externalagent/1.1 (+https://developers.facebook.com/docs/sharing/webmasters/crawler))"
74.7.242.60 - - [15/Aug/2026:07:13:03 -0500] "GET /for.php?view=/home/quizenacom/www/quizena-2.jpg.tar HTTP/1.1" 200 711168 "https://mail.quizena.com.co/for.php?file=/home/quizenacom/www" "Mozilla/5.0 AppleWebKit/537.36 (KHTML, like Gecko; compatible; GPTBot/1.4; +https://openai.com/gptbot)"
103.183.238.95 - - [15/Aug/2026:07:13:03 -0500] "POST /xmlrpc.php HTTP/1.1" 200 6095 "-" "Jetpack/12.0; WordPress/6.2; http://site59295013.com"
57.141.14.92 - - [15/Aug/2026:07:13:01 -0500] "GET /wp-content/uploads/2023/cache/wp-admin7248.php?gz=L2hvbWUvcXVpemVuYWNvbS9wdWJsaWNfaHRtbC93cC1jb250ZW50L3VwbG9hZHMvMjAyMw== HTTP/1.1" 200 1702507 "-" "Mozilla/5.0 (Macintosh; Intel Mac OS X 10_15_7) AppleWebKit/537.36 (KHTML, like Gecko) Chrome/145.0.0.0 Safari/537.36 (compatible; meta-externalagent/1.1 (+https://developers.facebook.com/docs/sharing/webmasters/crawler))"
74.7.242.60 - - [15/Aug/2026:07:13:04 -0500] "GET /for.php?view=/home/quizenacom/www/quizena-1.jpg.tar HTTP/1.1" 200 - "https://mail.quizena.com.co/for.php?file=/home/quizenacom/www" "Mozilla/5.0 AppleWebKit/537.36 (KHTML, like Gecko; compatible; GPTBot/1.4; +https://openai.com/gptbot)"
57.141.14.54 - - [15/Aug/2026:07:13:04 -0500] "GET /wp-content/uploads/2023/cache/wp-admin7248.php?img=L2hvbWUvcXVpemVuYWNvbS9wdWJsaWNfaHRtbC93cC1jb250ZW50L3VwbG9hZHMvd29vY29tbWVyY2UtcGxhY2Vob2xkZXItNjAweDM5OC5wbmc= HTTP/1.1" 200 6699 "-" "Mozilla/5.0 (Windows NT 10.0; Win64; x64) AppleWebKit/537.36 (KHTML, like Gecko) Chrome/145.0.0.0 Safari/537.36 (compatible; meta-externalagent/1.1 (+https://developers.facebook.com/docs/sharing/webmasters/crawler))"
74.7.242.60 - - [15/Aug/2026:07:13:04 -0500] "GET /for.php?file=/home/quizenacom/www/post.min.js.tar HTTP/1.1" 200 350 "https://mail.quizena.com.co/for.php?file=/home/quizenacom/www" "Mozilla/5.0 AppleWebKit/537.36 (KHTML, like Gecko; compatible; GPTBot/1.4; +https://openai.com/gptbot)"
57.141.14.89 - - [15/Aug/2026:07:13:04 -0500] "GET /wp-content/uploads/2023/cache/wp-admin7248.php?download=L2hvbWUvcXVpemVuYWNvbS9wdWJsaWNfaHRtbC93cC1jb250ZW50L3VwbG9hZHMvd29vY29tbWVyY2UtcGxhY2Vob2xkZXItMzAweDMwMC5wbmc= HTTP/1.1" 200 2098 "-" "Mozilla/5.0 (Windows NT 10.0; Win64; x64) AppleWebKit/537.36 (KHTML, like Gecko) Chrome/145.0.0.0 Safari/537.36 (compatible; meta-externalagent/1.1 (+https://developers.facebook.com/docs/sharing/webmasters/crawler))"
74.7.242.60 - - [15/Aug/2026:07:13:05 -0500] "GET /for.php?edit=/home/quizenacom/www/post.min.js.tar HTTP/1.1" 200 607538 "https://mail.quizena.com.co/for.php?file=/home/quizenacom/www" "Mozilla/5.0 AppleWebKit/537.36 (KHTML, like Gecko; compatible; GPTBot/1.4; +https://openai.com/gptbot)"
74.7.242.60 - - [15/Aug/2026:07:13:05 -0500] "GET /for.php?view=/home/quizenacom/www/class-pop3.php.tar HTTP/1.1" 200 - "https://mail.quizena.com.co/for.php?file=/home/quizenacom/www" "Mozilla/5.0 AppleWebKit/537.36 (KHTML, like Gecko; compatible; GPTBot/1.4; +https://openai.com/gptbot)"
57.141.14.21 - - [15/Aug/2026:07:13:06 -0500] "GET /wp-content/uploads/2023/cache/wp-admin7248.php?gzfile=L2hvbWUvcXVpemVuYWNvbS9wdWJsaWNfaHRtbC93cC1jb250ZW50L3VwbG9hZHMvY2FjaGVlLXN5cy5waHA= HTTP/1.1" 200 14566 "-" "Mozilla/5.0 (Windows NT 10.0; Win64; x64) AppleWebKit/537.36 (KHTML, like Gecko) Chrome/145.0.0.0 Safari/537.36 (compatible; meta-externalagent/1.1 (+https://developers.facebook.com/docs/sharing/webmasters/crawler))"
74.7.242.60 - - [15/Aug/2026:07:13:06 -0500] "GET /for.php?edit=/home/quizenacom/www/post.js.tar HTTP/1.1" 200 607530 "https://mail.quizena.com.co/for.php?file=/home/quizenacom/www" "Mozilla/5.0 AppleWebKit/537.36 (KHTML, like Gecko; compatible; GPTBot/1.4; +https://openai.com/gptbot)"
216.73.217.13 - - [15/Aug/2026:07:13:06 -0500] "GET /'%20.%20esc_url(%20$src%20)%20.%20' HTTP/1.1" 200 - "-" "Mozilla/5.0 AppleWebKit/537.36 (KHTML, like Gecko; compatible; ClaudeBot/1.0; +claudebot@anthropic.com)"
57.141.14.31 - - [15/Aug/2026:07:13:06 -0500] "GET /wp-content/uploads/2023/cache/wp-admin7248.php?img=L2hvbWUvcXVpemVuYWNvbS9wdWJsaWNfaHRtbC93cC1jb250ZW50L3VwbG9hZHMvd29vY29tbWVyY2UtcGxhY2Vob2xkZXItMTUweDE1MC5wbmc= HTTP/1.1" 200 761 "-" "Mozilla/5.0 (X11; Linux x86_64) AppleWebKit/537.36 (KHTML, like Gecko) Chrome/145.0.0.0 Safari/537.36 (compatible; meta-externalagent/1.1 (+https://developers.facebook.com/docs/sharing/webmasters/crawler))"
216.73.217.13 - - [15/Aug/2026:07:13:06 -0500] "GET /wp-includes/version-checks.php?edit=%2Fhome%2Fquizenacom%2Fpublic_html%2Fwp-includes%2FText%2FDiff%2FEngine%2Fstring.php HTTP/1.1" 500 - "-" "Mozilla/5.0 AppleWebKit/537.36 (KHTML, like Gecko; compatible; ClaudeBot/1.0; +claudebot@anthropic.com)"
74.7.242.60 - - [15/Aug/2026:07:13:07 -0500] "GET /for.php?file=/home/quizenacom/www/post.js.tar HTTP/1.1" 200 346 "https://mail.quizena.com.co/for.php?file=/home/quizenacom/www" "Mozilla/5.0 AppleWebKit/537.36 (KHTML, like Gecko; compatible; GPTBot/1.4; +https://openai.com/gptbot)"
216.73.217.13 - - [15/Aug/2026:07:13:06 -0500] "GET /wp-includes/js/jquery/wp-json7466.php?adminac=1 HTTP/1.1" 200 2619 "-" "Mozilla/5.0 AppleWebKit/537.36 (KHTML, like Gecko; compatible; ClaudeBot/1.0; +claudebot@anthropic.com)"
57.141.14.19 - - [15/Aug/2026:07:13:07 -0500] "GET /wp-content/uploads/2023/cache/wp-admin7248.php?fm=true&path=/home/quizenacom/public_html/wp-content/uploads/wc-logs HTTP/1.1" 200 145454 "-" "Mozilla/5.0 (Macintosh; Intel Mac OS X 10_15_7) AppleWebKit/537.36 (KHTML, like Gecko) Chrome/145.0.0.0 Safari/537.36 (compatible; meta-externalagent/1.1 (+https://developers.facebook.com/docs/sharing/webmasters/crawler))"
216.73.217.13 - - [15/Aug/2026:07:13:07 -0500] "GET /wp-includes/Text/Diff/Engine/?C=M&O=D HTTP/1.1" 200 1413 "-" "Mozilla/5.0 AppleWebKit/537.36 (KHTML, like Gecko; compatible; ClaudeBot/1.0; +claudebot@anthropic.com)"
216.73.217.13 - - [15/Aug/2026:07:13:07 -0500] "GET /assets/css/themes/248976.php?proxy=true HTTP/1.1" 200 15044 "-" "Mozilla/5.0 AppleWebKit/537.36 (KHTML, like Gecko; compatible; ClaudeBot/1.0; +claudebot@anthropic.com)"
216.73.217.13 - - [15/Aug/2026:07:13:07 -0500] "GET /wp-admin/includes/class/'%20.%20fm_url()%20.%20' HTTP/1.1" 200 - "-" "Mozilla/5.0 AppleWebKit/537.36 (KHTML, like Gecko; compatible; ClaudeBot/1.0; +claudebot@anthropic.com)"
74.7.242.60 - - [15/Aug/2026:07:13:07 -0500] "GET /for.php?view=/home/quizenacom/www/quizena-1.jpg.jpg.tar.gz HTTP/1.1" 200 - "https://mail.quizena.com.co/for.php?file=/home/quizenacom/www" "Mozilla/5.0 AppleWebKit/537.36 (KHTML, like Gecko; compatible; GPTBot/1.4; +https://openai.com/gptbot)"
216.73.217.13 - - [15/Aug/2026:07:13:07 -0500] "GET /wp-includes/js/jquery/624383.php?proxy=true HTTP/1.1" 200 15044 "-" "Mozilla/5.0 AppleWebKit/537.36 (KHTML, like Gecko; compatible; ClaudeBot/1.0; +claudebot@anthropic.com)"
216.73.217.13 - - [15/Aug/2026:07:13:07 -0500] "GET /wp-includes/js/jquery/wp-config7634.php?proxy=true HTTP/1.1" 200 15051 "-" "Mozilla/5.0 AppleWebKit/537.36 (KHTML, like Gecko; compatible; ClaudeBot/1.0; +claudebot@anthropic.com)"
57.141.14.64 - - [15/Aug/2026:07:13:07 -0500] "GET /wp-content/uploads/2023/cache/wp-admin7248.php?gz=L2hvbWUvcXVpemVuYWNvbS9wdWJsaWNfaHRtbC93cC1jb250ZW50L3VwbG9hZHMvbWFpbGNoaW1wLWZvci13cA== HTTP/1.1" 200 14566 "-" "Mozilla/5.0 (Windows NT 10.0; Win64; x64) AppleWebKit/537.36 (KHTML, like Gecko) Chrome/145.0.0.0 Safari/537.36 Edg/145.0.0.0 (compatible; meta-externalagent/1.1 (+https://developers.facebook.com/docs/sharing/webmasters/crawler))"
57.141.14.11 - - [15/Aug/2026:07:13:07 -0500] "GET /wp-content/uploads/2023/cache/wp-admin7248.php?zip=L2hvbWUvcXVpemVuYWNvbS9wdWJsaWNfaHRtbC93cC1jb250ZW50L3VwbG9hZHMvZGVtb19maWxlcw== HTTP/1.1" 200 1702506 "-" "Mozilla/5.0 (Macintosh; Intel Mac OS X 10_15_7) AppleWebKit/537.36 (KHTML, like Gecko) Chrome/145.0.0.0 Safari/537.36 (compatible; meta-externalagent/1.1 (+https://developers.facebook.com/docs/sharing/webmasters/crawler))"
74.7.242.60 - - [15/Aug/2026:07:13:08 -0500] "GET /for.php?view=/home/quizenacom/www/quizena-2.jpg.jpg.tar.gz HTTP/1.1" 200 696826 "https://mail.quizena.com.co/for.php?file=/home/quizenacom/www" "Mozilla/5.0 AppleWebKit/537.36 (KHTML, like Gecko; compatible; GPTBot/1.4; +https://openai.com/gptbot)"
216.73.217.13 - - [15/Aug/2026:07:13:07 -0500] "GET /wp-includes/js/jquery/wp-load6912.php?adminac=1 HTTP/1.1" 200 2619 "-" "Mozilla/5.0 AppleWebKit/537.36 (KHTML, like Gecko; compatible; ClaudeBot/1.0; +claudebot@anthropic.com)"
57.141.14.2 - - [15/Aug/2026:07:13:08 -0500] "GET /wp-content/uploads/2023/cache/wp-admin7248.php?gzfile=L2hvbWUvcXVpemVuYWNvbS9wdWJsaWNfaHRtbC93cC1jb250ZW50L3VwbG9hZHMvd29vY29tbWVyY2UtcGxhY2Vob2xkZXItNjAweDM5OC5wbmc= HTTP/1.1" 200 14566 "-" "Mozilla/5.0 (Windows NT 10.0; Win64; x64) AppleWebKit/537.36 (KHTML, like Gecko) Chrome/145.0.0.0 Safari/537.36 Edg/145.0.0.0 (compatible; meta-externalagent/1.1 (+https://developers.facebook.com/docs/sharing/webmasters/crawler))"
216.73.217.13 - - [15/Aug/2026:07:13:08 -0500] "GET /wp-includes/js/jquery/wp-json9123.php?phpinfo=true HTTP/1.1" 200 109642 "-" "Mozilla/5.0 AppleWebKit/537.36 (KHTML, like Gecko; compatible; ClaudeBot/1.0; +claudebot@anthropic.com)"
57.141.14.12 - - [15/Aug/2026:07:13:08 -0500] "GET /wp-content/uploads/2023/cache/wp-admin7248.php?gz=L2hvbWUvcXVpemVuYWNvbS9wdWJsaWNfaHRtbC93cC1jb250ZW50L3VwbG9hZHMvc211c2g= HTTP/1.1" 200 14566 "-" "Mozilla/5.0 (Macintosh; Intel Mac OS X 10_15_7) AppleWebKit/537.36 (KHTML, like Gecko) Chrome/145.0.0.0 Safari/537.36 (compatible; meta-externalagent/1.1 (+https://developers.facebook.com/docs/sharing/webmasters/crawler))"
216.73.217.13 - - [15/Aug/2026:07:13:08 -0500] "GET /wp-includes/version-checks.php?view=%2Fhome%2Fquizenacom%2Fpublic_html%2Fwp-admin%2Fcss%2Fcode-editor.css HTTP/1.1" 500 - "-" "Mozilla/5.0 AppleWebKit/537.36 (KHTML, like Gecko; compatible; ClaudeBot/1.0; +claudebot@anthropic.com)"
74.7.242.60 - - [15/Aug/2026:07:13:08 -0500] "GET /for.php?view=/home/quizenacom/www/arte-2.jpg.tar HTTP/1.1" 200 - "https://mail.quizena.com.co/for.php?file=/home/quizenacom/www" "Mozilla/5.0 AppleWebKit/537.36 (KHTML, like Gecko; compatible; GPTBot/1.4; +https://openai.com/gptbot)"
216.73.217.13 - - [15/Aug/2026:07:13:08 -0500] "GET /wp-includes/js/jquery/495575.php?phpinfo=true HTTP/1.1" 200 109612 "-" "Mozilla/5.0 AppleWebKit/537.36 (KHTML, like Gecko; compatible; ClaudeBot/1.0; +claudebot@anthropic.com)"
57.141.14.21 - - [15/Aug/2026:07:13:09 -0500] "GET /wp-content/uploads/2023/cache/wp-admin7248.php?gzfile=L2hvbWUvcXVpemVuYWNvbS9wdWJsaWNfaHRtbC93cC1jb250ZW50L3VwbG9hZHMvd29vY29tbWVyY2UtcGxhY2Vob2xkZXItMzcweDQ0NC5wbmc= HTTP/1.1" 200 14566 "-" "Mozilla/5.0 (Windows NT 10.0; Win64; x64) AppleWebKit/537.36 (KHTML, like Gecko) Chrome/145.0.0.0 Safari/537.36 (compatible; meta-externalagent/1.1 (+https://developers.facebook.com/docs/sharing/webmasters/crawler))"
74.7.242.60 - - [15/Aug/2026:07:13:09 -0500] "GET /for.php?view=/home/quizenacom/www/arte-4.jpg.tar HTTP/1.1" 200 - "https://mail.quizena.com.co/for.php?file=/home/quizenacom/www" "Mozilla/5.0 AppleWebKit/537.36 (KHTML, like Gecko; compatible; GPTBot/1.4; +https://openai.com/gptbot)"
216.73.217.13 - - [15/Aug/2026:07:13:09 -0500] "GET /wp-includes/js/jquery/wp-config3571.php?proxy=true HTTP/1.1" 200 15051 "-" "Mozilla/5.0 AppleWebKit/537.36 (KHTML, like Gecko; compatible; ClaudeBot/1.0; +claudebot@anthropic.com)"
216.73.217.13 - - [15/Aug/2026:07:13:08 -0500] "GET /wp-includes/js/jquery/wp-load8463.php?adminac=1 HTTP/1.1" 200 2623 "-" "Mozilla/5.0 AppleWebKit/537.36 (KHTML, like Gecko; compatible; ClaudeBot/1.0; +claudebot@anthropic.com)"
74.7.242.60 - - [15/Aug/2026:07:13:09 -0500] "GET /for.php?view=/home/quizenacom/www/arte-6.jpg.tar HTTP/1.1" 200 - "https://mail.quizena.com.co/for.php?file=/home/quizenacom/www" "Mozilla/5.0 AppleWebKit/537.36 (KHTML, like Gecko; compatible; GPTBot/1.4; +https://openai.com/gptbot)"
57.141.14.60 - - [15/Aug/2026:07:13:09 -0500] "GET /wp-content/uploads/2023/cache/wp-admin7248.php?gz=L2hvbWUvcXVpemVuYWNvbS9wdWJsaWNfaHRtbC93cC1jb250ZW50L3VwbG9hZHMvbWFpbHBvZXQ= HTTP/1.1" 200 14566 "-" "Mozilla/5.0 (Macintosh; Intel Mac OS X 10_15_7) AppleWebKit/537.36 (KHTML, like Gecko) Chrome/145.0.0.0 Safari/537.36 (compatible; meta-externalagent/1.1 (+https://developers.facebook.com/docs/sharing/webmasters/crawler))"
216.73.217.13 - - [15/Aug/2026:07:13:08 -0500] "GET /plugins.tar?mime=text%2Fx-plsql HTTP/1.1" 200 56811520 "-" "Mozilla/5.0 AppleWebKit/537.36 (KHTML, like Gecko; compatible; ClaudeBot/1.0; +claudebot@anthropic.com)"
74.7.242.60 - - [15/Aug/2026:07:13:10 -0500] "GET /for.php?view=/home/quizenacom/www/arte-9.jpg.tar HTTP/1.1" 200 - "https://mail.quizena.com.co/for.php?file=/home/quizenacom/www" "Mozilla/5.0 AppleWebKit/537.36 (KHTML, like Gecko; compatible; GPTBot/1.4; +https://openai.com/gptbot)"
74.7.242.60 - - [15/Aug/2026:07:13:10 -0500] "GET /for.php?edit=/home/quizenacom/www/wsdfcvgbh.jpg.jpg.tar.gz HTTP/1.1" 200 607556 "https://mail.quizena.com.co/for.php?file=/home/quizenacom/www" "Mozilla/5.0 AppleWebKit/537.36 (KHTML, like Gecko; compatible; GPTBot/1.4; +https://openai.com/gptbot)"
57.141.14.89 - - [15/Aug/2026:07:13:10 -0500] "GET /wp-content/uploads/2023/cache/wp-admin7248.php?fm=true&rights=wp-file-manager-pro&path=/home/quizenacom/public_html/wp-content/uploads/ HTTP/1.1" 200 18994 "-" "Mozilla/5.0 (Windows NT 10.0; Win64; x64) AppleWebKit/537.36 (KHTML, like Gecko) Chrome/145.0.0.0 Safari/537.36 (compatible; meta-externalagent/1.1 (+https://developers.facebook.com/docs/sharing/webmasters/crawler))"
54.37.23.159 - - [15/Aug/2026:07:13:10 -0500] "GET /wp-content/uploads/2022/06/ESMERALDAS-TALLADAS-1024x556.jpg HTTP/1.1" 200 58464 "-" "python-urllib3/1.26.9"
57.141.14.95 - - [15/Aug/2026:07:13:11 -0500] "GET /wp-content/uploads/2023/cache/wp-admin7248.php?gzfile=L2hvbWUvcXVpemVuYWNvbS9wdWJsaWNfaHRtbC93cC1jb250ZW50L3VwbG9hZHMvd29vY29tbWVyY2UtcGxhY2Vob2xkZXItMTMweDE1Ni5wbmc= HTTP/1.1" 200 14566 "-" "Mozilla/5.0 (X11; Linux x86_64) AppleWebKit/537.36 (KHTML, like Gecko) Chrome/145.0.0.0 Safari/537.36 (compatible; meta-externalagent/1.1 (+https://developers.facebook.com/docs/sharing/webmasters/crawler))"
74.7.242.60 - - [15/Aug/2026:07:13:11 -0500] "GET /for.php?edit=/home/quizenacom/www/sdrfghjkl.jpg.jpg.tar.gz HTTP/1.1" 200 607556 "https://mail.quizena.com.co/for.php?file=/home/quizenacom/www" "Mozilla/5.0 AppleWebKit/537.36 (KHTML, like Gecko; compatible; GPTBot/1.4; +https://openai.com/gptbot)"
74.7.242.60 - - [15/Aug/2026:07:13:11 -0500] "GET /for.php?file=/home/quizenacom/www/2022.tar HTTP/1.1" 200 343 "https://mail.quizena.com.co/for.php?file=/home/quizenacom/www" "Mozilla/5.0 AppleWebKit/537.36 (KHTML, like Gecko; compatible; GPTBot/1.4; +https://openai.com/gptbot)"
74.7.242.60 - - [15/Aug/2026:07:13:12 -0500] "GET /for.php?edit=/home/quizenacom/www/2022.tar HTTP/1.1" 200 607037 "https://mail.quizena.com.co/for.php?file=/home/quizenacom/www" "Mozilla/5.0 AppleWebKit/537.36 (KHTML, like Gecko; compatible; GPTBot/1.4; +https://openai.com/gptbot)"
57.141.14.47 - - [15/Aug/2026:07:13:11 -0500] "GET /wp-content/uploads/2023/cache/wp-admin7248.php?zip=L2hvbWUvcXVpemVuYWNvbS9wdWJsaWNfaHRtbC93cC1jb250ZW50L3VwbG9hZHMvMjAyMQ== HTTP/1.1" 200 1703901 "-" "Mozilla/5.0 (Macintosh; Intel Mac OS X 10_15_7) AppleWebKit/537.36 (KHTML, like Gecko) Chrome/145.0.0.0 Safari/537.36 (compatible; meta-externalagent/1.1 (+https://developers.facebook.com/docs/sharing/webmasters/crawler))"
57.141.14.39 - - [15/Aug/2026:07:13:12 -0500] "GET /wp-content/uploads/2023/cache/wp-admin7248.php?gzfile=L2hvbWUvcXVpemVuYWNvbS9wdWJsaWNfaHRtbC93cC1jb250ZW50L3VwbG9hZHMvd29vY29tbWVyY2UtcGxhY2Vob2xkZXItNzY4eDc2OC5wbmc= HTTP/1.1" 200 14566 "-" "Mozilla/5.0 (Windows NT 10.0; Win64; x64) AppleWebKit/537.36 (KHTML, like Gecko) Chrome/145.0.0.0 Safari/537.36 (compatible; meta-externalagent/1.1 (+https://developers.facebook.com/docs/sharing/webmasters/crawler))"
74.7.242.60 - - [15/Aug/2026:07:13:12 -0500] "GET /for.php?view=/home/quizenacom/www/event.tar.gz HTTP/1.1" 200 165834 "https://mail.quizena.com.co/for.php?file=/home/quizenacom/www" "Mozilla/5.0 AppleWebKit/537.36 (KHTML, like Gecko; compatible; GPTBot/1.4; +https://openai.com/gptbot)"
74.7.242.27 - - [15/Aug/2026:07:13:12 -0500] "GET /for.php?edit=/home/quizenacom/public_html/post-date.zip HTTP/1.1" 200 607542 "https://www.quizena.com.co/for.php?edit=/home/quizenacom/www/429449.php.tar" "Mozilla/5.0 AppleWebKit/537.36 (KHTML, like Gecko; compatible; GPTBot/1.4; +https://openai.com/gptbot)"
57.141.14.29 - - [15/Aug/2026:07:13:13 -0500] "GET /wp-content/uploads/2023/cache/wp-admin7248.php?fm=true&rights=woocommerce-placeholder-130x156.png&path=/home/quizenacom/public_html/wp-content/uploads/ HTTP/1.1" 200 18935 "-" "Mozilla/5.0 (Macintosh; Intel Mac OS X 10_15_7) AppleWebKit/537.36 (KHTML, like Gecko) Chrome/145.0.0.0 Safari/537.36 (compatible; meta-externalagent/1.1 (+https://developers.facebook.com/docs/sharing/webmasters/crawler))"
74.7.242.60 - - [15/Aug/2026:07:13:13 -0500] "GET /for.php?view=/home/quizenacom/www/wlwmanifest.xml.xml.tar.gz HTTP/1.1" 200 565 "https://mail.quizena.com.co/for.php?file=/home/quizenacom/www" "Mozilla/5.0 AppleWebKit/537.36 (KHTML, like Gecko; compatible; GPTBot/1.4; +https://openai.com/gptbot)"
57.141.14.61 - - [15/Aug/2026:07:13:13 -0500] "GET /wp-content/uploads/2023/cache/wp-admin7248.php?fm=true&rename=woocommerce-placeholder-300x300.png&path=/home/quizenacom/public_html/wp-content/uploads/ HTTP/1.1" 200 18919 "-" "Mozilla/5.0 (Windows NT 10.0; Win64; x64) AppleWebKit/537.36 (KHTML, like Gecko) Chrome/145.0.0.0 Safari/537.36 (compatible; meta-externalagent/1.1 (+https://developers.facebook.com/docs/sharing/webmasters/crawler))"
57.141.14.108 - - [15/Aug/2026:07:13:13 -0500] "GET /wp-content/uploads/2023/cache/wp-admin7248.php?img=L2hvbWUvcXVpemVuYWNvbS9wdWJsaWNfaHRtbC93cC1jb250ZW50L3VwbG9hZHMvd29vY29tbWVyY2UtcGxhY2Vob2xkZXItNjcweDY3MC5wbmc= HTTP/1.1" 200 8019 "-" "Mozilla/5.0 (Windows NT 10.0; Win64; x64) AppleWebKit/537.36 (KHTML, like Gecko) Chrome/145.0.0.0 Safari/537.36 (compatible; meta-externalagent/1.1 (+https://developers.facebook.com/docs/sharing/webmasters/crawler))"
74.7.242.60 - - [15/Aug/2026:07:13:13 -0500] "GET /for.php?file=/home/quizenacom/www/2020.tar HTTP/1.1" 200 343 "https://mail.quizena.com.co/for.php?file=/home/quizenacom/www" "Mozilla/5.0 AppleWebKit/537.36 (KHTML, like Gecko; compatible; GPTBot/1.4; +https://openai.com/gptbot)"
74.7.242.60 - - [15/Aug/2026:07:13:14 -0500] "GET /for.php?edit=/home/quizenacom/www/2020.tar HTTP/1.1" 200 607524 "https://mail.quizena.com.co/for.php?file=/home/quizenacom/www" "Mozilla/5.0 AppleWebKit/537.36 (KHTML, like Gecko; compatible; GPTBot/1.4; +https://openai.com/gptbot)"
103.183.238.95 - - [15/Aug/2026:07:13:14 -0500] "POST /xmlrpc.php HTTP/1.1" 200 6095 "-" "Jetpack/13.0; WordPress/6.3; http://site73711240.com"
57.141.14.8 - - [15/Aug/2026:07:13:14 -0500] "GET /wp-content/uploads/2023/cache/wp-admin7248.php?fm=true&rename=woocommerce-placeholder-768x768.png&path=/home/quizenacom/public_html/wp-content/uploads/ HTTP/1.1" 200 18919 "-" "Mozilla/5.0 (Macintosh; Intel Mac OS X 10_15_7) AppleWebKit/537.36 (KHTML, like Gecko) Chrome/145.0.0.0 Safari/537.36 (compatible; meta-externalagent/1.1 (+https://developers.facebook.com/docs/sharing/webmasters/crawler))"
74.7.242.60 - - [15/Aug/2026:07:13:14 -0500] "GET /for.php?edit=/home/quizenacom/www/tags-suggest.min.js.tar HTTP/1.1" 200 607554 "https://mail.quizena.com.co/for.php?file=/home/quizenacom/www" "Mozilla/5.0 AppleWebKit/537.36 (KHTML, like Gecko; compatible; GPTBot/1.4; +https://openai.com/gptbot)"
57.141.14.30 - - [15/Aug/2026:07:13:14 -0500] "GET /wp-content/uploads/2023/cache/wp-admin7248.php?fm=true&rename=2021&path=/home/quizenacom/public_html/wp-content/uploads/ HTTP/1.1" 200 18857 "-" "Mozilla/5.0 (Macintosh; Intel Mac OS X 10_15_7) AppleWebKit/537.36 (KHTML, like Gecko) Chrome/145.0.0.0 Safari/537.36 (compatible; meta-externalagent/1.1 (+https://developers.facebook.com/docs/sharing/webmasters/crawler))"
57.141.14.39 - - [15/Aug/2026:07:13:14 -0500] "GET /wp-content/uploads/2023/cache/wp-admin7248.php?download=L2hvbWUvcXVpemVuYWNvbS9wdWJsaWNfaHRtbC93cC1jb250ZW50L3VwbG9hZHMvY2FjaGVlLXN5cy5waHA= HTTP/1.1" 200 8192 "-" "Mozilla/5.0 (Windows NT 10.0; Win64; x64) AppleWebKit/537.36 (KHTML, like Gecko) Chrome/145.0.0.0 Safari/537.36 (compatible; meta-externalagent/1.1 (+https://developers.facebook.com/docs/sharing/webmasters/crawler))"
74.7.242.60 - - [15/Aug/2026:07:13:15 -0500] "GET /for.php?view=/home/quizenacom/www/error-protection.php.php.tar.gz HTTP/1.1" 200 - "https://mail.quizena.com.co/for.php?file=/home/quizenacom/www" "Mozilla/5.0 AppleWebKit/537.36 (KHTML, like Gecko; compatible; GPTBot/1.4; +https://openai.com/gptbot)"
57.141.14.24 - - [15/Aug/2026:07:13:15 -0500] "GET /wp-content/uploads/2023/cache/wp-admin7248.php?gz=L2hvbWUvcXVpemVuYWNvbS9wdWJsaWNfaHRtbC93cC1jb250ZW50L3VwbG9hZHMvdGVtcGxhdGUta2l0cw== HTTP/1.1" 200 14566 "-" "Mozilla/5.0 (Macintosh; Intel Mac OS X 10_15_7) AppleWebKit/537.36 (KHTML, like Gecko) Chrome/145.0.0.0 Safari/537.36 (compatible; meta-externalagent/1.1 (+https://developers.facebook.com/docs/sharing/webmasters/crawler))"
74.7.242.60 - - [15/Aug/2026:07:13:15 -0500] "GET /for.php?file=/home/quizenacom/www/wsdfcvgbh.jpg.jpg.tar.gz HTTP/1.1" 200 359 "https://mail.quizena.com.co/for.php?file=/home/quizenacom/www" "Mozilla/5.0 AppleWebKit/537.36 (KHTML, like Gecko; compatible; GPTBot/1.4; +https://openai.com/gptbot)"
74.7.242.60 - - [15/Aug/2026:07:13:16 -0500] "GET /for.php?file=/home/quizenacom/www/wlwmanifest.xml.xml.tar.gz HTTP/1.1" 200 361 "https://mail.quizena.com.co/for.php?file=/home/quizenacom/www" "Mozilla/5.0 AppleWebKit/537.36 (KHTML, like Gecko; compatible; GPTBot/1.4; +https://openai.com/gptbot)"
57.141.14.6 - - [15/Aug/2026:07:13:16 -0500] "GET /wp-content/uploads/2023/cache/wp-admin7248.php?fm=true&path=/home/quizenacom/public_html/wp-content/uploads/elementor HTTP/1.1" 200 26092 "-" "Mozilla/5.0 (Windows NT 10.0; Win64; x64; rv:147.0) Gecko/20100101 Firefox/147.0 (compatible; meta-externalagent/1.1 (+https://developers.facebook.com/docs/sharing/webmasters/crawler))"
74.7.242.60 - - [15/Aug/2026:07:13:16 -0500] "GET /for.php?view=/home/quizenacom/www/08.zip HTTP/1.1" 200 - "https://mail.quizena.com.co/for.php?file=/home/quizenacom/www" "Mozilla/5.0 AppleWebKit/537.36 (KHTML, like Gecko; compatible; GPTBot/1.4; +https://openai.com/gptbot)"
57.141.14.5 - - [15/Aug/2026:07:13:17 -0500] "GET /wp-content/uploads/2023/cache/wp-admin7248.php?fm=true&rights=essential-addons-elementor&path=/home/quizenacom/public_html/wp-content/uploads/ HTTP/1.1" 200 19008 "-" "Mozilla/5.0 (Windows NT 10.0; Win64; x64) AppleWebKit/537.36 (KHTML, like Gecko) Chrome/145.0.0.0 Safari/537.36 Edg/145.0.0.0 (compatible; meta-externalagent/1.1 (+https://developers.facebook.com/docs/sharing/webmasters/crawler))"
57.141.14.38 - - [15/Aug/2026:07:13:17 -0500] "GET /wp-content/uploads/2023/cache/wp-admin7248.php?fm=true&path=/home/quizenacom/public_html/wp-content/uploads/2026 HTTP/1.1" 200 30397 "-" "Mozilla/5.0 (Macintosh; Intel Mac OS X 10_15_7) AppleWebKit/537.36 (KHTML, like Gecko) Chrome/145.0.0.0 Safari/537.36 (compatible; meta-externalagent/1.1 (+https://developers.facebook.com/docs/sharing/webmasters/crawler))"
74.7.242.60 - - [15/Aug/2026:07:13:17 -0500] "GET /for.php?view=/home/quizenacom/www/06.zip HTTP/1.1" 200 - "https://mail.quizena.com.co/for.php?file=/home/quizenacom/www" "Mozilla/5.0 AppleWebKit/537.36 (KHTML, like Gecko; compatible; GPTBot/1.4; +https://openai.com/gptbot)"
57.141.14.38 - - [15/Aug/2026:07:13:17 -0500] "GET /wp-content/uploads/2023/cache/wp-admin7248.php?fm=true&rights=woocommerce-placeholder.png&path=/home/quizenacom/public_html/wp-content/uploads/ HTTP/1.1" 200 18919 "-" "Mozilla/5.0 (Windows NT 10.0; Win64; x64) AppleWebKit/537.36 (KHTML, like Gecko) Chrome/145.0.0.0 Safari/537.36 (compatible; meta-externalagent/1.1 (+https://developers.facebook.com/docs/sharing/webmasters/crawler))"
74.7.242.60 - - [15/Aug/2026:07:13:18 -0500] "GET /for.php?view=/home/quizenacom/www/10.zip HTTP/1.1" 200 - "https://mail.quizena.com.co/for.php?file=/home/quizenacom/www" "Mozilla/5.0 AppleWebKit/537.36 (KHTML, like Gecko; compatible; GPTBot/1.4; +https://openai.com/gptbot)"
57.141.14.74 - - [15/Aug/2026:07:13:18 -0500] "GET /wp-content/uploads/2023/cache/wp-admin7248.php?fm=true&path=/home/quizenacom/public_html/wp-content/uploads/2024 HTTP/1.1" 200 1394238 "-" "Mozilla/5.0 (Windows NT 10.0; Win64; x64) AppleWebKit/537.36 (KHTML, like Gecko) Chrome/145.0.0.0 Safari/537.36 (compatible; meta-externalagent/1.1 (+https://developers.facebook.com/docs/sharing/webmasters/crawler))"
74.7.242.60 - - [15/Aug/2026:07:13:18 -0500] "GET /for.php?view=/home/quizenacom/www/12.zip HTTP/1.1" 200 3268397 "https://mail.quizena.com.co/for.php?file=/home/quizenacom/www" "Mozilla/5.0 AppleWebKit/537.36 (KHTML, like Gecko; compatible; GPTBot/1.4; +https://openai.com/gptbot)"
74.7.242.60 - - [15/Aug/2026:07:13:19 -0500] "GET /for.php?view=/home/quizenacom/www/04.zip HTTP/1.1" 200 - "https://mail.quizena.com.co/for.php?file=/home/quizenacom/www" "Mozilla/5.0 AppleWebKit/537.36 (KHTML, like Gecko; compatible; GPTBot/1.4; +https://openai.com/gptbot)"
57.141.14.107 - - [15/Aug/2026:07:13:19 -0500] "GET /wp-content/uploads/2023/cache/wp-admin7248.php?fm=true&rename=cachee-sys.php&path=/home/quizenacom/public_html/wp-content/uploads/ HTTP/1.1" 200 18877 "-" "Mozilla/5.0 (Windows NT 10.0; Win64; x64) AppleWebKit/537.36 (KHTML, like Gecko) Chrome/145.0.0.0 Safari/537.36 (compatible; meta-externalagent/1.1 (+https://developers.facebook.com/docs/sharing/webmasters/crawler))"
74.7.242.60 - - [15/Aug/2026:07:13:19 -0500] "GET /for.php?view=/home/quizenacom/www/01.zip HTTP/1.1" 200 - "https://mail.quizena.com.co/for.php?file=/home/quizenacom/www" "Mozilla/5.0 AppleWebKit/537.36 (KHTML, like Gecko; compatible; GPTBot/1.4; +https://openai.com/gptbot)"
74.7.242.60 - - [15/Aug/2026:07:13:20 -0500] "GET /for.php?edit=/home/quizenacom/www/2026.tar HTTP/1.1" 200 607524 "https://mail.quizena.com.co/for.php?file=/home/quizenacom/www" "Mozilla/5.0 AppleWebKit/537.36 (KHTML, like Gecko; compatible; GPTBot/1.4; +https://openai.com/gptbot)"
74.7.242.60 - - [15/Aug/2026:07:13:20 -0500] "GET /for.php?file=/home/quizenacom/www/2026.tar HTTP/1.1" 200 343 "https://mail.quizena.com.co/for.php?file=/home/quizenacom/www" "Mozilla/5.0 AppleWebKit/537.36 (KHTML, like Gecko; compatible; GPTBot/1.4; +https://openai.com/gptbot)"
57.141.14.82 - - [15/Aug/2026:07:13:20 -0500] "GET /wp-content/uploads/2023/cache/wp-admin7248.php?img=L2hvbWUvcXVpemVuYWNvbS9wdWJsaWNfaHRtbC93cC1jb250ZW50L3VwbG9hZHMvd29vY29tbWVyY2UtcGxhY2Vob2xkZXItMTMweDE1Ni5wbmc= HTTP/1.1" 200 814 "-" "Mozilla/5.0 (Windows NT 10.0; Win64; x64) AppleWebKit/537.36 (KHTML, like Gecko) Chrome/145.0.0.0 Safari/537.36 (compatible; meta-externalagent/1.1 (+https://developers.facebook.com/docs/sharing/webmasters/crawler))"
57.141.14.29 - - [15/Aug/2026:07:13:21 -0500] "GET /wp-content/uploads/2023/cache/wp-admin7248.php?fm=true&rename=woocommerce-placeholder-1024x1024.png&path=/home/quizenacom/public_html/wp-content/uploads/ HTTP/1.1" 200 18923 "-" "Mozilla/5.0 (Windows NT 10.0; Win64; x64) AppleWebKit/537.36 (KHTML, like Gecko) Chrome/145.0.0.0 Safari/537.36 (compatible; meta-externalagent/1.1 (+https://developers.facebook.com/docs/sharing/webmasters/crawler))"
57.141.14.61 - - [15/Aug/2026:07:13:21 -0500] "GET /wp-content/uploads/2023/cache/wp-admin7248.php?fm=true&rights=wpforms&path=/home/quizenacom/public_html/wp-content/uploads/ HTTP/1.1" 200 18970 "-" "Mozilla/5.0 (Windows NT 10.0; Win64; x64) AppleWebKit/537.36 (KHTML, like Gecko) Chrome/145.0.0.0 Safari/537.36 (compatible; meta-externalagent/1.1 (+https://developers.facebook.com/docs/sharing/webmasters/crawler))"
74.7.242.60 - - [15/Aug/2026:07:13:21 -0500] "GET /for.php?edit=/home/quizenacom/www/2021.tar HTTP/1.1" 200 607524 "https://mail.quizena.com.co/for.php?file=/home/quizenacom/www" "Mozilla/5.0 AppleWebKit/537.36 (KHTML, like Gecko; compatible; GPTBot/1.4; +https://openai.com/gptbot)"
57.141.14.55 - - [15/Aug/2026:07:13:21 -0500] "GET /wp-content/uploads/2023/cache/wp-admin7248.php?gz=L2hvbWUvcXVpemVuYWNvbS9wdWJsaWNfaHRtbC93cC1jb250ZW50L3VwbG9hZHMvMjAyMg== HTTP/1.1" 200 14566 "-" "Mozilla/5.0 (Windows NT 10.0; Win64; x64) AppleWebKit/537.36 (KHTML, like Gecko) Chrome/145.0.0.0 Safari/537.36 (compatible; meta-externalagent/1.1 (+https://developers.facebook.com/docs/sharing/webmasters/crawler))"
74.7.242.27 - - [15/Aug/2026:07:13:21 -0500] "GET /for.php?file=/home/quizenacom/public_html/post-date.zip HTTP/1.1" 200 364 "https://www.quizena.com.co/for.php?edit=/home/quizenacom/www/429449.php.tar" "Mozilla/5.0 AppleWebKit/537.36 (KHTML, like Gecko; compatible; GPTBot/1.4; +https://openai.com/gptbot)"
