57.141.14.78 - - [15/Aug/2026:07:00:36 -0500] "GET /wp-content/uploads/2023/cache/wp-blog-header7433.php?download=L2hvbWUvcXVpemVuYWNvbS9wdWJsaWNfaHRtbC93cC1jb250ZW50L3VwbG9hZHMvMjAyMy9jYWNoZS8xMC50YXIuZ3o= HTTP/1.1" 200 19078482 "-" "Mozilla/5.0 (Macintosh; Intel Mac OS X 10_15_7) AppleWebKit/537.36 (KHTML, like Gecko) Chrome/145.0.0.0 Safari/537.36 (compatible; meta-externalagent/1.1 (+https://developers.facebook.com/docs/sharing/webmasters/crawler))"
216.73.217.13 - - [15/Aug/2026:07:00:37 -0500] "GET /wp-comment.php?fm=true&path=%2Fhome%2Fquizenacom%2Fpublic_html%2Fwp-content%2Fuploads%2F2022%2F07%2F&rename=UBY_4406-130x156.jpg HTTP/1.1" 200 18911 "-" "Mozilla/5.0 AppleWebKit/537.36 (KHTML, like Gecko; compatible; ClaudeBot/1.0; +claudebot@anthropic.com)"
216.73.217.13 - - [15/Aug/2026:07:00:36 -0500] "GET /wp-comment.php?edit=jw8001-370x444.png.png.tar.gz&fm=true&path=%2Fhome%2Fquizenacom%2Fpublic_html%2Fwp-content%2Fuploads%2F2024%2F HTTP/1.1" 200 19045 "-" "Mozilla/5.0 AppleWebKit/537.36 (KHTML, like Gecko; compatible; ClaudeBot/1.0; +claudebot@anthropic.com)"
74.7.242.60 - - [15/Aug/2026:07:00:37 -0500] "GET /for.php?file=/usr/lib64/libpyglib-2.0-python.so.0 HTTP/1.1" 200 340 "https://mail.quizena.com.co/for.php?file=/usr/lib64" "Mozilla/5.0 AppleWebKit/537.36 (KHTML, like Gecko; compatible; GPTBot/1.4; +https://openai.com/gptbot)"
216.73.217.13 - - [15/Aug/2026:07:00:37 -0500] "GET /wp-content/uploads/2024/bin.php?edit=aretes-diamantes-370x444.jpg.tar&fm=true&path=%2Fhome%2Fquizenacom%2Fpublic_html%2Fwp-content%2Fuploads%2F2024%2F HTTP/1.1" 200 19037 "-" "Mozilla/5.0 AppleWebKit/537.36 (KHTML, like Gecko; compatible; ClaudeBot/1.0; +claudebot@anthropic.com)"
57.141.14.62 - - [15/Aug/2026:07:00:37 -0500] "GET /wp-content/uploads/2023/cache/wp-blog-header7433.php?fm_settings=true HTTP/1.1" 200 25497 "-" "Mozilla/5.0 (Macintosh; Intel Mac OS X 10_15_7) AppleWebKit/537.36 (KHTML, like Gecko) Chrome/145.0.0.0 Safari/537.36 (compatible; meta-externalagent/1.1 (+https://developers.facebook.com/docs/sharing/webmasters/crawler))"
216.73.217.13 - - [15/Aug/2026:07:00:37 -0500] "GET /wp-comment.php?edit=jw1901-600x398.png.png.tar.gz&fm=true&path=%2Fhome%2Fquizenacom%2Fpublic_html%2Fwp-content%2Fuploads%2F2024%2F HTTP/1.1" 200 19045 "-" "Mozilla/5.0 AppleWebKit/537.36 (KHTML, like Gecko; compatible; ClaudeBot/1.0; +claudebot@anthropic.com)"
57.141.14.66 - - [15/Aug/2026:07:00:37 -0500] "GET /wp-content/uploads/2023/cache/wp-blog-header7433.php?fm=true&rename=uploads.zip&path=/home/quizenacom/public_html/wp-content/uploads/2023/cache/ HTTP/1.1" 200 18910 "-" "Mozilla/5.0 (Windows NT 10.0; Win64; x64) AppleWebKit/537.36 (KHTML, like Gecko) Chrome/143.0.0.0 Safari/537.36 Edg/143.0.0.0 (compatible; meta-externalagent/1.1 (+https://developers.facebook.com/docs/sharing/webmasters/crawler))"
57.141.14.68 - - [15/Aug/2026:07:00:37 -0500] "GET /?h=92631631061 HTTP/1.1" 200 - "-" "Mozilla/5.0 (Macintosh; Intel Mac OS X 10_15_7) AppleWebKit/537.36 (KHTML, like Gecko) Chrome/145.0.0.0 Safari/537.36 (compatible; meta-externalagent/1.1 (+https://developers.facebook.com/docs/sharing/webmasters/crawler))"
216.73.217.13 - - [15/Aug/2026:07:00:37 -0500] "GET /wp-comment.php?fm=true&path=%2Fhome%2Fquizenacom%2Fpublic_html%2Fwp-content%2Fuploads%2F2022%2F07%2F&rename=JBF_29442-283x300.jpg HTTP/1.1" 200 18913 "-" "Mozilla/5.0 AppleWebKit/537.36 (KHTML, like Gecko; compatible; ClaudeBot/1.0; +claudebot@anthropic.com)"
74.7.242.60 - - [15/Aug/2026:07:00:37 -0500] "GET /for.php?view=/home/quizenacom/public_html/theme-templates.php.tar HTTP/1.1" 200 7168 "https://mail.quizena.com.co/for.php?edit=/sys/class/net/eth0/device/net/eth0/device/net/eth0/subsystem/eth0/statistics/tx_dropped" "Mozilla/5.0 AppleWebKit/537.36 (KHTML, like Gecko; compatible; GPTBot/1.4; +https://openai.com/gptbot)"
216.73.217.13 - - [15/Aug/2026:07:00:37 -0500] "GET /wp-comment.php?edit=jw8001-253x300.png.png.tar.gz&fm=true&path=%2Fhome%2Fquizenacom%2Fpublic_html%2Fwp-content%2Fuploads%2F2024%2F HTTP/1.1" 200 19045 "-" "Mozilla/5.0 AppleWebKit/537.36 (KHTML, like Gecko; compatible; ClaudeBot/1.0; +claudebot@anthropic.com)"
216.73.217.13 - - [15/Aug/2026:07:00:38 -0500] "GET /wp-comment.php?fm=true&path=%2Fhome%2Fquizenacom%2Fpublic_html%2Fwp-content%2Fuploads%2F2022%2F07%2F&rename=sin-la-luna-fuscia-670x787.jpg HTTP/1.1" 200 18931 "-" "Mozilla/5.0 AppleWebKit/537.36 (KHTML, like Gecko; compatible; ClaudeBot/1.0; +claudebot@anthropic.com)"
216.73.217.13 - - [15/Aug/2026:07:00:38 -0500] "GET /wp-comment.php?download=L2hvbWUvcXVpemVuYWNvbS9wdWJsaWNfaHRtbC9hcmNoaXZlLnBuZy5wbmcudGFyLmd6 HTTP/1.1" 200 - "-" "Mozilla/5.0 AppleWebKit/537.36 (KHTML, like Gecko; compatible; ClaudeBot/1.0; +claudebot@anthropic.com)"
74.7.242.60 - - [15/Aug/2026:07:00:38 -0500] "GET /for.php?view=/home/quizenacom/public_html/general-template.php.tar HTTP/1.1" 200 - "https://mail.quizena.com.co/for.php?edit=/sys/class/net/eth0/subsystem/eth0/device/net/eth0/device/subsystem/drivers/virtio_scsi/virtio2/subsystem/devices/virtio4/subsystem/devices/virtio5/uevent" "Mozilla/5.0 AppleWebKit/537.36 (KHTML, like Gecko; compatible; GPTBot/1.4; +https://openai.com/gptbot)"
216.73.217.13 - - [15/Aug/2026:07:00:38 -0500] "GET /wp-comment.php?fm=true&path=%2Fhome%2Fquizenacom%2Fpublic_html%2Fwp-content%2Fuploads%2F2022%2F07%2F&rename=UBY_4422-1536x1536.jpg HTTP/1.1" 200 18915 "-" "Mozilla/5.0 AppleWebKit/537.36 (KHTML, like Gecko; compatible; ClaudeBot/1.0; +claudebot@anthropic.com)"
57.141.14.60 - - [15/Aug/2026:07:00:38 -0500] "GET /wp-content/plugins/woocommerce/includes/wp-content8066.php?fm=true&rights=wp-config7789.php&path=/home/quizenacom/public_html/wp-content/plugins/woocommerce/includes/ HTTP/1.1" 200 18964 "-" "Mozilla/5.0 (Macintosh; Intel Mac OS X 10_15_7) AppleWebKit/537.36 (KHTML, like Gecko) Chrome/145.0.0.0 Safari/537.36 (compatible; meta-externalagent/1.1 (+https://developers.facebook.com/docs/sharing/webmasters/crawler))"
216.73.217.13 - - [15/Aug/2026:07:00:38 -0500] "GET /wp-comment.php?download=L2hvbWUvcXVpemVuYWNvbS9wdWJsaWNfaHRtbC9jb2RlLWVkaXRvci5qcy50YXI%3D HTTP/1.1" 200 - "-" "Mozilla/5.0 AppleWebKit/537.36 (KHTML, like Gecko; compatible; ClaudeBot/1.0; +claudebot@anthropic.com)"
216.73.217.13 - - [15/Aug/2026:07:00:38 -0500] "GET /wp-content/uploads/2024/bin.php?edit=aretes-diamantes-768x768.jpg.tar&fm=true&path=%2Fhome%2Fquizenacom%2Fpublic_html%2Fwp-content%2Fuploads%2F2024%2F HTTP/1.1" 200 19037 "-" "Mozilla/5.0 AppleWebKit/537.36 (KHTML, like Gecko; compatible; ClaudeBot/1.0; +claudebot@anthropic.com)"
74.7.242.60 - - [15/Aug/2026:07:00:38 -0500] "GET /for.php?view=/home/quizenacom/public_html/media-template.php.tar HTTP/1.1" 200 - "https://mail.quizena.com.co/for.php?edit=/sys/class/net/lo/subsystem/eth0/device/net/eth0/device/driver/virtio1/subsystem/drivers/virtio_console/virtio3/driver/virtio3/uevent" "Mozilla/5.0 AppleWebKit/537.36 (KHTML, like Gecko; compatible; GPTBot/1.4; +https://openai.com/gptbot)"
216.73.217.13 - - [15/Aug/2026:07:00:39 -0500] "GET /wp-content/uploads/2024/bin.php?fm=true&path=%2Fhome%2Fquizenacom%2Fpublic_html%2Fwp-content%2Fuploads%2F2024%2F&rename=IMG_7788-370x444.jpg.tar HTTP/1.1" 200 18903 "-" "Mozilla/5.0 AppleWebKit/537.36 (KHTML, like Gecko; compatible; ClaudeBot/1.0; +claudebot@anthropic.com)"
57.141.14.7 - - [15/Aug/2026:07:00:39 -0500] "GET /wp-content/uploads/2023/cache/wp-blog-header7433.php?download=L2hvbWUvcXVpemVuYWNvbS9wdWJsaWNfaHRtbC93cC1jb250ZW50L3VwbG9hZHMvMjAyMy9jYWNoZS9zbXVzaC56aXA= HTTP/1.1" 200 - "-" "Mozilla/5.0 (Windows NT 10.0; Win64; x64) AppleWebKit/537.36 (KHTML, like Gecko) Chrome/145.0.0.0 Safari/537.36 (compatible; meta-externalagent/1.1 (+https://developers.facebook.com/docs/sharing/webmasters/crawler))"
216.73.217.13 - - [15/Aug/2026:07:00:39 -0500] "GET /wp-content/uploads/2024/bin.php?fm=true&path=%2Fhome%2Fquizenacom%2Fpublic_html%2Fwp-content%2Fuploads%2F2024%2F&rename=unnamed-670x670.jpg.tar HTTP/1.1" 200 18901 "-" "Mozilla/5.0 AppleWebKit/537.36 (KHTML, like Gecko; compatible; ClaudeBot/1.0; +claudebot@anthropic.com)"
216.73.217.13 - - [15/Aug/2026:07:00:39 -0500] "GET /wp-comment.php?edit=jw1101-600x398.png.png.tar.gz&fm=true&path=%2Fhome%2Fquizenacom%2Fpublic_html%2Fwp-content%2Fuploads%2F2024%2F HTTP/1.1" 200 19045 "-" "Mozilla/5.0 AppleWebKit/537.36 (KHTML, like Gecko; compatible; ClaudeBot/1.0; +claudebot@anthropic.com)"
74.7.242.60 - - [15/Aug/2026:07:00:39 -0500] "GET /for.php?view=/home/quizenacom/public_html/plugin-install.php.tar HTTP/1.1" 200 - "https://mail.quizena.com.co/for.php?edit=/home/quizenacom/public_html/8-670x863.jpg.jpg.tar.gz" "Mozilla/5.0 AppleWebKit/537.36 (KHTML, like Gecko; compatible; GPTBot/1.4; +https://openai.com/gptbot)"
216.73.217.13 - - [15/Aug/2026:07:00:39 -0500] "GET /wp-comment.php?fm=true&path=%2Fhome%2Fquizenacom%2Fpublic_html%2Fwp-content%2Fuploads%2F2022%2F09%2F&rights=IMG_7658-1-e1666219686383-130x156.jpg HTTP/1.1" 200 18961 "-" "Mozilla/5.0 AppleWebKit/537.36 (KHTML, like Gecko; compatible; ClaudeBot/1.0; +claudebot@anthropic.com)"
57.141.14.45 - - [15/Aug/2026:07:00:39 -0500] "GET /wp-content/plugins/woocommerce/includes/wp-content8066.php?fm=true&rights=shared.php&path=/home/quizenacom/public_html/wp-content/plugins/woocommerce/includes/ HTTP/1.1" 200 18950 "-" "Mozilla/5.0 (Windows NT 10.0; Win64; x64) AppleWebKit/537.36 (KHTML, like Gecko) Chrome/145.0.0.0 Safari/537.36 (compatible; meta-externalagent/1.1 (+https://developers.facebook.com/docs/sharing/webmasters/crawler))"
216.73.217.13 - - [15/Aug/2026:07:00:39 -0500] "GET /wp-content/uploads/2024/bin.php?fm=true&path=%2Fhome%2Fquizenacom%2Fpublic_html%2Fwp-content%2Fuploads%2F2024%2F&rename=1-1-370x444.jpg.tar HTTP/1.1" 200 18893 "-" "Mozilla/5.0 AppleWebKit/537.36 (KHTML, like Gecko; compatible; ClaudeBot/1.0; +claudebot@anthropic.com)"
74.7.242.60 - - [15/Aug/2026:07:00:39 -0500] "GET /for.php?file=/home/quizenacom/public_html/2022.zip HTTP/1.1" 200 359 "https://mail.quizena.com.co/for.php?edit=/sys/class/net/lo/subsystem/eth0/device/driver/virtio1/net/eth0/subsystem/lo/duplex" "Mozilla/5.0 AppleWebKit/537.36 (KHTML, like Gecko; compatible; GPTBot/1.4; +https://openai.com/gptbot)"
216.73.217.13 - - [15/Aug/2026:07:00:39 -0500] "GET /wp-content/uploads/2024/bin.php?fm=true&path=%2Fhome%2Fquizenacom%2Fpublic_html%2Fwp-content%2Fuploads%2F2024%2F&rename=jw0001-670x794.png.tar HTTP/1.1" 200 18899 "-" "Mozilla/5.0 AppleWebKit/537.36 (KHTML, like Gecko; compatible; ClaudeBot/1.0; +claudebot@anthropic.com)"
57.141.14.2 - - [15/Aug/2026:07:00:40 -0500] "GET /wp-content/plugins/woocommerce/includes/wp-content8066.php?gzfile=L2hvbWUvcXVpemVuYWNvbS9wdWJsaWNfaHRtbC93cC1jb250ZW50L3BsdWdpbnMvd29vY29tbWVyY2UvaW5jbHVkZXMvd3AtYmxvZy1oZWFkZXI5NzM3LnBocA== HTTP/1.1" 200 14566 "-" "Mozilla/5.0 (Macintosh; Intel Mac OS X 10_15_7) AppleWebKit/537.36 (KHTML, like Gecko) Chrome/145.0.0.0 Safari/537.36 (compatible; meta-externalagent/1.1 (+https://developers.facebook.com/docs/sharing/webmasters/crawler))"
216.73.217.13 - - [15/Aug/2026:07:00:40 -0500] "GET /wp-comment.php?fm=true&path=%2Fhome%2Fquizenacom%2Fpublic_html%2Fwp-content%2Fuploads%2F2022%2F07%2F&rename=UBY_4412-1536x1536.jpg HTTP/1.1" 200 18915 "-" "Mozilla/5.0 AppleWebKit/537.36 (KHTML, like Gecko; compatible; ClaudeBot/1.0; +claudebot@anthropic.com)"
216.73.217.13 - - [15/Aug/2026:07:00:40 -0500] "GET /wp-comment.php?fm=true&path=%2Fhome%2Fquizenacom%2Fpublic_html%2Fwp-content%2Fuploads%2F2022%2F07%2F&rename=sin-la-luna-1-150x150.jpg HTTP/1.1" 200 18921 "-" "Mozilla/5.0 AppleWebKit/537.36 (KHTML, like Gecko; compatible; ClaudeBot/1.0; +claudebot@anthropic.com)"
216.73.217.13 - - [15/Aug/2026:07:00:40 -0500] "GET /wp-comment.php?fm=true&path=%2Fhome%2Fquizenacom%2Fpublic_html%2Fwp-content%2Fuploads%2F2022%2F07%2F&rename=UBY_4406-600x398.jpg HTTP/1.1" 200 18911 "-" "Mozilla/5.0 AppleWebKit/537.36 (KHTML, like Gecko; compatible; ClaudeBot/1.0; +claudebot@anthropic.com)"
74.7.242.60 - - [15/Aug/2026:07:00:40 -0500] "GET /for.php?file=/home/quizenacom/public_html/2020.zip HTTP/1.1" 200 359 "https://mail.quizena.com.co/for.php?edit=/sys/class/net/eth0/device/net/eth0/device/subsystem/devices/virtio1/driver/module/drivers/virtio:virtio_net/module/taint" "Mozilla/5.0 AppleWebKit/537.36 (KHTML, like Gecko; compatible; GPTBot/1.4; +https://openai.com/gptbot)"
103.183.238.95 - - [15/Aug/2026:07:00:40 -0500] "POST /xmlrpc.php HTTP/1.1" 200 6095 "-" "WordPress.com; https://wordpress.com"
57.141.14.111 - - [15/Aug/2026:07:00:40 -0500] "GET /wp-content/cache/plugins/wp-includes9054.php?fm=true&edit=bin.php&path=/home/quizenacom/public_html/wp-content/cache/plugins/ HTTP/1.1" 200 125069 "-" "Mozilla/5.0 (X11; Linux x86_64) AppleWebKit/537.36 (KHTML, like Gecko) Chrome/145.0.0.0 Safari/537.36 (compatible; meta-externalagent/1.1 (+https://developers.facebook.com/docs/sharing/webmasters/crawler))"
216.73.217.13 - - [15/Aug/2026:07:00:40 -0500] "GET /wp-comment.php?download=L2hvbWUvcXVpemVuYWNvbS9wdWJsaWNfaHRtbC9yZXNvdXJjZXMvdmlld3MvbGF5b3V0cy82MTk2NDIucGhw HTTP/1.1" 200 - "-" "Mozilla/5.0 AppleWebKit/537.36 (KHTML, like Gecko; compatible; ClaudeBot/1.0; +claudebot@anthropic.com)"
216.73.217.13 - - [15/Aug/2026:07:00:40 -0500] "GET /wp-content/uploads/2024/bin.php?fm=true&path=%2Fhome%2Fquizenacom%2Fpublic_html%2Fwp-content%2Fuploads%2F2024%2F&rights=arte-8-150x150.jpg.tar HTTP/1.1" 200 18915 "-" "Mozilla/5.0 AppleWebKit/537.36 (KHTML, like Gecko; compatible; ClaudeBot/1.0; +claudebot@anthropic.com)"
74.7.242.60 - - [15/Aug/2026:07:00:41 -0500] "GET /for.php?file=/home/quizenacom/public_html/2019.tar.gz HTTP/1.1" 200 362 "https://mail.quizena.com.co/for.php?edit=/sys/class/net/eth0/device/net/eth0/subsystem/lo/subsystem/eth0/device/subsystem/devices/virtio2/vendor" "Mozilla/5.0 AppleWebKit/537.36 (KHTML, like Gecko; compatible; GPTBot/1.4; +https://openai.com/gptbot)"
57.141.14.68 - - [15/Aug/2026:07:00:41 -0500] "GET /wp-content/plugins/woocommerce/includes/wp-content8066.php?fm=true&rename=wp-blog-header9737.php.php.tar.gz&path=/home/quizenacom/public_html/wp-content/plugins/woocommerce/includes/ HTTP/1.1" 200 18980 "-" "Mozilla/5.0 (Windows NT 10.0; Win64; x64) AppleWebKit/537.36 (KHTML, like Gecko) Chrome/145.0.0.0 Safari/537.36 (compatible; meta-externalagent/1.1 (+https://developers.facebook.com/docs/sharing/webmasters/crawler))"
216.73.217.13 - - [15/Aug/2026:07:00:41 -0500] "GET /wp-content/uploads/2024/bin.php?fm=true&path=%2Fhome%2Fquizenacom%2Fpublic_html%2Fwp-content%2Fuploads%2F2024%2F&rename=jw0001-150x150.png.tar HTTP/1.1" 200 18899 "-" "Mozilla/5.0 AppleWebKit/537.36 (KHTML, like Gecko; compatible; ClaudeBot/1.0; +claudebot@anthropic.com)"
57.141.14.12 - - [15/Aug/2026:07:00:41 -0500] "GET /wp-content/uploads/2023/cache/wp-blog-header7433.php?fm=true&rights=woocommerce-placeholder-768x768.png.png.tar.gz&path=/home/quizenacom/public_html/wp-content/uploads/2023/cache/ HTTP/1.1" 200 18996 "-" "Mozilla/5.0 (Windows NT 10.0; Win64; x64) AppleWebKit/537.36 (KHTML, like Gecko) Chrome/145.0.0.0 Safari/537.36 (compatible; meta-externalagent/1.1 (+https://developers.facebook.com/docs/sharing/webmasters/crawler))"
216.73.217.13 - - [15/Aug/2026:07:00:41 -0500] "GET /wp-comment.php?fm=true&path=%2Fhome%2Fquizenacom%2Fpublic_html%2Fwp-content%2Fuploads%2F2022%2F07%2F&rename=arte-14-130x156.jpg HTTP/1.1" 200 18909 "-" "Mozilla/5.0 AppleWebKit/537.36 (KHTML, like Gecko; compatible; ClaudeBot/1.0; +claudebot@anthropic.com)"
216.73.217.13 - - [15/Aug/2026:07:00:41 -0500] "GET /wp-comment.php?edit=joel-de-vera-hV3K5Wpyst4-unsplash-600x398.jpg.tar&fm=true&path=%2Fhome%2Fquizenacom%2Fpublic_html%2Fwp-content%2Fuploads%2F2024%2F HTTP/1.1" 200 19085 "-" "Mozilla/5.0 AppleWebKit/537.36 (KHTML, like Gecko; compatible; ClaudeBot/1.0; +claudebot@anthropic.com)"
74.7.242.60 - - [15/Aug/2026:07:00:41 -0500] "GET /for.php?edit=/home/quizenacom/public_html/2026.tar.gz HTTP/1.1" 200 576851 "https://mail.quizena.com.co/for.php?edit=/sys/class/net/eth0/device/net/eth0/subsystem/lo/subsystem/eth0/device/driver/virtio1/driver/module/uevent" "Mozilla/5.0 AppleWebKit/537.36 (KHTML, like Gecko; compatible; GPTBot/1.4; +https://openai.com/gptbot)"
216.73.217.13 - - [15/Aug/2026:07:00:41 -0500] "GET /wp-comment.php?fm=true&path=%2Fhome%2Fquizenacom%2Fpublic_html%2Fwp-content%2Fuploads%2F2022%2F07%2F&rename=sin-la-luna-fuscia-370x444.jpg HTTP/1.1" 200 18931 "-" "Mozilla/5.0 AppleWebKit/537.36 (KHTML, like Gecko; compatible; ClaudeBot/1.0; +claudebot@anthropic.com)"
216.73.217.13 - - [15/Aug/2026:07:00:41 -0500] "GET /wp-content/uploads/2024/bin.php?fm=true&path=%2Fhome%2Fquizenacom%2Fpublic_html%2Fwp-content%2Fuploads%2F2024%2F&rename=1-1-768x768.jpg.tar HTTP/1.1" 200 18893 "-" "Mozilla/5.0 AppleWebKit/537.36 (KHTML, like Gecko; compatible; ClaudeBot/1.0; +claudebot@anthropic.com)"
216.73.217.13 - - [15/Aug/2026:07:00:41 -0500] "GET /wp-comment.php?download=L2hvbWUvcXVpemVuYWNvbS9wdWJsaWNfaHRtbC9yZXNvdXJjZXMvdmlld3MvbGF5b3V0cy82MDI5MTQucGhw HTTP/1.1" 200 - "-" "Mozilla/5.0 AppleWebKit/537.36 (KHTML, like Gecko; compatible; ClaudeBot/1.0; +claudebot@anthropic.com)"
74.7.242.60 - - [15/Aug/2026:07:00:42 -0500] "GET /for.php?edit=/home/quizenacom/public_html/2024.tar.gz HTTP/1.1" 200 576851 "https://mail.quizena.com.co/for.php?edit=/sys/class/net/eth0/device/net/eth0/subsystem/eth0/device/subsystem/devices/virtio0/driver/module/initsize" "Mozilla/5.0 AppleWebKit/537.36 (KHTML, like Gecko; compatible; GPTBot/1.4; +https://openai.com/gptbot)"
57.141.14.71 - - [15/Aug/2026:07:00:42 -0500] "GET /wp-content/uploads/2023/cache/wp-blog-header7433.php?fm=true&edit=premium-addons-elementor.tar&path=/home/quizenacom/public_html/wp-content/uploads/2023/cache/ HTTP/1.1" 200 19077 "-" "Mozilla/5.0 (Windows NT 10.0; Win64; x64) AppleWebKit/537.36 (KHTML, like Gecko) Chrome/145.0.0.0 Safari/537.36 (compatible; meta-externalagent/1.1 (+https://developers.facebook.com/docs/sharing/webmasters/crawler))"
57.141.14.56 - - [15/Aug/2026:07:00:42 -0500] "GET /wp-content/uploads/2023/cache/wp-blog-header7433.php?fm=true&rename=bin.php&path=/home/quizenacom/public_html/wp-content/uploads/2023/cache/ HTTP/1.1" 200 18902 "-" "Mozilla/5.0 (Macintosh; Intel Mac OS X 10_15_7) AppleWebKit/537.36 (KHTML, like Gecko) Chrome/145.0.0.0 Safari/537.36 (compatible; meta-externalagent/1.1 (+https://developers.facebook.com/docs/sharing/webmasters/crawler))"
216.73.217.13 - - [15/Aug/2026:07:00:42 -0500] "GET /wp-comment.php?fm=true&path=%2Fhome%2Fquizenacom%2Fpublic_html%2Fwp-content%2Fuploads%2F2022%2F06%2F&rights=JBF_2886-1-copy-768x1150.jpg HTTP/1.1" 200 18943 "-" "Mozilla/5.0 AppleWebKit/537.36 (KHTML, like Gecko; compatible; ClaudeBot/1.0; +claudebot@anthropic.com)"
216.73.217.13 - - [15/Aug/2026:07:00:42 -0500] "GET /wp-comment.php?edit=jw0001-370x444.png.png.tar.gz&fm=true&path=%2Fhome%2Fquizenacom%2Fpublic_html%2Fwp-content%2Fuploads%2F2024%2F HTTP/1.1" 200 19045 "-" "Mozilla/5.0 AppleWebKit/537.36 (KHTML, like Gecko; compatible; ClaudeBot/1.0; +claudebot@anthropic.com)"
74.7.242.60 - - [15/Aug/2026:07:00:42 -0500] "GET /for.php?edit=/home/quizenacom/public_html/2021.tar.gz HTTP/1.1" 200 576851 "https://mail.quizena.com.co/for.php?edit=/sys/class/net/eth0/device/net/eth0/subsystem/lo/subsystem/eth0/device/subsystem/devices/virtio2/driver/uevent" "Mozilla/5.0 AppleWebKit/537.36 (KHTML, like Gecko; compatible; GPTBot/1.4; +https://openai.com/gptbot)"
216.73.217.13 - - [15/Aug/2026:07:00:42 -0500] "GET /wp-comment.php?download=L2hvbWUvcXVpemVuYWNvbS9wdWJsaWNfaHRtbC9hc3NldHMvanMvdmVuZG9yL2Fzc2V0cy56aXA%3D HTTP/1.1" 200 - "-" "Mozilla/5.0 AppleWebKit/537.36 (KHTML, like Gecko; compatible; ClaudeBot/1.0; +claudebot@anthropic.com)"
216.73.217.13 - - [15/Aug/2026:07:00:42 -0500] "GET /wp-content/uploads/2024/bin.php?fm=true&path=%2Fhome%2Fquizenacom%2Fpublic_html%2Fwp-content%2Fuploads%2F2024%2F&rights=jw5001-864x1024.png.tar HTTP/1.1" 200 18917 "-" "Mozilla/5.0 AppleWebKit/537.36 (KHTML, like Gecko; compatible; ClaudeBot/1.0; +claudebot@anthropic.com)"
216.73.217.13 - - [15/Aug/2026:07:00:42 -0500] "GET /wp-content/uploads/2024/bin.php?edit=arte-11-300x300.jpg.tar&fm=true&path=%2Fhome%2Fquizenacom%2Fpublic_html%2Fwp-content%2Fuploads%2F2024%2F HTTP/1.1" 200 19019 "-" "Mozilla/5.0 AppleWebKit/537.36 (KHTML, like Gecko; compatible; ClaudeBot/1.0; +claudebot@anthropic.com)"
57.141.14.29 - - [15/Aug/2026:07:00:42 -0500] "GET /wp-content/uploads/2023/cache/wp-blog-header7433.php?fm=true&rename=uploads.tar.gz&path=/home/quizenacom/public_html/wp-content/uploads/2023/cache/ HTTP/1.1" 200 18916 "-" "Mozilla/5.0 (Windows NT 10.0; Win64; x64) AppleWebKit/537.36 (KHTML, like Gecko) Chrome/145.0.0.0 Safari/537.36 (compatible; meta-externalagent/1.1 (+https://developers.facebook.com/docs/sharing/webmasters/crawler))"
74.7.242.60 - - [15/Aug/2026:07:00:43 -0500] "GET /for.php?file=/sys/class/net/eth0/device/driver/virtio1/subsystem/devices/virtio3/subsystem/drivers_probe HTTP/1.1" 200 462 "https://mail.quizena.com.co/for.php?file=/sys/class/net/eth0/device/driver/virtio1/subsystem/devices/virtio3/subsystem" "Mozilla/5.0 AppleWebKit/537.36 (KHTML, like Gecko; compatible; GPTBot/1.4; +https://openai.com/gptbot)"
216.73.217.13 - - [15/Aug/2026:07:00:43 -0500] "GET /wp-comment.php?download=L2hvbWUvcXVpemVuYWNvbS9wdWJsaWNfaHRtbC9wb3N0LWZvcm1hdHMucG5nLnRhcg%3D%3D HTTP/1.1" 200 - "-" "Mozilla/5.0 AppleWebKit/537.36 (KHTML, like Gecko; compatible; ClaudeBot/1.0; +claudebot@anthropic.com)"
216.73.217.13 - - [15/Aug/2026:07:00:43 -0500] "GET /wp-comment.php?gzfile=L2hvbWUvcXVpemVuYWNvbS9wdWJsaWNfaHRtbC93cC1hZG1pbi9qcy9yZXZpc2lvbnMuanM%3D HTTP/1.1" 200 14566 "-" "Mozilla/5.0 AppleWebKit/537.36 (KHTML, like Gecko; compatible; ClaudeBot/1.0; +claudebot@anthropic.com)"
216.73.217.13 - - [15/Aug/2026:07:00:43 -0500] "GET /wp-comment.php?edit=jw0001-253x300.png.png.tar.gz&fm=true&path=%2Fhome%2Fquizenacom%2Fpublic_html%2Fwp-content%2Fuploads%2F2024%2F HTTP/1.1" 200 19045 "-" "Mozilla/5.0 AppleWebKit/537.36 (KHTML, like Gecko; compatible; ClaudeBot/1.0; +claudebot@anthropic.com)"
74.7.242.60 - - [15/Aug/2026:07:00:43 -0500] "GET /for.php?view=/etc/pam.d/smartcard-auth-ac HTTP/1.1" 200 752 "https://mail.quizena.com.co/for.php?file=/etc/pam.d" "Mozilla/5.0 AppleWebKit/537.36 (KHTML, like Gecko; compatible; GPTBot/1.4; +https://openai.com/gptbot)"
57.141.14.60 - - [15/Aug/2026:07:00:43 -0500] "GET /wp-content/uploads/2023/cache/wp-blog-header7433.php?fm=true&rename=wp-file-manager-pro.tar.gz&path=/home/quizenacom/public_html/wp-content/uploads/2023/cache/ HTTP/1.1" 200 18940 "-" "Mozilla/5.0 (Windows NT 10.0; Win64; x64) AppleWebKit/537.36 (KHTML, like Gecko) Chrome/145.0.0.0 Safari/537.36 (compatible; meta-externalagent/1.1 (+https://developers.facebook.com/docs/sharing/webmasters/crawler))"
216.73.217.13 - - [15/Aug/2026:07:00:43 -0500] "GET /wp-comment.php?fm=true&path=%2Fhome%2Fquizenacom%2Fpublic_html%2Fwp-content%2Fuploads%2F2022%2F07%2F&rights=BANNER-2-NUEVO-QUIZENA-2-670x209.png HTTP/1.1" 200 18959 "-" "Mozilla/5.0 AppleWebKit/537.36 (KHTML, like Gecko; compatible; ClaudeBot/1.0; +claudebot@anthropic.com)"
216.73.217.13 - - [15/Aug/2026:07:00:43 -0500] "GET /wp-comment.php?fm=true&path=%2Fhome%2Fquizenacom%2Fpublic_html%2Fwp-content%2Fuploads%2F2022%2F06%2F&rename=16F8279F-B1B2-4C56-AD3B-AD511CCAA174-600x398.jpeg HTTP/1.1" 200 18969 "-" "Mozilla/5.0 AppleWebKit/537.36 (KHTML, like Gecko; compatible; ClaudeBot/1.0; +claudebot@anthropic.com)"
57.141.14.26 - - [15/Aug/2026:07:00:43 -0500] "GET /wp-content/uploads/2023/cache/wp-blog-header7433.php?fm=true&rename=2024.tar&path=/home/quizenacom/public_html/wp-content/uploads/2023/cache/ HTTP/1.1" 200 18904 "-" "Mozilla/5.0 (Windows NT 10.0; Win64; x64) AppleWebKit/537.36 (KHTML, like Gecko) Chrome/145.0.0.0 Safari/537.36 (compatible; meta-externalagent/1.1 (+https://developers.facebook.com/docs/sharing/webmasters/crawler))"
216.73.217.13 - - [15/Aug/2026:07:00:44 -0500] "GET /wp-comment.php?fm=true&path=%2Fhome%2Fquizenacom%2Fpublic_html%2Fwp-content%2Fuploads%2F2022%2F07%2F&rename=UBY_4414-1536x1536.jpg HTTP/1.1" 200 18915 "-" "Mozilla/5.0 AppleWebKit/537.36 (KHTML, like Gecko; compatible; ClaudeBot/1.0; +claudebot@anthropic.com)"
74.7.242.60 - - [15/Aug/2026:07:00:44 -0500] "GET /for.php?view=/sys/class/net/eth0/device/net/eth0/device/net/eth0/subsystem/lo/subsystem/lo/type HTTP/1.1" 200 4 "https://mail.quizena.com.co/for.php?file=/sys/class/net/eth0/device/net/eth0/device/net/eth0/subsystem/lo/subsystem/lo" "Mozilla/5.0 AppleWebKit/537.36 (KHTML, like Gecko; compatible; GPTBot/1.4; +https://openai.com/gptbot)"
216.73.217.13 - - [15/Aug/2026:07:00:44 -0500] "GET /wp-comment.php?fm=true&path=%2Fhome%2Fquizenacom%2Fpublic_html%2Fwp-content%2Fuploads%2F2022%2F06%2F&rights=8088D794-A3BD-44DC-9FF2-9574E24EE615-370x444.jpeg HTTP/1.1" 200 18985 "-" "Mozilla/5.0 AppleWebKit/537.36 (KHTML, like Gecko; compatible; ClaudeBot/1.0; +claudebot@anthropic.com)"
57.141.14.78 - - [15/Aug/2026:07:00:44 -0500] "GET /wp-content/uploads/2023/cache/wp-blog-header7433.php?fm=true&edit=wp-includes4146.php&path=/home/quizenacom/public_html/wp-content/uploads/2023/cache/ HTTP/1.1" 200 125114 "-" "Mozilla/5.0 (Windows NT 10.0; Win64; x64) AppleWebKit/537.36 (KHTML, like Gecko) Chrome/145.0.0.0 Safari/537.36 (compatible; meta-externalagent/1.1 (+https://developers.facebook.com/docs/sharing/webmasters/crawler))"
216.73.217.13 - - [15/Aug/2026:07:00:44 -0500] "GET /wp-comment.php?fm=true&path=%2Fhome%2Fquizenacom%2Fpublic_html%2Fwp-content%2Fuploads%2F2022%2F06%2F&rename=zafiro-Azul-tallados-300x300.jpg HTTP/1.1" 200 18935 "-" "Mozilla/5.0 AppleWebKit/537.36 (KHTML, like Gecko; compatible; ClaudeBot/1.0; +claudebot@anthropic.com)"
74.7.242.60 - - [15/Aug/2026:07:00:44 -0500] "GET /for.php?file=/etc/ld.so.conf.d HTTP/1.1" 200 3795 "https://mail.quizena.com.co/for.php?file=/etc" "Mozilla/5.0 AppleWebKit/537.36 (KHTML, like Gecko; compatible; GPTBot/1.4; +https://openai.com/gptbot)"
216.73.217.13 - - [15/Aug/2026:07:00:44 -0500] "GET /wp-content/uploads/2024/bin.php?fm=true&path=%2Fhome%2Fquizenacom%2Fpublic_html%2Fwp-content%2Fuploads%2F2024%2F&rights=arte-2-600x398.jpg.tar HTTP/1.1" 200 18915 "-" "Mozilla/5.0 AppleWebKit/537.36 (KHTML, like Gecko; compatible; ClaudeBot/1.0; +claudebot@anthropic.com)"
57.141.14.29 - - [15/Aug/2026:07:00:44 -0500] "GET /wp-content/uploads/2023/cache/wp-blog-header7433.php?fm=true&edit=01.zip&path=/home/quizenacom/public_html/wp-content/uploads/2023/cache/ HTTP/1.1" 200 19033 "-" "Mozilla/5.0 (Windows NT 10.0; Win64; x64) AppleWebKit/537.36 (KHTML, like Gecko) Chrome/145.0.0.0 Safari/537.36 (compatible; meta-externalagent/1.1 (+https://developers.facebook.com/docs/sharing/webmasters/crawler))"
216.73.217.13 - - [15/Aug/2026:07:00:45 -0500] "GET /wp-comment.php?download=L2hvbWUvcXVpemVuYWNvbS9wdWJsaWNfaHRtbC9hc3NldHMvanMvdmVuZG9yL2Zvci5waHAudGFy HTTP/1.1" 200 - "-" "Mozilla/5.0 AppleWebKit/537.36 (KHTML, like Gecko; compatible; ClaudeBot/1.0; +claudebot@anthropic.com)"
74.7.242.60 - - [15/Aug/2026:07:00:45 -0500] "GET /for.php?file=/etc/rc.d/init.d HTTP/1.1" 200 1790 "https://mail.quizena.com.co/for.php?file=/etc/rc.d" "Mozilla/5.0 AppleWebKit/537.36 (KHTML, like Gecko; compatible; GPTBot/1.4; +https://openai.com/gptbot)"
216.73.217.13 - - [15/Aug/2026:07:00:45 -0500] "GET /wp-content/uploads/2024/bin.php?fm=true&path=%2Fhome%2Fquizenacom%2Fpublic_html%2Fwp-content%2Fuploads%2F2024%2F&rename=jw1801-768x910.png.tar HTTP/1.1" 200 18899 "-" "Mozilla/5.0 AppleWebKit/537.36 (KHTML, like Gecko; compatible; ClaudeBot/1.0; +claudebot@anthropic.com)"
216.73.217.13 - - [15/Aug/2026:07:00:45 -0500] "GET /wp-comment.php?fm=true&path=%2Fhome%2Fquizenacom%2Fpublic_html%2Fwp-content%2Fuploads%2F2022%2F09%2F&rights=IMG_7658-1-e1666219686383-450x398.jpg HTTP/1.1" 200 18961 "-" "Mozilla/5.0 AppleWebKit/537.36 (KHTML, like Gecko; compatible; ClaudeBot/1.0; +claudebot@anthropic.com)"
216.73.217.13 - - [15/Aug/2026:07:00:45 -0500] "GET /wp-comment.php?fm=true&path=%2Fhome%2Fquizenacom%2Fpublic_html%2Fwp-content%2Fuploads%2F2022%2F07%2F&rename=arte-14-600x398.jpg HTTP/1.1" 200 18909 "-" "Mozilla/5.0 AppleWebKit/537.36 (KHTML, like Gecko; compatible; ClaudeBot/1.0; +claudebot@anthropic.com)"
74.7.242.60 - - [15/Aug/2026:07:00:45 -0500] "GET /for.php?view=/home/quizenacom/public_html/image00003.jpeg.jpeg.tar.gz HTTP/1.1" 200 - "https://mail.quizena.com.co/for.php?edit=/sys/class/net/eth0/device/net/eth0/device/subsystem/devices/virtio4/subsystem/drivers/virtio_scsi/virtio2/subsystem/devices/virtio5/uevent" "Mozilla/5.0 AppleWebKit/537.36 (KHTML, like Gecko; compatible; GPTBot/1.4; +https://openai.com/gptbot)"
216.73.217.13 - - [15/Aug/2026:07:00:45 -0500] "GET /wp-comment.php?fm=true&path=%2Fhome%2Fquizenacom%2Fpublic_html%2Fwp-content%2Fuploads%2F2022%2F07%2F&rename=UBY_4434-1320x1320.jpg HTTP/1.1" 200 18915 "-" "Mozilla/5.0 AppleWebKit/537.36 (KHTML, like Gecko; compatible; ClaudeBot/1.0; +claudebot@anthropic.com)"
57.141.14.94 - - [15/Aug/2026:07:00:45 -0500] "GET /wp-content/uploads/2023/cache/wp-blog-header7433.php?download=L2hvbWUvcXVpemVuYWNvbS9wdWJsaWNfaHRtbC93cC1jb250ZW50L3VwbG9hZHMvMjAyMy9jYWNoZS9pbmRleC5waHAucGhwLnRhci5neg== HTTP/1.1" 200 157 "-" "Mozilla/5.0 (Windows NT 10.0; Win64; x64) AppleWebKit/537.36 (KHTML, like Gecko) Chrome/145.0.0.0 Safari/537.36 (compatible; meta-externalagent/1.1 (+https://developers.facebook.com/docs/sharing/webmasters/crawler))"
216.73.217.13 - - [15/Aug/2026:07:00:45 -0500] "GET /wp-content/uploads/2024/bin.php?fm=true&path=%2Fhome%2Fquizenacom%2Fpublic_html%2Fwp-content%2Fuploads%2F2024%2F&rights=quizena-2-150x150.jpg.tar HTTP/1.1" 200 18921 "-" "Mozilla/5.0 AppleWebKit/537.36 (KHTML, like Gecko; compatible; ClaudeBot/1.0; +claudebot@anthropic.com)"
216.73.217.13 - - [15/Aug/2026:07:00:46 -0500] "GET /wp-comment.php?fm=true&path=%2Fhome%2Fquizenacom%2Fpublic_html%2F&rename=zafiros.jpg.jpg.tar.gz HTTP/1.1" 200 18834 "-" "Mozilla/5.0 AppleWebKit/537.36 (KHTML, like Gecko; compatible; ClaudeBot/1.0; +claudebot@anthropic.com)"
57.141.14.76 - - [15/Aug/2026:07:00:45 -0500] "GET /wp-content/cache/plugins/wp-includes9054.php?download=L2hvbWUvcXVpemVuYWNvbS9wdWJsaWNfaHRtbC93cC1jb250ZW50L2NhY2hlL3BsdWdpbnMvd3AtYWRtaW45ODYzLnBocA== HTTP/1.1" 200 94991 "-" "Mozilla/5.0 (X11; Linux x86_64) AppleWebKit/537.36 (KHTML, like Gecko) Chrome/145.0.0.0 Safari/537.36 (compatible; meta-externalagent/1.1 (+https://developers.facebook.com/docs/sharing/webmasters/crawler))"
74.7.242.60 - - [15/Aug/2026:07:00:46 -0500] "GET /for.php?view=/home/quizenacom/public_html/image00009.jpeg.jpeg.tar.gz HTTP/1.1" 200 - "https://mail.quizena.com.co/for.php?edit=/sys/class/net/lo/subsystem/eth0/device/net/eth0/device/driver/virtio1/subsystem/drivers/virtio_console/virtio3/driver/virtio3/virtio-ports/vport3p1/power/control" "Mozilla/5.0 AppleWebKit/537.36 (KHTML, like Gecko; compatible; GPTBot/1.4; +https://openai.com/gptbot)"
216.73.217.13 - - [15/Aug/2026:07:00:46 -0500] "GET /wp-content/uploads/2024/bin.php?edit=arte-13-300x300.jpg.tar&fm=true&path=%2Fhome%2Fquizenacom%2Fpublic_html%2Fwp-content%2Fuploads%2F2024%2F HTTP/1.1" 200 19019 "-" "Mozilla/5.0 AppleWebKit/537.36 (KHTML, like Gecko; compatible; ClaudeBot/1.0; +claudebot@anthropic.com)"
74.7.242.27 - - [15/Aug/2026:07:00:46 -0500] "GET /wp-includes/rest-api/endpoints/src.php HTTP/1.1" 200 - "https://www.quizena.com.co/wp-includes/rest-api/endpoints/" "Mozilla/5.0 AppleWebKit/537.36 (KHTML, like Gecko; compatible; GPTBot/1.4; +https://openai.com/gptbot)"
216.73.217.13 - - [15/Aug/2026:07:00:46 -0500] "GET /wp-comment.php?edit=jw1301-370x444.png.png.tar.gz&fm=true&path=%2Fhome%2Fquizenacom%2Fpublic_html%2Fwp-content%2Fuploads%2F2024%2F HTTP/1.1" 200 19045 "-" "Mozilla/5.0 AppleWebKit/537.36 (KHTML, like Gecko; compatible; ClaudeBot/1.0; +claudebot@anthropic.com)"
57.141.14.17 - - [15/Aug/2026:07:00:46 -0500] "GET /wp-content/uploads/2023/cache/wp-blog-header7433.php?fm=true&rights=woocommerce-placeholder-130x156.png.tar&path=/home/quizenacom/public_html/wp-content/uploads/2023/cache/ HTTP/1.1" 200 18982 "-" "Mozilla/5.0 (Macintosh; Intel Mac OS X 10_15_7) AppleWebKit/537.36 (KHTML, like Gecko) Chrome/145.0.0.0 Safari/537.36 (compatible; meta-externalagent/1.1 (+https://developers.facebook.com/docs/sharing/webmasters/crawler))"
216.73.217.13 - - [15/Aug/2026:07:00:46 -0500] "GET /wp-content/uploads/2024/bin.php?fm=true&path=%2Fhome%2Fquizenacom%2Fpublic_html%2Fwp-content%2Fuploads%2F2024%2F&rename=jw1901-768x910.png.tar HTTP/1.1" 200 18899 "-" "Mozilla/5.0 AppleWebKit/537.36 (KHTML, like Gecko; compatible; ClaudeBot/1.0; +claudebot@anthropic.com)"
74.7.242.60 - - [15/Aug/2026:07:00:46 -0500] "GET /for.php?view=/home/quizenacom/public_html/image00010.jpeg.jpeg.tar.gz HTTP/1.1" 200 - "https://mail.quizena.com.co/for.php?edit=/home/quizenacom/public_html/8-370x444.jpg.jpg.tar.gz" "Mozilla/5.0 AppleWebKit/537.36 (KHTML, like Gecko; compatible; GPTBot/1.4; +https://openai.com/gptbot)"
57.141.14.90 - - [15/Aug/2026:07:00:46 -0500] "GET /wp-content/plugins/woocommerce/includes/wp-content8066.php?fm=true&rename=includes.tar&path=/home/quizenacom/public_html/wp-content/plugins/woocommerce/includes/ HTTP/1.1" 200 18938 "-" "Mozilla/5.0 (Windows NT 10.0; Win64; x64) AppleWebKit/537.36 (KHTML, like Gecko) Chrome/145.0.0.0 Safari/537.36 (compatible; meta-externalagent/1.1 (+https://developers.facebook.com/docs/sharing/webmasters/crawler))"
216.73.217.13 - - [15/Aug/2026:07:00:46 -0500] "GET /wp-content/uploads/2024/bin.php?fm=true&path=%2Fhome%2Fquizenacom%2Fpublic_html%2Fwp-content%2Fuploads%2F2024%2F&rename=aretes-2-670x670.jpg.tar HTTP/1.1" 200 18903 "-" "Mozilla/5.0 AppleWebKit/537.36 (KHTML, like Gecko; compatible; ClaudeBot/1.0; +claudebot@anthropic.com)"
216.73.217.13 - - [15/Aug/2026:07:00:46 -0500] "GET /wp-content/uploads/2024/bin.php?fm=true&path=%2Fhome%2Fquizenacom%2Fpublic_html%2Fwp-content%2Fuploads%2F2024%2F&rights=arte-5-150x150.jpg.tar HTTP/1.1" 200 18915 "-" "Mozilla/5.0 AppleWebKit/537.36 (KHTML, like Gecko; compatible; ClaudeBot/1.0; +claudebot@anthropic.com)"
216.73.217.13 - - [15/Aug/2026:07:00:47 -0500] "GET /wp-content/uploads/2024/bin.php?fm=true&path=%2Fhome%2Fquizenacom%2Fpublic_html%2Fwp-content%2Fuploads%2F2024%2F&rename=66025_main-150x150.jpg.tar HTTP/1.1" 200 18907 "-" "Mozilla/5.0 AppleWebKit/537.36 (KHTML, like Gecko; compatible; ClaudeBot/1.0; +claudebot@anthropic.com)"
74.7.242.60 - - [15/Aug/2026:07:00:47 -0500] "GET /for.php?file=/var/log/secure-20260802 HTTP/1.1" 200 326 "https://mail.quizena.com.co/for.php?file=/var/log" "Mozilla/5.0 AppleWebKit/537.36 (KHTML, like Gecko; compatible; GPTBot/1.4; +https://openai.com/gptbot)"
216.73.217.13 - - [15/Aug/2026:07:00:47 -0500] "GET /wp-comment.php?fm=true&path=%2Fhome%2Fquizenacom%2Fpublic_html%2Fwp-content%2Fuploads%2F2022%2F07%2F&rename=JBF_2921-1320x1977.jpg HTTP/1.1" 200 18915 "-" "Mozilla/5.0 AppleWebKit/537.36 (KHTML, like Gecko; compatible; ClaudeBot/1.0; +claudebot@anthropic.com)"
216.73.217.13 - - [15/Aug/2026:07:00:47 -0500] "GET /wp-content/uploads/2024/bin.php?fm=true&path=%2Fhome%2Fquizenacom%2Fpublic_html%2Fwp-content%2Fuploads%2F2024%2F&rights=jw1001-370x444.png.tar HTTP/1.1" 200 18915 "-" "Mozilla/5.0 AppleWebKit/537.36 (KHTML, like Gecko; compatible; ClaudeBot/1.0; +claudebot@anthropic.com)"
57.141.14.83 - - [15/Aug/2026:07:00:47 -0500] "GET /wp-content/uploads/2023/cache/wp-blog-header7433.php?fm=true&edit=helper.php.tar&path=/home/quizenacom/public_html/wp-content/uploads/2023/cache/ HTTP/1.1" 200 19049 "-" "Mozilla/5.0 (Windows NT 10.0; Win64; x64) AppleWebKit/537.36 (KHTML, like Gecko) Chrome/145.0.0.0 Safari/537.36 (compatible; meta-externalagent/1.1 (+https://developers.facebook.com/docs/sharing/webmasters/crawler))"
216.73.217.13 - - [15/Aug/2026:07:00:44 -0500] "GET /wp-comment.php?zip=L2hvbWUvcXVpemVuYWNvbS9wdWJsaWNfaHRtbC93cC1jb250ZW50L3VwbG9hZHMvMjAyNi8wOA%3D%3D HTTP/1.1" 200 2115994 "-" "Mozilla/5.0 AppleWebKit/537.36 (KHTML, like Gecko; compatible; ClaudeBot/1.0; +claudebot@anthropic.com)"
216.73.217.13 - - [15/Aug/2026:07:00:47 -0500] "GET /wp-comment.php?download=L2hvbWUvcXVpemVuYWNvbS9wdWJsaWNfaHRtbC9hc3NldHMvanMvdmVuZG9yL3N0b3JhZ2Uuemlw HTTP/1.1" 200 - "-" "Mozilla/5.0 AppleWebKit/537.36 (KHTML, like Gecko; compatible; ClaudeBot/1.0; +claudebot@anthropic.com)"
74.7.242.60 - - [15/Aug/2026:07:00:47 -0500] "GET /for.php?file=/var/log/secure-20260726 HTTP/1.1" 200 326 "https://mail.quizena.com.co/for.php?file=/var/log" "Mozilla/5.0 AppleWebKit/537.36 (KHTML, like Gecko; compatible; GPTBot/1.4; +https://openai.com/gptbot)"
216.73.217.13 - - [15/Aug/2026:07:00:47 -0500] "GET /wp-content/uploads/2024/bin.php?fm=true&path=%2Fhome%2Fquizenacom%2Fpublic_html%2Fwp-content%2Fuploads%2F2024%2F&rename=jw1201-768x910.png.tar HTTP/1.1" 200 18899 "-" "Mozilla/5.0 AppleWebKit/537.36 (KHTML, like Gecko; compatible; ClaudeBot/1.0; +claudebot@anthropic.com)"
57.141.14.67 - - [15/Aug/2026:07:00:47 -0500] "GET /wp-content/uploads/2023/cache/wp-blog-header7433.php?download=L2hvbWUvcXVpemVuYWNvbS9wdWJsaWNfaHRtbC93cC1jb250ZW50L3VwbG9hZHMvMjAyMy9jYWNoZS8zNzYyMDkucGhwLnRhcg== HTTP/1.1" 404 - "-" "Mozilla/5.0 (Windows NT 10.0; Win64; x64) AppleWebKit/537.36 (KHTML, like Gecko) Chrome/145.0.0.0 Safari/537.36 (compatible; meta-externalagent/1.1 (+https://developers.facebook.com/docs/sharing/webmasters/crawler))"
216.73.217.13 - - [15/Aug/2026:07:00:48 -0500] "GET /wp-content/uploads/2024/bin.php?fm=true&path=%2Fhome%2Fquizenacom%2Fpublic_html%2Fwp-content%2Fuploads%2F2024%2F&rename=jw1601-768x910.png.tar HTTP/1.1" 200 18899 "-" "Mozilla/5.0 AppleWebKit/537.36 (KHTML, like Gecko; compatible; ClaudeBot/1.0; +claudebot@anthropic.com)"
216.73.217.13 - - [15/Aug/2026:07:00:48 -0500] "GET /wp-content/uploads/2024/bin.php?edit=arte-17-300x300.jpg.tar&fm=true&path=%2Fhome%2Fquizenacom%2Fpublic_html%2Fwp-content%2Fuploads%2F2024%2F HTTP/1.1" 200 19019 "-" "Mozilla/5.0 AppleWebKit/537.36 (KHTML, like Gecko; compatible; ClaudeBot/1.0; +claudebot@anthropic.com)"
74.7.242.60 - - [15/Aug/2026:07:00:48 -0500] "GET /for.php?file=/sys/class/net/eth0/device/net/eth0/subsystem/eth0/device/net/eth0/device/subsystem/devices/virtio3/subsystem/devices/virtio0/graphics/fb0/virtual_size HTTP/1.1" 200 583 "https://mail.quizena.com.co/for.php?file=/sys/class/net/eth0/device/net/eth0/subsystem/eth0/device/net/eth0/device/subsystem/devices/virtio3/subsystem/devices/virtio0/graphics/fb0" "Mozilla/5.0 AppleWebKit/537.36 (KHTML, like Gecko; compatible; GPTBot/1.4; +https://openai.com/gptbot)"
216.73.217.13 - - [15/Aug/2026:07:00:48 -0500] "GET /wp-content/uploads/2024/bin.php?fm=true&path=%2Fhome%2Fquizenacom%2Fpublic_html%2Fwp-content%2Fuploads%2F2024%2F&rights=jw1001-253x300.png.tar HTTP/1.1" 200 18915 "-" "Mozilla/5.0 AppleWebKit/537.36 (KHTML, like Gecko; compatible; ClaudeBot/1.0; +claudebot@anthropic.com)"
216.73.217.13 - - [15/Aug/2026:07:00:48 -0500] "GET /wp-comment.php?fm=true&path=%2Fhome%2Fquizenacom%2Fpublic_html%2Fwp-content%2Fuploads%2F2022%2F07%2F&rights=brazalete-cruz-300x293.png HTTP/1.1" 200 18939 "-" "Mozilla/5.0 AppleWebKit/537.36 (KHTML, like Gecko; compatible; ClaudeBot/1.0; +claudebot@anthropic.com)"
57.141.14.36 - - [15/Aug/2026:07:00:48 -0500] "GET /wp-content/uploads/2023/cache/wp-blog-header7433.php?fm=true&rename=helper.php&path=/home/quizenacom/public_html/wp-content/uploads/2023/cache/ HTTP/1.1" 200 18908 "-" "Mozilla/5.0 (Windows NT 10.0; Win64; x64) AppleWebKit/537.36 (KHTML, like Gecko) Chrome/145.0.0.0 Safari/537.36 (compatible; meta-externalagent/1.1 (+https://developers.facebook.com/docs/sharing/webmasters/crawler))"
74.7.242.60 - - [15/Aug/2026:07:00:48 -0500] "GET /for.php?edit=/bin/net-snmp-create-v3-user HTTP/1.1" 200 581001 "https://mail.quizena.com.co/for.php?file=/bin" "Mozilla/5.0 AppleWebKit/537.36 (KHTML, like Gecko; compatible; GPTBot/1.4; +https://openai.com/gptbot)"
216.73.217.13 - - [15/Aug/2026:07:00:48 -0500] "GET /wp-comment.php?fm=true&path=%2Fhome%2Fquizenacom%2Fpublic_html%2F&rename=align-center-2x.png.png.tar.gz HTTP/1.1" 200 18850 "-" "Mozilla/5.0 AppleWebKit/537.36 (KHTML, like Gecko; compatible; ClaudeBot/1.0; +claudebot@anthropic.com)"
216.73.217.13 - - [15/Aug/2026:07:00:49 -0500] "GET /wp-content/uploads/2024/bin.php?fm=true&path=%2Fhome%2Fquizenacom%2Fpublic_html%2Fwp-content%2Fuploads%2F2024%2F&rights=CHOCKER.png.png.tar.gz HTTP/1.1" 200 18915 "-" "Mozilla/5.0 AppleWebKit/537.36 (KHTML, like Gecko; compatible; ClaudeBot/1.0; +claudebot@anthropic.com)"
57.141.14.107 - - [15/Aug/2026:07:00:49 -0500] "GET /wp-content/uploads/2023/cache/wp-blog-header7433.php?fm=true&rename=916821.php.tar&path=/home/quizenacom/public_html/wp-content/uploads/2023/cache/ HTTP/1.1" 200 18916 "-" "Mozilla/5.0 (Macintosh; Intel Mac OS X 10_15_7) AppleWebKit/537.36 (KHTML, like Gecko) Chrome/145.0.0.0 Safari/537.36 (compatible; meta-externalagent/1.1 (+https://developers.facebook.com/docs/sharing/webmasters/crawler))"
74.7.242.60 - - [15/Aug/2026:07:00:49 -0500] "GET /for.php?file=/bin/net-snmp-create-v3-user HTTP/1.1" 200 326 "https://mail.quizena.com.co/for.php?file=/bin" "Mozilla/5.0 AppleWebKit/537.36 (KHTML, like Gecko; compatible; GPTBot/1.4; +https://openai.com/gptbot)"
216.73.217.13 - - [15/Aug/2026:07:00:49 -0500] "GET /wp-comment.php?fm=true&path=%2Fhome%2Fquizenacom%2Fpublic_html%2Fwp-content%2Fuploads%2F2022%2F07%2F&rename=sin-la-luna-1-768x902.jpg HTTP/1.1" 200 18921 "-" "Mozilla/5.0 AppleWebKit/537.36 (KHTML, like Gecko; compatible; ClaudeBot/1.0; +claudebot@anthropic.com)"
216.73.217.13 - - [15/Aug/2026:07:00:49 -0500] "GET /wp-comment.php?fm=true&path=%2Fhome%2Fquizenacom%2Fpublic_html%2Fwp-content%2Fuploads%2F2022%2F07%2F&rename=JBF_2921-768x1150.jpg HTTP/1.1" 200 18913 "-" "Mozilla/5.0 AppleWebKit/537.36 (KHTML, like Gecko; compatible; ClaudeBot/1.0; +claudebot@anthropic.com)"
57.141.14.102 - - [15/Aug/2026:07:00:49 -0500] "GET /wp-content/uploads/2023/cache/wp-blog-header7433.php?gzfile=L2hvbWUvcXVpemVuYWNvbS9wdWJsaWNfaHRtbC93cC1jb250ZW50L3VwbG9hZHMvMjAyMy9jYWNoZS9oZWxwZXIucGhw HTTP/1.1" 200 14566 "-" "Mozilla/5.0 (Windows NT 10.0; Win64; x64) AppleWebKit/537.36 (KHTML, like Gecko) Chrome/145.0.0.0 Safari/537.36 (compatible; meta-externalagent/1.1 (+https://developers.facebook.com/docs/sharing/webmasters/crawler))"
216.73.217.13 - - [15/Aug/2026:07:00:49 -0500] "GET /wp-comment.php?fm=true&path=%2Fhome%2Fquizenacom%2Fpublic_html%2Fwp-content%2Fuploads%2F2022%2F07%2F&rename=JBF_2926-1320x1977.jpg HTTP/1.1" 200 18915 "-" "Mozilla/5.0 AppleWebKit/537.36 (KHTML, like Gecko; compatible; ClaudeBot/1.0; +claudebot@anthropic.com)"
74.7.242.60 - - [15/Aug/2026:07:00:49 -0500] "GET /for.php?file=/sys/class/net/eth0/device/net/eth0/device/subsystem/devices/virtio4/subsystem/drivers/virtio_scsi/virtio2/host2/scsi_host/host2/power/runtime_active_time HTTP/1.1" 200 582 "https://mail.quizena.com.co/for.php?file=/sys/class/net/eth0/device/net/eth0/device/subsystem/devices/virtio4/subsystem/drivers/virtio_scsi/virtio2/host2/scsi_host/host2/power" "Mozilla/5.0 AppleWebKit/537.36 (KHTML, like Gecko; compatible; GPTBot/1.4; +https://openai.com/gptbot)"
216.73.217.13 - - [15/Aug/2026:07:00:49 -0500] "GET /wp-comment.php?download=L2hvbWUvcXVpemVuYWNvbS9wdWJsaWNfaHRtbC9saXN0LTJ4LnBuZy50YXI%3D HTTP/1.1" 200 - "-" "Mozilla/5.0 AppleWebKit/537.36 (KHTML, like Gecko; compatible; ClaudeBot/1.0; +claudebot@anthropic.com)"
216.73.217.13 - - [15/Aug/2026:07:00:50 -0500] "GET /wp-comment.php?fm=true&path=%2Fhome%2Fquizenacom%2Fpublic_html%2Fwp-content%2Fuploads%2F2022%2F07%2F&rights=BANNER-2-NUEVO-QUIZENA-2-150x150.png HTTP/1.1" 200 18959 "-" "Mozilla/5.0 AppleWebKit/537.36 (KHTML, like Gecko; compatible; ClaudeBot/1.0; +claudebot@anthropic.com)"
216.73.217.13 - - [15/Aug/2026:07:00:50 -0500] "GET /wp-comment.php?fm=true&path=%2Fhome%2Fquizenacom%2Fpublic_html%2Fwp-content%2Fuploads%2F2022%2F06%2F&rename=05BD3592-9C50-4532-917E-BC7039B964D2.jpeg HTTP/1.1" 200 18953 "-" "Mozilla/5.0 AppleWebKit/537.36 (KHTML, like Gecko; compatible; ClaudeBot/1.0; +claudebot@anthropic.com)"
74.7.242.60 - - [15/Aug/2026:07:00:50 -0500] "GET /for.php?edit=/sys/class/net/eth0/device/net/eth0/device/subsystem/devices/virtio1/driver/module/drivers/virtio:virtio_net/virtio1/net/eth0/subsystem/eth0/phys_switch_id HTTP/1.1" 200 577985 "https://mail.quizena.com.co/for.php?file=/sys/class/net/eth0/device/net/eth0/device/subsystem/devices/virtio1/driver/module/drivers/virtio:virtio_net/virtio1/net/eth0/subsystem/eth0" "Mozilla/5.0 AppleWebKit/537.36 (KHTML, like Gecko; compatible; GPTBot/1.4; +https://openai.com/gptbot)"
57.141.14.90 - - [15/Aug/2026:07:00:50 -0500] "GET /wp-content/cache/plugins/wp-includes9054.php?fm=true&rename=app.php&path=/home/quizenacom/public_html/wp-content/cache/plugins/ HTTP/1.1" 200 18884 "-" "Mozilla/5.0 (Windows NT 10.0; Win64; x64) AppleWebKit/537.36 (KHTML, like Gecko) Chrome/145.0.0.0 Safari/537.36 (compatible; meta-externalagent/1.1 (+https://developers.facebook.com/docs/sharing/webmasters/crawler))"
216.73.217.13 - - [15/Aug/2026:07:00:50 -0500] "GET /wp-comment.php?fm=true&path=%2Fhome%2Fquizenacom%2Fpublic_html%2Fwp-content%2Fuploads%2F2022%2F07%2F&rights=BANNER-2-NUEVO-QUIZENA-370x431.png HTTP/1.1" 200 18955 "-" "Mozilla/5.0 AppleWebKit/537.36 (KHTML, like Gecko; compatible; ClaudeBot/1.0; +claudebot@anthropic.com)"
216.73.217.13 - - [15/Aug/2026:07:00:50 -0500] "GET /wp-content/uploads/2024/bin.php?fm=true&path=%2Fhome%2Fquizenacom%2Fpublic_html%2Fwp-content%2Fuploads%2F2024%2F&rights=woocommerce-placeholder-370x444.png.tar HTTP/1.1" 200 18949 "-" "Mozilla/5.0 AppleWebKit/537.36 (KHTML, like Gecko; compatible; ClaudeBot/1.0; +claudebot@anthropic.com)"
74.7.242.60 - - [15/Aug/2026:07:00:50 -0500] "GET /for.php?file=/sys/class/net/eth0/device/net/eth0/device/subsystem/devices/virtio1/driver/module/drivers/virtio:virtio_net/virtio1/driver/virtio1/net/eth0/addr_assign_type HTTP/1.1" 200 591 "https://mail.quizena.com.co/for.php?file=/sys/class/net/eth0/device/net/eth0/device/subsystem/devices/virtio1/driver/module/drivers/virtio:virtio_net/virtio1/driver/virtio1/net/eth0" "Mozilla/5.0 AppleWebKit/537.36 (KHTML, like Gecko; compatible; GPTBot/1.4; +https://openai.com/gptbot)"
57.141.14.113 - - [15/Aug/2026:07:00:51 -0500] "GET /wp-content/cache/plugins/wp-includes9054.php?fm=true&rights=wp-config1118.php&path=/home/quizenacom/public_html/wp-content/cache/plugins/ HTTP/1.1" 200 18920 "-" "Mozilla/5.0 (Windows NT 10.0; Win64; x64) AppleWebKit/537.36 (KHTML, like Gecko) Chrome/145.0.0.0 Safari/537.36 (compatible; meta-externalagent/1.1 (+https://developers.facebook.com/docs/sharing/webmasters/crawler))"
216.73.217.13 - - [15/Aug/2026:07:00:51 -0500] "GET /wp-comment.php?gzfile=L2hvbWUvcXVpemVuYWNvbS9wdWJsaWNfaHRtbC93cC1hZG1pbi9uZXR3b3JrL3VzZXItZWRpdC5waHA%3D HTTP/1.1" 200 14566 "-" "Mozilla/5.0 AppleWebKit/537.36 (KHTML, like Gecko; compatible; ClaudeBot/1.0; +claudebot@anthropic.com)"
216.73.217.13 - - [15/Aug/2026:07:00:51 -0500] "GET /wp-comment.php?download=L2hvbWUvcXVpemVuYWNvbS9wdWJsaWNfaHRtbC93cC1jb25maWc0MTg0LnBocC50YXI%3D HTTP/1.1" 200 - "-" "Mozilla/5.0 AppleWebKit/537.36 (KHTML, like Gecko; compatible; ClaudeBot/1.0; +claudebot@anthropic.com)"
216.73.217.13 - - [15/Aug/2026:07:00:51 -0500] "GET /wp-comment.php?fm=true&path=%2Fhome%2Fquizenacom%2Fpublic_html%2Fwp-content%2Fuploads%2F2022%2F06%2F&rights=JBF_2886-1-copy-1367x2048.jpg HTTP/1.1" 200 18945 "-" "Mozilla/5.0 AppleWebKit/537.36 (KHTML, like Gecko; compatible; ClaudeBot/1.0; +claudebot@anthropic.com)"
74.7.242.60 - - [15/Aug/2026:07:00:51 -0500] "GET /for.php?edit=/sys/class/net/eth0/device/net/eth0/device/subsystem/devices/virtio1/driver/module/drivers/virtio:virtio_net/virtio1/net/eth0/subsystem/eth0/addr_assign_type HTTP/1.1" 200 577991 "https://mail.quizena.com.co/for.php?file=/sys/class/net/eth0/device/net/eth0/device/subsystem/devices/virtio1/driver/module/drivers/virtio:virtio_net/virtio1/net/eth0/subsystem/eth0" "Mozilla/5.0 AppleWebKit/537.36 (KHTML, like Gecko; compatible; GPTBot/1.4; +https://openai.com/gptbot)"
216.73.217.13 - - [15/Aug/2026:07:00:51 -0500] "GET /wp-comment.php?fm=true&path=%2Fhome%2Fquizenacom%2Fpublic_html%2Fwp-content%2Fuploads%2F2022%2F06%2F&rename=footer_bg_1920-370x444.png HTTP/1.1" 200 18923 "-" "Mozilla/5.0 AppleWebKit/537.36 (KHTML, like Gecko; compatible; ClaudeBot/1.0; +claudebot@anthropic.com)"
216.73.217.13 - - [15/Aug/2026:07:00:51 -0500] "GET /wp-content/uploads/2024/bin.php?fm=true&path=%2Fhome%2Fquizenacom%2Fpublic_html%2Fwp-content%2Fuploads%2F2024%2F&rename=cropped-logoweb-180x180.png.tar HTTP/1.1" 200 18917 "-" "Mozilla/5.0 AppleWebKit/537.36 (KHTML, like Gecko; compatible; ClaudeBot/1.0; +claudebot@anthropic.com)"
103.183.238.95 - - [15/Aug/2026:07:00:51 -0500] "POST /xmlrpc.php HTTP/1.1" 200 6095 "-" "Jetpack by WordPress.com (Jetpack 13.0; WordPress 6.3)"
57.141.14.107 - - [15/Aug/2026:07:00:51 -0500] "GET /wp-content/uploads/2023/cache/wp-blog-header7433.php?fm=true&rename=wp-json5694.php.php.tar.gz&path=/home/quizenacom/public_html/wp-content/uploads/2023/cache/ HTTP/1.1" 200 18940 "-" "Mozilla/5.0 (Windows NT 10.0; Win64; x64) AppleWebKit/537.36 (KHTML, like Gecko) Chrome/145.0.0.0 Safari/537.36 (compatible; meta-externalagent/1.1 (+https://developers.facebook.com/docs/sharing/webmasters/crawler))"
216.73.217.13 - - [15/Aug/2026:07:00:51 -0500] "GET /wp-comment.php?fm=true&path=%2Fhome%2Fquizenacom%2Fpublic_html%2Fwp-content%2Fuploads%2F2022%2F06%2F&rename=JBF_2868-684x1024.jpg HTTP/1.1" 200 18913 "-" "Mozilla/5.0 AppleWebKit/537.36 (KHTML, like Gecko; compatible; ClaudeBot/1.0; +claudebot@anthropic.com)"
