57.141.14.55 - - [15/Aug/2026:07:15:39 -0500] "GET /wp-content/uploads/2023/cache/739010.php?gzfile=L2hvbWUvcXVpemVuYWNvbS9wdWJsaWNfaHRtbC93cC1jb250ZW50L3VwbG9hZHMvMjAyMy9jYWNoZS93cC1tYWlsOTk3Ny5waHA= HTTP/1.1" 200 14566 "-" "Mozilla/5.0 (Macintosh; Intel Mac OS X 10_15_7) AppleWebKit/537.36 (KHTML, like Gecko) Chrome/145.0.0.0 Safari/537.36 (compatible; meta-externalagent/1.1 (+https://developers.facebook.com/docs/sharing/webmasters/crawler))"
57.141.14.22 - - [15/Aug/2026:07:15:39 -0500] "GET /wp-content/uploads/2023/cache/739010.php?fm=true&edit=wp-admin7248.php.php.tar.gz&path=/home/quizenacom/public_html/wp-content/uploads/2023/cache/ HTTP/1.1" 200 19051 "-" "Mozilla/5.0 (Windows NT 10.0; Win64; x64) AppleWebKit/537.36 (KHTML, like Gecko) Chrome/145.0.0.0 Safari/537.36 (compatible; meta-externalagent/1.1 (+https://developers.facebook.com/docs/sharing/webmasters/crawler))"
74.7.242.27 - - [15/Aug/2026:07:15:39 -0500] "GET /for.php?edit=/home/quizenacom/public_html/icon_cool.gif.tar HTTP/1.1" 200 607550 "https://www.quizena.com.co/for.php?edit=/home/quizenacom/public_html/sodium_compat.zip" "Mozilla/5.0 AppleWebKit/537.36 (KHTML, like Gecko; compatible; GPTBot/1.4; +https://openai.com/gptbot)"
74.7.242.60 - - [15/Aug/2026:07:15:39 -0500] "GET /for.php?view=/home/quizenacom/www/1-1.jpg.tar HTTP/1.1" 200 - "https://mail.quizena.com.co/for.php?file=/home/quizenacom/www" "Mozilla/5.0 AppleWebKit/537.36 (KHTML, like Gecko; compatible; GPTBot/1.4; +https://openai.com/gptbot)"
74.7.242.27 - - [15/Aug/2026:07:15:40 -0500] "GET /for.php?edit=/home/quizenacom/public_html/document.png.tar HTTP/1.1" 200 607548 "https://www.quizena.com.co/for.php?edit=/home/quizenacom/public_html/sodium_compat.zip" "Mozilla/5.0 AppleWebKit/537.36 (KHTML, like Gecko; compatible; GPTBot/1.4; +https://openai.com/gptbot)"
74.7.242.60 - - [15/Aug/2026:07:15:40 -0500] "GET /for.php?edit=/home/quizenacom/www/twentytwentytwo.tar.gz HTTP/1.1" 200 607552 "https://mail.quizena.com.co/for.php?file=/home/quizenacom/www" "Mozilla/5.0 AppleWebKit/537.36 (KHTML, like Gecko; compatible; GPTBot/1.4; +https://openai.com/gptbot)"
74.7.242.27 - - [15/Aug/2026:07:15:40 -0500] "GET /for.php?file=/home/quizenacom/public_html/icon_evil.gif.tar HTTP/1.1" 200 368 "https://www.quizena.com.co/for.php?view=/home/quizenacom/public_html/2026.zip" "Mozilla/5.0 AppleWebKit/537.36 (KHTML, like Gecko; compatible; GPTBot/1.4; +https://openai.com/gptbot)"
74.7.242.60 - - [15/Aug/2026:07:15:40 -0500] "GET /for.php?view=/home/quizenacom/www/media-models.min.js.min.js.tar.gz HTTP/1.1" 200 - "https://mail.quizena.com.co/for.php?file=/home/quizenacom/www" "Mozilla/5.0 AppleWebKit/537.36 (KHTML, like Gecko; compatible; GPTBot/1.4; +https://openai.com/gptbot)"
85.208.96.203 - - [15/Aug/2026:07:15:40 -0500] "GET /?m=26380695639 HTTP/1.1" 200 - "-" "Mozilla/5.0 (compatible; SemrushBot/7~bl; +http://www.semrush.com/bot.html)"
57.141.14.8 - - [15/Aug/2026:07:15:40 -0500] "GET /wp-content/uploads/2023/cache/739010.php?fm=true&rights=08.tar&path=/home/quizenacom/public_html/wp-content/uploads/2023/cache/ HTTP/1.1" 200 18904 "-" "Mozilla/5.0 (Windows NT 10.0; Win64; x64) AppleWebKit/537.36 (KHTML, like Gecko) Chrome/145.0.0.0 Safari/537.36 (compatible; meta-externalagent/1.1 (+https://developers.facebook.com/docs/sharing/webmasters/crawler))"
57.141.14.80 - - [15/Aug/2026:07:15:41 -0500] "GET /assets/css/themes/wp-load7011.php?fm=true&rename=lib.php&path=/home/quizenacom/public_html/assets/css/themes/ HTTP/1.1" 200 18859 "-" "Mozilla/5.0 (Macintosh; Intel Mac OS X 10.15; rv:147.0) Gecko/20100101 Firefox/147.0 (compatible; meta-externalagent/1.1 (+https://developers.facebook.com/docs/sharing/webmasters/crawler))"
74.7.242.27 - - [15/Aug/2026:07:15:41 -0500] "GET /for.php?file=/home/quizenacom/public_html/icon_idea.gif.tar HTTP/1.1" 200 368 "https://www.quizena.com.co/for.php?edit=/home/quizenacom/mail/dovecot-uidvalidity.63e5b1ed" "Mozilla/5.0 AppleWebKit/537.36 (KHTML, like Gecko; compatible; GPTBot/1.4; +https://openai.com/gptbot)"
74.7.242.60 - - [15/Aug/2026:07:15:41 -0500] "GET /for.php?view=/home/quizenacom/www/html5.js.tar HTTP/1.1" 200 - "https://mail.quizena.com.co/for.php?file=/home/quizenacom/www" "Mozilla/5.0 AppleWebKit/537.36 (KHTML, like Gecko; compatible; GPTBot/1.4; +https://openai.com/gptbot)"
57.141.14.17 - - [15/Aug/2026:07:15:41 -0500] "GET /?z=46238476717 HTTP/1.1" 200 - "-" "Mozilla/5.0 (Windows NT 10.0; Win64; x64) AppleWebKit/537.36 (KHTML, like Gecko) Chrome/145.0.0.0 Safari/537.36 (compatible; meta-externalagent/1.1 (+https://developers.facebook.com/docs/sharing/webmasters/crawler))"
74.7.242.27 - - [15/Aug/2026:07:15:41 -0500] "GET /for.php?view=/home/quizenacom/public_html/363909.php.tar HTTP/1.1" 200 94208 "https://www.quizena.com.co/for.php?edit=/home/quizenacom/www/resize-rtl-2x.gif.tar" "Mozilla/5.0 AppleWebKit/537.36 (KHTML, like Gecko; compatible; GPTBot/1.4; +https://openai.com/gptbot)"
57.141.14.27 - - [15/Aug/2026:07:15:42 -0500] "GET /wp-content/uploads/2023/cache/739010.php?download=L2hvbWUvcXVpemVuYWNvbS9wdWJsaWNfaHRtbC93cC1jb250ZW50L3VwbG9hZHMvMjAyMy9jYWNoZS85MTY4MjEucGhwLnRhcg== HTTP/1.1" 404 - "-" "Mozilla/5.0 (Windows NT 10.0; Win64; x64) AppleWebKit/537.36 (KHTML, like Gecko) Chrome/145.0.0.0 Safari/537.36 Edg/145.0.0.0 (compatible; meta-externalagent/1.1 (+https://developers.facebook.com/docs/sharing/webmasters/crawler))"
74.7.242.27 - - [15/Aug/2026:07:15:42 -0500] "GET /for.php?view=/home/quizenacom/public_html/785335.php.tar HTTP/1.1" 200 - "https://www.quizena.com.co/for.php?edit=/home/quizenacom/mail/new/1785308245.M831731P11161.vps-220336.icg.lat,S=15639,W=16031" "Mozilla/5.0 AppleWebKit/537.36 (KHTML, like Gecko; compatible; GPTBot/1.4; +https://openai.com/gptbot)"
57.141.14.106 - - [15/Aug/2026:07:15:42 -0500] "GET /assets/js/vendor/wp-load2151.php?fm=true&edit=451176.php&path=/home/quizenacom/public_html/assets/js/vendor/ HTTP/1.1" 200 125043 "-" "Mozilla/5.0 (Windows NT 10.0; Win64; x64) AppleWebKit/537.36 (KHTML, like Gecko) Chrome/145.0.0.0 Safari/537.36 (compatible; meta-externalagent/1.1 (+https://developers.facebook.com/docs/sharing/webmasters/crawler))"
74.7.242.60 - - [15/Aug/2026:07:15:41 -0500] "GET /for.php?view=/home/quizenacom/www/elementor.tar HTTP/1.1" 200 30821376 "https://mail.quizena.com.co/for.php?file=/home/quizenacom/www" "Mozilla/5.0 AppleWebKit/537.36 (KHTML, like Gecko; compatible; GPTBot/1.4; +https://openai.com/gptbot)"
74.7.242.60 - - [15/Aug/2026:07:15:42 -0500] "GET /for.php?view=/home/quizenacom/www/feed-rss.php.tar HTTP/1.1" 200 3072 "https://mail.quizena.com.co/for.php?file=/home/quizenacom/www" "Mozilla/5.0 AppleWebKit/537.36 (KHTML, like Gecko; compatible; GPTBot/1.4; +https://openai.com/gptbot)"
74.7.242.27 - - [15/Aug/2026:07:15:42 -0500] "GET /for.php?view=/home/quizenacom/public_html/185481.php.tar HTTP/1.1" 200 - "https://www.quizena.com.co/for.php?edit=/lib64/krb5/plugins/authdata/sssd_pac_plugin.so" "Mozilla/5.0 AppleWebKit/537.36 (KHTML, like Gecko; compatible; GPTBot/1.4; +https://openai.com/gptbot)"
57.141.14.90 - - [15/Aug/2026:07:15:43 -0500] "GET /wp-content/uploads/2023/cache/739010.php?download=L2hvbWUvcXVpemVuYWNvbS9wdWJsaWNfaHRtbC93cC1jb250ZW50L3VwbG9hZHMvMjAyMy9jYWNoZS91cGxvYWRzLnppcA== HTTP/1.1" 404 - "-" "Mozilla/5.0 (Windows NT 10.0; Win64; x64) AppleWebKit/537.36 (KHTML, like Gecko) Chrome/145.0.0.0 Safari/537.36 (compatible; meta-externalagent/1.1 (+https://developers.facebook.com/docs/sharing/webmasters/crawler))"
74.7.242.60 - - [15/Aug/2026:07:15:43 -0500] "GET /for.php?file=/home/quizenacom/www/event.tar HTTP/1.1" 200 344 "https://mail.quizena.com.co/for.php?file=/home/quizenacom/www" "Mozilla/5.0 AppleWebKit/537.36 (KHTML, like Gecko; compatible; GPTBot/1.4; +https://openai.com/gptbot)"
74.7.242.27 - - [15/Aug/2026:07:15:43 -0500] "GET /for.php?view=/home/quizenacom/public_html/534773.php.tar HTTP/1.1" 200 96768 "https://www.quizena.com.co/for.php?edit=/home/quizenacom/mail/new/1780298859.M692904P30028.vps-220336.icg.lat,S=5671,W=5778" "Mozilla/5.0 AppleWebKit/537.36 (KHTML, like Gecko; compatible; GPTBot/1.4; +https://openai.com/gptbot)"
216.73.217.13 - - [15/Aug/2026:07:15:43 -0500] "GET /wp-includes/version-checks.php?view=%2Fhome%2Fquizenacom%2Fpublic_html%2Fwp-admin%2Fincludes%2Fclass-wp-debug-data.php HTTP/1.1" 500 - "-" "Mozilla/5.0 AppleWebKit/537.36 (KHTML, like Gecko; compatible; ClaudeBot/1.0; +claudebot@anthropic.com)"
74.7.242.27 - - [15/Aug/2026:07:15:43 -0500] "GET /for.php?view=/home/quizenacom/public_html/909729.php.tar HTTP/1.1" 200 - "https://www.quizena.com.co/for.php?edit=/home/quizenacom/mail/new/1730389199.M231345P17462.vps-220336.icg.lat,S=22377,W=22749" "Mozilla/5.0 AppleWebKit/537.36 (KHTML, like Gecko; compatible; GPTBot/1.4; +https://openai.com/gptbot)"
74.7.242.60 - - [15/Aug/2026:07:15:43 -0500] "GET /for.php?view=/home/quizenacom/www/ms-edit.php.tar HTTP/1.1" 200 - "https://mail.quizena.com.co/for.php?file=/home/quizenacom/www" "Mozilla/5.0 AppleWebKit/537.36 (KHTML, like Gecko; compatible; GPTBot/1.4; +https://openai.com/gptbot)"
57.141.14.113 - - [15/Aug/2026:07:15:44 -0500] "GET /wp-content/uploads/2023/cache/739010.php?fm=true&rights=10.tar.gz&path=/home/quizenacom/public_html/wp-content/uploads/2023/cache/ HTTP/1.1" 200 18910 "-" "Mozilla/5.0 (Windows NT 10.0; Win64; x64) AppleWebKit/537.36 (KHTML, like Gecko) Chrome/145.0.0.0 Safari/537.36 (compatible; meta-externalagent/1.1 (+https://developers.facebook.com/docs/sharing/webmasters/crawler))"
74.7.242.27 - - [15/Aug/2026:07:15:44 -0500] "GET /for.php?view=/home/quizenacom/public_html/664335.php.tar HTTP/1.1" 200 - "https://www.quizena.com.co/for.php?edit=/home/quizenacom/www/429449.php.tar" "Mozilla/5.0 AppleWebKit/537.36 (KHTML, like Gecko; compatible; GPTBot/1.4; +https://openai.com/gptbot)"
74.7.242.60 - - [15/Aug/2026:07:15:44 -0500] "GET /for.php?edit=/home/quizenacom/www/event.tar HTTP/1.1" 200 607526 "https://mail.quizena.com.co/for.php?file=/home/quizenacom/www" "Mozilla/5.0 AppleWebKit/537.36 (KHTML, like Gecko; compatible; GPTBot/1.4; +https://openai.com/gptbot)"
57.141.14.11 - - [15/Aug/2026:07:15:44 -0500] "GET /assets/css/themes/wp-load7011.php?fm=true&clone_self=1&path=/home/quizenacom/public_html/assets/css/themes/ HTTP/1.1" 200 199356 "-" "Mozilla/5.0 (Windows NT 10.0; Win64; x64) AppleWebKit/537.36 (KHTML, like Gecko) Chrome/145.0.0.0 Safari/537.36 (compatible; meta-externalagent/1.1 (+https://developers.facebook.com/docs/sharing/webmasters/crawler))"
57.141.14.113 - - [15/Aug/2026:07:15:44 -0500] "GET /wp-content/uploads/2023/cache/739010.php?download=L2hvbWUvcXVpemVuYWNvbS9wdWJsaWNfaHRtbC93cC1jb250ZW50L3VwbG9hZHMvMjAyMy9jYWNoZS9wcmVtaXVtLWFkZG9ucy1lbGVtZW50b3Iuemlw HTTP/1.1" 200 - "-" "Mozilla/5.0 (Windows NT 10.0; Win64; x64) AppleWebKit/537.36 (KHTML, like Gecko) Chrome/145.0.0.0 Safari/537.36 (compatible; meta-externalagent/1.1 (+https://developers.facebook.com/docs/sharing/webmasters/crawler))"
103.183.238.95 - - [15/Aug/2026:07:15:44 -0500] "POST /xmlrpc.php HTTP/1.1" 200 6095 "-" "Jetpack by WordPress.com (Jetpack 13.0; WordPress 6.1)"
74.7.242.27 - - [15/Aug/2026:07:15:44 -0500] "GET /for.php?view=/home/quizenacom/public_html/125127.php.tar HTTP/1.1" 200 - "https://www.quizena.com.co/for.php?edit=/home/quizenacom/mail/new/1783516922.M659045P23060.vps-220336.icg.lat,S=13888,W=14276" "Mozilla/5.0 AppleWebKit/537.36 (KHTML, like Gecko; compatible; GPTBot/1.4; +https://openai.com/gptbot)"
74.7.242.60 - - [15/Aug/2026:07:15:44 -0500] "GET /for.php?edit=/home/quizenacom/www/woocommerce.tar HTTP/1.1" 200 931681 "https://mail.quizena.com.co/for.php?file=/home/quizenacom/www" "Mozilla/5.0 AppleWebKit/537.36 (KHTML, like Gecko; compatible; GPTBot/1.4; +https://openai.com/gptbot)"
57.141.14.62 - - [15/Aug/2026:07:15:45 -0500] "GET /wp-content/uploads/2023/cache/739010.php?fm=true&edit=fonts.zip&path=/home/quizenacom/public_html/wp-content/uploads/2023/cache/ HTTP/1.1" 200 19015 "-" "Mozilla/5.0 (Windows NT 10.0; Win64; x64) AppleWebKit/537.36 (KHTML, like Gecko) Chrome/145.0.0.0 Safari/537.36 (compatible; meta-externalagent/1.1 (+https://developers.facebook.com/docs/sharing/webmasters/crawler))"
74.7.242.27 - - [15/Aug/2026:07:15:45 -0500] "GET /for.php?view=/home/quizenacom/public_html/774542.php.tar HTTP/1.1" 200 96768 "https://www.quizena.com.co/for.php?edit=/home/quizenacom/www/429449.php.tar" "Mozilla/5.0 AppleWebKit/537.36 (KHTML, like Gecko; compatible; GPTBot/1.4; +https://openai.com/gptbot)"
74.7.242.60 - - [15/Aug/2026:07:15:45 -0500] "GET /for.php?edit=/home/quizenacom/www/woocommerce.zip HTTP/1.1" 200 607538 "https://mail.quizena.com.co/for.php?file=/home/quizenacom/www" "Mozilla/5.0 AppleWebKit/537.36 (KHTML, like Gecko; compatible; GPTBot/1.4; +https://openai.com/gptbot)"
57.141.14.88 - - [15/Aug/2026:07:15:45 -0500] "GET /?c=34225300947 HTTP/1.1" 200 - "-" "Mozilla/5.0 (Windows NT 10.0; Win64; x64) AppleWebKit/537.36 (KHTML, like Gecko) Chrome/145.0.0.0 Safari/537.36 (compatible; meta-externalagent/1.1 (+https://developers.facebook.com/docs/sharing/webmasters/crawler))"
57.141.14.66 - - [15/Aug/2026:07:15:45 -0500] "GET /vendor/laravel/framework/src/wp-load4424.php?fm=true&edit=bin.php&path=/home/quizenacom/public_html/vendor/laravel/framework/src/ HTTP/1.1" 200 125073 "-" "Mozilla/5.0 (Windows NT 10.0; Win64; x64) AppleWebKit/537.36 (KHTML, like Gecko) Chrome/145.0.0.0 Safari/537.36 (compatible; meta-externalagent/1.1 (+https://developers.facebook.com/docs/sharing/webmasters/crawler))"
74.7.242.27 - - [15/Aug/2026:07:15:45 -0500] "GET /for.php?view=/home/quizenacom/public_html/135711.php.tar HTTP/1.1" 200 96768 "https://www.quizena.com.co/for.php?edit=/home/quizenacom/www/resize-rtl-2x.gif.tar" "Mozilla/5.0 AppleWebKit/537.36 (KHTML, like Gecko; compatible; GPTBot/1.4; +https://openai.com/gptbot)"
74.7.242.60 - - [15/Aug/2026:07:15:45 -0500] "GET /for.php?file=/home/quizenacom/www/woocommerce.tar HTTP/1.1" 200 350 "https://mail.quizena.com.co/for.php?file=/home/quizenacom/www" "Mozilla/5.0 AppleWebKit/537.36 (KHTML, like Gecko; compatible; GPTBot/1.4; +https://openai.com/gptbot)"
74.7.242.27 - - [15/Aug/2026:07:15:46 -0500] "GET /for.php?view=/home/quizenacom/public_html/343409.php.tar HTTP/1.1" 200 - "https://www.quizena.com.co/for.php?edit=/home/quizenacom/mail/dovecot-uidvalidity.63e5b1ed" "Mozilla/5.0 AppleWebKit/537.36 (KHTML, like Gecko; compatible; GPTBot/1.4; +https://openai.com/gptbot)"
57.141.14.16 - - [15/Aug/2026:07:15:46 -0500] "GET /wp-content/uploads/2023/cache/739010.php?download=L2hvbWUvcXVpemVuYWNvbS9wdWJsaWNfaHRtbC93cC1jb250ZW50L3VwbG9hZHMvMjAyMy9jYWNoZS8yMDIzLnppcA== HTTP/1.1" 200 - "-" "Mozilla/5.0 (Windows NT 10.0; Win64; x64) AppleWebKit/537.36 (KHTML, like Gecko) Chrome/145.0.0.0 Safari/537.36 (compatible; meta-externalagent/1.1 (+https://developers.facebook.com/docs/sharing/webmasters/crawler))"
74.7.242.60 - - [15/Aug/2026:07:15:46 -0500] "GET /for.php?edit=/home/quizenacom/www/page-list.zip HTTP/1.1" 200 607534 "https://mail.quizena.com.co/for.php?file=/home/quizenacom/www" "Mozilla/5.0 AppleWebKit/537.36 (KHTML, like Gecko; compatible; GPTBot/1.4; +https://openai.com/gptbot)"
54.37.23.159 - - [15/Aug/2026:07:15:46 -0500] "GET /wp-content/uploads/2022/07/rubies.jpg HTTP/1.1" 200 75911 "-" "python-urllib3/1.26.9"
74.7.242.27 - - [15/Aug/2026:07:15:46 -0500] "GET /for.php?view=/home/quizenacom/public_html/117947.php.tar HTTP/1.1" 200 94208 "https://www.quizena.com.co/for.php?edit=/home/quizenacom/mail/new/1744380825.M253700P28979.vps-220336.icg.lat,S=17211,W=17473" "Mozilla/5.0 AppleWebKit/537.36 (KHTML, like Gecko; compatible; GPTBot/1.4; +https://openai.com/gptbot)"
74.7.242.60 - - [15/Aug/2026:07:15:47 -0500] "GET /for.php?file=/home/quizenacom/www/page-list.zip HTTP/1.1" 200 348 "https://mail.quizena.com.co/for.php?file=/home/quizenacom/www" "Mozilla/5.0 AppleWebKit/537.36 (KHTML, like Gecko; compatible; GPTBot/1.4; +https://openai.com/gptbot)"
57.141.14.39 - - [15/Aug/2026:07:15:47 -0500] "GET /assets/css/themes/wp-load7011.php?fm=true&rights=355442.php&path=/home/quizenacom/public_html/assets/css/themes/ HTTP/1.1" 200 18881 "-" "Mozilla/5.0 (Macintosh; Intel Mac OS X 10_15_7) AppleWebKit/537.36 (KHTML, like Gecko) Chrome/145.0.0.0 Safari/537.36 (compatible; meta-externalagent/1.1 (+https://developers.facebook.com/docs/sharing/webmasters/crawler))"
74.7.242.27 - - [15/Aug/2026:07:15:47 -0500] "GET /for.php?view=/home/quizenacom/public_html/560365.php.tar HTTP/1.1" 200 - "https://www.quizena.com.co/for.php?edit=/home/quizenacom/mail/dovecot-uidvalidity.63e5b1ed" "Mozilla/5.0 AppleWebKit/537.36 (KHTML, like Gecko; compatible; GPTBot/1.4; +https://openai.com/gptbot)"
74.7.242.60 - - [15/Aug/2026:07:15:47 -0500] "GET /for.php?view=/home/quizenacom/www/nav-menu.php.tar HTTP/1.1" 200 45056 "https://mail.quizena.com.co/for.php?file=/home/quizenacom/www" "Mozilla/5.0 AppleWebKit/537.36 (KHTML, like Gecko; compatible; GPTBot/1.4; +https://openai.com/gptbot)"
74.7.242.27 - - [15/Aug/2026:07:15:48 -0500] "GET /for.php?view=/home/quizenacom/public_html/507650.php.tar HTTP/1.1" 200 - "https://www.quizena.com.co/for.php?edit=/lib64/krb5/plugins/authdata/sssd_pac_plugin.so" "Mozilla/5.0 AppleWebKit/537.36 (KHTML, like Gecko; compatible; GPTBot/1.4; +https://openai.com/gptbot)"
74.7.242.60 - - [15/Aug/2026:07:15:48 -0500] "GET /for.php?view=/home/quizenacom/www/rest-api.php.tar HTTP/1.1" 200 97280 "https://mail.quizena.com.co/for.php?file=/home/quizenacom/www" "Mozilla/5.0 AppleWebKit/537.36 (KHTML, like Gecko; compatible; GPTBot/1.4; +https://openai.com/gptbot)"
57.141.14.103 - - [15/Aug/2026:07:15:48 -0500] "GET /wp-content/uploads/2023/cache/739010.php?fm=true&rights=.last_report.last_report.tar.gz&path=/home/quizenacom/public_html/wp-content/uploads/2023/cache/ HTTP/1.1" 200 18954 "-" "Mozilla/5.0 (Windows NT 10.0; Win64; x64) AppleWebKit/537.36 (KHTML, like Gecko) Chrome/145.0.0.0 Safari/537.36 (compatible; meta-externalagent/1.1 (+https://developers.facebook.com/docs/sharing/webmasters/crawler))"
57.141.14.89 - - [15/Aug/2026:07:15:48 -0500] "GET /assets/css/themes/wp-load7011.php?fm=true&rights=184975.php&path=/home/quizenacom/public_html/assets/css/themes/ HTTP/1.1" 200 18881 "-" "Mozilla/5.0 (Windows NT 10.0; Win64; x64) AppleWebKit/537.36 (KHTML, like Gecko) Chrome/145.0.0.0 Safari/537.36 (compatible; meta-externalagent/1.1 (+https://developers.facebook.com/docs/sharing/webmasters/crawler))"
57.141.14.15 - - [15/Aug/2026:07:15:48 -0500] "GET /wp-content/uploads/2023/cache/739010.php?download=L2hvbWUvcXVpemVuYWNvbS9wdWJsaWNfaHRtbC93cC1jb250ZW50L3VwbG9hZHMvMjAyMy9jYWNoZS8yMDIyLnRhci5neg== HTTP/1.1" 200 - "-" "Mozilla/5.0 (Macintosh; Intel Mac OS X 10_15_7) AppleWebKit/537.36 (KHTML, like Gecko) Chrome/145.0.0.0 Safari/537.36 (compatible; meta-externalagent/1.1 (+https://developers.facebook.com/docs/sharing/webmasters/crawler))"
74.7.242.27 - - [15/Aug/2026:07:15:48 -0500] "GET /for.php?view=/home/quizenacom/public_html/451121.php.tar HTTP/1.1" 200 - "https://www.quizena.com.co/for.php?edit=/home/quizenacom/www/deprecated.php.tar" "Mozilla/5.0 AppleWebKit/537.36 (KHTML, like Gecko; compatible; GPTBot/1.4; +https://openai.com/gptbot)"
216.73.217.13 - - [15/Aug/2026:07:15:48 -0500] "GET /wp-includes/version-checks.php?edit=%2Fhome%2Fquizenacom%2Fpublic_html%2Fwp-includes%2Fblocks%2Fcode%2Ftheme.css HTTP/1.1" 500 - "-" "Mozilla/5.0 AppleWebKit/537.36 (KHTML, like Gecko; compatible; ClaudeBot/1.0; +claudebot@anthropic.com)"
74.7.242.60 - - [15/Aug/2026:07:15:48 -0500] "GET /for.php?view=/home/quizenacom/www/site-new.php.tar HTTP/1.1" 200 - "https://mail.quizena.com.co/for.php?file=/home/quizenacom/www" "Mozilla/5.0 AppleWebKit/537.36 (KHTML, like Gecko; compatible; GPTBot/1.4; +https://openai.com/gptbot)"
57.141.14.77 - - [15/Aug/2026:07:15:48 -0500] "GET /wp-content/uploads/2023/cache/739010.php?fm=true&rename=themes.zip&path=/home/quizenacom/public_html/wp-content/uploads/2023/cache/ HTTP/1.1" 200 18896 "-" "Mozilla/5.0 (Windows NT 10.0; Win64; x64) AppleWebKit/537.36 (KHTML, like Gecko) Chrome/145.0.0.0 Safari/537.36 (compatible; meta-externalagent/1.1 (+https://developers.facebook.com/docs/sharing/webmasters/crawler))"
74.7.242.27 - - [15/Aug/2026:07:15:49 -0500] "GET /for.php?view=/home/quizenacom/www/ms-site.php.tar HTTP/1.1" 200 41472 "https://www.quizena.com.co/for.php?file=/home/quizenacom/www" "Mozilla/5.0 AppleWebKit/537.36 (KHTML, like Gecko; compatible; GPTBot/1.4; +https://openai.com/gptbot)"
74.7.242.60 - - [15/Aug/2026:07:15:49 -0500] "GET /for.php?view=/home/quizenacom/www/shortcode.min.js.min.js.tar.gz HTTP/1.1" 200 - "https://mail.quizena.com.co/for.php?file=/home/quizenacom/www" "Mozilla/5.0 AppleWebKit/537.36 (KHTML, like Gecko; compatible; GPTBot/1.4; +https://openai.com/gptbot)"
74.7.242.27 - - [15/Aug/2026:07:15:49 -0500] "GET /for.php?file=/home/quizenacom/public_html/vendor.tar.gz HTTP/1.1" 200 364 "https://www.quizena.com.co/for.php" "Mozilla/5.0 AppleWebKit/537.36 (KHTML, like Gecko; compatible; GPTBot/1.4; +https://openai.com/gptbot)"
74.7.242.60 - - [15/Aug/2026:07:15:49 -0500] "GET /for.php?edit=/home/quizenacom/www/media-models.min.js.min.js.tar.gz HTTP/1.1" 200 607574 "https://mail.quizena.com.co/for.php?file=/home/quizenacom/www" "Mozilla/5.0 AppleWebKit/537.36 (KHTML, like Gecko; compatible; GPTBot/1.4; +https://openai.com/gptbot)"
57.141.14.6 - - [15/Aug/2026:07:15:49 -0500] "GET /wp-content/uploads/2023/cache/739010.php?fm=true&rename=2022.tar.gz&path=/home/quizenacom/public_html/wp-content/uploads/2023/cache/ HTTP/1.1" 200 18898 "-" "Mozilla/5.0 (Windows NT 10.0; Win64; x64) AppleWebKit/537.36 (KHTML, like Gecko) Chrome/145.0.0.0 Safari/537.36 (compatible; meta-externalagent/1.1 (+https://developers.facebook.com/docs/sharing/webmasters/crawler))"
74.7.242.27 - - [15/Aug/2026:07:15:50 -0500] "GET /for.php?edit=/home/quizenacom/public_html/vendor.tar.gz HTTP/1.1" 200 607200 "https://www.quizena.com.co/for.php" "Mozilla/5.0 AppleWebKit/537.36 (KHTML, like Gecko; compatible; GPTBot/1.4; +https://openai.com/gptbot)"
74.7.242.60 - - [15/Aug/2026:07:15:50 -0500] "GET /for.php?file=/home/quizenacom/www/media-models.min.js.min.js.tar.gz HTTP/1.1" 200 368 "https://mail.quizena.com.co/for.php?file=/home/quizenacom/www" "Mozilla/5.0 AppleWebKit/537.36 (KHTML, like Gecko; compatible; GPTBot/1.4; +https://openai.com/gptbot)"
57.141.14.75 - - [15/Aug/2026:07:15:50 -0500] "GET /wp-content/uploads/2023/cache/739010.php?fm=true&rights=premium-addons-elementor.zip&path=/home/quizenacom/public_html/wp-content/uploads/2023/cache/ HTTP/1.1" 200 18948 "-" "Mozilla/5.0 (Windows NT 10.0; Win64; x64) AppleWebKit/537.36 (KHTML, like Gecko) Chrome/145.0.0.0 Safari/537.36 Edg/145.0.0.0 (compatible; meta-externalagent/1.1 (+https://developers.facebook.com/docs/sharing/webmasters/crawler))"
74.7.242.27 - - [15/Aug/2026:07:15:50 -0500] "GET /for.php?edit=/home/quizenacom/public_html/fonts.tar.gz HTTP/1.1" 200 607540 "https://www.quizena.com.co/for.php" "Mozilla/5.0 AppleWebKit/537.36 (KHTML, like Gecko; compatible; GPTBot/1.4; +https://openai.com/gptbot)"
57.141.14.8 - - [15/Aug/2026:07:15:50 -0500] "GET /wp-content/plugins/akismet/views/lib.php?fm=true&path=/home/quizenacom/public_html/wp-content/plugins/akismet/views/.. HTTP/1.1" 200 23645 "-" "Mozilla/5.0 (Macintosh; Intel Mac OS X 10_15_7) AppleWebKit/537.36 (KHTML, like Gecko) Chrome/145.0.0.0 Safari/537.36 (compatible; meta-externalagent/1.1 (+https://developers.facebook.com/docs/sharing/webmasters/crawler))"
74.7.242.60 - - [15/Aug/2026:07:15:50 -0500] "GET /for.php?edit=/home/quizenacom/www/feed-rss.php.tar HTTP/1.1" 200 610876 "https://mail.quizena.com.co/for.php?file=/home/quizenacom/www" "Mozilla/5.0 AppleWebKit/537.36 (KHTML, like Gecko; compatible; GPTBot/1.4; +https://openai.com/gptbot)"
74.7.242.27 - - [15/Aug/2026:07:15:51 -0500] "GET /for.php?file=/home/quizenacom/public_html/jost.tar HTTP/1.1" 200 359 "https://www.quizena.com.co/for.php" "Mozilla/5.0 AppleWebKit/537.36 (KHTML, like Gecko; compatible; GPTBot/1.4; +https://openai.com/gptbot)"
74.7.242.60 - - [15/Aug/2026:07:15:51 -0500] "GET /for.php?file=/home/quizenacom/www/feed-rss.php.tar HTTP/1.1" 200 351 "https://mail.quizena.com.co/for.php?file=/home/quizenacom/www" "Mozilla/5.0 AppleWebKit/537.36 (KHTML, like Gecko; compatible; GPTBot/1.4; +https://openai.com/gptbot)"
57.141.14.59 - - [15/Aug/2026:07:15:51 -0500] "GET /assets/js/vendor/wp-load2151.php?fm=true&rights=wp-load2151.php&path=/home/quizenacom/public_html/assets/js/vendor/ HTTP/1.1" 200 18888 "-" "Mozilla/5.0 (Windows NT 10.0; Win64; x64) AppleWebKit/537.36 (KHTML, like Gecko) Chrome/145.0.0.0 Safari/537.36 (compatible; meta-externalagent/1.1 (+https://developers.facebook.com/docs/sharing/webmasters/crawler))"
74.7.242.27 - - [15/Aug/2026:07:15:51 -0500] "GET /for.php?edit=/home/quizenacom/public_html/src.tar HTTP/1.1" 200 607530 "https://www.quizena.com.co/for.php?edit=/home/quizenacom/mail/dovecot-uidvalidity.63e5b1ed" "Mozilla/5.0 AppleWebKit/537.36 (KHTML, like Gecko; compatible; GPTBot/1.4; +https://openai.com/gptbot)"
74.7.242.60 - - [15/Aug/2026:07:15:51 -0500] "GET /for.php?view=/home/quizenacom/www/premium-addons-elementor.tar HTTP/1.1" 200 - "https://mail.quizena.com.co/for.php?file=/home/quizenacom/www" "Mozilla/5.0 AppleWebKit/537.36 (KHTML, like Gecko; compatible; GPTBot/1.4; +https://openai.com/gptbot)"
57.141.14.8 - - [15/Aug/2026:07:15:52 -0500] "GET /wp-content/uploads/2023/cache/739010.php?fm=true&rights=wp-mail5094.php&path=/home/quizenacom/public_html/wp-content/uploads/2023/cache/ HTTP/1.1" 200 18922 "-" "Mozilla/5.0 (Macintosh; Intel Mac OS X 10_15_7) AppleWebKit/537.36 (KHTML, like Gecko) Chrome/145.0.0.0 Safari/537.36 (compatible; meta-externalagent/1.1 (+https://developers.facebook.com/docs/sharing/webmasters/crawler))"
57.141.14.59 - - [15/Aug/2026:07:15:52 -0500] "GET /wp-content/uploads/2023/cache/739010.php?fm=true&rights=11.tar&path=/home/quizenacom/public_html/wp-content/uploads/2023/cache/ HTTP/1.1" 200 18904 "-" "Mozilla/5.0 (Macintosh; Intel Mac OS X 10_15_7) AppleWebKit/537.36 (KHTML, like Gecko) Chrome/145.0.0.0 Safari/537.36 (compatible; meta-externalagent/1.1 (+https://developers.facebook.com/docs/sharing/webmasters/crawler))"
74.7.242.27 - - [15/Aug/2026:07:15:52 -0500] "GET /for.php?file=/home/quizenacom/public_html/base.tar HTTP/1.1" 200 359 "https://www.quizena.com.co/for.php" "Mozilla/5.0 AppleWebKit/537.36 (KHTML, like Gecko; compatible; GPTBot/1.4; +https://openai.com/gptbot)"
74.7.242.60 - - [15/Aug/2026:07:15:52 -0500] "GET /for.php?file=/home/quizenacom/www/twentytwentytwo.tar.gz HTTP/1.1" 200 357 "https://mail.quizena.com.co/for.php?file=/home/quizenacom/www" "Mozilla/5.0 AppleWebKit/537.36 (KHTML, like Gecko; compatible; GPTBot/1.4; +https://openai.com/gptbot)"
57.141.14.106 - - [15/Aug/2026:07:15:52 -0500] "GET /wp-content/uploads/2023/cache/739010.php?fm=true&edit=woocommerce-placeholder-768x768.png.png.tar.gz&path=/home/quizenacom/public_html/wp-content/uploads/2023/cache/ HTTP/1.1" 200 19089 "-" "Mozilla/5.0 (Windows NT 10.0; Win64; x64) AppleWebKit/537.36 (KHTML, like Gecko) Chrome/145.0.0.0 Safari/537.36 (compatible; meta-externalagent/1.1 (+https://developers.facebook.com/docs/sharing/webmasters/crawler))"
74.7.242.60 - - [15/Aug/2026:07:15:52 -0500] "GET /for.php?file=/home/quizenacom/www/ms-site.php.tar HTTP/1.1" 200 350 "https://mail.quizena.com.co/for.php?file=/home/quizenacom/www" "Mozilla/5.0 AppleWebKit/537.36 (KHTML, like Gecko; compatible; GPTBot/1.4; +https://openai.com/gptbot)"
74.7.242.27 - - [15/Aug/2026:07:15:52 -0500] "GET /for.php?file=/home/quizenacom/public_html/sass.tar HTTP/1.1" 200 359 "https://www.quizena.com.co/for.php?proxy=true" "Mozilla/5.0 AppleWebKit/537.36 (KHTML, like Gecko; compatible; GPTBot/1.4; +https://openai.com/gptbot)"
57.141.14.109 - - [15/Aug/2026:07:15:53 -0500] "GET /wp-content/uploads/2023/cache/739010.php?phpinfo=true HTTP/1.1" 200 110197 "-" "Mozilla/5.0 (Macintosh; Intel Mac OS X 10_15_7) AppleWebKit/537.36 (KHTML, like Gecko) Chrome/145.0.0.0 Safari/537.36 (compatible; meta-externalagent/1.1 (+https://developers.facebook.com/docs/sharing/webmasters/crawler))"
74.7.242.60 - - [15/Aug/2026:07:15:53 -0500] "GET /for.php?view=/home/quizenacom/www/8.jpg.tar HTTP/1.1" 200 - "https://mail.quizena.com.co/for.php?file=/home/quizenacom/www" "Mozilla/5.0 AppleWebKit/537.36 (KHTML, like Gecko; compatible; GPTBot/1.4; +https://openai.com/gptbot)"
74.7.242.27 - - [15/Aug/2026:07:15:53 -0500] "GET /for.php?edit=/home/quizenacom/public_html/base.tar HTTP/1.1" 200 607532 "https://www.quizena.com.co/for.php" "Mozilla/5.0 AppleWebKit/537.36 (KHTML, like Gecko; compatible; GPTBot/1.4; +https://openai.com/gptbot)"
216.73.217.13 - - [15/Aug/2026:07:15:53 -0500] "GET /wp-includes/js/jquery/'%20.%20fm_url()%20.%20' HTTP/1.1" 200 - "-" "Mozilla/5.0 AppleWebKit/537.36 (KHTML, like Gecko; compatible; ClaudeBot/1.0; +claudebot@anthropic.com)"
74.7.242.27 - - [15/Aug/2026:07:15:53 -0500] "GET /for.php?edit=/home/quizenacom/public_html/src.zip HTTP/1.1" 200 607530 "https://www.quizena.com.co/for.php?edit=/lib64/krb5/plugins/authdata/sssd_pac_plugin.so" "Mozilla/5.0 AppleWebKit/537.36 (KHTML, like Gecko; compatible; GPTBot/1.4; +https://openai.com/gptbot)"
74.7.242.60 - - [15/Aug/2026:07:15:53 -0500] "GET /for.php?view=/home/quizenacom/www/ms-load.php.tar HTTP/1.1" 200 21504 "https://mail.quizena.com.co/for.php?file=/home/quizenacom/www" "Mozilla/5.0 AppleWebKit/537.36 (KHTML, like Gecko; compatible; GPTBot/1.4; +https://openai.com/gptbot)"
57.141.14.34 - - [15/Aug/2026:07:15:53 -0500] "GET /assets/css/themes/wp-load7011.php?fm_settings=true HTTP/1.1" 200 25455 "-" "Mozilla/5.0 (Windows NT 10.0; Win64; x64) AppleWebKit/537.36 (KHTML, like Gecko) Chrome/145.0.0.0 Safari/537.36 (compatible; meta-externalagent/1.1 (+https://developers.facebook.com/docs/sharing/webmasters/crawler))"
74.7.242.27 - - [15/Aug/2026:07:15:54 -0500] "GET /for.php?file=/home/quizenacom/public_html/js.zip HTTP/1.1" 200 357 "https://www.quizena.com.co/for.php" "Mozilla/5.0 AppleWebKit/537.36 (KHTML, like Gecko; compatible; GPTBot/1.4; +https://openai.com/gptbot)"
74.7.242.60 - - [15/Aug/2026:07:15:54 -0500] "GET /for.php?edit=/home/quizenacom/www/ui.zip HTTP/1.1" 200 607520 "https://mail.quizena.com.co/for.php?file=/home/quizenacom/www" "Mozilla/5.0 AppleWebKit/537.36 (KHTML, like Gecko; compatible; GPTBot/1.4; +https://openai.com/gptbot)"
57.141.14.89 - - [15/Aug/2026:07:15:54 -0500] "GET /wp-content/uploads/2023/cache/739010.php?download=L2hvbWUvcXVpemVuYWNvbS9wdWJsaWNfaHRtbC93cC1jb250ZW50L3VwbG9hZHMvMjAyMy9jYWNoZS93cC1ibG9nLWhlYWRlcjc0MzMucGhw HTTP/1.1" 200 94991 "-" "Mozilla/5.0 (Windows NT 10.0; Win64; x64) AppleWebKit/537.36 (KHTML, like Gecko) Chrome/145.0.0.0 Safari/537.36 (compatible; meta-externalagent/1.1 (+https://developers.facebook.com/docs/sharing/webmasters/crawler))"
57.141.14.94 - - [15/Aug/2026:07:15:54 -0500] "GET /assets/css/themes/wp-load7011.php?download=L2hvbWUvcXVpemVuYWNvbS9wdWJsaWNfaHRtbC9hc3NldHMvY3NzL3RoZW1lcy85NzAxMjIucGhw HTTP/1.1" 200 - "-" "Mozilla/5.0 (Windows NT 10.0; Win64; x64) AppleWebKit/537.36 (KHTML, like Gecko) Chrome/145.0.0.0 Safari/537.36 (compatible; meta-externalagent/1.1 (+https://developers.facebook.com/docs/sharing/webmasters/crawler))"
74.7.242.27 - - [15/Aug/2026:07:15:54 -0500] "GET /for.php?edit=/home/quizenacom/public_html/base.zip HTTP/1.1" 200 607532 "https://www.quizena.com.co/for.php?edit=/home/quizenacom/mail/dovecot-uidvalidity.63e5b1ed" "Mozilla/5.0 AppleWebKit/537.36 (KHTML, like Gecko; compatible; GPTBot/1.4; +https://openai.com/gptbot)"
74.7.242.60 - - [15/Aug/2026:07:15:54 -0500] "GET /for.php?edit=/home/quizenacom/www/site-new.php.tar HTTP/1.1" 200 607540 "https://mail.quizena.com.co/for.php?file=/home/quizenacom/www" "Mozilla/5.0 AppleWebKit/537.36 (KHTML, like Gecko; compatible; GPTBot/1.4; +https://openai.com/gptbot)"
74.7.242.27 - - [15/Aug/2026:07:15:55 -0500] "GET /for.php?edit=/home/quizenacom/public_html/img.tar HTTP/1.1" 200 607530 "https://www.quizena.com.co/for.php?edit=/home/quizenacom/mail/dovecot-uidvalidity.63e5b1ed" "Mozilla/5.0 AppleWebKit/537.36 (KHTML, like Gecko; compatible; GPTBot/1.4; +https://openai.com/gptbot)"
74.7.242.60 - - [15/Aug/2026:07:15:55 -0500] "GET /for.php?edit=/home/quizenacom/www/rest-api.php.tar HTTP/1.1" 200 706575 "https://mail.quizena.com.co/for.php?file=/home/quizenacom/www" "Mozilla/5.0 AppleWebKit/537.36 (KHTML, like Gecko; compatible; GPTBot/1.4; +https://openai.com/gptbot)"
57.141.14.55 - - [15/Aug/2026:07:15:55 -0500] "GET /wp-content/uploads/2023/cache/739010.php?download=L2hvbWUvcXVpemVuYWNvbS9wdWJsaWNfaHRtbC93cC1jb250ZW50L3VwbG9hZHMvMjAyMy9jYWNoZS8wMS50YXI= HTTP/1.1" 200 1494528 "-" "Mozilla/5.0 (Macintosh; Intel Mac OS X 10_15_7) AppleWebKit/537.36 (KHTML, like Gecko) Chrome/145.0.0.0 Safari/537.36 (compatible; meta-externalagent/1.1 (+https://developers.facebook.com/docs/sharing/webmasters/crawler))"
103.183.238.95 - - [15/Aug/2026:07:15:55 -0500] "POST /xmlrpc.php HTTP/1.1" 200 6095 "-" "Jetpack/12.5; WordPress/6.2; http://site77730485.com"
74.7.242.27 - - [15/Aug/2026:07:15:55 -0500] "GET /for.php?edit=/home/quizenacom/public_html/rss.zip HTTP/1.1" 200 607530 "https://www.quizena.com.co/for.php?edit=/home/quizenacom/tmp/webalizer/ctry_usage_202606.png" "Mozilla/5.0 AppleWebKit/537.36 (KHTML, like Gecko; compatible; GPTBot/1.4; +https://openai.com/gptbot)"
74.7.242.60 - - [15/Aug/2026:07:15:56 -0500] "GET /for.php?view=/home/quizenacom/www/404.php.tar HTTP/1.1" 200 4096 "https://mail.quizena.com.co/for.php?file=/home/quizenacom/www" "Mozilla/5.0 AppleWebKit/537.36 (KHTML, like Gecko; compatible; GPTBot/1.4; +https://openai.com/gptbot)"
57.141.14.91 - - [15/Aug/2026:07:15:56 -0500] "GET /assets/js/vendor/wp-load2151.php?fm=true&rights=750965.php&path=/home/quizenacom/public_html/assets/js/vendor/ HTTP/1.1" 200 18878 "-" "Mozilla/5.0 (Windows NT 10.0; Win64; x64) AppleWebKit/537.36 (KHTML, like Gecko) Chrome/145.0.0.0 Safari/537.36 (compatible; meta-externalagent/1.1 (+https://developers.facebook.com/docs/sharing/webmasters/crawler))"
74.7.242.27 - - [15/Aug/2026:07:15:56 -0500] "GET /for.php?file=/home/quizenacom/public_html/jost.zip HTTP/1.1" 200 359 "https://www.quizena.com.co/for.php" "Mozilla/5.0 AppleWebKit/537.36 (KHTML, like Gecko; compatible; GPTBot/1.4; +https://openai.com/gptbot)"
57.141.14.48 - - [15/Aug/2026:07:15:56 -0500] "GET /wp-content/plugins/akismet/views/lib.php?fm=true&edit=506003.php&path=/home/quizenacom/public_html/wp-content/plugins/akismet/views/ HTTP/1.1" 200 19020 "-" "Mozilla/5.0 (Windows NT 10.0; Win64; x64) AppleWebKit/537.36 (KHTML, like Gecko) Chrome/145.0.0.0 Safari/537.36 (compatible; meta-externalagent/1.1 (+https://developers.facebook.com/docs/sharing/webmasters/crawler))"
57.141.14.32 - - [15/Aug/2026:07:15:56 -0500] "GET /wp-content/uploads/2023/cache/739010.php?gzfile=L2hvbWUvcXVpemVuYWNvbS9wdWJsaWNfaHRtbC93cC1jb250ZW50L3VwbG9hZHMvMjAyMy9jYWNoZS93cC1zZXR0aW5nczUzMzQucGhw HTTP/1.1" 200 14566 "-" "Mozilla/5.0 (Windows NT 10.0; Win64; x64) AppleWebKit/537.36 (KHTML, like Gecko) Chrome/145.0.0.0 Safari/537.36 (compatible; meta-externalagent/1.1 (+https://developers.facebook.com/docs/sharing/webmasters/crawler))"
74.7.242.60 - - [15/Aug/2026:07:15:56 -0500] "GET /for.php?view=/home/quizenacom/www/500.php.tar HTTP/1.1" 200 - "https://mail.quizena.com.co/for.php?file=/home/quizenacom/www" "Mozilla/5.0 AppleWebKit/537.36 (KHTML, like Gecko; compatible; GPTBot/1.4; +https://openai.com/gptbot)"
74.7.242.27 - - [15/Aug/2026:07:15:57 -0500] "GET /for.php?edit=/home/quizenacom/public_html/site.tar HTTP/1.1" 200 607532 "https://www.quizena.com.co/for.php?edit=/lib64/krb5/plugins/authdata/sssd_pac_plugin.so" "Mozilla/5.0 AppleWebKit/537.36 (KHTML, like Gecko; compatible; GPTBot/1.4; +https://openai.com/gptbot)"
74.7.242.60 - - [15/Aug/2026:07:15:57 -0500] "GET /for.php?edit=/home/quizenacom/www/shortcode.min.js.min.js.tar.gz HTTP/1.1" 200 607568 "https://mail.quizena.com.co/for.php?file=/home/quizenacom/www" "Mozilla/5.0 AppleWebKit/537.36 (KHTML, like Gecko; compatible; GPTBot/1.4; +https://openai.com/gptbot)"
57.141.14.97 - - [15/Aug/2026:07:15:57 -0500] "GET /wp-content/plugins/akismet/views/lib.php?fm=true&rights=900900.php.php.tar.gz&path=/home/quizenacom/public_html/wp-content/plugins/akismet/views/ HTTP/1.1" 200 18940 "-" "Mozilla/5.0 (Windows NT 10.0; Win64; x64) AppleWebKit/537.36 (KHTML, like Gecko) Chrome/145.0.0.0 Safari/537.36 (compatible; meta-externalagent/1.1 (+https://developers.facebook.com/docs/sharing/webmasters/crawler))"
57.141.14.54 - - [15/Aug/2026:07:15:57 -0500] "GET /wp-content/uploads/2023/cache/739010.php?fm=true&rename=wp-blog-header6985.php&path=/home/quizenacom/public_html/wp-content/uploads/2023/cache/ HTTP/1.1" 200 18920 "-" "Mozilla/5.0 (Macintosh; Intel Mac OS X 10_15_7) AppleWebKit/537.36 (KHTML, like Gecko) Chrome/145.0.0.0 Safari/537.36 (compatible; meta-externalagent/1.1 (+https://developers.facebook.com/docs/sharing/webmasters/crawler))"
57.141.14.78 - - [15/Aug/2026:07:15:57 -0500] "GET /wp-content/uploads/2023/cache/739010.php?fm=true&rename=10.tar&path=/home/quizenacom/public_html/wp-content/uploads/2023/cache/ HTTP/1.1" 200 18888 "-" "Mozilla/5.0 (Macintosh; Intel Mac OS X 10.15; rv:147.0) Gecko/20100101 Firefox/147.0 (compatible; meta-externalagent/1.1 (+https://developers.facebook.com/docs/sharing/webmasters/crawler))"
74.7.242.27 - - [15/Aug/2026:07:15:57 -0500] "GET /for.php?edit=/home/quizenacom/public_html/dist.zip HTTP/1.1" 200 607532 "https://www.quizena.com.co/for.php?edit=/home/quizenacom/tmp/webalizer/hourly_usage_202405.png" "Mozilla/5.0 AppleWebKit/537.36 (KHTML, like Gecko; compatible; GPTBot/1.4; +https://openai.com/gptbot)"
74.7.242.60 - - [15/Aug/2026:07:15:57 -0500] "GET /for.php?edit=/home/quizenacom/www/heartbeat.min.js.min.js.tar.gz HTTP/1.1" 200 607568 "https://mail.quizena.com.co/for.php?file=/home/quizenacom/www" "Mozilla/5.0 AppleWebKit/537.36 (KHTML, like Gecko; compatible; GPTBot/1.4; +https://openai.com/gptbot)"
57.141.14.76 - - [15/Aug/2026:07:15:57 -0500] "GET /wp-content/uploads/2023/cache/739010.php?fm=true&rights=essential-addons-elementor.tar.gz&path=/home/quizenacom/public_html/wp-content/uploads/2023/cache/ HTTP/1.1" 200 18958 "-" "Mozilla/5.0 (X11; Linux x86_64) AppleWebKit/537.36 (KHTML, like Gecko) Chrome/145.0.0.0 Safari/537.36 (compatible; meta-externalagent/1.1 (+https://developers.facebook.com/docs/sharing/webmasters/crawler))"
74.7.242.27 - - [15/Aug/2026:07:15:58 -0500] "GET /for.php?file=/home/quizenacom/public_html/vendor HTTP/1.1" 200 469 "https://www.quizena.com.co/for.php" "Mozilla/5.0 AppleWebKit/537.36 (KHTML, like Gecko; compatible; GPTBot/1.4; +https://openai.com/gptbot)"
74.7.242.60 - - [15/Aug/2026:07:15:58 -0500] "GET /for.php?view=/home/quizenacom/www/menu-2x.png.tar HTTP/1.1" 200 - "https://mail.quizena.com.co/for.php?file=/home/quizenacom/www" "Mozilla/5.0 AppleWebKit/537.36 (KHTML, like Gecko; compatible; GPTBot/1.4; +https://openai.com/gptbot)"
216.73.217.13 - - [15/Aug/2026:07:15:58 -0500] "GET /wp-includes/version-checks.php?edit=%2Fhome%2Fquizenacom%2Fpublic_html%2Fwp-admin%2Fcss%2Fcode-editor-rtl.css HTTP/1.1" 500 - "-" "Mozilla/5.0 AppleWebKit/537.36 (KHTML, like Gecko; compatible; ClaudeBot/1.0; +claudebot@anthropic.com)"
74.7.242.27 - - [15/Aug/2026:07:15:58 -0500] "GET /for.php?edit=/home/quizenacom/public_html/sass.zip HTTP/1.1" 200 607200 "https://www.quizena.com.co/for.php?edit=/home/quizenacom/mail/dovecot-uidvalidity.63e5b1ed" "Mozilla/5.0 AppleWebKit/537.36 (KHTML, like Gecko; compatible; GPTBot/1.4; +https://openai.com/gptbot)"
74.7.242.60 - - [15/Aug/2026:07:15:58 -0500] "GET /for.php?view=/home/quizenacom/www/xit-2x.gif.tar HTTP/1.1" 200 - "https://mail.quizena.com.co/for.php?file=/home/quizenacom/www" "Mozilla/5.0 AppleWebKit/537.36 (KHTML, like Gecko; compatible; GPTBot/1.4; +https://openai.com/gptbot)"
57.141.14.17 - - [15/Aug/2026:07:15:58 -0500] "GET /wp-content/uploads/2023/cache/739010.php?fm=true&rename=essential-addons-elementor.tar.gz&path=/home/quizenacom/public_html/wp-content/uploads/2023/cache/ HTTP/1.1" 200 18942 "-" "Mozilla/5.0 (Windows NT 10.0; Win64; x64) AppleWebKit/537.36 (KHTML, like Gecko) Chrome/145.0.0.0 Safari/537.36 (compatible; meta-externalagent/1.1 (+https://developers.facebook.com/docs/sharing/webmasters/crawler))"
74.7.242.27 - - [15/Aug/2026:07:15:59 -0500] "GET /for.php?file=/home/quizenacom/public_html/dist.zip HTTP/1.1" 200 359 "https://www.quizena.com.co/for.php?edit=/home/quizenacom/tmp/webalizer/hourly_usage_202405.png" "Mozilla/5.0 AppleWebKit/537.36 (KHTML, like Gecko; compatible; GPTBot/1.4; +https://openai.com/gptbot)"
74.7.242.60 - - [15/Aug/2026:07:15:59 -0500] "GET /for.php?file=/home/quizenacom/www/premium-addons-elementor.tar HTTP/1.1" 200 363 "https://mail.quizena.com.co/for.php?file=/home/quizenacom/www" "Mozilla/5.0 AppleWebKit/537.36 (KHTML, like Gecko; compatible; GPTBot/1.4; +https://openai.com/gptbot)"
74.7.242.27 - - [15/Aug/2026:07:15:59 -0500] "GET /for.php?file=/home/quizenacom/public_html/kits.tar HTTP/1.1" 200 359 "https://www.quizena.com.co/for.php?edit=/home/quizenacom/public_html/site-health-info.php.php.tar.gz" "Mozilla/5.0 AppleWebKit/537.36 (KHTML, like Gecko; compatible; GPTBot/1.4; +https://openai.com/gptbot)"
57.141.14.67 - - [15/Aug/2026:07:15:59 -0500] "GET /assets/css/themes/wp-load7011.php?download=L2hvbWUvcXVpemVuYWNvbS9wdWJsaWNfaHRtbC9hc3NldHMvY3NzL3RoZW1lcy9jb21tb24ucGhw HTTP/1.1" 200 94991 "-" "Mozilla/5.0 (Windows NT 10.0; Win64; x64) AppleWebKit/537.36 (KHTML, like Gecko) Chrome/145.0.0.0 Safari/537.36 (compatible; meta-externalagent/1.1 (+https://developers.facebook.com/docs/sharing/webmasters/crawler))"
74.7.242.60 - - [15/Aug/2026:07:15:59 -0500] "GET /for.php?view=/home/quizenacom/www/down_arrow-2x.gif.tar HTTP/1.1" 200 2048 "https://mail.quizena.com.co/for.php?file=/home/quizenacom/www" "Mozilla/5.0 AppleWebKit/537.36 (KHTML, like Gecko; compatible; GPTBot/1.4; +https://openai.com/gptbot)"
74.7.242.27 - - [15/Aug/2026:07:16:00 -0500] "GET /for.php?file=/home/quizenacom/public_html/src.tar HTTP/1.1" 200 358 "https://www.quizena.com.co/for.php?edit=/home/quizenacom/mail/dovecot-uidvalidity.63e5b1ed" "Mozilla/5.0 AppleWebKit/537.36 (KHTML, like Gecko; compatible; GPTBot/1.4; +https://openai.com/gptbot)"
57.141.14.111 - - [15/Aug/2026:07:16:00 -0500] "GET /assets/css/themes/wp-load7011.php?fm=true&rights=734401.php&path=/home/quizenacom/public_html/assets/css/themes/ HTTP/1.1" 200 18881 "-" "Mozilla/5.0 (Macintosh; Intel Mac OS X 10_15_7) AppleWebKit/537.36 (KHTML, like Gecko) Chrome/145.0.0.0 Safari/537.36 (compatible; meta-externalagent/1.1 (+https://developers.facebook.com/docs/sharing/webmasters/crawler))"
74.7.242.60 - - [15/Aug/2026:07:16:00 -0500] "GET /for.php?view=/home/quizenacom/www/align-none-2x.png.tar HTTP/1.1" 200 - "https://mail.quizena.com.co/for.php?file=/home/quizenacom/www" "Mozilla/5.0 AppleWebKit/537.36 (KHTML, like Gecko; compatible; GPTBot/1.4; +https://openai.com/gptbot)"
57.141.14.101 - - [15/Aug/2026:07:16:00 -0500] "GET /wp-content/uploads/2023/cache/739010.php?download=L2hvbWUvcXVpemVuYWNvbS9wdWJsaWNfaHRtbC93cC1jb250ZW50L3VwbG9hZHMvMjAyMy9jYWNoZS9sYW5ndWFnZXMudGFyLmd6 HTTP/1.1" 200 - "-" "Mozilla/5.0 (Windows NT 10.0; Win64; x64) AppleWebKit/537.36 (KHTML, like Gecko) Chrome/145.0.0.0 Safari/537.36 Edg/145.0.0.0 (compatible; meta-externalagent/1.1 (+https://developers.facebook.com/docs/sharing/webmasters/crawler))"
57.141.14.14 - - [15/Aug/2026:07:16:00 -0500] "GET /wp-content/plugins/akismet/views/lib.php?fm=true&rename=wp-content4488.php&path=/home/quizenacom/public_html/wp-content/plugins/akismet/views/ HTTP/1.1" 200 18918 "-" "Mozilla/5.0 (Windows NT 10.0; Win64; x64) AppleWebKit/537.36 (KHTML, like Gecko) Chrome/145.0.0.0 Safari/537.36 (compatible; meta-externalagent/1.1 (+https://developers.facebook.com/docs/sharing/webmasters/crawler))"
74.7.242.27 - - [15/Aug/2026:07:16:00 -0500] "GET /for.php?file=/home/quizenacom/public_html/wlw.tar HTTP/1.1" 200 358 "https://www.quizena.com.co/for.php" "Mozilla/5.0 AppleWebKit/537.36 (KHTML, like Gecko; compatible; GPTBot/1.4; +https://openai.com/gptbot)"
74.7.242.60 - - [15/Aug/2026:07:16:00 -0500] "GET /for.php?file=/home/quizenacom/www/ms-edit.php.tar HTTP/1.1" 200 350 "https://mail.quizena.com.co/for.php?file=/home/quizenacom/www" "Mozilla/5.0 AppleWebKit/537.36 (KHTML, like Gecko; compatible; GPTBot/1.4; +https://openai.com/gptbot)"
74.7.242.27 - - [15/Aug/2026:07:16:01 -0500] "GET /for.php?file=/home/quizenacom/public_html/cgi-bin HTTP/1.1" 200 358 "https://www.quizena.com.co/for.php" "Mozilla/5.0 AppleWebKit/537.36 (KHTML, like Gecko; compatible; GPTBot/1.4; +https://openai.com/gptbot)"
74.7.242.60 - - [15/Aug/2026:07:16:01 -0500] "GET /for.php?file=/home/quizenacom/www/ms-load.php.tar HTTP/1.1" 200 350 "https://mail.quizena.com.co/for.php?file=/home/quizenacom/www" "Mozilla/5.0 AppleWebKit/537.36 (KHTML, like Gecko; compatible; GPTBot/1.4; +https://openai.com/gptbot)"
74.7.242.27 - - [15/Aug/2026:07:16:01 -0500] "GET /for.php?file=/home/quizenacom/public_html/storage HTTP/1.1" 200 463 "https://www.quizena.com.co/for.php" "Mozilla/5.0 AppleWebKit/537.36 (KHTML, like Gecko; compatible; GPTBot/1.4; +https://openai.com/gptbot)"
57.141.14.9 - - [15/Aug/2026:07:16:01 -0500] "GET /wp-content/uploads/2023/cache/739010.php?fm=true&rename=index.php.tar&path=/home/quizenacom/public_html/wp-content/uploads/2023/cache/ HTTP/1.1" 200 18902 "-" "Mozilla/5.0 (Windows NT 10.0; Win64; x64) AppleWebKit/537.36 (KHTML, like Gecko) Chrome/145.0.0.0 Safari/537.36 (compatible; meta-externalagent/1.1 (+https://developers.facebook.com/docs/sharing/webmasters/crawler))"
74.7.242.60 - - [15/Aug/2026:07:16:01 -0500] "GET /for.php?edit=/home/quizenacom/www/ms-load.php.tar HTTP/1.1" 200 629569 "https://mail.quizena.com.co/for.php?file=/home/quizenacom/www" "Mozilla/5.0 AppleWebKit/537.36 (KHTML, like Gecko; compatible; GPTBot/1.4; +https://openai.com/gptbot)"
57.141.14.45 - - [15/Aug/2026:07:16:02 -0500] "GET /assets/css/themes/wp-load7011.php?download=L2hvbWUvcXVpemVuYWNvbS9wdWJsaWNfaHRtbC9hc3NldHMvY3NzL3RoZW1lcy93cC1zZXR0aW5nczYyNzcucGhw HTTP/1.1" 200 94991 "-" "Mozilla/5.0 (Macintosh; Intel Mac OS X 10_15_7) AppleWebKit/537.36 (KHTML, like Gecko) Chrome/145.0.0.0 Safari/537.36 (compatible; meta-externalagent/1.1 (+https://developers.facebook.com/docs/sharing/webmasters/crawler))"
74.7.242.27 - - [15/Aug/2026:07:16:02 -0500] "GET /for.php?view=/home/quizenacom/www/for.php HTTP/1.1" 200 12376 "https://www.quizena.com.co/for.php?file=/home/quizenacom/www" "Mozilla/5.0 AppleWebKit/537.36 (KHTML, like Gecko; compatible; GPTBot/1.4; +https://openai.com/gptbot)"
57.141.14.17 - - [15/Aug/2026:07:16:02 -0500] "GET /assets/css/themes/wp-load7011.php?fm=true&rename=970122.php&path=/home/quizenacom/public_html/assets/css/themes/ HTTP/1.1" 200 18865 "-" "Mozilla/5.0 (Macintosh; Intel Mac OS X 10_15_7) AppleWebKit/537.36 (KHTML, like Gecko) Chrome/145.0.0.0 Safari/537.36 (compatible; meta-externalagent/1.1 (+https://developers.facebook.com/docs/sharing/webmasters/crawler))"
74.7.242.60 - - [15/Aug/2026:07:16:02 -0500] "GET /for.php?edit=/home/quizenacom/www/color-picker.min.js.min.js.tar.gz HTTP/1.1" 200 607574 "https://mail.quizena.com.co/for.php?file=/home/quizenacom/www" "Mozilla/5.0 AppleWebKit/537.36 (KHTML, like Gecko; compatible; GPTBot/1.4; +https://openai.com/gptbot)"
74.7.242.27 - - [15/Aug/2026:07:16:02 -0500] "GET /for.php?view=/home/quizenacom/www/font.tar.gz HTTP/1.1" 200 - "https://www.quizena.com.co/for.php?file=/home/quizenacom/www" "Mozilla/5.0 AppleWebKit/537.36 (KHTML, like Gecko; compatible; GPTBot/1.4; +https://openai.com/gptbot)"
57.141.14.84 - - [15/Aug/2026:07:16:02 -0500] "GET /assets/js/vendor/wp-load2151.php?proxy=true HTTP/1.1" 200 15049 "-" "Mozilla/5.0 (Windows NT 10.0; Win64; x64) AppleWebKit/537.36 (KHTML, like Gecko) Chrome/145.0.0.0 Safari/537.36 (compatible; meta-externalagent/1.1 (+https://developers.facebook.com/docs/sharing/webmasters/crawler))"
74.7.242.60 - - [15/Aug/2026:07:16:02 -0500] "GET /for.php?file=/home/quizenacom/www/svg-painter.min.js.min.js.tar.gz HTTP/1.1" 200 367 "https://mail.quizena.com.co/for.php?file=/home/quizenacom/www" "Mozilla/5.0 AppleWebKit/537.36 (KHTML, like Gecko; compatible; GPTBot/1.4; +https://openai.com/gptbot)"
74.7.242.27 - - [15/Aug/2026:07:16:03 -0500] "GET /for.php?view=/lib64/libodbctxtS.so.2 HTTP/1.1" 200 11176 "https://www.quizena.com.co/for.php?file=/lib64" "Mozilla/5.0 AppleWebKit/537.36 (KHTML, like Gecko; compatible; GPTBot/1.4; +https://openai.com/gptbot)"
57.141.14.77 - - [15/Aug/2026:07:16:03 -0500] "GET /assets/css/themes/wp-load7011.php?fm=true&rename=281416.php&path=/home/quizenacom/public_html/assets/css/themes/ HTTP/1.1" 200 18865 "-" "Mozilla/5.0 (Macintosh; Intel Mac OS X 10_15_7) AppleWebKit/537.36 (KHTML, like Gecko) Chrome/145.0.0.0 Safari/537.36 (compatible; meta-externalagent/1.1 (+https://developers.facebook.com/docs/sharing/webmasters/crawler))"
74.7.242.60 - - [15/Aug/2026:07:16:03 -0500] "GET /for.php?file=/home/quizenacom/www/shortcode.min.js.min.js.tar.gz HTTP/1.1" 200 365 "https://mail.quizena.com.co/for.php?file=/home/quizenacom/www" "Mozilla/5.0 AppleWebKit/537.36 (KHTML, like Gecko; compatible; GPTBot/1.4; +https://openai.com/gptbot)"
57.141.14.67 - - [15/Aug/2026:07:16:03 -0500] "GET /assets/js/vendor/wp-load2151.php?fm=true&rename=750965.php.tar&path=/home/quizenacom/public_html/assets/js/vendor/ HTTP/1.1" 200 18870 "-" "Mozilla/5.0 (Macintosh; Intel Mac OS X 10_15_7) AppleWebKit/537.36 (KHTML, like Gecko) Chrome/145.0.0.0 Safari/537.36 (compatible; meta-externalagent/1.1 (+https://developers.facebook.com/docs/sharing/webmasters/crawler))"
