74.7.242.60 - - [15/Aug/2026:07:16:28 -0500] "GET /for.php?file=/home/quizenacom/www/site-users.php.tar HTTP/1.1" 200 353 "https://mail.quizena.com.co/for.php?file=/home/quizenacom/www" "Mozilla/5.0 AppleWebKit/537.36 (KHTML, like Gecko; compatible; GPTBot/1.4; +https://openai.com/gptbot)"
57.141.14.60 - - [15/Aug/2026:07:16:28 -0500] "GET /wp-content/uploads/2023/cache/739010.php?fm=true&rename=wp-blog-header7433.php&path=/home/quizenacom/public_html/wp-content/uploads/2023/cache/ HTTP/1.1" 200 18920 "-" "Mozilla/5.0 (Macintosh; Intel Mac OS X 10_15_7) AppleWebKit/537.36 (KHTML, like Gecko) Chrome/145.0.0.0 Safari/537.36 (compatible; meta-externalagent/1.1 (+https://developers.facebook.com/docs/sharing/webmasters/crawler))"
74.7.242.27 - - [15/Aug/2026:07:16:29 -0500] "GET /for.php?file=/home/quizenacom/public_html/vendor/laravel/framework/src/laravel.zip HTTP/1.1" 200 420 "https://www.quizena.com.co/for.php?file=/home/quizenacom/public_html/vendor/laravel/framework/src" "Mozilla/5.0 AppleWebKit/537.36 (KHTML, like Gecko; compatible; GPTBot/1.4; +https://openai.com/gptbot)"
57.141.14.79 - - [15/Aug/2026:07:16:29 -0500] "GET /wp-content/uploads/2023/cache/739010.php?fm=true&rename=wp-blog-header2524.php&path=/home/quizenacom/public_html/wp-content/uploads/2023/cache/ HTTP/1.1" 200 18920 "-" "Mozilla/5.0 (X11; Linux x86_64; rv:147.0) Gecko/20100101 Firefox/147.0 (compatible; meta-externalagent/1.1 (+https://developers.facebook.com/docs/sharing/webmasters/crawler))"
74.7.242.60 - - [15/Aug/2026:07:16:29 -0500] "GET /for.php?file=/home/quizenacom/www/class-ftp.php.tar HTTP/1.1" 200 352 "https://mail.quizena.com.co/for.php?file=/home/quizenacom/www" "Mozilla/5.0 AppleWebKit/537.36 (KHTML, like Gecko; compatible; GPTBot/1.4; +https://openai.com/gptbot)"
74.7.242.27 - - [15/Aug/2026:07:16:29 -0500] "GET /for.php?edit=/home/quizenacom/public_html/vendor/laravel/framework/src/laravel.tar HTTP/1.1" 200 607567 "https://www.quizena.com.co/for.php?file=/home/quizenacom/public_html/vendor/laravel/framework/src" "Mozilla/5.0 AppleWebKit/537.36 (KHTML, like Gecko; compatible; GPTBot/1.4; +https://openai.com/gptbot)"
74.7.242.60 - - [15/Aug/2026:07:16:29 -0500] "GET /for.php?view=/home/quizenacom/www/site-logo.php.tar HTTP/1.1" 200 - "https://mail.quizena.com.co/for.php?file=/home/quizenacom/www" "Mozilla/5.0 AppleWebKit/537.36 (KHTML, like Gecko; compatible; GPTBot/1.4; +https://openai.com/gptbot)"
57.141.14.14 - - [15/Aug/2026:07:16:29 -0500] "GET /wp-content/uploads/2023/cache/739010.php?download=L2hvbWUvcXVpemVuYWNvbS9wdWJsaWNfaHRtbC93cC1jb250ZW50L3VwbG9hZHMvMjAyMy9jYWNoZS9pbmRleC5waHAudGFy HTTP/1.1" 200 5120 "-" "Mozilla/5.0 (Windows NT 10.0; Win64; x64) AppleWebKit/537.36 (KHTML, like Gecko) Chrome/145.0.0.0 Safari/537.36 (compatible; meta-externalagent/1.1 (+https://developers.facebook.com/docs/sharing/webmasters/crawler))"
74.7.242.27 - - [15/Aug/2026:07:16:30 -0500] "GET /for.php?file=/home/quizenacom/public_html/vendor/laravel/framework/src/laravel.tar HTTP/1.1" 200 420 "https://www.quizena.com.co/for.php?file=/home/quizenacom/public_html/vendor/laravel/framework/src" "Mozilla/5.0 AppleWebKit/537.36 (KHTML, like Gecko; compatible; GPTBot/1.4; +https://openai.com/gptbot)"
57.141.14.66 - - [15/Aug/2026:07:16:30 -0500] "GET /wp-content/uploads/2023/cache/739010.php?fm=true&rename=2026.tar&path=/home/quizenacom/public_html/wp-content/uploads/2023/cache/ HTTP/1.1" 200 18892 "-" "Mozilla/5.0 (Windows NT 10.0; Win64; x64) AppleWebKit/537.36 (KHTML, like Gecko) Chrome/145.0.0.0 Safari/537.36 (compatible; meta-externalagent/1.1 (+https://developers.facebook.com/docs/sharing/webmasters/crawler))"
74.7.242.60 - - [15/Aug/2026:07:16:30 -0500] "GET /for.php?view=/home/quizenacom/www/class-ftp.php.tar HTTP/1.1" 200 - "https://mail.quizena.com.co/for.php?file=/home/quizenacom/www" "Mozilla/5.0 AppleWebKit/537.36 (KHTML, like Gecko; compatible; GPTBot/1.4; +https://openai.com/gptbot)"
57.141.14.69 - - [15/Aug/2026:07:16:30 -0500] "GET /assets/css/themes/wp-load7011.php?fm=true&rename=734401.php&path=/home/quizenacom/public_html/assets/css/themes/ HTTP/1.1" 200 18865 "-" "Mozilla/5.0 (Windows NT 10.0; Win64; x64) AppleWebKit/537.36 (KHTML, like Gecko) Chrome/145.0.0.0 Safari/537.36 (compatible; meta-externalagent/1.1 (+https://developers.facebook.com/docs/sharing/webmasters/crawler))"
74.7.242.27 - - [15/Aug/2026:07:16:30 -0500] "GET /for.php?file=/home/quizenacom/public_html/vendor/laravel/framework/src/laravel.tar.gz HTTP/1.1" 200 423 "https://www.quizena.com.co/for.php?file=/home/quizenacom/public_html/vendor/laravel/framework/src" "Mozilla/5.0 AppleWebKit/537.36 (KHTML, like Gecko; compatible; GPTBot/1.4; +https://openai.com/gptbot)"
74.7.242.60 - - [15/Aug/2026:07:16:30 -0500] "GET /for.php?view=/home/quizenacom/www/meta-boxes.php.tar HTTP/1.1" 200 - "https://mail.quizena.com.co/for.php?file=/home/quizenacom/www" "Mozilla/5.0 AppleWebKit/537.36 (KHTML, like Gecko; compatible; GPTBot/1.4; +https://openai.com/gptbot)"
57.141.14.39 - - [15/Aug/2026:07:16:31 -0500] "GET /assets/css/themes/wp-load7011.php?fm=true&rights=wp-content9618.php&path=/home/quizenacom/public_html/assets/css/themes/ HTTP/1.1" 200 18897 "-" "Mozilla/5.0 (Windows NT 10.0; Win64; x64) AppleWebKit/537.36 (KHTML, like Gecko) Chrome/145.0.0.0 Safari/537.36 (compatible; meta-externalagent/1.1 (+https://developers.facebook.com/docs/sharing/webmasters/crawler))"
74.7.242.27 - - [15/Aug/2026:07:16:31 -0500] "GET /for.php?edit=/home/quizenacom/public_html/vendor/laravel/framework/src/laravel.zip HTTP/1.1" 200 607567 "https://www.quizena.com.co/for.php?file=/home/quizenacom/public_html/vendor/laravel/framework/src" "Mozilla/5.0 AppleWebKit/537.36 (KHTML, like Gecko; compatible; GPTBot/1.4; +https://openai.com/gptbot)"
74.7.242.60 - - [15/Aug/2026:07:16:31 -0500] "GET /for.php?view=/home/quizenacom/www/class-smtp.php.tar HTTP/1.1" 200 - "https://mail.quizena.com.co/for.php?file=/home/quizenacom/www" "Mozilla/5.0 AppleWebKit/537.36 (KHTML, like Gecko; compatible; GPTBot/1.4; +https://openai.com/gptbot)"
57.141.14.60 - - [15/Aug/2026:07:16:31 -0500] "GET /wp-content/uploads/2023/cache/739010.php?fm=true&edit=10.zip&path=/home/quizenacom/public_html/wp-content/uploads/2023/cache/ HTTP/1.1" 200 19009 "-" "Mozilla/5.0 (Windows NT 10.0; Win64; x64) AppleWebKit/537.36 (KHTML, like Gecko) Chrome/145.0.0.0 Safari/537.36 (compatible; meta-externalagent/1.1 (+https://developers.facebook.com/docs/sharing/webmasters/crawler))"
57.141.14.26 - - [15/Aug/2026:07:16:31 -0500] "GET /wp-content/uploads/2023/cache/739010.php?fm=true&rights=woocommerce-placeholder-600x398.png.png.tar.gz&path=/home/quizenacom/public_html/wp-content/uploads/2023/cache/ HTTP/1.1" 200 18984 "-" "Mozilla/5.0 (Macintosh; Intel Mac OS X 10_15_7) AppleWebKit/537.36 (KHTML, like Gecko) Chrome/145.0.0.0 Safari/537.36 (compatible; meta-externalagent/1.1 (+https://developers.facebook.com/docs/sharing/webmasters/crawler))"
74.7.242.27 - - [15/Aug/2026:07:16:31 -0500] "GET /for.php?edit=/home/quizenacom/public_html/vendor/laravel/framework/src/laravel.tar.gz HTTP/1.1" 200 607573 "https://www.quizena.com.co/for.php?file=/home/quizenacom/public_html/vendor/laravel/framework/src" "Mozilla/5.0 AppleWebKit/537.36 (KHTML, like Gecko; compatible; GPTBot/1.4; +https://openai.com/gptbot)"
74.7.242.60 - - [15/Aug/2026:07:16:31 -0500] "GET /for.php?file=/home/quizenacom/www/xit-2x.gif.tar HTTP/1.1" 200 349 "https://mail.quizena.com.co/for.php?file=/home/quizenacom/www" "Mozilla/5.0 AppleWebKit/537.36 (KHTML, like Gecko; compatible; GPTBot/1.4; +https://openai.com/gptbot)"
57.141.14.61 - - [15/Aug/2026:07:16:31 -0500] "GET /wp-content/uploads/2023/cache/739010.php?fm=true&edit=376209.php.php.tar.gz&path=/home/quizenacom/public_html/wp-content/uploads/2023/cache/ HTTP/1.1" 200 19039 "-" "Mozilla/5.0 (X11; Linux x86_64) AppleWebKit/537.36 (KHTML, like Gecko) Chrome/145.0.0.0 Safari/537.36 (compatible; meta-externalagent/1.1 (+https://developers.facebook.com/docs/sharing/webmasters/crawler))"
74.7.242.60 - - [15/Aug/2026:07:16:32 -0500] "GET /for.php?edit=/home/quizenacom/www/menu-2x.png.tar HTTP/1.1" 200 607538 "https://mail.quizena.com.co/for.php?file=/home/quizenacom/www" "Mozilla/5.0 AppleWebKit/537.36 (KHTML, like Gecko; compatible; GPTBot/1.4; +https://openai.com/gptbot)"
74.7.242.27 - - [15/Aug/2026:07:16:32 -0500] "GET /for.php?view=/home/quizenacom/public_html/vendor/laravel/framework/src/src.tar HTTP/1.1" 200 1683456 "https://www.quizena.com.co/for.php?file=/home/quizenacom/public_html/vendor/laravel/framework/src" "Mozilla/5.0 AppleWebKit/537.36 (KHTML, like Gecko; compatible; GPTBot/1.4; +https://openai.com/gptbot)"
74.7.242.27 - - [15/Aug/2026:07:16:32 -0500] "GET /for.php?view=/home/quizenacom/public_html/vendor/laravel/framework/src/src.tar.gz HTTP/1.1" 200 497838 "https://www.quizena.com.co/for.php?file=/home/quizenacom/public_html/vendor/laravel/framework/src" "Mozilla/5.0 AppleWebKit/537.36 (KHTML, like Gecko; compatible; GPTBot/1.4; +https://openai.com/gptbot)"
74.7.242.60 - - [15/Aug/2026:07:16:32 -0500] "GET /for.php?file=/home/quizenacom/www/menu-2x.png.tar HTTP/1.1" 200 350 "https://mail.quizena.com.co/for.php?file=/home/quizenacom/www" "Mozilla/5.0 AppleWebKit/537.36 (KHTML, like Gecko; compatible; GPTBot/1.4; +https://openai.com/gptbot)"
57.141.14.49 - - [15/Aug/2026:07:16:33 -0500] "GET /assets/css/themes/wp-load7011.php?fm=true&edit=970122.php&path=/home/quizenacom/public_html/assets/css/themes/ HTTP/1.1" 200 18991 "-" "Mozilla/5.0 (X11; Linux x86_64) AppleWebKit/537.36 (KHTML, like Gecko) Chrome/145.0.0.0 Safari/537.36 (compatible; meta-externalagent/1.1 (+https://developers.facebook.com/docs/sharing/webmasters/crawler))"
74.7.242.27 - - [15/Aug/2026:07:16:33 -0500] "GET /for.php?view=/home/quizenacom/public_html/vendor/laravel/framework/src/src.zip HTTP/1.1" 200 - "https://www.quizena.com.co/for.php?file=/home/quizenacom/public_html/vendor/laravel/framework/src" "Mozilla/5.0 AppleWebKit/537.36 (KHTML, like Gecko; compatible; GPTBot/1.4; +https://openai.com/gptbot)"
57.141.14.56 - - [15/Aug/2026:07:16:33 -0500] "GET /wp-content/plugins/akismet/views/lib.php?gzfile=L2hvbWUvcXVpemVuYWNvbS9wdWJsaWNfaHRtbC93cC1jb250ZW50L3BsdWdpbnMvYWtpc21ldC92aWV3cy81MDYwMDMucGhw HTTP/1.1" 200 14566 "-" "Mozilla/5.0 (Windows NT 10.0; Win64; x64) AppleWebKit/537.36 (KHTML, like Gecko) Chrome/145.0.0.0 Safari/537.36 (compatible; meta-externalagent/1.1 (+https://developers.facebook.com/docs/sharing/webmasters/crawler))"
57.141.14.5 - - [15/Aug/2026:07:16:33 -0500] "GET /wp-content/uploads/2023/cache/739010.php?download=L2hvbWUvcXVpemVuYWNvbS9wdWJsaWNfaHRtbC93cC1jb250ZW50L3VwbG9hZHMvMjAyMy9jYWNoZS8uaHRhY2Nlc3MuaHRhY2Nlc3MudGFyLmd6 HTTP/1.1" 200 - "-" "Mozilla/5.0 (Windows NT 10.0; Win64; x64) AppleWebKit/537.36 (KHTML, like Gecko) Chrome/145.0.0.0 Safari/537.36 (compatible; meta-externalagent/1.1 (+https://developers.facebook.com/docs/sharing/webmasters/crawler))"
74.7.242.60 - - [15/Aug/2026:07:16:33 -0500] "GET /for.php?edit=/home/quizenacom/www/xit-2x.gif.tar HTTP/1.1" 200 607536 "https://mail.quizena.com.co/for.php?file=/home/quizenacom/www" "Mozilla/5.0 AppleWebKit/537.36 (KHTML, like Gecko; compatible; GPTBot/1.4; +https://openai.com/gptbot)"
216.73.217.13 - - [15/Aug/2026:07:16:33 -0500] "GET /wp-includes/version-checks.php?edit=%2Fhome%2Fquizenacom%2Fpublic_html%2Fwp-admin%2Fincludes%2Fadmin.php HTTP/1.1" 500 - "-" "Mozilla/5.0 AppleWebKit/537.36 (KHTML, like Gecko; compatible; ClaudeBot/1.0; +claudebot@anthropic.com)"
66.249.79.228 - - [15/Aug/2026:07:16:33 -0500] "GET /?p=15062322834 HTTP/1.1" 200 21859 "-" "Mozilla/5.0 (Linux; Android 6.0.1; Nexus 5X Build/MMB29P) AppleWebKit/537.36 (KHTML, like Gecko) Chrome/150.0.7871.186 Mobile Safari/537.36 (compatible; Googlebot/2.1; +http://www.google.com/bot.html)"
74.7.242.27 - - [15/Aug/2026:07:16:33 -0500] "GET /for.php?file=/home/quizenacom/public_html/storage/app/public/helper.php HTTP/1.1" 200 399 "https://www.quizena.com.co/for.php?file=/home/quizenacom/public_html/storage/app/public" "Mozilla/5.0 AppleWebKit/537.36 (KHTML, like Gecko; compatible; GPTBot/1.4; +https://openai.com/gptbot)"
74.7.242.60 - - [15/Aug/2026:07:16:33 -0500] "GET /for.php?view=/home/quizenacom/www/ruby.jpg.tar HTTP/1.1" 200 - "https://mail.quizena.com.co/for.php?file=/home/quizenacom/www" "Mozilla/5.0 AppleWebKit/537.36 (KHTML, like Gecko; compatible; GPTBot/1.4; +https://openai.com/gptbot)"
74.7.242.27 - - [15/Aug/2026:07:16:34 -0500] "GET /for.php?file=/home/quizenacom/public_html/storage/app/public/app.php HTTP/1.1" 200 396 "https://www.quizena.com.co/for.php?file=/home/quizenacom/public_html/storage/app/public" "Mozilla/5.0 AppleWebKit/537.36 (KHTML, like Gecko; compatible; GPTBot/1.4; +https://openai.com/gptbot)"
74.7.242.60 - - [15/Aug/2026:07:16:34 -0500] "GET /for.php?edit=/home/quizenacom/www/link.php.tar HTTP/1.1" 200 607532 "https://mail.quizena.com.co/for.php?file=/home/quizenacom/www" "Mozilla/5.0 AppleWebKit/537.36 (KHTML, like Gecko; compatible; GPTBot/1.4; +https://openai.com/gptbot)"
57.141.14.55 - - [15/Aug/2026:07:16:34 -0500] "GET /wp-content/uploads/2023/cache/739010.php?fm=true&rename=plugins.tar.gz&path=/home/quizenacom/public_html/wp-content/uploads/2023/cache/ HTTP/1.1" 200 18904 "-" "Mozilla/5.0 (Windows NT 10.0; Win64; x64) AppleWebKit/537.36 (KHTML, like Gecko) Chrome/145.0.0.0 Safari/537.36 (compatible; meta-externalagent/1.1 (+https://developers.facebook.com/docs/sharing/webmasters/crawler))"
57.141.14.18 - - [15/Aug/2026:07:16:34 -0500] "GET /assets/css/themes/wp-load7011.php?fm=true&rename=921546.php&path=/home/quizenacom/public_html/assets/css/themes/ HTTP/1.1" 200 18865 "-" "Mozilla/5.0 (Windows NT 10.0; Win64; x64) AppleWebKit/537.36 (KHTML, like Gecko) Chrome/145.0.0.0 Safari/537.36 (compatible; meta-externalagent/1.1 (+https://developers.facebook.com/docs/sharing/webmasters/crawler))"
74.7.242.27 - - [15/Aug/2026:07:16:34 -0500] "GET /for.php?file=/home/quizenacom/public_html/storage/app/public/app.php.tar HTTP/1.1" 200 400 "https://www.quizena.com.co/for.php?file=/home/quizenacom/public_html/storage/app/public" "Mozilla/5.0 AppleWebKit/537.36 (KHTML, like Gecko; compatible; GPTBot/1.4; +https://openai.com/gptbot)"
74.7.242.60 - - [15/Aug/2026:07:16:35 -0500] "GET /for.php?view=/home/quizenacom/www/class-http.php.tar HTTP/1.1" 200 - "https://mail.quizena.com.co/for.php?file=/home/quizenacom/www" "Mozilla/5.0 AppleWebKit/537.36 (KHTML, like Gecko; compatible; GPTBot/1.4; +https://openai.com/gptbot)"
54.37.23.159 - - [15/Aug/2026:07:16:35 -0500] "GET /wp-content/uploads/2022/06/Zafiro-Azul-Sin-Tallar.jpg HTTP/1.1" 200 51981 "-" "python-urllib3/1.26.9"
74.7.242.27 - - [15/Aug/2026:07:16:35 -0500] "GET /for.php?file=/home/quizenacom/public_html/storage/app/public/init.php HTTP/1.1" 200 397 "https://www.quizena.com.co/for.php?file=/home/quizenacom/public_html/storage/app/public" "Mozilla/5.0 AppleWebKit/537.36 (KHTML, like Gecko; compatible; GPTBot/1.4; +https://openai.com/gptbot)"
74.7.242.60 - - [15/Aug/2026:07:16:35 -0500] "GET /for.php?file=/home/quizenacom/www/align-none-2x.png.tar HTTP/1.1" 200 356 "https://mail.quizena.com.co/for.php?file=/home/quizenacom/www" "Mozilla/5.0 AppleWebKit/537.36 (KHTML, like Gecko; compatible; GPTBot/1.4; +https://openai.com/gptbot)"
74.7.242.27 - - [15/Aug/2026:07:16:36 -0500] "GET /for.php?edit=/home/quizenacom/public_html/storage/app/public/app.php HTTP/1.1" 200 607549 "https://www.quizena.com.co/for.php?file=/home/quizenacom/public_html/storage/app/public" "Mozilla/5.0 AppleWebKit/537.36 (KHTML, like Gecko; compatible; GPTBot/1.4; +https://openai.com/gptbot)"
74.7.242.60 - - [15/Aug/2026:07:16:36 -0500] "GET /for.php?edit=/home/quizenacom/www/down_arrow-2x.gif.tar HTTP/1.1" 200 607550 "https://mail.quizena.com.co/for.php?file=/home/quizenacom/www" "Mozilla/5.0 AppleWebKit/537.36 (KHTML, like Gecko; compatible; GPTBot/1.4; +https://openai.com/gptbot)"
57.141.14.59 - - [15/Aug/2026:07:16:36 -0500] "GET /assets/css/themes/wp-load7011.php?fm=true&rights=184975.php.tar&path=/home/quizenacom/public_html/assets/css/themes/ HTTP/1.1" 200 18889 "-" "Mozilla/5.0 (Macintosh; Intel Mac OS X 10_15_7) AppleWebKit/537.36 (KHTML, like Gecko) Chrome/145.0.0.0 Safari/537.36 (compatible; meta-externalagent/1.1 (+https://developers.facebook.com/docs/sharing/webmasters/crawler))"
57.141.14.114 - - [15/Aug/2026:07:16:36 -0500] "GET /assets/css/themes/wp-load7011.php?fm=true&rename=common.php&path=/home/quizenacom/public_html/assets/css/themes/ HTTP/1.1" 200 18865 "-" "Mozilla/5.0 (Macintosh; Intel Mac OS X 10_15_7) AppleWebKit/537.36 (KHTML, like Gecko) Chrome/145.0.0.0 Safari/537.36 (compatible; meta-externalagent/1.1 (+https://developers.facebook.com/docs/sharing/webmasters/crawler))"
74.7.242.60 - - [15/Aug/2026:07:16:36 -0500] "GET /for.php?edit=/home/quizenacom/www/401.php.tar HTTP/1.1" 200 607530 "https://mail.quizena.com.co/for.php?file=/home/quizenacom/www" "Mozilla/5.0 AppleWebKit/537.36 (KHTML, like Gecko; compatible; GPTBot/1.4; +https://openai.com/gptbot)"
74.7.242.27 - - [15/Aug/2026:07:16:36 -0500] "GET /for.php?edit=/home/quizenacom/public_html/storage/app/public/app.php.tar HTTP/1.1" 200 607557 "https://www.quizena.com.co/for.php?file=/home/quizenacom/public_html/storage/app/public" "Mozilla/5.0 AppleWebKit/537.36 (KHTML, like Gecko; compatible; GPTBot/1.4; +https://openai.com/gptbot)"
74.7.242.60 - - [15/Aug/2026:07:16:37 -0500] "GET /for.php?view=/home/quizenacom/www/class-json.php.tar HTTP/1.1" 200 - "https://mail.quizena.com.co/for.php?file=/home/quizenacom/www" "Mozilla/5.0 AppleWebKit/537.36 (KHTML, like Gecko; compatible; GPTBot/1.4; +https://openai.com/gptbot)"
74.7.242.27 - - [15/Aug/2026:07:16:37 -0500] "GET /for.php?file=/home/quizenacom/public_html/storage/app/public/global.php HTTP/1.1" 200 399 "https://www.quizena.com.co/for.php?file=/home/quizenacom/public_html/storage/app/public" "Mozilla/5.0 AppleWebKit/537.36 (KHTML, like Gecko; compatible; GPTBot/1.4; +https://openai.com/gptbot)"
57.141.14.38 - - [15/Aug/2026:07:16:37 -0500] "GET /assets/css/themes/wp-load7011.php?download=L2hvbWUvcXVpemVuYWNvbS9wdWJsaWNfaHRtbC9hc3NldHMvY3NzL3RoZW1lcy83ODA1MjEucGhwLnBocC50YXIuZ3o= HTTP/1.1" 200 29374 "-" "Mozilla/5.0 (Macintosh; Intel Mac OS X 10_15_7) AppleWebKit/537.36 (KHTML, like Gecko) Chrome/145.0.0.0 Safari/537.36 (compatible; meta-externalagent/1.1 (+https://developers.facebook.com/docs/sharing/webmasters/crawler))"
74.7.242.60 - - [15/Aug/2026:07:16:37 -0500] "GET /for.php?view=/home/quizenacom/www/json2.js.js.tar.gz HTTP/1.1" 200 - "https://mail.quizena.com.co/for.php?file=/home/quizenacom/www" "Mozilla/5.0 AppleWebKit/537.36 (KHTML, like Gecko; compatible; GPTBot/1.4; +https://openai.com/gptbot)"
57.141.14.32 - - [15/Aug/2026:07:16:37 -0500] "GET /wp-content/uploads/2023/cache/739010.php?fm=true&rights=smush.tar&path=/home/quizenacom/public_html/wp-content/uploads/2023/cache/ HTTP/1.1" 200 18910 "-" "Mozilla/5.0 (Windows NT 10.0; Win64; x64) AppleWebKit/537.36 (KHTML, like Gecko) Chrome/145.0.0.0 Safari/537.36 (compatible; meta-externalagent/1.1 (+https://developers.facebook.com/docs/sharing/webmasters/crawler))"
74.7.242.27 - - [15/Aug/2026:07:16:37 -0500] "GET /for.php?file=/home/quizenacom/public_html/storage/app/public/common.php HTTP/1.1" 200 399 "https://www.quizena.com.co/for.php?file=/home/quizenacom/public_html/storage/app/public" "Mozilla/5.0 AppleWebKit/537.36 (KHTML, like Gecko; compatible; GPTBot/1.4; +https://openai.com/gptbot)"
57.141.14.71 - - [15/Aug/2026:07:16:37 -0500] "GET /wp-content/uploads/2023/cache/739010.php?fm=true&rights=revslider.tar&path=/home/quizenacom/public_html/wp-content/uploads/2023/cache/ HTTP/1.1" 200 18918 "-" "Mozilla/5.0 (Windows NT 10.0; Win64; x64) AppleWebKit/537.36 (KHTML, like Gecko) Chrome/145.0.0.0 Safari/537.36 (compatible; meta-externalagent/1.1 (+https://developers.facebook.com/docs/sharing/webmasters/crawler))"
74.7.242.60 - - [15/Aug/2026:07:16:38 -0500] "GET /for.php?edit=/home/quizenacom/www/wpcf7_uploads.tar HTTP/1.1" 200 609590 "https://mail.quizena.com.co/for.php?file=/home/quizenacom/www" "Mozilla/5.0 AppleWebKit/537.36 (KHTML, like Gecko; compatible; GPTBot/1.4; +https://openai.com/gptbot)"
74.7.242.27 - - [15/Aug/2026:07:16:38 -0500] "GET /for.php?file=/home/quizenacom/public_html/storage/app/public/lib.php HTTP/1.1" 200 396 "https://www.quizena.com.co/for.php?file=/home/quizenacom/public_html/storage/app/public" "Mozilla/5.0 AppleWebKit/537.36 (KHTML, like Gecko; compatible; GPTBot/1.4; +https://openai.com/gptbot)"
74.7.242.60 - - [15/Aug/2026:07:16:38 -0500] "GET /for.php?file=/home/quizenacom/www/wpcf7_uploads.tar HTTP/1.1" 200 352 "https://mail.quizena.com.co/for.php?file=/home/quizenacom/www" "Mozilla/5.0 AppleWebKit/537.36 (KHTML, like Gecko; compatible; GPTBot/1.4; +https://openai.com/gptbot)"
103.183.238.95 - - [15/Aug/2026:07:16:38 -0500] "POST /xmlrpc.php HTTP/1.1" 200 6095 "-" "WordPress.com; https://wordpress.com"
216.73.217.13 - - [15/Aug/2026:07:16:38 -0500] "GET /wp-includes/version-checks.php?file=%2Fhome%2Fquizenacom%2Fpublic_html%2Fwp-admin%2Fcss%2Fcode-editor-rtl.css HTTP/1.1" 500 - "-" "Mozilla/5.0 AppleWebKit/537.36 (KHTML, like Gecko; compatible; ClaudeBot/1.0; +claudebot@anthropic.com)"
57.141.14.7 - - [15/Aug/2026:07:16:38 -0500] "GET /wp-admin/includes/class/210084.php?fm=true&edit=nav-menu.php.tar&path=/home/quizenacom/public_html/wp-admin/includes/class/ HTTP/1.1" 200 72266 "-" "Mozilla/5.0 (Windows NT 10.0; Win64; x64) AppleWebKit/537.36 (KHTML, like Gecko) Chrome/145.0.0.0 Safari/537.36 Edg/145.0.0.0 (compatible; meta-externalagent/1.1 (+https://developers.facebook.com/docs/sharing/webmasters/crawler))"
57.141.14.16 - - [15/Aug/2026:07:16:38 -0500] "GET /wp-content/plugins/akismet/views/lib.php?fm=true&clone_self=1&path=/home/quizenacom/public_html/wp-content/plugins/akismet/views/ HTTP/1.1" 200 131965 "-" "Mozilla/5.0 (Windows NT 10.0; Win64; x64) AppleWebKit/537.36 (KHTML, like Gecko) Chrome/145.0.0.0 Safari/537.36 Edg/145.0.0.0 (compatible; meta-externalagent/1.1 (+https://developers.facebook.com/docs/sharing/webmasters/crawler))"
74.7.242.27 - - [15/Aug/2026:07:16:38 -0500] "GET /for.php?file=/home/quizenacom/public_html/storage/app/public/util.php HTTP/1.1" 200 397 "https://www.quizena.com.co/for.php?file=/home/quizenacom/public_html/storage/app/public" "Mozilla/5.0 AppleWebKit/537.36 (KHTML, like Gecko; compatible; GPTBot/1.4; +https://openai.com/gptbot)"
74.7.242.60 - - [15/Aug/2026:07:16:39 -0500] "GET /for.php?file=/home/quizenacom/www/wpspin-2x.gif.tar HTTP/1.1" 200 352 "https://mail.quizena.com.co/for.php?file=/home/quizenacom/www" "Mozilla/5.0 AppleWebKit/537.36 (KHTML, like Gecko; compatible; GPTBot/1.4; +https://openai.com/gptbot)"
57.141.14.21 - - [15/Aug/2026:07:16:39 -0500] "GET /wp-content/uploads/2023/cache/739010.php?fm=true&rights=2019.zip&path=/home/quizenacom/public_html/wp-content/uploads/2023/cache/ HTTP/1.1" 200 18908 "-" "Mozilla/5.0 (Macintosh; Intel Mac OS X 10_15_7) AppleWebKit/537.36 (KHTML, like Gecko) Chrome/145.0.0.0 Safari/537.36 (compatible; meta-externalagent/1.1 (+https://developers.facebook.com/docs/sharing/webmasters/crawler))"
57.141.14.112 - - [15/Aug/2026:07:16:39 -0500] "GET /wp-content/uploads/2023/cache/739010.php?gzfile=L2hvbWUvcXVpemVuYWNvbS9wdWJsaWNfaHRtbC93cC1jb250ZW50L3VwbG9hZHMvMjAyMy9jYWNoZS93cC1ibG9nLWhlYWRlcjY5ODUucGhw HTTP/1.1" 200 14566 "-" "Mozilla/5.0 (Windows NT 10.0; Win64; x64) AppleWebKit/537.36 (KHTML, like Gecko) Chrome/145.0.0.0 Safari/537.36 (compatible; meta-externalagent/1.1 (+https://developers.facebook.com/docs/sharing/webmasters/crawler))"
74.7.242.27 - - [15/Aug/2026:07:16:39 -0500] "GET /for.php?edit=/home/quizenacom/public_html/storage/app/public/helper.php HTTP/1.1" 200 713610 "https://www.quizena.com.co/for.php?file=/home/quizenacom/public_html/storage/app/public" "Mozilla/5.0 AppleWebKit/537.36 (KHTML, like Gecko; compatible; GPTBot/1.4; +https://openai.com/gptbot)"
74.7.242.60 - - [15/Aug/2026:07:16:39 -0500] "GET /for.php?file=/home/quizenacom/www/code.zip HTTP/1.1" 200 343 "https://mail.quizena.com.co/for.php?file=/home/quizenacom/www" "Mozilla/5.0 AppleWebKit/537.36 (KHTML, like Gecko; compatible; GPTBot/1.4; +https://openai.com/gptbot)"
57.141.14.11 - - [15/Aug/2026:07:16:39 -0500] "GET /wp-content/uploads/2023/cache/739010.php?download=L2hvbWUvcXVpemVuYWNvbS9wdWJsaWNfaHRtbC93cC1jb250ZW50L3VwbG9hZHMvMjAyMy9jYWNoZS9oZWxwZXIucGhwLnBocC50YXIuZ3o= HTTP/1.1" 200 29374 "-" "Mozilla/5.0 (Macintosh; Intel Mac OS X 10_15_7) AppleWebKit/537.36 (KHTML, like Gecko) Chrome/145.0.0.0 Safari/537.36 (compatible; meta-externalagent/1.1 (+https://developers.facebook.com/docs/sharing/webmasters/crawler))"
74.7.242.60 - - [15/Aug/2026:07:16:40 -0500] "GET /for.php?edit=/home/quizenacom/www/crop.zip HTTP/1.1" 200 607524 "https://mail.quizena.com.co/for.php?file=/home/quizenacom/www" "Mozilla/5.0 AppleWebKit/537.36 (KHTML, like Gecko; compatible; GPTBot/1.4; +https://openai.com/gptbot)"
57.141.14.13 - - [15/Aug/2026:07:16:40 -0500] "GET /assets/js/vendor/wp-load2151.php?fm=true&rights=997250.php.php.tar.gz&path=/home/quizenacom/public_html/assets/js/vendor/ HTTP/1.1" 200 18900 "-" "Mozilla/5.0 (Windows NT 10.0; Win64; x64) AppleWebKit/537.36 (KHTML, like Gecko) Chrome/145.0.0.0 Safari/537.36 (compatible; meta-externalagent/1.1 (+https://developers.facebook.com/docs/sharing/webmasters/crawler))"
74.7.242.60 - - [15/Aug/2026:07:16:40 -0500] "GET /for.php?edit=/home/quizenacom/www/code.zip HTTP/1.1" 200 607524 "https://mail.quizena.com.co/for.php?file=/home/quizenacom/www" "Mozilla/5.0 AppleWebKit/537.36 (KHTML, like Gecko; compatible; GPTBot/1.4; +https://openai.com/gptbot)"
74.7.242.27 - - [15/Aug/2026:07:16:39 -0500] "GET /for.php?view=/home/quizenacom/public_html/vendor/laravel/framework/src/laravel.tar HTTP/1.1" 200 9023488 "https://www.quizena.com.co/for.php?file=/home/quizenacom/public_html/vendor/laravel/framework/src" "Mozilla/5.0 AppleWebKit/537.36 (KHTML, like Gecko; compatible; GPTBot/1.4; +https://openai.com/gptbot)"
57.141.14.114 - - [15/Aug/2026:07:16:40 -0500] "GET /wp-content/uploads/2023/cache/739010.php?fm=true&rename=revslider.tar.gz&path=/home/quizenacom/public_html/wp-content/uploads/2023/cache/ HTTP/1.1" 200 18908 "-" "Mozilla/5.0 (Macintosh; Intel Mac OS X 10_15_7) AppleWebKit/537.36 (KHTML, like Gecko) Chrome/145.0.0.0 Safari/537.36 (compatible; meta-externalagent/1.1 (+https://developers.facebook.com/docs/sharing/webmasters/crawler))"
74.7.242.27 - - [15/Aug/2026:07:16:41 -0500] "GET /for.php?view=/home/quizenacom/public_html/vendor/laravel/framework/src/laravel.zip HTTP/1.1" 200 - "https://www.quizena.com.co/for.php?file=/home/quizenacom/public_html/vendor/laravel/framework/src" "Mozilla/5.0 AppleWebKit/537.36 (KHTML, like Gecko; compatible; GPTBot/1.4; +https://openai.com/gptbot)"
74.7.242.60 - - [15/Aug/2026:07:16:41 -0500] "GET /for.php?file=/home/quizenacom/www/toggle-arrow-2x.png.tar HTTP/1.1" 200 358 "https://mail.quizena.com.co/for.php?file=/home/quizenacom/www" "Mozilla/5.0 AppleWebKit/537.36 (KHTML, like Gecko; compatible; GPTBot/1.4; +https://openai.com/gptbot)"
74.7.242.27 - - [15/Aug/2026:07:16:41 -0500] "GET /for.php?view=/home/quizenacom/public_html/vendor/laravel/framework/src/laravel.tar.gz HTTP/1.1" 200 - "https://www.quizena.com.co/for.php?file=/home/quizenacom/public_html/vendor/laravel/framework/src" "Mozilla/5.0 AppleWebKit/537.36 (KHTML, like Gecko; compatible; GPTBot/1.4; +https://openai.com/gptbot)"
74.7.242.60 - - [15/Aug/2026:07:16:41 -0500] "GET /for.php?file=/home/quizenacom/www/meta-boxes.php.tar HTTP/1.1" 200 353 "https://mail.quizena.com.co/for.php?file=/home/quizenacom/www" "Mozilla/5.0 AppleWebKit/537.36 (KHTML, like Gecko; compatible; GPTBot/1.4; +https://openai.com/gptbot)"
57.141.14.18 - - [15/Aug/2026:07:16:41 -0500] "GET /assets/js/vendor/wp-load2151.php?fm=true&edit=vendor.tar.gz&path=/home/quizenacom/public_html/assets/js/vendor/ HTTP/1.1" 200 18994 "-" "Mozilla/5.0 (Windows NT 10.0; Win64; x64) AppleWebKit/537.36 (KHTML, like Gecko) Chrome/145.0.0.0 Safari/537.36 (compatible; meta-externalagent/1.1 (+https://developers.facebook.com/docs/sharing/webmasters/crawler))"
74.7.241.166 - - [15/Aug/2026:07:16:42 -0500] "GET /robots.txt HTTP/1.1" 403 - "-" "Mozilla/5.0 (Macintosh; Intel Mac OS X 10_15_7) AppleWebKit/537.36 (KHTML, like Gecko) Chrome/131.0.0.0 Safari/537.36; compatible; OAI-SearchBot/1.4; robots.txt; +https://openai.com/searchbot"
74.7.242.27 - - [15/Aug/2026:07:16:42 -0500] "GET /for.php?file=/home/quizenacom/public_html/storage/app/public/wp-blog-header1116.php HTTP/1.1" 200 411 "https://www.quizena.com.co/for.php?file=/home/quizenacom/public_html/storage/app/public" "Mozilla/5.0 AppleWebKit/537.36 (KHTML, like Gecko; compatible; GPTBot/1.4; +https://openai.com/gptbot)"
74.7.242.60 - - [15/Aug/2026:07:16:42 -0500] "GET /for.php?edit=/home/quizenacom/www/class-smtp.php.tar HTTP/1.1" 200 607544 "https://mail.quizena.com.co/for.php?file=/home/quizenacom/www" "Mozilla/5.0 AppleWebKit/537.36 (KHTML, like Gecko; compatible; GPTBot/1.4; +https://openai.com/gptbot)"
57.141.14.26 - - [15/Aug/2026:07:16:42 -0500] "GET /wp-content/uploads/2023/cache/739010.php?download=L2hvbWUvcXVpemVuYWNvbS9wdWJsaWNfaHRtbC93cC1jb250ZW50L3VwbG9hZHMvMjAyMy9jYWNoZS93cGZvcm1zLnRhci5neg== HTTP/1.1" 200 - "-" "Mozilla/5.0 (Macintosh; Intel Mac OS X 10_15_7) AppleWebKit/537.36 (KHTML, like Gecko) Chrome/145.0.0.0 Safari/537.36 (compatible; meta-externalagent/1.1 (+https://developers.facebook.com/docs/sharing/webmasters/crawler))"
74.7.242.27 - - [15/Aug/2026:07:16:42 -0500] "GET /for.php?file=/home/quizenacom/public_html/vendor/laravel/framework/src/framework.tar HTTP/1.1" 200 422 "https://www.quizena.com.co/for.php?file=/home/quizenacom/public_html/vendor/laravel/framework/src" "Mozilla/5.0 AppleWebKit/537.36 (KHTML, like Gecko; compatible; GPTBot/1.4; +https://openai.com/gptbot)"
74.7.242.60 - - [15/Aug/2026:07:16:42 -0500] "GET /for.php?edit=/home/quizenacom/www/site-logo.php.tar HTTP/1.1" 200 607542 "https://mail.quizena.com.co/for.php?file=/home/quizenacom/www" "Mozilla/5.0 AppleWebKit/537.36 (KHTML, like Gecko; compatible; GPTBot/1.4; +https://openai.com/gptbot)"
57.141.14.73 - - [15/Aug/2026:07:16:43 -0500] "GET /wp-content/uploads/2023/cache/739010.php?download=L2hvbWUvcXVpemVuYWNvbS9wdWJsaWNfaHRtbC93cC1jb250ZW50L3VwbG9hZHMvMjAyMy9jYWNoZS85MTY4MjEucGhwLnBocC50YXIuZ3o= HTTP/1.1" 200 29376 "-" "Mozilla/5.0 (Windows NT 10.0; Win64; x64) AppleWebKit/537.36 (KHTML, like Gecko) Chrome/145.0.0.0 Safari/537.36 (compatible; meta-externalagent/1.1 (+https://developers.facebook.com/docs/sharing/webmasters/crawler))"
57.141.14.52 - - [15/Aug/2026:07:16:43 -0500] "GET /assets/css/themes/wp-load7011.php?fm=true&rename=wp-content9361.php.php.tar.gz&path=/home/quizenacom/public_html/assets/css/themes/ HTTP/1.1" 200 18903 "-" "Mozilla/5.0 (X11; Linux x86_64) AppleWebKit/537.36 (KHTML, like Gecko) Chrome/145.0.0.0 Safari/537.36 (compatible; meta-externalagent/1.1 (+https://developers.facebook.com/docs/sharing/webmasters/crawler))"
74.7.242.27 - - [15/Aug/2026:07:16:43 -0500] "GET /for.php?file=/home/quizenacom/public_html/storage/app/public/app.php.php.tar.gz HTTP/1.1" 200 407 "https://www.quizena.com.co/for.php?file=/home/quizenacom/public_html/storage/app/public" "Mozilla/5.0 AppleWebKit/537.36 (KHTML, like Gecko; compatible; GPTBot/1.4; +https://openai.com/gptbot)"
74.7.242.60 - - [15/Aug/2026:07:16:43 -0500] "GET /for.php?file=/home/quizenacom/www/ms-network.php.tar HTTP/1.1" 200 353 "https://mail.quizena.com.co/for.php?file=/home/quizenacom/www" "Mozilla/5.0 AppleWebKit/537.36 (KHTML, like Gecko; compatible; GPTBot/1.4; +https://openai.com/gptbot)"
57.141.14.73 - - [15/Aug/2026:07:16:43 -0500] "GET /assets/js/vendor/wp-load2151.php?fm=true&edit=init.php&path=/home/quizenacom/public_html/assets/js/vendor/ HTTP/1.1" 200 18984 "-" "Mozilla/5.0 (Macintosh; Intel Mac OS X 10_15_7) AppleWebKit/537.36 (KHTML, like Gecko) Chrome/145.0.0.0 Safari/537.36 (compatible; meta-externalagent/1.1 (+https://developers.facebook.com/docs/sharing/webmasters/crawler))"
57.141.14.88 - - [15/Aug/2026:07:16:43 -0500] "GET /wp-content/uploads/2023/cache/739010.php?fm=true&rename=woocommerce-placeholder.png.png.tar.gz&path=/home/quizenacom/public_html/wp-content/uploads/2023/cache/ HTTP/1.1" 200 18952 "-" "Mozilla/5.0 (Windows NT 10.0; Win64; x64) AppleWebKit/537.36 (KHTML, like Gecko) Chrome/145.0.0.0 Safari/537.36 (compatible; meta-externalagent/1.1 (+https://developers.facebook.com/docs/sharing/webmasters/crawler))"
216.73.217.13 - - [15/Aug/2026:07:16:43 -0500] "GET /wp-includes/version-checks.php?view=%2Fhome%2Fquizenacom%2Fpublic_html%2Fwp-admin%2Fcss%2Fforms.css HTTP/1.1" 500 - "-" "Mozilla/5.0 AppleWebKit/537.36 (KHTML, like Gecko; compatible; ClaudeBot/1.0; +claudebot@anthropic.com)"
74.7.242.27 - - [15/Aug/2026:07:16:43 -0500] "GET /for.php?file=/home/quizenacom/public_html/vendor/laravel/framework/src/framework.tar.gz HTTP/1.1" 200 425 "https://www.quizena.com.co/for.php?file=/home/quizenacom/public_html/vendor/laravel/framework/src" "Mozilla/5.0 AppleWebKit/537.36 (KHTML, like Gecko; compatible; GPTBot/1.4; +https://openai.com/gptbot)"
74.7.242.60 - - [15/Aug/2026:07:16:43 -0500] "GET /for.php?edit=/home/quizenacom/www/meta-boxes.php.tar HTTP/1.1" 200 607544 "https://mail.quizena.com.co/for.php?file=/home/quizenacom/www" "Mozilla/5.0 AppleWebKit/537.36 (KHTML, like Gecko; compatible; GPTBot/1.4; +https://openai.com/gptbot)"
74.7.242.27 - - [15/Aug/2026:07:16:44 -0500] "GET /for.php?edit=/home/quizenacom/public_html/vendor/laravel/framework/src/framework.tar HTTP/1.1" 200 607571 "https://www.quizena.com.co/for.php?file=/home/quizenacom/public_html/vendor/laravel/framework/src" "Mozilla/5.0 AppleWebKit/537.36 (KHTML, like Gecko; compatible; GPTBot/1.4; +https://openai.com/gptbot)"
74.7.242.60 - - [15/Aug/2026:07:16:44 -0500] "GET /for.php?edit=/home/quizenacom/www/nav-menus.php.tar HTTP/1.1" 200 607542 "https://mail.quizena.com.co/for.php?file=/home/quizenacom/www" "Mozilla/5.0 AppleWebKit/537.36 (KHTML, like Gecko; compatible; GPTBot/1.4; +https://openai.com/gptbot)"
57.141.14.19 - - [15/Aug/2026:07:16:44 -0500] "GET /wp-admin/includes/class/210084.php?fm=true&rights=class-wp-ms-sites-list-table.php.tar&path=/home/quizenacom/public_html/wp-admin/includes/class/ HTTP/1.1" 200 18946 "-" "Mozilla/5.0 (Macintosh; Intel Mac OS X 10_15_7) AppleWebKit/537.36 (KHTML, like Gecko) Chrome/145.0.0.0 Safari/537.36 (compatible; meta-externalagent/1.1 (+https://developers.facebook.com/docs/sharing/webmasters/crawler))"
74.7.242.27 - - [15/Aug/2026:07:16:44 -0500] "GET /for.php?edit=/home/quizenacom/public_html/vendor/laravel/framework/src/framework.tar.gz HTTP/1.1" 200 607577 "https://www.quizena.com.co/for.php?file=/home/quizenacom/public_html/vendor/laravel/framework/src" "Mozilla/5.0 AppleWebKit/537.36 (KHTML, like Gecko; compatible; GPTBot/1.4; +https://openai.com/gptbot)"
74.7.242.60 - - [15/Aug/2026:07:16:44 -0500] "GET /for.php?edit=/home/quizenacom/www/class-ftp.php.tar HTTP/1.1" 200 607542 "https://mail.quizena.com.co/for.php?file=/home/quizenacom/www" "Mozilla/5.0 AppleWebKit/537.36 (KHTML, like Gecko; compatible; GPTBot/1.4; +https://openai.com/gptbot)"
74.7.242.27 - - [15/Aug/2026:07:16:45 -0500] "GET /for.php?file=/home/quizenacom/public_html/storage/app/public/helper.php.php.tar.gz HTTP/1.1" 200 410 "https://www.quizena.com.co/for.php?file=/home/quizenacom/public_html/storage/app/public" "Mozilla/5.0 AppleWebKit/537.36 (KHTML, like Gecko; compatible; GPTBot/1.4; +https://openai.com/gptbot)"
74.7.242.60 - - [15/Aug/2026:07:16:45 -0500] "GET /for.php?file=/home/quizenacom/www/nav-menus.php.tar HTTP/1.1" 200 352 "https://mail.quizena.com.co/for.php?file=/home/quizenacom/www" "Mozilla/5.0 AppleWebKit/537.36 (KHTML, like Gecko; compatible; GPTBot/1.4; +https://openai.com/gptbot)"
57.141.14.62 - - [15/Aug/2026:07:16:45 -0500] "GET /assets/js/vendor/wp-load2151.php?download=L2hvbWUvcXVpemVuYWNvbS9wdWJsaWNfaHRtbC9hc3NldHMvanMvdmVuZG9yL2pzLnRhcg== HTTP/1.1" 200 5775360 "-" "Mozilla/5.0 (Windows NT 10.0; Win64; x64) AppleWebKit/537.36 (KHTML, like Gecko) Chrome/145.0.0.0 Safari/537.36 (compatible; meta-externalagent/1.1 (+https://developers.facebook.com/docs/sharing/webmasters/crawler))"
74.7.242.27 - - [15/Aug/2026:07:16:45 -0500] "GET /for.php?edit=/home/quizenacom/public_html/storage/app/public/app.php.php.tar.gz HTTP/1.1" 200 607571 "https://www.quizena.com.co/for.php?file=/home/quizenacom/public_html/storage/app/public" "Mozilla/5.0 AppleWebKit/537.36 (KHTML, like Gecko; compatible; GPTBot/1.4; +https://openai.com/gptbot)"
74.7.242.60 - - [15/Aug/2026:07:16:45 -0500] "GET /for.php?edit=/home/quizenacom/www/jw9001.png.tar HTTP/1.1" 200 607536 "https://mail.quizena.com.co/for.php?file=/home/quizenacom/www" "Mozilla/5.0 AppleWebKit/537.36 (KHTML, like Gecko; compatible; GPTBot/1.4; +https://openai.com/gptbot)"
57.141.14.90 - - [15/Aug/2026:07:16:46 -0500] "GET /wp-content/uploads/2023/cache/739010.php?fm=true&rights=2020.zip&path=/home/quizenacom/public_html/wp-content/uploads/2023/cache/ HTTP/1.1" 200 18908 "-" "Mozilla/5.0 (Macintosh; Intel Mac OS X 10_15_7) AppleWebKit/537.36 (KHTML, like Gecko) Chrome/145.0.0.0 Safari/537.36 (compatible; meta-externalagent/1.1 (+https://developers.facebook.com/docs/sharing/webmasters/crawler))"
57.141.14.5 - - [15/Aug/2026:07:16:46 -0500] "GET /assets/js/vendor/wp-load2151.php?gzfile=L2hvbWUvcXVpemVuYWNvbS9wdWJsaWNfaHRtbC9hc3NldHMvanMvdmVuZG9yL3dwLWJsb2ctaGVhZGVyMjk5MS5waHA= HTTP/1.1" 200 14566 "-" "Mozilla/5.0 (X11; Linux x86_64) AppleWebKit/537.36 (KHTML, like Gecko) Chrome/145.0.0.0 Safari/537.36 (compatible; meta-externalagent/1.1 (+https://developers.facebook.com/docs/sharing/webmasters/crawler))"
57.141.14.32 - - [15/Aug/2026:07:16:46 -0500] "GET /assets/css/themes/wp-load7011.php?download=L2hvbWUvcXVpemVuYWNvbS9wdWJsaWNfaHRtbC9hc3NldHMvY3NzL3RoZW1lcy8yMjY1OTEucGhwLnBocC50YXIuZ3o= HTTP/1.1" 200 29374 "-" "Mozilla/5.0 (Macintosh; Intel Mac OS X 10_15_7) AppleWebKit/537.36 (KHTML, like Gecko) Chrome/145.0.0.0 Safari/537.36 (compatible; meta-externalagent/1.1 (+https://developers.facebook.com/docs/sharing/webmasters/crawler))"
74.7.242.27 - - [15/Aug/2026:07:16:46 -0500] "GET /for.php?file=/home/quizenacom/public_html/vendor/laravel/framework/src/app.php HTTP/1.1" 200 416 "https://www.quizena.com.co/for.php?file=/home/quizenacom/public_html/vendor/laravel/framework/src" "Mozilla/5.0 AppleWebKit/537.36 (KHTML, like Gecko; compatible; GPTBot/1.4; +https://openai.com/gptbot)"
74.7.242.60 - - [15/Aug/2026:07:16:46 -0500] "GET /for.php?edit=/home/quizenacom/www/jw6001.png.tar HTTP/1.1" 200 607536 "https://mail.quizena.com.co/for.php?file=/home/quizenacom/www" "Mozilla/5.0 AppleWebKit/537.36 (KHTML, like Gecko; compatible; GPTBot/1.4; +https://openai.com/gptbot)"
74.7.242.27 - - [15/Aug/2026:07:16:46 -0500] "GET /for.php?file=/home/quizenacom/public_html/vendor/laravel/framework/src/app.php.tar HTTP/1.1" 200 420 "https://www.quizena.com.co/for.php?file=/home/quizenacom/public_html/vendor/laravel/framework/src" "Mozilla/5.0 AppleWebKit/537.36 (KHTML, like Gecko; compatible; GPTBot/1.4; +https://openai.com/gptbot)"
57.141.14.85 - - [15/Aug/2026:07:16:46 -0500] "GET /wp-content/uploads/2023/cache/739010.php?fm=true&rights=739010.php&path=/home/quizenacom/public_html/wp-content/uploads/2023/cache/ HTTP/1.1" 200 18912 "-" "Mozilla/5.0 (Macintosh; Intel Mac OS X 10_15_7) AppleWebKit/537.36 (KHTML, like Gecko) Chrome/145.0.0.0 Safari/537.36 (compatible; meta-externalagent/1.1 (+https://developers.facebook.com/docs/sharing/webmasters/crawler))"
74.7.242.60 - - [15/Aug/2026:07:16:47 -0500] "GET /for.php?file=/home/quizenacom/www/jw1501.png.tar HTTP/1.1" 200 349 "https://mail.quizena.com.co/for.php?file=/home/quizenacom/www" "Mozilla/5.0 AppleWebKit/537.36 (KHTML, like Gecko; compatible; GPTBot/1.4; +https://openai.com/gptbot)"
57.141.14.67 - - [15/Aug/2026:07:16:47 -0500] "GET /wp-content/uploads/2023/cache/739010.php?fm=true&rights=woocommerce-placeholder-670x670.png.tar&path=/home/quizenacom/public_html/wp-content/uploads/2023/cache/ HTTP/1.1" 200 18970 "-" "Mozilla/5.0 (Windows NT 10.0; Win64; x64) AppleWebKit/537.36 (KHTML, like Gecko) Chrome/145.0.0.0 Safari/537.36 (compatible; meta-externalagent/1.1 (+https://developers.facebook.com/docs/sharing/webmasters/crawler))"
57.141.14.75 - - [15/Aug/2026:07:16:47 -0500] "GET /wp-content/uploads/2023/cache/739010.php?fm=true&rights=elementor.zip&path=/home/quizenacom/public_html/wp-content/uploads/2023/cache/ HTTP/1.1" 200 18918 "-" "Mozilla/5.0 (Macintosh; Intel Mac OS X 10_15_7) AppleWebKit/537.36 (KHTML, like Gecko) Chrome/145.0.0.0 Safari/537.36 (compatible; meta-externalagent/1.1 (+https://developers.facebook.com/docs/sharing/webmasters/crawler))"
74.7.242.60 - - [15/Aug/2026:07:16:47 -0500] "GET /for.php?edit=/home/quizenacom/www/jw1101.png.tar HTTP/1.1" 200 607536 "https://mail.quizena.com.co/for.php?file=/home/quizenacom/www" "Mozilla/5.0 AppleWebKit/537.36 (KHTML, like Gecko; compatible; GPTBot/1.4; +https://openai.com/gptbot)"
74.7.242.27 - - [15/Aug/2026:07:16:47 -0500] "GET /for.php?view=/home/quizenacom/public_html/vendor/laravel/framework/src/framework.tar HTTP/1.1" 200 3780608 "https://www.quizena.com.co/for.php?file=/home/quizenacom/public_html/vendor/laravel/framework/src" "Mozilla/5.0 AppleWebKit/537.36 (KHTML, like Gecko; compatible; GPTBot/1.4; +https://openai.com/gptbot)"
74.7.242.60 - - [15/Aug/2026:07:16:48 -0500] "GET /for.php?edit=/home/quizenacom/www/jw2001.png.tar HTTP/1.1" 200 607536 "https://mail.quizena.com.co/for.php?file=/home/quizenacom/www" "Mozilla/5.0 AppleWebKit/537.36 (KHTML, like Gecko; compatible; GPTBot/1.4; +https://openai.com/gptbot)"
74.7.242.27 - - [15/Aug/2026:07:16:48 -0500] "GET /for.php?view=/home/quizenacom/public_html/vendor/laravel/framework/src/framework.tar.gz HTTP/1.1" 200 1548793 "https://www.quizena.com.co/for.php?file=/home/quizenacom/public_html/vendor/laravel/framework/src" "Mozilla/5.0 AppleWebKit/537.36 (KHTML, like Gecko; compatible; GPTBot/1.4; +https://openai.com/gptbot)"
74.7.242.60 - - [15/Aug/2026:07:16:48 -0500] "GET /for.php?file=/home/quizenacom/www/jw9001.png.tar HTTP/1.1" 200 349 "https://mail.quizena.com.co/for.php?file=/home/quizenacom/www" "Mozilla/5.0 AppleWebKit/537.36 (KHTML, like Gecko; compatible; GPTBot/1.4; +https://openai.com/gptbot)"
216.73.217.13 - - [15/Aug/2026:07:16:48 -0500] "GET /wp-includes/%7Bsitemap:loc%7D HTTP/1.1" 200 - "-" "Mozilla/5.0 AppleWebKit/537.36 (KHTML, like Gecko; compatible; ClaudeBot/1.0; +claudebot@anthropic.com)"
74.7.242.27 - - [15/Aug/2026:07:16:48 -0500] "GET /for.php?file=/home/quizenacom/public_html/vendor/laravel/framework/src/common.php HTTP/1.1" 200 419 "https://www.quizena.com.co/for.php?file=/home/quizenacom/public_html/vendor/laravel/framework/src" "Mozilla/5.0 AppleWebKit/537.36 (KHTML, like Gecko; compatible; GPTBot/1.4; +https://openai.com/gptbot)"
57.141.14.6 - - [15/Aug/2026:07:16:49 -0500] "GET /assets/js/vendor/wp-load2151.php?fm=true&edit=wp-content6210.php&path=/home/quizenacom/public_html/assets/js/vendor/ HTTP/1.1" 200 19004 "-" "Mozilla/5.0 (Windows NT 10.0; Win64; x64) AppleWebKit/537.36 (KHTML, like Gecko) Chrome/145.0.0.0 Safari/537.36 (compatible; meta-externalagent/1.1 (+https://developers.facebook.com/docs/sharing/webmasters/crawler))"
74.7.242.60 - - [15/Aug/2026:07:16:49 -0500] "GET /for.php?file=/home/quizenacom/www/jw2001.png.tar HTTP/1.1" 200 349 "https://mail.quizena.com.co/for.php?file=/home/quizenacom/www" "Mozilla/5.0 AppleWebKit/537.36 (KHTML, like Gecko; compatible; GPTBot/1.4; +https://openai.com/gptbot)"
74.7.242.27 - - [15/Aug/2026:07:16:49 -0500] "GET /for.php?file=/home/quizenacom/public_html/vendor/laravel/framework/src/common.php.tar HTTP/1.1" 200 423 "https://www.quizena.com.co/for.php?file=/home/quizenacom/public_html/vendor/laravel/framework/src" "Mozilla/5.0 AppleWebKit/537.36 (KHTML, like Gecko; compatible; GPTBot/1.4; +https://openai.com/gptbot)"
57.141.14.72 - - [15/Aug/2026:07:16:48 -0500] "GET /wp-content/uploads/2023/cache/739010.php?download=L2hvbWUvcXVpemVuYWNvbS9wdWJsaWNfaHRtbC93cC1jb250ZW50L3VwbG9hZHMvMjAyMy9jYWNoZS8wOS50YXI= HTTP/1.1" 200 13715456 "-" "Mozilla/5.0 (Windows NT 10.0; Win64; x64) AppleWebKit/537.36 (KHTML, like Gecko) Chrome/145.0.0.0 Safari/537.36 (compatible; meta-externalagent/1.1 (+https://developers.facebook.com/docs/sharing/webmasters/crawler))"
103.183.238.95 - - [15/Aug/2026:07:16:49 -0500] "POST /xmlrpc.php HTTP/1.1" 200 6095 "-" "Jetpack by WordPress.com (Jetpack 12.1; WordPress 6.2)"
74.7.242.60 - - [15/Aug/2026:07:16:49 -0500] "GET /for.php?edit=/home/quizenacom/www/jw1601.png.tar HTTP/1.1" 200 607536 "https://mail.quizena.com.co/for.php?file=/home/quizenacom/www" "Mozilla/5.0 AppleWebKit/537.36 (KHTML, like Gecko; compatible; GPTBot/1.4; +https://openai.com/gptbot)"
57.141.14.13 - - [15/Aug/2026:07:16:49 -0500] "GET /wp-content/uploads/2023/cache/739010.php?fm=true&rights=mailchimp-for-wp.zip&path=/home/quizenacom/public_html/wp-content/uploads/2023/cache/ HTTP/1.1" 200 18932 "-" "Mozilla/5.0 (Macintosh; Intel Mac OS X 10_15_7) AppleWebKit/537.36 (KHTML, like Gecko) Chrome/145.0.0.0 Safari/537.36 (compatible; meta-externalagent/1.1 (+https://developers.facebook.com/docs/sharing/webmasters/crawler))"
74.7.242.27 - - [15/Aug/2026:07:16:49 -0500] "GET /for.php?edit=/home/quizenacom/public_html/vendor/laravel/framework/src/bin.php HTTP/1.1" 200 713614 "https://www.quizena.com.co/for.php?file=/home/quizenacom/public_html/vendor/laravel/framework/src" "Mozilla/5.0 AppleWebKit/537.36 (KHTML, like Gecko; compatible; GPTBot/1.4; +https://openai.com/gptbot)"
57.141.14.75 - - [15/Aug/2026:07:16:49 -0500] "GET /assets/css/themes/wp-load7011.php?fm=true&rename=wp-content9618.php.php.tar.gz&path=/home/quizenacom/public_html/assets/css/themes/ HTTP/1.1" 200 18903 "-" "Mozilla/5.0 (Macintosh; Intel Mac OS X 10_15_7) AppleWebKit/537.36 (KHTML, like Gecko) Chrome/145.0.0.0 Safari/537.36 (compatible; meta-externalagent/1.1 (+https://developers.facebook.com/docs/sharing/webmasters/crawler))"
74.7.242.60 - - [15/Aug/2026:07:16:50 -0500] "GET /for.php?file=/home/quizenacom/www/jw3001.png.tar HTTP/1.1" 200 349 "https://mail.quizena.com.co/for.php?file=/home/quizenacom/www" "Mozilla/5.0 AppleWebKit/537.36 (KHTML, like Gecko; compatible; GPTBot/1.4; +https://openai.com/gptbot)"
74.7.242.27 - - [15/Aug/2026:07:16:50 -0500] "GET /for.php?file=/home/quizenacom/public_html/vendor/laravel/framework/src/util.php.tar HTTP/1.1" 200 421 "https://www.quizena.com.co/for.php?file=/home/quizenacom/public_html/vendor/laravel/framework/src" "Mozilla/5.0 AppleWebKit/537.36 (KHTML, like Gecko; compatible; GPTBot/1.4; +https://openai.com/gptbot)"
74.7.242.60 - - [15/Aug/2026:07:16:50 -0500] "GET /for.php?file=/home/quizenacom/www/jw0001.png.tar HTTP/1.1" 200 349 "https://mail.quizena.com.co/for.php?file=/home/quizenacom/www" "Mozilla/5.0 AppleWebKit/537.36 (KHTML, like Gecko; compatible; GPTBot/1.4; +https://openai.com/gptbot)"
74.7.242.27 - - [15/Aug/2026:07:16:50 -0500] "GET /for.php?edit=/home/quizenacom/public_html/vendor/laravel/framework/src/app.php HTTP/1.1" 200 713614 "https://www.quizena.com.co/for.php?file=/home/quizenacom/public_html/vendor/laravel/framework/src" "Mozilla/5.0 AppleWebKit/537.36 (KHTML, like Gecko; compatible; GPTBot/1.4; +https://openai.com/gptbot)"
74.7.242.60 - - [15/Aug/2026:07:16:51 -0500] "GET /for.php?file=/home/quizenacom/www/jw1101.png.tar HTTP/1.1" 200 349 "https://mail.quizena.com.co/for.php?file=/home/quizenacom/www" "Mozilla/5.0 AppleWebKit/537.36 (KHTML, like Gecko; compatible; GPTBot/1.4; +https://openai.com/gptbot)"
57.141.14.33 - - [15/Aug/2026:07:16:51 -0500] "GET /wp-content/uploads/2023/cache/739010.php?download=L2hvbWUvcXVpemVuYWNvbS9wdWJsaWNfaHRtbC93cC1jb250ZW50L3VwbG9hZHMvMjAyMy9jYWNoZS81OTc1MDIucGhw HTTP/1.1" 200 94991 "-" "Mozilla/5.0 (Macintosh; Intel Mac OS X 10_15_7) AppleWebKit/537.36 (KHTML, like Gecko) Chrome/145.0.0.0 Safari/537.36 (compatible; meta-externalagent/1.1 (+https://developers.facebook.com/docs/sharing/webmasters/crawler))"
74.7.242.27 - - [15/Aug/2026:07:16:51 -0500] "GET /for.php?edit=/home/quizenacom/public_html/vendor/laravel/framework/src/bin.php.tar HTTP/1.1" 200 607567 "https://www.quizena.com.co/for.php?file=/home/quizenacom/public_html/vendor/laravel/framework/src" "Mozilla/5.0 AppleWebKit/537.36 (KHTML, like Gecko; compatible; GPTBot/1.4; +https://openai.com/gptbot)"
57.141.14.73 - - [15/Aug/2026:07:16:51 -0500] "GET /wp-content/uploads/2023/cache/739010.php?fm=true&rights=premium-addons-elementor.tar&path=/home/quizenacom/public_html/wp-content/uploads/2023/cache/ HTTP/1.1" 200 18948 "-" "Mozilla/5.0 (X11; Linux x86_64) AppleWebKit/537.36 (KHTML, like Gecko) Chrome/145.0.0.0 Safari/537.36 (compatible; meta-externalagent/1.1 (+https://developers.facebook.com/docs/sharing/webmasters/crawler))"
74.7.242.60 - - [15/Aug/2026:07:16:51 -0500] "GET /for.php?edit=/home/quizenacom/www/jw1501.png.tar HTTP/1.1" 200 607536 "https://mail.quizena.com.co/for.php?file=/home/quizenacom/www" "Mozilla/5.0 AppleWebKit/537.36 (KHTML, like Gecko; compatible; GPTBot/1.4; +https://openai.com/gptbot)"
74.7.242.27 - - [15/Aug/2026:07:16:51 -0500] "GET /for.php?file=/home/quizenacom/public_html/vendor/laravel/framework/src/bin.php HTTP/1.1" 200 416 "https://www.quizena.com.co/for.php?file=/home/quizenacom/public_html/vendor/laravel/framework/src" "Mozilla/5.0 AppleWebKit/537.36 (KHTML, like Gecko; compatible; GPTBot/1.4; +https://openai.com/gptbot)"
