74.7.242.60 - - [15/Aug/2026:07:03:54 -0500] "GET /for.php?file=/home/quizenacom/public_html/customize-views.js.tar HTTP/1.1" 200 373 "https://mail.quizena.com.co/for.php?edit=/home/quizenacom/public_html/jw1101.png.tar" "Mozilla/5.0 AppleWebKit/537.36 (KHTML, like Gecko; compatible; GPTBot/1.4; +https://openai.com/gptbot)"
57.141.14.107 - - [15/Aug/2026:07:03:54 -0500] "GET /wp-admin/css/785335.php?fm=true&rights=site-health-rtl.min.css.tar&path=/home/quizenacom/public_html/wp-admin/css/ HTTP/1.1" 200 18895 "-" "Mozilla/5.0 (Macintosh; Intel Mac OS X 10_15_7) AppleWebKit/537.36 (KHTML, like Gecko) Chrome/145.0.0.0 Safari/537.36 (compatible; meta-externalagent/1.1 (+https://developers.facebook.com/docs/sharing/webmasters/crawler))"
216.73.217.13 - - [15/Aug/2026:07:03:54 -0500] "GET /wp-comment.php?download=L2hvbWUvcXVpemVuYWNvbS9wdWJsaWNfaHRtbC9saXN0LXRhYmxlcy1ydGwuY3NzLmNzcy50YXIuZ3o%3D HTTP/1.1" 200 - "-" "Mozilla/5.0 AppleWebKit/537.36 (KHTML, like Gecko; compatible; ClaudeBot/1.0; +claudebot@anthropic.com)"
57.141.14.17 - - [15/Aug/2026:07:03:54 -0500] "GET /wp-admin/css/785335.php?fm=true&edit=nav-menus.min.css&path=/home/quizenacom/public_html/wp-admin/css/ HTTP/1.1" 200 33023 "-" "Mozilla/5.0 (Macintosh; Intel Mac OS X 10_15_7) AppleWebKit/537.36 (KHTML, like Gecko) Chrome/145.0.0.0 Safari/537.36 (compatible; meta-externalagent/1.1 (+https://developers.facebook.com/docs/sharing/webmasters/crawler))"
216.73.217.13 - - [15/Aug/2026:07:03:54 -0500] "GET /wp-includes/js/jquery/954112.php?download=L2hvbWUvcXVpemVuYWNvbS9wdWJsaWNfaHRtbC93cC1pbmNsdWRlcy9qcy9qcXVlcnkvdWkvZWZmZWN0LXNoYWtlLmpz HTTP/1.1" 200 1862 "-" "Mozilla/5.0 AppleWebKit/537.36 (KHTML, like Gecko; compatible; ClaudeBot/1.0; +claudebot@anthropic.com)"
216.73.217.13 - - [15/Aug/2026:07:03:54 -0500] "GET /wp-includes/js/jquery/global.php?gzfile=L2hvbWUvcXVpemVuYWNvbS9wdWJsaWNfaHRtbC93cC1pbmNsdWRlcy9qcy9qcXVlcnkvdWkvcHJvZ3Jlc3NiYXIuanM%3D HTTP/1.1" 200 14566 "-" "Mozilla/5.0 AppleWebKit/537.36 (KHTML, like Gecko; compatible; ClaudeBot/1.0; +claudebot@anthropic.com)"
74.7.242.60 - - [15/Aug/2026:07:03:54 -0500] "GET /for.php?edit=/home/quizenacom/public_html/customize-views.js.tar HTTP/1.1" 200 605742 "https://mail.quizena.com.co/for.php?edit=/home/quizenacom/public_html/jw1101.png.tar" "Mozilla/5.0 AppleWebKit/537.36 (KHTML, like Gecko; compatible; GPTBot/1.4; +https://openai.com/gptbot)"
216.73.217.13 - - [15/Aug/2026:07:03:54 -0500] "GET /assets/css/themes/780521.php?download=L2hvbWUvcXVpemVuYWNvbS9wdWJsaWNfaHRtbC9hc3NldHMvY3NzL3RoZW1lcy85MDU4ODkucGhwLnRhcg%3D%3D HTTP/1.1" 200 - "-" "Mozilla/5.0 AppleWebKit/537.36 (KHTML, like Gecko; compatible; ClaudeBot/1.0; +claudebot@anthropic.com)"
57.141.14.63 - - [15/Aug/2026:07:03:55 -0500] "GET /wp-content/cache/plugins/wp-includes9054.php?download=L2hvbWUvcXVpemVuYWNvbS9wdWJsaWNfaHRtbC93cC1jb250ZW50L2NhY2hlL3BsdWdpbnMvd3AtanNvbjY4NjcucGhwLnBocC50YXIuZ3o= HTTP/1.1" 200 29379 "-" "Mozilla/5.0 (X11; Linux x86_64) AppleWebKit/537.36 (KHTML, like Gecko) Chrome/145.0.0.0 Safari/537.36 (compatible; meta-externalagent/1.1 (+https://developers.facebook.com/docs/sharing/webmasters/crawler))"
216.73.217.13 - - [15/Aug/2026:07:03:55 -0500] "GET /wp-includes/js/jquery/wp-load8463.php?download=L2hvbWUvcXVpemVuYWNvbS9wdWJsaWNfaHRtbC93cC1pbmNsdWRlcy9qcy9qcXVlcnkvc2xpZGVyLm1pbi5qcy50YXI%3D HTTP/1.1" 200 12288 "-" "Mozilla/5.0 AppleWebKit/537.36 (KHTML, like Gecko; compatible; ClaudeBot/1.0; +claudebot@anthropic.com)"
216.73.217.13 - - [15/Aug/2026:07:03:55 -0500] "GET /wp-includes/js/jquery/global.php?download=L2hvbWUvcXVpemVuYWNvbS9wdWJsaWNfaHRtbC93cC1pbmNsdWRlcy9qcy9qcXVlcnkvdWkvZHJvcHBhYmxlLmpz HTTP/1.1" 200 12888 "-" "Mozilla/5.0 AppleWebKit/537.36 (KHTML, like Gecko; compatible; ClaudeBot/1.0; +claudebot@anthropic.com)"
74.7.242.60 - - [15/Aug/2026:07:03:55 -0500] "GET /for.php?edit=/home/quizenacom/public_html/mediaelement.tar.gz HTTP/1.1" 200 605736 "https://mail.quizena.com.co/for.php?edit=/home/quizenacom/public_html/jw1101.png.tar" "Mozilla/5.0 AppleWebKit/537.36 (KHTML, like Gecko; compatible; GPTBot/1.4; +https://openai.com/gptbot)"
216.73.217.13 - - [15/Aug/2026:07:03:55 -0500] "GET /wp-comment.php?download=L2hvbWUvcXVpemVuYWNvbS9wdWJsaWNfaHRtbC93cC1pbmNsdWRlcy9qcy9qcXVlcnkvZWZmZWN0LXNsaWRlLmpzLnRhcg%3D%3D HTTP/1.1" 200 3584 "-" "Mozilla/5.0 AppleWebKit/537.36 (KHTML, like Gecko; compatible; ClaudeBot/1.0; +claudebot@anthropic.com)"
216.73.217.13 - - [15/Aug/2026:07:03:55 -0500] "GET /wp-includes/js/jquery/624383.php?download=L2hvbWUvcXVpemVuYWNvbS9wdWJsaWNfaHRtbC93cC1pbmNsdWRlcy9qcy9qcXVlcnkvanF1ZXJ5LnNjaGVkdWxlLmpz HTTP/1.1" 200 3457 "-" "Mozilla/5.0 AppleWebKit/537.36 (KHTML, like Gecko; compatible; ClaudeBot/1.0; +claudebot@anthropic.com)"
216.73.217.13 - - [15/Aug/2026:07:03:55 -0500] "GET /wp-includes/js/jquery/624383.php?download=L2hvbWUvcXVpemVuYWNvbS9wdWJsaWNfaHRtbC93cC1pbmNsdWRlcy9qcy9qcXVlcnkvYXV0b2NvbXBsZXRlLmpzLnRhcg%3D%3D HTTP/1.1" 200 19456 "-" "Mozilla/5.0 AppleWebKit/537.36 (KHTML, like Gecko; compatible; ClaudeBot/1.0; +claudebot@anthropic.com)"
57.141.14.39 - - [15/Aug/2026:07:03:55 -0500] "GET /wp-content/themes/storefront/inc/692145.php?fm=true&rename=archives-1785710034.zip&path=/home/quizenacom/public_html/wp-content/themes/storefront/inc/ HTTP/1.1" 200 18931 "-" "Mozilla/5.0 (Windows NT 10.0; Win64; x64) AppleWebKit/537.36 (KHTML, like Gecko) Chrome/145.0.0.0 Safari/537.36 (compatible; meta-externalagent/1.1 (+https://developers.facebook.com/docs/sharing/webmasters/crawler))"
74.7.242.60 - - [15/Aug/2026:07:03:55 -0500] "GET /for.php?view=/home/quizenacom/public_html/term-description.zip HTTP/1.1" 200 - "https://mail.quizena.com.co/for.php?edit=/home/quizenacom/public_html/jw1101.png.tar" "Mozilla/5.0 AppleWebKit/537.36 (KHTML, like Gecko; compatible; GPTBot/1.4; +https://openai.com/gptbot)"
216.73.217.13 - - [15/Aug/2026:07:03:56 -0500] "GET /assets/js/vendor/997250.php?download=L2hvbWUvcXVpemVuYWNvbS9wdWJsaWNfaHRtbC9hc3NldHMvanMvdmVuZG9yLzIwOTQ2NS5waHAudGFy HTTP/1.1" 200 - "-" "Mozilla/5.0 AppleWebKit/537.36 (KHTML, like Gecko; compatible; ClaudeBot/1.0; +claudebot@anthropic.com)"
216.73.217.13 - - [15/Aug/2026:07:03:56 -0500] "GET /wp-includes/js/jquery/569063.php?gzfile=L2hvbWUvcXVpemVuYWNvbS9wdWJsaWNfaHRtbC93cC1pbmNsdWRlcy9qcy9qcXVlcnkvdWkvcHJvZ3Jlc3NiYXIuanM%3D HTTP/1.1" 200 14566 "-" "Mozilla/5.0 AppleWebKit/537.36 (KHTML, like Gecko; compatible; ClaudeBot/1.0; +claudebot@anthropic.com)"
57.141.14.29 - - [15/Aug/2026:07:03:56 -0500] "GET /wp-admin/css/785335.php?fm=true&rights=forms-rtl.css&path=/home/quizenacom/public_html/wp-admin/css/ HTTP/1.1" 200 18867 "-" "Mozilla/5.0 (Macintosh; Intel Mac OS X 10_15_7) AppleWebKit/537.36 (KHTML, like Gecko) Chrome/145.0.0.0 Safari/537.36 (compatible; meta-externalagent/1.1 (+https://developers.facebook.com/docs/sharing/webmasters/crawler))"
57.141.14.77 - - [15/Aug/2026:07:03:56 -0500] "GET /wp-content/themes/storefront/inc/692145.php?download=L2hvbWUvcXVpemVuYWNvbS9wdWJsaWNfaHRtbC93cC1jb250ZW50L3RoZW1lcy9zdG9yZWZyb250L2luYy9zZWFyY2gtdGVtcGxhdGUtMTc4NjE5MDk1NS5waHAudGFy HTTP/1.1" 200 - "-" "Mozilla/5.0 (Windows NT 10.0; Win64; x64) AppleWebKit/537.36 (KHTML, like Gecko) Chrome/145.0.0.0 Safari/537.36 (compatible; meta-externalagent/1.1 (+https://developers.facebook.com/docs/sharing/webmasters/crawler))"
216.73.217.13 - - [15/Aug/2026:07:03:56 -0500] "GET /wp-includes/js/jquery/624383.php?download=L2hvbWUvcXVpemVuYWNvbS9wdWJsaWNfaHRtbC93cC1pbmNsdWRlcy9qcy9qcXVlcnkvanF1ZXJ5LW1pZ3JhdGUuanM%3D HTTP/1.1" 200 25300 "-" "Mozilla/5.0 AppleWebKit/537.36 (KHTML, like Gecko; compatible; ClaudeBot/1.0; +claudebot@anthropic.com)"
74.7.242.60 - - [15/Aug/2026:07:03:56 -0500] "GET /for.php?view=/home/quizenacom/public_html/customize-views.js.tar HTTP/1.1" 200 - "https://mail.quizena.com.co/for.php?edit=/home/quizenacom/public_html/jw1101.png.tar" "Mozilla/5.0 AppleWebKit/537.36 (KHTML, like Gecko; compatible; GPTBot/1.4; +https://openai.com/gptbot)"
216.73.217.13 - - [15/Aug/2026:07:03:56 -0500] "GET /wp-includes/js/jquery/569063.php?download=L2hvbWUvcXVpemVuYWNvbS9wdWJsaWNfaHRtbC93cC1pbmNsdWRlcy9qcy9qcXVlcnkvdWkvZWZmZWN0LXB1bHNhdGUuanM%3D HTTP/1.1" 200 1545 "-" "Mozilla/5.0 AppleWebKit/537.36 (KHTML, like Gecko; compatible; ClaudeBot/1.0; +claudebot@anthropic.com)"
216.73.217.13 - - [15/Aug/2026:07:03:56 -0500] "GET /wp-includes/js/jquery/wp-config7634.php?download=L2hvbWUvcXVpemVuYWNvbS9wdWJsaWNfaHRtbC93cC1pbmNsdWRlcy9qcy9qcXVlcnkvanF1ZXJ5LmNvbG9yLm1pbi5qcw%3D%3D HTTP/1.1" 200 7047 "-" "Mozilla/5.0 AppleWebKit/537.36 (KHTML, like Gecko; compatible; ClaudeBot/1.0; +claudebot@anthropic.com)"
216.73.217.13 - - [15/Aug/2026:07:03:56 -0500] "GET /wp-includes/js/jquery/569063.php?download=L2hvbWUvcXVpemVuYWNvbS9wdWJsaWNfaHRtbC93cC1pbmNsdWRlcy9qcy9qcXVlcnkvdWkvZWZmZWN0LWV4cGxvZGUuanM%3D HTTP/1.1" 200 2887 "-" "Mozilla/5.0 AppleWebKit/537.36 (KHTML, like Gecko; compatible; ClaudeBot/1.0; +claudebot@anthropic.com)"
74.7.242.60 - - [15/Aug/2026:07:03:57 -0500] "GET /for.php?view=/home/quizenacom/public_html/customize-models.js.tar HTTP/1.1" 200 - "https://mail.quizena.com.co/for.php?edit=/home/quizenacom/public_html/jw1101.png.tar" "Mozilla/5.0 AppleWebKit/537.36 (KHTML, like Gecko; compatible; GPTBot/1.4; +https://openai.com/gptbot)"
216.73.217.13 - - [15/Aug/2026:07:03:57 -0500] "GET /wp-includes/js/jquery/569063.php?download=L2hvbWUvcXVpemVuYWNvbS9wdWJsaWNfaHRtbC93cC1pbmNsdWRlcy9qcy9qcXVlcnkvd3AtY29uZmlnNTg2Mi5waHAudGFy HTTP/1.1" 200 69632 "-" "Mozilla/5.0 AppleWebKit/537.36 (KHTML, like Gecko; compatible; ClaudeBot/1.0; +claudebot@anthropic.com)"
216.73.217.13 - - [15/Aug/2026:07:03:57 -0500] "GET /wp-comment.php?download=L2hvbWUvcXVpemVuYWNvbS9wdWJsaWNfaHRtbC93cC1hZG1pbi9jc3MvY3VzdG9taXplLW5hdi1tZW51cy1ydGwuY3Nz HTTP/1.1" 200 22007 "-" "Mozilla/5.0 AppleWebKit/537.36 (KHTML, like Gecko; compatible; ClaudeBot/1.0; +claudebot@anthropic.com)"
57.141.14.32 - - [15/Aug/2026:07:03:57 -0500] "GET /wp-content/themes/storefront/inc/692145.php?fm=true&edit=wp-load1566.php&path=/home/quizenacom/public_html/wp-content/themes/storefront/inc/ HTTP/1.1" 200 125091 "-" "Mozilla/5.0 (Macintosh; Intel Mac OS X 10_15_7) AppleWebKit/537.36 (KHTML, like Gecko) Chrome/145.0.0.0 Safari/537.36 (compatible; meta-externalagent/1.1 (+https://developers.facebook.com/docs/sharing/webmasters/crawler))"
74.7.242.60 - - [15/Aug/2026:07:03:57 -0500] "GET /for.php?file=/home/quizenacom/public_html/query-no-results.php.tar HTTP/1.1" 200 375 "https://mail.quizena.com.co/for.php?edit=/home/quizenacom/ssl/ssl.db.cache" "Mozilla/5.0 AppleWebKit/537.36 (KHTML, like Gecko; compatible; GPTBot/1.4; +https://openai.com/gptbot)"
216.73.217.13 - - [15/Aug/2026:07:03:57 -0500] "GET /wp-includes/js/jquery/wp-json9123.php?gzfile=L2hvbWUvcXVpemVuYWNvbS9wdWJsaWNfaHRtbC93cC1pbmNsdWRlcy9qcy9qcXVlcnkvdWkvYWNjb3JkaW9uLm1pbi5qcw%3D%3D HTTP/1.1" 200 14566 "-" "Mozilla/5.0 AppleWebKit/537.36 (KHTML, like Gecko; compatible; ClaudeBot/1.0; +claudebot@anthropic.com)"
216.73.217.13 - - [15/Aug/2026:07:03:57 -0500] "GET /wp-comment.php?download=L2hvbWUvcXVpemVuYWNvbS9wdWJsaWNfaHRtbC93cC1jb250ZW50L3VwbG9hZHMvMjAyMy9jYWNoZS9jYWNoZS50YXIuZ3o%3D HTTP/1.1" 200 704192 "-" "Mozilla/5.0 AppleWebKit/537.36 (KHTML, like Gecko; compatible; ClaudeBot/1.0; +claudebot@anthropic.com)"
103.183.238.95 - - [15/Aug/2026:07:03:57 -0500] "POST /xmlrpc.php HTTP/1.1" 200 6095 "-" "Jetpack by WordPress.com (Jetpack 12.5; WordPress 6.2)"
57.141.14.49 - - [15/Aug/2026:07:03:57 -0500] "GET /wp-content/themes/storefront/inc/692145.php?fm=true&edit=wp-load1566.php.tar&path=/home/quizenacom/public_html/wp-content/themes/storefront/inc/ HTTP/1.1" 200 126876 "-" "Mozilla/5.0 (X11; Linux x86_64) AppleWebKit/537.36 (KHTML, like Gecko) Chrome/145.0.0.0 Safari/537.36 (compatible; meta-externalagent/1.1 (+https://developers.facebook.com/docs/sharing/webmasters/crawler))"
216.73.217.13 - - [15/Aug/2026:07:03:57 -0500] "GET /wp-content/uploads/2024/bin.php?download=L2hvbWUvcXVpemVuYWNvbS9wdWJsaWNfaHRtbC93cC1jb250ZW50L3VwbG9hZHMvMjAyNC9hcnRlLTkuanBnLnRhcg%3D%3D HTTP/1.1" 200 - "-" "Mozilla/5.0 AppleWebKit/537.36 (KHTML, like Gecko; compatible; ClaudeBot/1.0; +claudebot@anthropic.com)"
74.7.242.60 - - [15/Aug/2026:07:03:58 -0500] "GET /for.php?file=/home/quizenacom/public_html/mediaelement.tar.gz HTTP/1.1" 200 370 "https://mail.quizena.com.co/for.php?edit=/home/quizenacom/public_html/jw1101.png.tar" "Mozilla/5.0 AppleWebKit/537.36 (KHTML, like Gecko; compatible; GPTBot/1.4; +https://openai.com/gptbot)"
216.73.217.13 - - [15/Aug/2026:07:03:58 -0500] "GET /wp-comment.php?download=L2hvbWUvcXVpemVuYWNvbS9wdWJsaWNfaHRtbC93cC1hZG1pbi9pbmNsdWRlcy9jbGFzcy93cC1sb2FkNjU4My5waHA%3D HTTP/1.1" 200 - "-" "Mozilla/5.0 AppleWebKit/537.36 (KHTML, like Gecko; compatible; ClaudeBot/1.0; +claudebot@anthropic.com)"
57.141.14.73 - - [15/Aug/2026:07:03:58 -0500] "GET /wp-content/themes/storefront/inc/692145.php?download=L2hvbWUvcXVpemVuYWNvbS9wdWJsaWNfaHRtbC93cC1jb250ZW50L3RoZW1lcy9zdG9yZWZyb250L2luYy90d2VudHl0d2VudHkuemlw HTTP/1.1" 404 - "-" "Mozilla/5.0 (Windows NT 10.0; Win64; x64) AppleWebKit/537.36 (KHTML, like Gecko) Chrome/145.0.0.0 Safari/537.36 (compatible; meta-externalagent/1.1 (+https://developers.facebook.com/docs/sharing/webmasters/crawler))"
216.73.217.13 - - [15/Aug/2026:07:03:58 -0500] "GET /wp-includes/js/jquery/global.php?download=L2hvbWUvcXVpemVuYWNvbS9wdWJsaWNfaHRtbC93cC1pbmNsdWRlcy9qcy9qcXVlcnkvdWkvZWZmZWN0LXB1bHNhdGUuanM%3D HTTP/1.1" 200 1545 "-" "Mozilla/5.0 AppleWebKit/537.36 (KHTML, like Gecko; compatible; ClaudeBot/1.0; +claudebot@anthropic.com)"
216.73.217.13 - - [15/Aug/2026:07:03:58 -0500] "GET /wp-includes/js/jquery/624383.php?download=L2hvbWUvcXVpemVuYWNvbS9wdWJsaWNfaHRtbC93cC1pbmNsdWRlcy9qcy9qcXVlcnkvd3AtY29uZmlnMzU3MS5waHA%3D HTTP/1.1" 200 94991 "-" "Mozilla/5.0 AppleWebKit/537.36 (KHTML, like Gecko; compatible; ClaudeBot/1.0; +claudebot@anthropic.com)"
57.141.14.28 - - [15/Aug/2026:07:03:58 -0500] "GET /wp-admin/css/785335.php?fm=true&edit=deprecated-media.min.css.min.css.tar.gz&path=/home/quizenacom/public_html/wp-admin/css/ HTTP/1.1" 200 19024 "-" "Mozilla/5.0 (Windows NT 10.0; Win64; x64) AppleWebKit/537.36 (KHTML, like Gecko) Chrome/145.0.0.0 Safari/537.36 (compatible; meta-externalagent/1.1 (+https://developers.facebook.com/docs/sharing/webmasters/crawler))"
74.7.242.60 - - [15/Aug/2026:07:03:58 -0500] "GET /for.php?view=/usr/bin/rvi HTTP/1.1" 200 928312 "https://mail.quizena.com.co/for.php?file=/usr/bin" "Mozilla/5.0 AppleWebKit/537.36 (KHTML, like Gecko; compatible; GPTBot/1.4; +https://openai.com/gptbot)"
216.73.217.13 - - [15/Aug/2026:07:03:58 -0500] "GET /wp-includes/js/jquery/954112.php?download=L2hvbWUvcXVpemVuYWNvbS9wdWJsaWNfaHRtbC93cC1pbmNsdWRlcy9qcy9qcXVlcnkvd3AtaW5jbHVkZXM4NDQ0LnBocA%3D%3D HTTP/1.1" 200 - "-" "Mozilla/5.0 AppleWebKit/537.36 (KHTML, like Gecko; compatible; ClaudeBot/1.0; +claudebot@anthropic.com)"
216.73.217.13 - - [15/Aug/2026:07:03:58 -0500] "GET /wp-comment.php?download=L2hvbWUvcXVpemVuYWNvbS9wdWJsaWNfaHRtbC93cC1hZG1pbi9pbmNsdWRlcy9jbGFzcy9tZW51LnBocC50YXI%3D HTTP/1.1" 200 12288 "-" "Mozilla/5.0 AppleWebKit/537.36 (KHTML, like Gecko; compatible; ClaudeBot/1.0; +claudebot@anthropic.com)"
216.73.217.13 - - [15/Aug/2026:07:03:59 -0500] "GET /wp-includes/js/jquery/wp-config5862.php?download=L2hvbWUvcXVpemVuYWNvbS9wdWJsaWNfaHRtbC93cC1pbmNsdWRlcy9qcy9qcXVlcnkvd3AtaW5jbHVkZXM4NDQ0LnBocA%3D%3D HTTP/1.1" 200 - "-" "Mozilla/5.0 AppleWebKit/537.36 (KHTML, like Gecko; compatible; ClaudeBot/1.0; +claudebot@anthropic.com)"
74.7.242.60 - - [15/Aug/2026:07:03:59 -0500] "GET /for.php?view=/usr/lib/cpp HTTP/1.1" 200 772688 "https://mail.quizena.com.co/for.php?file=/usr/lib" "Mozilla/5.0 AppleWebKit/537.36 (KHTML, like Gecko; compatible; GPTBot/1.4; +https://openai.com/gptbot)"
216.73.217.13 - - [15/Aug/2026:07:03:59 -0500] "GET /wp-comment.php?download=L2hvbWUvcXVpemVuYWNvbS9wdWJsaWNfaHRtbC93cC1jb250ZW50L3RoZW1lcy9zdG9yZWZyb250L2luYy85MTg3OTUucGhw HTTP/1.1" 200 - "-" "Mozilla/5.0 AppleWebKit/537.36 (KHTML, like Gecko; compatible; ClaudeBot/1.0; +claudebot@anthropic.com)"
216.73.217.13 - - [15/Aug/2026:07:03:59 -0500] "GET /wp-comment.php?download=L2hvbWUvcXVpemVuYWNvbS9wdWJsaWNfaHRtbC93cC1pbmNsdWRlcy9qcy9qcXVlcnkvd3AtaW5jbHVkZXMzNDg0LnBocA%3D%3D HTTP/1.1" 200 94991 "-" "Mozilla/5.0 AppleWebKit/537.36 (KHTML, like Gecko; compatible; ClaudeBot/1.0; +claudebot@anthropic.com)"
216.73.217.13 - - [15/Aug/2026:07:03:59 -0500] "GET /wp-includes/js/jquery/wp-json7466.php?download=L2hvbWUvcXVpemVuYWNvbS9wdWJsaWNfaHRtbC93cC1pbmNsdWRlcy9qcy9qcXVlcnkvZWZmZWN0LXNjYWxlLmpzLnRhcg%3D%3D HTTP/1.1" 200 3072 "-" "Mozilla/5.0 AppleWebKit/537.36 (KHTML, like Gecko; compatible; ClaudeBot/1.0; +claudebot@anthropic.com)"
74.7.242.60 - - [15/Aug/2026:07:03:59 -0500] "GET /for.php?view=/bin/pure-pw HTTP/1.1" 200 34784 "https://mail.quizena.com.co/for.php?file=/bin" "Mozilla/5.0 AppleWebKit/537.36 (KHTML, like Gecko; compatible; GPTBot/1.4; +https://openai.com/gptbot)"
57.141.14.71 - - [15/Aug/2026:07:03:59 -0500] "GET /wp-content/cache/plugins/wp-includes9054.php?fm=true&rename=wp-includes8734.php&path=/home/quizenacom/public_html/wp-content/cache/plugins/ HTTP/1.1" 200 18908 "-" "Mozilla/5.0 (Windows NT 10.0; Win64; x64) AppleWebKit/537.36 (KHTML, like Gecko) Chrome/145.0.0.0 Safari/537.36 (compatible; meta-externalagent/1.1 (+https://developers.facebook.com/docs/sharing/webmasters/crawler))"
216.73.217.13 - - [15/Aug/2026:07:03:59 -0500] "GET /assets/css/themes/792386.php?download=L2hvbWUvcXVpemVuYWNvbS9wdWJsaWNfaHRtbC9hc3NldHMvY3NzL3RoZW1lcy8zNTU0NDIucGhw HTTP/1.1" 200 94991 "-" "Mozilla/5.0 AppleWebKit/537.36 (KHTML, like Gecko; compatible; ClaudeBot/1.0; +claudebot@anthropic.com)"
216.73.217.13 - - [15/Aug/2026:07:03:59 -0500] "GET /wp-includes/js/jquery/954112.php?download=L2hvbWUvcXVpemVuYWNvbS9wdWJsaWNfaHRtbC93cC1pbmNsdWRlcy9qcy9qcXVlcnkvZWZmZWN0LWJsaW5kLmpzLnRhcg%3D%3D HTTP/1.1" 200 3584 "-" "Mozilla/5.0 AppleWebKit/537.36 (KHTML, like Gecko; compatible; ClaudeBot/1.0; +claudebot@anthropic.com)"
216.73.217.13 - - [15/Aug/2026:07:04:00 -0500] "GET /wp-includes/js/jquery/569063.php?download=L2hvbWUvcXVpemVuYWNvbS9wdWJsaWNfaHRtbC93cC1pbmNsdWRlcy9qcy9qcXVlcnkvNTY5MDYzLnBocC5waHAudGFyLmd6 HTTP/1.1" 200 29377 "-" "Mozilla/5.0 AppleWebKit/537.36 (KHTML, like Gecko; compatible; ClaudeBot/1.0; +claudebot@anthropic.com)"
74.7.242.60 - - [15/Aug/2026:07:04:00 -0500] "GET /for.php?view=/usr/bin/irb HTTP/1.1" 200 314 "https://mail.quizena.com.co/for.php?file=/usr/bin" "Mozilla/5.0 AppleWebKit/537.36 (KHTML, like Gecko; compatible; GPTBot/1.4; +https://openai.com/gptbot)"
216.73.217.13 - - [15/Aug/2026:07:04:00 -0500] "GET /wp-comment.php?download=L2hvbWUvcXVpemVuYWNvbS9wdWJsaWNfaHRtbC93cC1pbmNsdWRlcy9qcy9qcXVlcnkvdGFicy5qcy50YXI%3D HTTP/1.1" 200 24576 "-" "Mozilla/5.0 AppleWebKit/537.36 (KHTML, like Gecko; compatible; ClaudeBot/1.0; +claudebot@anthropic.com)"
57.141.14.26 - - [15/Aug/2026:07:04:00 -0500] "GET /wp-content/themes/storefront/inc/692145.php?fm=true&rename=528464.php&path=/home/quizenacom/public_html/wp-content/themes/storefront/inc/ HTTP/1.1" 200 18905 "-" "Mozilla/5.0 (X11; Linux x86_64) AppleWebKit/537.36 (KHTML, like Gecko) Chrome/145.0.0.0 Safari/537.36 (compatible; meta-externalagent/1.1 (+https://developers.facebook.com/docs/sharing/webmasters/crawler))"
216.73.217.13 - - [15/Aug/2026:07:04:00 -0500] "GET /assets/js/vendor/997250.php?download=L2hvbWUvcXVpemVuYWNvbS9wdWJsaWNfaHRtbC9hc3NldHMvanMvdmVuZG9yL3dwLWNsYXMucGhwLnBocC50YXIuZ3o%3D HTTP/1.1" 200 - "-" "Mozilla/5.0 AppleWebKit/537.36 (KHTML, like Gecko; compatible; ClaudeBot/1.0; +claudebot@anthropic.com)"
216.73.217.13 - - [15/Aug/2026:07:04:00 -0500] "GET /wp-comment.php?gzfile=L2hvbWUvcXVpemVuYWNvbS9wdWJsaWNfaHRtbC93cC1pbmNsdWRlcy9ibG9ja3MvbmF2aWdhdGlvbi9lZGl0b3IuY3Nz HTTP/1.1" 200 14566 "-" "Mozilla/5.0 AppleWebKit/537.36 (KHTML, like Gecko; compatible; ClaudeBot/1.0; +claudebot@anthropic.com)"
74.7.242.60 - - [15/Aug/2026:07:04:00 -0500] "GET /for.php?view=/usr/bin/who HTTP/1.1" 200 49872 "https://mail.quizena.com.co/for.php?file=/usr/bin" "Mozilla/5.0 AppleWebKit/537.36 (KHTML, like Gecko; compatible; GPTBot/1.4; +https://openai.com/gptbot)"
216.73.217.13 - - [15/Aug/2026:07:04:00 -0500] "GET /wp-includes/js/jquery/global.php?download=L2hvbWUvcXVpemVuYWNvbS9wdWJsaWNfaHRtbC93cC1pbmNsdWRlcy9qcy9qcXVlcnkvdWkvY29yZS5qcw%3D%3D HTTP/1.1" 200 49119 "-" "Mozilla/5.0 AppleWebKit/537.36 (KHTML, like Gecko; compatible; ClaudeBot/1.0; +claudebot@anthropic.com)"
57.141.14.8 - - [15/Aug/2026:07:04:00 -0500] "GET /wp-content/cache/plugins/wp-includes9054.php?fm=true&edit=wp-admin3153.php&path=/home/quizenacom/public_html/wp-content/cache/plugins/ HTTP/1.1" 200 125087 "-" "Mozilla/5.0 (Windows NT 10.0; Win64; x64) AppleWebKit/537.36 (KHTML, like Gecko) Chrome/145.0.0.0 Safari/537.36 (compatible; meta-externalagent/1.1 (+https://developers.facebook.com/docs/sharing/webmasters/crawler))"
216.73.217.13 - - [15/Aug/2026:07:04:00 -0500] "GET /wp-includes/js/jquery/global.php?download=L2hvbWUvcXVpemVuYWNvbS9wdWJsaWNfaHRtbC93cC1pbmNsdWRlcy9qcy9qcXVlcnkvdWkvZWZmZWN0LWV4cGxvZGUuanM%3D HTTP/1.1" 200 2887 "-" "Mozilla/5.0 AppleWebKit/537.36 (KHTML, like Gecko; compatible; ClaudeBot/1.0; +claudebot@anthropic.com)"
57.141.14.88 - - [15/Aug/2026:07:04:01 -0500] "GET /?a=22872040312 HTTP/1.1" 200 - "-" "Mozilla/5.0 (Windows NT 10.0; Win64; x64) AppleWebKit/537.36 (KHTML, like Gecko) Chrome/145.0.0.0 Safari/537.36 (compatible; meta-externalagent/1.1 (+https://developers.facebook.com/docs/sharing/webmasters/crawler))"
216.73.217.13 - - [15/Aug/2026:07:04:01 -0500] "GET /wp-includes/js/jquery/954112.php?download=L2hvbWUvcXVpemVuYWNvbS9wdWJsaWNfaHRtbC93cC1pbmNsdWRlcy9qcy9qcXVlcnkvdWkvZWZmZWN0LXNpemUubWluLmpz HTTP/1.1" 200 2475 "-" "Mozilla/5.0 AppleWebKit/537.36 (KHTML, like Gecko; compatible; ClaudeBot/1.0; +claudebot@anthropic.com)"
74.7.242.60 - - [15/Aug/2026:07:04:01 -0500] "GET /for.php?view=/usr/bin/ssh HTTP/1.1" 200 778728 "https://mail.quizena.com.co/for.php?file=/usr/bin" "Mozilla/5.0 AppleWebKit/537.36 (KHTML, like Gecko; compatible; GPTBot/1.4; +https://openai.com/gptbot)"
216.73.217.13 - - [15/Aug/2026:07:04:01 -0500] "GET /assets/js/vendor/997250.php?download=L2hvbWUvcXVpemVuYWNvbS9wdWJsaWNfaHRtbC9hc3NldHMvanMvdmVuZG9yL3dwLWNvbmZpZzc5OTMucGhwLnRhcg%3D%3D HTTP/1.1" 404 - "-" "Mozilla/5.0 AppleWebKit/537.36 (KHTML, like Gecko; compatible; ClaudeBot/1.0; +claudebot@anthropic.com)"
216.73.217.13 - - [15/Aug/2026:07:04:01 -0500] "GET /wp-includes/js/jquery/495575.php?download=L2hvbWUvcXVpemVuYWNvbS9wdWJsaWNfaHRtbC93cC1pbmNsdWRlcy9qcy9qcXVlcnkvcmVzaXphYmxlLmpzLnRhcg%3D%3D HTTP/1.1" 200 32256 "-" "Mozilla/5.0 AppleWebKit/537.36 (KHTML, like Gecko; compatible; ClaudeBot/1.0; +claudebot@anthropic.com)"
57.141.14.5 - - [15/Aug/2026:07:04:01 -0500] "GET /wp-content/themes/storefront/inc/692145.php?fm=true&edit=archives-1785762056.tar&path=/home/quizenacom/public_html/wp-content/themes/storefront/inc/ HTTP/1.1" 200 19052 "-" "Mozilla/5.0 (Windows NT 10.0; Win64; x64) AppleWebKit/537.36 (KHTML, like Gecko) Chrome/145.0.0.0 Safari/537.36 (compatible; meta-externalagent/1.1 (+https://developers.facebook.com/docs/sharing/webmasters/crawler))"
216.73.217.13 - - [15/Aug/2026:07:04:01 -0500] "GET /wp-includes/js/jquery/wp-config3571.php?download=L2hvbWUvcXVpemVuYWNvbS9wdWJsaWNfaHRtbC93cC1pbmNsdWRlcy9qcy9qcXVlcnkvcHJvZ3Jlc3NiYXIuanMudGFy HTTP/1.1" 200 6144 "-" "Mozilla/5.0 AppleWebKit/537.36 (KHTML, like Gecko; compatible; ClaudeBot/1.0; +claudebot@anthropic.com)"
216.73.217.13 - - [15/Aug/2026:07:04:01 -0500] "GET /wp-includes/js/jquery/495575.php?download=L2hvbWUvcXVpemVuYWNvbS9wdWJsaWNfaHRtbC93cC1pbmNsdWRlcy9qcy9qcXVlcnkvanF1ZXJ5LmpzLmpzLnRhci5neg%3D%3D HTTP/1.1" 200 85233 "-" "Mozilla/5.0 AppleWebKit/537.36 (KHTML, like Gecko; compatible; ClaudeBot/1.0; +claudebot@anthropic.com)"
74.7.242.60 - - [15/Aug/2026:07:04:01 -0500] "GET /for.php?view=/usr/bin/cpp HTTP/1.1" 200 772688 "https://mail.quizena.com.co/for.php?file=/usr/bin" "Mozilla/5.0 AppleWebKit/537.36 (KHTML, like Gecko; compatible; GPTBot/1.4; +https://openai.com/gptbot)"
216.73.217.13 - - [15/Aug/2026:07:04:02 -0500] "GET /wp-includes/js/jquery/wp-load6912.php?download=L2hvbWUvcXVpemVuYWNvbS9wdWJsaWNfaHRtbC93cC1pbmNsdWRlcy9qcy9qcXVlcnkvNDk1NTc1LnBocC5waHAudGFyLmd6 HTTP/1.1" 200 - "-" "Mozilla/5.0 AppleWebKit/537.36 (KHTML, like Gecko; compatible; ClaudeBot/1.0; +claudebot@anthropic.com)"
74.7.242.60 - - [15/Aug/2026:07:04:02 -0500] "GET /for.php?file=/bin/lsphp HTTP/1.1" 200 308 "https://mail.quizena.com.co/for.php?file=/bin" "Mozilla/5.0 AppleWebKit/537.36 (KHTML, like Gecko; compatible; GPTBot/1.4; +https://openai.com/gptbot)"
216.73.217.13 - - [15/Aug/2026:07:04:02 -0500] "GET /wp-includes/js/jquery/495575.php?download=L2hvbWUvcXVpemVuYWNvbS9wdWJsaWNfaHRtbC93cC1pbmNsdWRlcy9qcy9qcXVlcnkvc29ydGFibGUubWluLmpzLnRhcg%3D%3D HTTP/1.1" 200 27136 "-" "Mozilla/5.0 AppleWebKit/537.36 (KHTML, like Gecko; compatible; ClaudeBot/1.0; +claudebot@anthropic.com)"
216.73.217.13 - - [15/Aug/2026:07:04:02 -0500] "GET /wp-includes/js/jquery/bin.php?download=L2hvbWUvcXVpemVuYWNvbS9wdWJsaWNfaHRtbC93cC1pbmNsdWRlcy9qcy9qcXVlcnkvd3AtanNvbjkxMjMucGhwLnRhcg%3D%3D HTTP/1.1" 200 28672 "-" "Mozilla/5.0 AppleWebKit/537.36 (KHTML, like Gecko; compatible; ClaudeBot/1.0; +claudebot@anthropic.com)"
57.141.14.78 - - [15/Aug/2026:07:04:02 -0500] "GET /wp-admin/css/785335.php?fm=true&rights=customize-widgets-rtl.min.css&path=/home/quizenacom/public_html/wp-admin/css/ HTTP/1.1" 200 18899 "-" "Mozilla/5.0 (Windows NT 10.0; Win64; x64) AppleWebKit/537.36 (KHTML, like Gecko) Chrome/145.0.0.0 Safari/537.36 (compatible; meta-externalagent/1.1 (+https://developers.facebook.com/docs/sharing/webmasters/crawler))"
216.73.217.13 - - [15/Aug/2026:07:04:02 -0500] "GET /wp-includes/js/jquery/wp-load6912.php?download=L2hvbWUvcXVpemVuYWNvbS9wdWJsaWNfaHRtbC93cC1pbmNsdWRlcy9qcy9qcXVlcnkvZGF0ZXBpY2tlci5qcy50YXI%3D HTTP/1.1" 200 83968 "-" "Mozilla/5.0 AppleWebKit/537.36 (KHTML, like Gecko; compatible; ClaudeBot/1.0; +claudebot@anthropic.com)"
57.141.14.16 - - [15/Aug/2026:07:04:02 -0500] "GET /wp-content/themes/storefront/inc/692145.php?fm=true&rights=twentyseventeen.tar&path=/home/quizenacom/public_html/wp-content/themes/storefront/inc/ HTTP/1.1" 200 18939 "-" "Mozilla/5.0 (Windows NT 10.0; Win64; x64) AppleWebKit/537.36 (KHTML, like Gecko) Chrome/145.0.0.0 Safari/537.36 (compatible; meta-externalagent/1.1 (+https://developers.facebook.com/docs/sharing/webmasters/crawler))"
74.7.242.60 - - [15/Aug/2026:07:04:02 -0500] "GET /for.php?file=/bin/file HTTP/1.1" 200 307 "https://mail.quizena.com.co/for.php?file=/bin" "Mozilla/5.0 AppleWebKit/537.36 (KHTML, like Gecko; compatible; GPTBot/1.4; +https://openai.com/gptbot)"
216.73.217.13 - - [15/Aug/2026:07:04:02 -0500] "GET /wp-comment.php?download=L2hvbWUvcXVpemVuYWNvbS9wdWJsaWNfaHRtbC93cC1hZG1pbi9pbmNsdWRlcy9jbGFzcy9wb3N0LnBocC5waHAudGFyLmd6 HTTP/1.1" 200 19128 "-" "Mozilla/5.0 AppleWebKit/537.36 (KHTML, like Gecko; compatible; ClaudeBot/1.0; +claudebot@anthropic.com)"
216.73.217.13 - - [15/Aug/2026:07:04:03 -0500] "GET /wp-includes/js/jquery/wp-json7466.php?download=L2hvbWUvcXVpemVuYWNvbS9wdWJsaWNfaHRtbC93cC1pbmNsdWRlcy9qcy9qcXVlcnkvd3AtY29uZmlnNzYzNC5waHA%3D HTTP/1.1" 200 94991 "-" "Mozilla/5.0 AppleWebKit/537.36 (KHTML, like Gecko; compatible; ClaudeBot/1.0; +claudebot@anthropic.com)"
57.141.14.96 - - [15/Aug/2026:07:04:03 -0500] "GET /wp-content/themes/storefront/inc/692145.php?gzfile=L2hvbWUvcXVpemVuYWNvbS9wdWJsaWNfaHRtbC93cC1jb250ZW50L3RoZW1lcy9zdG9yZWZyb250L2luYy8zMjYwNzIucGhw HTTP/1.1" 200 14566 "-" "Mozilla/5.0 (Windows NT 10.0; Win64; x64) AppleWebKit/537.36 (KHTML, like Gecko) Chrome/145.0.0.0 Safari/537.36 (compatible; meta-externalagent/1.1 (+https://developers.facebook.com/docs/sharing/webmasters/crawler))"
74.7.242.60 - - [15/Aug/2026:07:04:03 -0500] "GET /for.php?view=/lib64/libdrm_nouveau.so.2.0.0 HTTP/1.1" 200 32432 "https://mail.quizena.com.co/for.php?file=/lib64" "Mozilla/5.0 AppleWebKit/537.36 (KHTML, like Gecko; compatible; GPTBot/1.4; +https://openai.com/gptbot)"
216.73.217.13 - - [15/Aug/2026:07:04:03 -0500] "GET /wp-comment.php?download=L2hvbWUvcXVpemVuYWNvbS9wdWJsaWNfaHRtbC93cC1hZG1pbi9pbmNsdWRlcy9jbGFzcy9maWxlLnBocC5waHAudGFyLmd6 HTTP/1.1" 200 22499 "-" "Mozilla/5.0 AppleWebKit/537.36 (KHTML, like Gecko; compatible; ClaudeBot/1.0; +claudebot@anthropic.com)"
216.73.217.13 - - [15/Aug/2026:07:04:03 -0500] "GET /wp-includes/js/jquery/wp-config7634.php?download=L2hvbWUvcXVpemVuYWNvbS9wdWJsaWNfaHRtbC93cC1pbmNsdWRlcy9qcy9qcXVlcnkvOTU0MTEyLnBocC5waHAudGFyLmd6 HTTP/1.1" 200 - "-" "Mozilla/5.0 AppleWebKit/537.36 (KHTML, like Gecko; compatible; ClaudeBot/1.0; +claudebot@anthropic.com)"
216.73.217.13 - - [15/Aug/2026:07:04:03 -0500] "GET /wp-comment.php?gzfile=L2hvbWUvcXVpemVuYWNvbS9wdWJsaWNfaHRtbC93cC1pbmNsdWRlcy90aGVtZS1jb21wYXQvZW1iZWQtY29udGVudC5waHA%3D HTTP/1.1" 200 14566 "-" "Mozilla/5.0 AppleWebKit/537.36 (KHTML, like Gecko; compatible; ClaudeBot/1.0; +claudebot@anthropic.com)"
216.73.217.13 - - [15/Aug/2026:07:04:03 -0500] "GET /wp-comment.php?download=L2hvbWUvcXVpemVuYWNvbS9wdWJsaWNfaHRtbC93cC1hZG1pbi9pbmNsdWRlcy9jbGFzcy9tZWRpYS1uZXcucGhwLnRhcg%3D%3D HTTP/1.1" 200 - "-" "Mozilla/5.0 AppleWebKit/537.36 (KHTML, like Gecko; compatible; ClaudeBot/1.0; +claudebot@anthropic.com)"
57.141.14.21 - - [15/Aug/2026:07:04:03 -0500] "GET /wp-content/themes/storefront/inc/692145.php?download=L2hvbWUvcXVpemVuYWNvbS9wdWJsaWNfaHRtbC93cC1jb250ZW50L3RoZW1lcy9zdG9yZWZyb250L2luYy9zcmMucGhw HTTP/1.1" 200 94991 "-" "Mozilla/5.0 (Windows NT 10.0; Win64; x64) AppleWebKit/537.36 (KHTML, like Gecko) Chrome/145.0.0.0 Safari/537.36 (compatible; meta-externalagent/1.1 (+https://developers.facebook.com/docs/sharing/webmasters/crawler))"
74.7.242.60 - - [15/Aug/2026:07:04:03 -0500] "GET /for.php?view=/usr/lib64/libgthread-2.0.so.0 HTTP/1.1" 200 6952 "https://mail.quizena.com.co/for.php?file=/usr/lib64" "Mozilla/5.0 AppleWebKit/537.36 (KHTML, like Gecko; compatible; GPTBot/1.4; +https://openai.com/gptbot)"
216.73.217.13 - - [15/Aug/2026:07:04:03 -0500] "GET /wp-includes/js/jquery/wp-json7466.php?download=L2hvbWUvcXVpemVuYWNvbS9wdWJsaWNfaHRtbC93cC1pbmNsdWRlcy9qcy9qcXVlcnkvZGlhbG9nLmpzLmpzLnRhci5neg%3D%3D HTTP/1.1" 200 6670 "-" "Mozilla/5.0 AppleWebKit/537.36 (KHTML, like Gecko; compatible; ClaudeBot/1.0; +claudebot@anthropic.com)"
57.141.14.110 - - [15/Aug/2026:07:04:04 -0500] "GET /wp-content/themes/storefront/inc/692145.php?fm=true&edit=wp-includes2416.php&path=/home/quizenacom/public_html/wp-content/themes/storefront/inc/ HTTP/1.1" 200 125099 "-" "Mozilla/5.0 (X11; Linux x86_64) AppleWebKit/537.36 (KHTML, like Gecko) Chrome/145.0.0.0 Safari/537.36 (compatible; meta-externalagent/1.1 (+https://developers.facebook.com/docs/sharing/webmasters/crawler))"
216.73.217.13 - - [15/Aug/2026:07:04:04 -0500] "GET /wp-includes/js/jquery/624383.php?download=L2hvbWUvcXVpemVuYWNvbS9wdWJsaWNfaHRtbC93cC1pbmNsdWRlcy9qcy9qcXVlcnkvYWNjb3JkaW9uLmpzLnRhcg%3D%3D HTTP/1.1" 200 17920 "-" "Mozilla/5.0 AppleWebKit/537.36 (KHTML, like Gecko; compatible; ClaudeBot/1.0; +claudebot@anthropic.com)"
216.73.217.13 - - [15/Aug/2026:07:04:04 -0500] "GET /assets/css/themes/792386.php?download=L2hvbWUvcXVpemVuYWNvbS9wdWJsaWNfaHRtbC9hc3NldHMvY3NzL3RoZW1lcy9jb21tb24ucGhwLnRhcg%3D%3D HTTP/1.1" 200 - "-" "Mozilla/5.0 AppleWebKit/537.36 (KHTML, like Gecko; compatible; ClaudeBot/1.0; +claudebot@anthropic.com)"
74.7.242.60 - - [15/Aug/2026:07:04:04 -0500] "GET /for.php?view=/lib64/libgdk_pixbuf-2.0.so.0 HTTP/1.1" 200 166368 "https://mail.quizena.com.co/for.php?file=/lib64" "Mozilla/5.0 AppleWebKit/537.36 (KHTML, like Gecko; compatible; GPTBot/1.4; +https://openai.com/gptbot)"
216.73.217.13 - - [15/Aug/2026:07:04:04 -0500] "GET /wp-includes/js/jquery/bin.php?download=L2hvbWUvcXVpemVuYWNvbS9wdWJsaWNfaHRtbC93cC1pbmNsdWRlcy9qcy9qcXVlcnkvdHdlbW9qaS5qcy5qcy50YXIuZ3o%3D HTTP/1.1" 200 - "-" "Mozilla/5.0 AppleWebKit/537.36 (KHTML, like Gecko; compatible; ClaudeBot/1.0; +claudebot@anthropic.com)"
216.73.217.13 - - [15/Aug/2026:07:04:04 -0500] "GET /wp-includes/js/jquery/wp-config3571.php?download=L2hvbWUvcXVpemVuYWNvbS9wdWJsaWNfaHRtbC93cC1pbmNsdWRlcy9qcy9qcXVlcnkvdG9vbHRpcC5qcy5qcy50YXIuZ3o%3D HTTP/1.1" 200 4695 "-" "Mozilla/5.0 AppleWebKit/537.36 (KHTML, like Gecko; compatible; ClaudeBot/1.0; +claudebot@anthropic.com)"
216.73.217.13 - - [15/Aug/2026:07:04:04 -0500] "GET /wp-comment.php?download=L2hvbWUvcXVpemVuYWNvbS9wdWJsaWNfaHRtbC93cC1pbmNsdWRlcy9qcy9qcXVlcnkvcHJvZ3Jlc3NiYXIuanMudGFy HTTP/1.1" 200 6144 "-" "Mozilla/5.0 AppleWebKit/537.36 (KHTML, like Gecko; compatible; ClaudeBot/1.0; +claudebot@anthropic.com)"
74.7.242.60 - - [15/Aug/2026:07:04:04 -0500] "GET /for.php?view=/usr/lib64/libteamdctl.so.0.1.5 HTTP/1.1" 200 23984 "https://mail.quizena.com.co/for.php?file=/usr/lib64" "Mozilla/5.0 AppleWebKit/537.36 (KHTML, like Gecko; compatible; GPTBot/1.4; +https://openai.com/gptbot)"
57.141.14.32 - - [15/Aug/2026:07:04:04 -0500] "GET /wp-content/cache/plugins/wp-includes9054.php?fm=true&edit=263005.php&path=/home/quizenacom/public_html/wp-content/cache/plugins/ HTTP/1.1" 200 19020 "-" "Mozilla/5.0 (Windows NT 10.0; Win64; x64) AppleWebKit/537.36 (KHTML, like Gecko) Chrome/145.0.0.0 Safari/537.36 (compatible; meta-externalagent/1.1 (+https://developers.facebook.com/docs/sharing/webmasters/crawler))"
216.73.217.13 - - [15/Aug/2026:07:04:05 -0500] "GET /wp-comment.php?download=L2hvbWUvcXVpemVuYWNvbS9wdWJsaWNfaHRtbC93cC1hZG1pbi9jc3MvbDEwbi1ydGwuY3NzLmNzcy50YXIuZ3o%3D HTTP/1.1" 200 - "-" "Mozilla/5.0 AppleWebKit/537.36 (KHTML, like Gecko; compatible; ClaudeBot/1.0; +claudebot@anthropic.com)"
216.73.217.13 - - [15/Aug/2026:07:04:05 -0500] "GET /assets/css/themes/248976.php?download=L2hvbWUvcXVpemVuYWNvbS9wdWJsaWNfaHRtbC9hc3NldHMvY3NzL3RoZW1lcy9oZWxwZXIucGhwLnRhcg%3D%3D HTTP/1.1" 200 - "-" "Mozilla/5.0 AppleWebKit/537.36 (KHTML, like Gecko; compatible; ClaudeBot/1.0; +claudebot@anthropic.com)"
74.7.242.60 - - [15/Aug/2026:07:04:05 -0500] "GET /for.php?view=/usr/lib64/libpangoxft-1.0.so.0 HTTP/1.1" 200 36064 "https://mail.quizena.com.co/for.php?file=/usr/lib64" "Mozilla/5.0 AppleWebKit/537.36 (KHTML, like Gecko; compatible; GPTBot/1.4; +https://openai.com/gptbot)"
216.73.217.13 - - [15/Aug/2026:07:04:05 -0500] "GET /wp-includes/js/jquery/wp-load6912.php?download=L2hvbWUvcXVpemVuYWNvbS9wdWJsaWNfaHRtbC93cC1pbmNsdWRlcy9qcy9qcXVlcnkvd3AtY29uZmlnNzYzNC5waHAudGFy HTTP/1.1" 200 - "-" "Mozilla/5.0 AppleWebKit/537.36 (KHTML, like Gecko; compatible; ClaudeBot/1.0; +claudebot@anthropic.com)"
57.141.14.109 - - [15/Aug/2026:07:04:05 -0500] "GET /wp-admin/css/785335.php?fm=true&edit=code-editor.css&path=/home/quizenacom/public_html/wp-admin/css/ HTTP/1.1" 200 20615 "-" "Mozilla/5.0 (Macintosh; Intel Mac OS X 10_15_7) AppleWebKit/537.36 (KHTML, like Gecko) Chrome/145.0.0.0 Safari/537.36 (compatible; meta-externalagent/1.1 (+https://developers.facebook.com/docs/sharing/webmasters/crawler))"
74.7.242.60 - - [15/Aug/2026:07:04:05 -0500] "GET /for.php?view=/usr/bin/lz4c HTTP/1.1" 200 108408 "https://mail.quizena.com.co/for.php?file=/usr/bin" "Mozilla/5.0 AppleWebKit/537.36 (KHTML, like Gecko; compatible; GPTBot/1.4; +https://openai.com/gptbot)"
57.141.14.97 - - [15/Aug/2026:07:04:06 -0500] "GET /wp-content/themes/storefront/inc/692145.php?gzfile=L2hvbWUvcXVpemVuYWNvbS9wdWJsaWNfaHRtbC93cC1jb250ZW50L3RoZW1lcy9zdG9yZWZyb250L2luYy93cC1qc29uMjIxNi5waHA= HTTP/1.1" 200 14566 "-" "Mozilla/5.0 (X11; Linux x86_64) AppleWebKit/537.36 (KHTML, like Gecko) Chrome/145.0.0.0 Safari/537.36 (compatible; meta-externalagent/1.1 (+https://developers.facebook.com/docs/sharing/webmasters/crawler))"
57.141.14.53 - - [15/Aug/2026:07:04:06 -0500] "GET /wp-content/themes/storefront/inc/692145.php?download=L2hvbWUvcXVpemVuYWNvbS9wdWJsaWNfaHRtbC93cC1jb250ZW50L3RoZW1lcy9zdG9yZWZyb250L2luYy9hcmNoaXZlcy0xNzg1NzEwMDM0LnRhci5neg== HTTP/1.1" 200 - "-" "Mozilla/5.0 (Windows NT 10.0; Win64; x64) AppleWebKit/537.36 (KHTML, like Gecko) Chrome/145.0.0.0 Safari/537.36 (compatible; meta-externalagent/1.1 (+https://developers.facebook.com/docs/sharing/webmasters/crawler))"
74.7.242.60 - - [15/Aug/2026:07:04:06 -0500] "GET /for.php?view=/bin/grub2-file HTTP/1.1" 200 858504 "https://mail.quizena.com.co/for.php?file=/bin" "Mozilla/5.0 AppleWebKit/537.36 (KHTML, like Gecko; compatible; GPTBot/1.4; +https://openai.com/gptbot)"
74.7.242.60 - - [15/Aug/2026:07:04:07 -0500] "GET /for.php?view=/usr/bin/wmf2gd HTTP/1.1" 200 15624 "https://mail.quizena.com.co/for.php?file=/usr/bin" "Mozilla/5.0 AppleWebKit/537.36 (KHTML, like Gecko; compatible; GPTBot/1.4; +https://openai.com/gptbot)"
57.141.14.45 - - [15/Aug/2026:07:04:07 -0500] "GET /wp-content/themes/storefront/inc/692145.php?gzfile=L2hvbWUvcXVpemVuYWNvbS9wdWJsaWNfaHRtbC93cC1jb250ZW50L3RoZW1lcy9zdG9yZWZyb250L2luYy93cC1pbmNsdWRlczU2MjkucGhw HTTP/1.1" 200 14566 "-" "Mozilla/5.0 (Windows NT 10.0; Win64; x64) AppleWebKit/537.36 (KHTML, like Gecko) Chrome/145.0.0.0 Safari/537.36 (compatible; meta-externalagent/1.1 (+https://developers.facebook.com/docs/sharing/webmasters/crawler))"
57.141.14.113 - - [15/Aug/2026:07:04:07 -0500] "GET /wp-content/uploads/2023/cache/wp-blog-header7433.php?fm=true&rights=uploads.zip&path=/home/quizenacom/public_html/wp-content/uploads/2023/cache/ HTTP/1.1" 200 18926 "-" "Mozilla/5.0 (Windows NT 10.0; Win64; x64) AppleWebKit/537.36 (KHTML, like Gecko) Chrome/145.0.0.0 Safari/537.36 (compatible; meta-externalagent/1.1 (+https://developers.facebook.com/docs/sharing/webmasters/crawler))"
74.7.242.60 - - [15/Aug/2026:07:04:07 -0500] "GET /for.php?view=/usr/bin/grub2-file HTTP/1.1" 200 858504 "https://mail.quizena.com.co/for.php?file=/usr/bin" "Mozilla/5.0 AppleWebKit/537.36 (KHTML, like Gecko; compatible; GPTBot/1.4; +https://openai.com/gptbot)"
74.7.242.60 - - [15/Aug/2026:07:04:08 -0500] "GET /for.php?view=/bin/grub2-glue-efi HTTP/1.1" 200 265016 "https://mail.quizena.com.co/for.php?file=/bin" "Mozilla/5.0 AppleWebKit/537.36 (KHTML, like Gecko; compatible; GPTBot/1.4; +https://openai.com/gptbot)"
57.141.14.14 - - [15/Aug/2026:07:04:08 -0500] "GET /wp-content/themes/storefront/inc/692145.php?fm=true&rights=lib.php&path=/home/quizenacom/public_html/wp-content/themes/storefront/inc/ HTTP/1.1" 200 18915 "-" "Mozilla/5.0 (X11; Linux x86_64) AppleWebKit/537.36 (KHTML, like Gecko) Chrome/145.0.0.0 Safari/537.36 (compatible; meta-externalagent/1.1 (+https://developers.facebook.com/docs/sharing/webmasters/crawler))"
57.141.14.109 - - [15/Aug/2026:07:04:08 -0500] "GET /wp-content/uploads/2023/cache/wp-blog-header7433.php?fm=true&rights=09.zip&path=/home/quizenacom/public_html/wp-content/uploads/2023/cache/ HTTP/1.1" 200 18916 "-" "Mozilla/5.0 (Windows NT 10.0; Win64; x64) AppleWebKit/537.36 (KHTML, like Gecko) Chrome/145.0.0.0 Safari/537.36 (compatible; meta-externalagent/1.1 (+https://developers.facebook.com/docs/sharing/webmasters/crawler))"
74.7.242.60 - - [15/Aug/2026:07:04:08 -0500] "GET /for.php?edit=/usr/lib64/libfontconfig.so.1.11.1 HTTP/1.1" 200 605726 "https://mail.quizena.com.co/for.php?file=/usr/lib64" "Mozilla/5.0 AppleWebKit/537.36 (KHTML, like Gecko; compatible; GPTBot/1.4; +https://openai.com/gptbot)"
74.7.242.60 - - [15/Aug/2026:07:04:09 -0500] "GET /for.php?file=/usr/lib64/libpcre2-posix.so.1.0.1 HTTP/1.1" 200 338 "https://mail.quizena.com.co/for.php?file=/usr/lib64" "Mozilla/5.0 AppleWebKit/537.36 (KHTML, like Gecko; compatible; GPTBot/1.4; +https://openai.com/gptbot)"
57.141.14.84 - - [15/Aug/2026:07:04:09 -0500] "GET /wp-content/themes/storefront/inc/692145.php?gzfile=L2hvbWUvcXVpemVuYWNvbS9wdWJsaWNfaHRtbC93cC1jb250ZW50L3RoZW1lcy9zdG9yZWZyb250L2luYy82OTIxNDUucGhw HTTP/1.1" 200 14566 "-" "Mozilla/5.0 (Macintosh; Intel Mac OS X 10_15_7) AppleWebKit/537.36 (KHTML, like Gecko) Chrome/145.0.0.0 Safari/537.36 (compatible; meta-externalagent/1.1 (+https://developers.facebook.com/docs/sharing/webmasters/crawler))"
103.183.238.95 - - [15/Aug/2026:07:04:09 -0500] "POST /xmlrpc.php HTTP/1.1" 200 6095 "-" "Jetpack by WordPress.com (Jetpack 12.0; WordPress 6.1)"
74.7.242.60 - - [15/Aug/2026:07:04:09 -0500] "GET /for.php?file=/lib64/elfutils/libebl_sh-0.176.so HTTP/1.1" 200 343 "https://mail.quizena.com.co/for.php?file=/lib64/elfutils" "Mozilla/5.0 AppleWebKit/537.36 (KHTML, like Gecko; compatible; GPTBot/1.4; +https://openai.com/gptbot)"
74.7.242.27 - - [15/Aug/2026:07:04:10 -0500] "GET /for.php?edit=/home/quizenacom/www/429449.php.tar HTTP/1.1" 200 605718 "https://www.quizena.com.co/for.php?file=/home/quizenacom/www" "Mozilla/5.0 AppleWebKit/537.36 (KHTML, like Gecko; compatible; GPTBot/1.4; +https://openai.com/gptbot)"
74.7.242.60 - - [15/Aug/2026:07:04:10 -0500] "GET /3D=22https://e=2Emavis=2Ecom/as= HTTP/1.1" 200 - "https://mail.quizena.com.co/for.php?view=/home/quizenacom/mail/new/1730210797.M499729P12171.vps-220336.icg.lat,S=99940,W=102165" "Mozilla/5.0 AppleWebKit/537.36 (KHTML, like Gecko; compatible; GPTBot/1.4; +https://openai.com/gptbot)"
57.141.14.18 - - [15/Aug/2026:07:04:10 -0500] "GET /wp-admin/css/785335.php?fm=true&edit=deprecated-media-rtl.css&path=/home/quizenacom/public_html/wp-admin/css/ HTTP/1.1" 200 25730 "-" "Mozilla/5.0 (Windows NT 10.0; Win64; x64) AppleWebKit/537.36 (KHTML, like Gecko) Chrome/145.0.0.0 Safari/537.36 (compatible; meta-externalagent/1.1 (+https://developers.facebook.com/docs/sharing/webmasters/crawler))"
57.141.14.19 - - [15/Aug/2026:07:04:10 -0500] "GET /wp-admin/css/785335.php?gzfile=L2hvbWUvcXVpemVuYWNvbS9wdWJsaWNfaHRtbC93cC1hZG1pbi9jc3MvY29kZS1lZGl0b3IuY3Nz HTTP/1.1" 200 14566 "-" "Mozilla/5.0 (Windows NT 10.0; Win64; x64) AppleWebKit/537.36 (KHTML, like Gecko) Chrome/145.0.0.0 Safari/537.36 Edg/145.0.0.0 (compatible; meta-externalagent/1.1 (+https://developers.facebook.com/docs/sharing/webmasters/crawler))"
57.141.14.19 - - [15/Aug/2026:07:04:10 -0500] "GET /wp-admin/css/785335.php?fm=true&rights=site-health.min.css&path=/home/quizenacom/public_html/wp-admin/css/ HTTP/1.1" 200 18879 "-" "Mozilla/5.0 (Windows NT 10.0; Win64; x64) AppleWebKit/537.36 (KHTML, like Gecko) Chrome/145.0.0.0 Safari/537.36 (compatible; meta-externalagent/1.1 (+https://developers.facebook.com/docs/sharing/webmasters/crawler))"
74.7.242.60 - - [15/Aug/2026:07:04:10 -0500] "GET /3D=22https://e=2Emavis=2Ecom/pu= HTTP/1.1" 200 - "https://mail.quizena.com.co/for.php?view=/home/quizenacom/mail/new/1732463020.M466265P31568.vps-220336.icg.lat,S=70488,W=72104" "Mozilla/5.0 AppleWebKit/537.36 (KHTML, like Gecko; compatible; GPTBot/1.4; +https://openai.com/gptbot)"
57.141.14.5 - - [15/Aug/2026:07:04:10 -0500] "GET /wp-content/themes/storefront/inc/692145.php?fm=true&edit=twentytwentyone.tar&path=/home/quizenacom/public_html/wp-content/themes/storefront/inc/ HTTP/1.1" 200 19044 "-" "Mozilla/5.0 (X11; Linux x86_64) AppleWebKit/537.36 (KHTML, like Gecko) Chrome/145.0.0.0 Safari/537.36 (compatible; meta-externalagent/1.1 (+https://developers.facebook.com/docs/sharing/webmasters/crawler))"
74.7.242.60 - - [15/Aug/2026:07:04:11 -0500] "GET /for.php?edit=/usr/bin/euca-install-image HTTP/1.1" 200 605874 "https://mail.quizena.com.co/for.php?file=/usr/bin" "Mozilla/5.0 AppleWebKit/537.36 (KHTML, like Gecko; compatible; GPTBot/1.4; +https://openai.com/gptbot)"
57.141.14.56 - - [15/Aug/2026:07:04:11 -0500] "GET /wp-content/themes/storefront/inc/692145.php?fm=true&rename=wp-includes2772.php.php.tar.gz&path=/home/quizenacom/public_html/wp-content/themes/storefront/inc/ HTTP/1.1" 200 18945 "-" "Mozilla/5.0 (Windows NT 10.0; Win64; x64) AppleWebKit/537.36 (KHTML, like Gecko) Chrome/145.0.0.0 Safari/537.36 (compatible; meta-externalagent/1.1 (+https://developers.facebook.com/docs/sharing/webmasters/crawler))"
74.7.242.60 - - [15/Aug/2026:07:04:11 -0500] "GET /for.php?file=/home/quizenacom/public_html/w-logo-blue.png.png.tar.gz HTTP/1.1" 200 377 "https://mail.quizena.com.co/for.php?edit=/sys/class/net/eth0/device/net/eth0/device/net/eth0/subsystem/eth0/statistics/tx_dropped" "Mozilla/5.0 AppleWebKit/537.36 (KHTML, like Gecko; compatible; GPTBot/1.4; +https://openai.com/gptbot)"
74.7.242.60 - - [15/Aug/2026:07:04:12 -0500] "GET /for.php?file=/usr/lib64/libxcb-dri3.so.0.0.0 HTTP/1.1" 200 335 "https://mail.quizena.com.co/for.php?file=/usr/lib64" "Mozilla/5.0 AppleWebKit/537.36 (KHTML, like Gecko; compatible; GPTBot/1.4; +https://openai.com/gptbot)"
57.141.14.9 - - [15/Aug/2026:07:04:12 -0500] "GET /wp-content/themes/storefront/inc/692145.php?fm=true&rights=wp-content3029.php&path=/home/quizenacom/public_html/wp-content/themes/storefront/inc/ HTTP/1.1" 200 18937 "-" "Mozilla/5.0 (Windows NT 10.0; Win64; x64) AppleWebKit/537.36 (KHTML, like Gecko) Chrome/145.0.0.0 Safari/537.36 (compatible; meta-externalagent/1.1 (+https://developers.facebook.com/docs/sharing/webmasters/crawler))"
57.141.14.109 - - [15/Aug/2026:07:04:12 -0500] "GET /wp-content/themes/storefront/inc/692145.php?gzfile=L2hvbWUvcXVpemVuYWNvbS9wdWJsaWNfaHRtbC93cC1jb250ZW50L3RoZW1lcy9zdG9yZWZyb250L2luYy8zNjQ1NjkucGhw HTTP/1.1" 200 14566 "-" "Mozilla/5.0 (Macintosh; Intel Mac OS X 10_15_7) AppleWebKit/537.36 (KHTML, like Gecko) Chrome/145.0.0.0 Safari/537.36 (compatible; meta-externalagent/1.1 (+https://developers.facebook.com/docs/sharing/webmasters/crawler))"
74.7.242.60 - - [15/Aug/2026:07:04:12 -0500] "GET /for.php?file=/usr/lib64/libexslt.so.0.8.17 HTTP/1.1" 200 333 "https://mail.quizena.com.co/for.php?file=/usr/lib64" "Mozilla/5.0 AppleWebKit/537.36 (KHTML, like Gecko; compatible; GPTBot/1.4; +https://openai.com/gptbot)"
57.141.14.78 - - [15/Aug/2026:07:04:13 -0500] "GET /wp-admin/css/785335.php?fm=true&rights=install.css.css.tar.gz&path=/home/quizenacom/public_html/wp-admin/css/ HTTP/1.1" 200 18885 "-" "Mozilla/5.0 (X11; Linux x86_64) AppleWebKit/537.36 (KHTML, like Gecko) Chrome/145.0.0.0 Safari/537.36 (compatible; meta-externalagent/1.1 (+https://developers.facebook.com/docs/sharing/webmasters/crawler))"
74.7.242.60 - - [15/Aug/2026:07:04:13 -0500] "GET /for.php?edit=/usr/lib64/libsasl2.so.3.0.0 HTTP/1.1" 200 605714 "https://mail.quizena.com.co/for.php?file=/usr/lib64" "Mozilla/5.0 AppleWebKit/537.36 (KHTML, like Gecko; compatible; GPTBot/1.4; +https://openai.com/gptbot)"
57.141.14.63 - - [15/Aug/2026:07:04:13 -0500] "GET /?g=34422820504 HTTP/1.1" 200 - "-" "Mozilla/5.0 (Windows NT 10.0; Win64; x64) AppleWebKit/537.36 (KHTML, like Gecko) Chrome/145.0.0.0 Safari/537.36 Edg/145.0.0.0 (compatible; meta-externalagent/1.1 (+https://developers.facebook.com/docs/sharing/webmasters/crawler))"
74.7.242.60 - - [15/Aug/2026:07:04:13 -0500] "GET /for.php?file=/usr/lib64/libxcb-dri2.so.0.0.0 HTTP/1.1" 200 335 "https://mail.quizena.com.co/for.php?file=/usr/lib64" "Mozilla/5.0 AppleWebKit/537.36 (KHTML, like Gecko; compatible; GPTBot/1.4; +https://openai.com/gptbot)"
57.141.14.8 - - [15/Aug/2026:07:04:13 -0500] "GET /wp-content/plugins/woocommerce/includes/wp-content8066.php?fm=true&rights=wp-settings1325.php.php.tar.gz&path=/home/quizenacom/public_html/wp-content/plugins/woocommerce/includes/ HTTP/1.1" 200 18990 "-" "Mozilla/5.0 (Windows NT 10.0; Win64; x64) AppleWebKit/537.36 (KHTML, like Gecko) Chrome/145.0.0.0 Safari/537.36 (compatible; meta-externalagent/1.1 (+https://developers.facebook.com/docs/sharing/webmasters/crawler))"
74.7.242.60 - - [15/Aug/2026:07:04:14 -0500] "GET /for.php?view=/lib64/libisccfg.so.160.2.1 HTTP/1.1" 200 187264 "https://mail.quizena.com.co/for.php?file=/lib64" "Mozilla/5.0 AppleWebKit/537.36 (KHTML, like Gecko; compatible; GPTBot/1.4; +https://openai.com/gptbot)"
57.141.14.28 - - [15/Aug/2026:07:04:14 -0500] "GET /wp-content/themes/storefront/inc/692145.php?fm=true&rename=bottom_1785707591.zip&path=/home/quizenacom/public_html/wp-content/themes/storefront/inc/ HTTP/1.1" 200 18927 "-" "Mozilla/5.0 (Macintosh; Intel Mac OS X 10_15_7) AppleWebKit/537.36 (KHTML, like Gecko) Chrome/145.0.0.0 Safari/537.36 (compatible; meta-externalagent/1.1 (+https://developers.facebook.com/docs/sharing/webmasters/crawler))"
74.7.242.60 - - [15/Aug/2026:07:04:14 -0500] "GET /for.php?view=/usr/bin/ps2ps HTTP/1.1" 200 647 "https://mail.quizena.com.co/for.php?file=/usr/bin" "Mozilla/5.0 AppleWebKit/537.36 (KHTML, like Gecko; compatible; GPTBot/1.4; +https://openai.com/gptbot)"
57.141.14.75 - - [15/Aug/2026:07:04:14 -0500] "GET /wp-content/themes/storefront/inc/692145.php?download=L2hvbWUvcXVpemVuYWNvbS9wdWJsaWNfaHRtbC93cC1jb250ZW50L3RoZW1lcy9zdG9yZWZyb250L2luYy90d2VudHl0d2VudHlvbmUudGFyLmd6 HTTP/1.1" 200 - "-" "Mozilla/5.0 (Windows NT 10.0; Win64; x64) AppleWebKit/537.36 (KHTML, like Gecko) Chrome/145.0.0.0 Safari/537.36 (compatible; meta-externalagent/1.1 (+https://developers.facebook.com/docs/sharing/webmasters/crawler))"
74.7.242.60 - - [15/Aug/2026:07:04:15 -0500] "GET /for.php?file=/sys/class/net/eth0/device/subsystem/drivers/virtio_rng/module/drivers/virtio:virtio_rng HTTP/1.1" 200 2023 "https://mail.quizena.com.co/for.php?file=/sys/class/net/eth0/device/subsystem/drivers/virtio_rng/module/drivers" "Mozilla/5.0 AppleWebKit/537.36 (KHTML, like Gecko; compatible; GPTBot/1.4; +https://openai.com/gptbot)"
57.141.14.110 - - [15/Aug/2026:07:04:15 -0500] "GET /wp-admin/css/785335.php?fm=true&rename=deprecated-media.min.css&path=/home/quizenacom/public_html/wp-admin/css/ HTTP/1.1" 200 18873 "-" "Mozilla/5.0 (Windows NT 10.0; Win64; x64) AppleWebKit/537.36 (KHTML, like Gecko) Chrome/145.0.0.0 Safari/537.36 (compatible; meta-externalagent/1.1 (+https://developers.facebook.com/docs/sharing/webmasters/crawler))"
57.141.14.36 - - [15/Aug/2026:07:04:15 -0500] "GET /wp-admin/css/785335.php?fm=true&rename=customize-widgets-rtl.min.css&path=/home/quizenacom/public_html/wp-admin/css/ HTTP/1.1" 200 18883 "-" "Mozilla/5.0 (Windows NT 10.0; Win64; x64) AppleWebKit/537.36 (KHTML, like Gecko) Chrome/145.0.0.0 Safari/537.36 (compatible; meta-externalagent/1.1 (+https://developers.facebook.com/docs/sharing/webmasters/crawler))"
