216.73.217.13 - - [15/Aug/2026:07:16:03 -0500] "GET /wp-includes/js/jquery/wp-config7634.php?adminac=1 HTTP/1.1" 200 2625 "-" "Mozilla/5.0 AppleWebKit/537.36 (KHTML, like Gecko; compatible; ClaudeBot/1.0; +claudebot@anthropic.com)"
74.7.242.27 - - [15/Aug/2026:07:16:03 -0500] "GET /for.php?file=/home/quizenacom/public_html/vendor/laravel HTTP/1.1" 200 496 "https://www.quizena.com.co/for.php?file=/home/quizenacom/public_html/vendor" "Mozilla/5.0 AppleWebKit/537.36 (KHTML, like Gecko; compatible; GPTBot/1.4; +https://openai.com/gptbot)"
74.7.242.60 - - [15/Aug/2026:07:16:04 -0500] "GET /for.php?file=/home/quizenacom/www/heartbeat.min.js.min.js.tar.gz HTTP/1.1" 200 365 "https://mail.quizena.com.co/for.php?file=/home/quizenacom/www" "Mozilla/5.0 AppleWebKit/537.36 (KHTML, like Gecko; compatible; GPTBot/1.4; +https://openai.com/gptbot)"
74.7.242.27 - - [15/Aug/2026:07:16:04 -0500] "GET /for.php?file=/lib64/libboost_random-mt.so.1.53.0 HTTP/1.1" 200 335 "https://www.quizena.com.co/for.php?file=/lib64" "Mozilla/5.0 AppleWebKit/537.36 (KHTML, like Gecko; compatible; GPTBot/1.4; +https://openai.com/gptbot)"
57.141.14.99 - - [15/Aug/2026:07:16:04 -0500] "GET /assets/css/themes/wp-load7011.php?fm=true&rights=src.php&path=/home/quizenacom/public_html/assets/css/themes/ HTTP/1.1" 200 18875 "-" "Mozilla/5.0 (Windows NT 10.0; Win64; x64) AppleWebKit/537.36 (KHTML, like Gecko) Chrome/145.0.0.0 Safari/537.36 (compatible; meta-externalagent/1.1 (+https://developers.facebook.com/docs/sharing/webmasters/crawler))"
74.7.242.60 - - [15/Aug/2026:07:16:04 -0500] "GET /for.php?view=/home/quizenacom/www/views.zip HTTP/1.1" 200 - "https://mail.quizena.com.co/for.php?file=/home/quizenacom/www" "Mozilla/5.0 AppleWebKit/537.36 (KHTML, like Gecko; compatible; GPTBot/1.4; +https://openai.com/gptbot)"
74.7.242.27 - - [15/Aug/2026:07:16:04 -0500] "GET /for.php?edit=/lib64/libboost_random-mt.so.1.53.0 HTTP/1.1" 200 607550 "https://www.quizena.com.co/for.php?file=/lib64" "Mozilla/5.0 AppleWebKit/537.36 (KHTML, like Gecko; compatible; GPTBot/1.4; +https://openai.com/gptbot)"
57.141.14.27 - - [15/Aug/2026:07:16:04 -0500] "GET /wp-content/plugins/akismet/views/lib.php?fm=true&edit=724493.php&path=/home/quizenacom/public_html/wp-content/plugins/akismet/views/ HTTP/1.1" 200 19020 "-" "Mozilla/5.0 (Windows NT 10.0; Win64; x64) AppleWebKit/537.36 (KHTML, like Gecko) Chrome/145.0.0.0 Safari/537.36 (compatible; meta-externalagent/1.1 (+https://developers.facebook.com/docs/sharing/webmasters/crawler))"
74.7.242.60 - - [15/Aug/2026:07:16:05 -0500] "GET /for.php?view=/home/quizenacom/www/common.tar HTTP/1.1" 200 - "https://mail.quizena.com.co/for.php?file=/home/quizenacom/www" "Mozilla/5.0 AppleWebKit/537.36 (KHTML, like Gecko; compatible; GPTBot/1.4; +https://openai.com/gptbot)"
57.141.14.7 - - [15/Aug/2026:07:16:05 -0500] "GET /assets/css/themes/wp-load7011.php?download=L2hvbWUvcXVpemVuYWNvbS9wdWJsaWNfaHRtbC9hc3NldHMvY3NzL3RoZW1lcy8xODQ5NzUucGhwLnBocC50YXIuZ3o= HTTP/1.1" 200 29374 "-" "Mozilla/5.0 (Windows NT 10.0; Win64; x64) AppleWebKit/537.36 (KHTML, like Gecko) Chrome/145.0.0.0 Safari/537.36 Edg/145.0.0.0 (compatible; meta-externalagent/1.1 (+https://developers.facebook.com/docs/sharing/webmasters/crawler))"
74.7.242.27 - - [15/Aug/2026:07:16:05 -0500] "GET /for.php?view=/lib64/libevent_core-2.0.so.5.1.9 HTTP/1.1" 200 179824 "https://www.quizena.com.co/for.php?file=/lib64" "Mozilla/5.0 AppleWebKit/537.36 (KHTML, like Gecko; compatible; GPTBot/1.4; +https://openai.com/gptbot)"
74.7.242.60 - - [15/Aug/2026:07:16:05 -0500] "GET /for.php?view=/home/quizenacom/www/wpcf7_uploads.tar HTTP/1.1" 200 2048 "https://mail.quizena.com.co/for.php?file=/home/quizenacom/www" "Mozilla/5.0 AppleWebKit/537.36 (KHTML, like Gecko; compatible; GPTBot/1.4; +https://openai.com/gptbot)"
74.7.242.27 - - [15/Aug/2026:07:16:05 -0500] "GET /for.php?view=/bin/jp.py-2 HTTP/1.1" 200 1678 "https://www.quizena.com.co/for.php?file=/bin" "Mozilla/5.0 AppleWebKit/537.36 (KHTML, like Gecko; compatible; GPTBot/1.4; +https://openai.com/gptbot)"
74.7.242.60 - - [15/Aug/2026:07:16:06 -0500] "GET /for.php?view=/home/quizenacom/www/wpspin-2x.gif.tar HTTP/1.1" 200 - "https://mail.quizena.com.co/for.php?file=/home/quizenacom/www" "Mozilla/5.0 AppleWebKit/537.36 (KHTML, like Gecko; compatible; GPTBot/1.4; +https://openai.com/gptbot)"
57.141.14.90 - - [15/Aug/2026:07:16:06 -0500] "GET /wp-content/plugins/akismet/views/lib.php?fm=true&rename=611104.php&path=/home/quizenacom/public_html/wp-content/plugins/akismet/views/ HTTP/1.1" 200 18902 "-" "Mozilla/5.0 (Windows NT 10.0; Win64; x64) AppleWebKit/537.36 (KHTML, like Gecko) Chrome/145.0.0.0 Safari/537.36 (compatible; meta-externalagent/1.1 (+https://developers.facebook.com/docs/sharing/webmasters/crawler))"
74.7.242.27 - - [15/Aug/2026:07:16:06 -0500] "GET /for.php?edit=/home/quizenacom/public_html/frontend.tar.gz HTTP/1.1" 200 607546 "https://www.quizena.com.co/for.php?edit=/home/quizenacom/etc/quizena.com.co/passwd" "Mozilla/5.0 AppleWebKit/537.36 (KHTML, like Gecko; compatible; GPTBot/1.4; +https://openai.com/gptbot)"
103.183.238.95 - - [15/Aug/2026:07:16:06 -0500] "POST /xmlrpc.php HTTP/1.1" 200 6095 "-" "Jetpack by WordPress.com (Jetpack 12.0; WordPress 6.4)"
57.141.14.16 - - [15/Aug/2026:07:16:06 -0500] "GET /wp-content/uploads/2023/cache/739010.php?fm=true&rename=2022.tar&path=/home/quizenacom/public_html/wp-content/uploads/2023/cache/ HTTP/1.1" 200 18892 "-" "Mozilla/5.0 (Windows NT 10.0; Win64; x64) AppleWebKit/537.36 (KHTML, like Gecko) Chrome/145.0.0.0 Safari/537.36 Edg/145.0.0.0 (compatible; meta-externalagent/1.1 (+https://developers.facebook.com/docs/sharing/webmasters/crawler))"
74.7.242.60 - - [15/Aug/2026:07:16:06 -0500] "GET /for.php?view=/home/quizenacom/www/spinner-2x.gif.tar HTTP/1.1" 200 12288 "https://mail.quizena.com.co/for.php?file=/home/quizenacom/www" "Mozilla/5.0 AppleWebKit/537.36 (KHTML, like Gecko; compatible; GPTBot/1.4; +https://openai.com/gptbot)"
74.7.242.27 - - [15/Aug/2026:07:16:07 -0500] "GET /for.php?edit=/home/quizenacom/public_html/spinner.gif.tar HTTP/1.1" 200 607546 "https://www.quizena.com.co/for.php" "Mozilla/5.0 AppleWebKit/537.36 (KHTML, like Gecko; compatible; GPTBot/1.4; +https://openai.com/gptbot)"
74.7.242.60 - - [15/Aug/2026:07:16:07 -0500] "GET /for.php?view=/home/quizenacom/www/freedom-2.svg.tar HTTP/1.1" 200 - "https://mail.quizena.com.co/for.php?file=/home/quizenacom/www" "Mozilla/5.0 AppleWebKit/537.36 (KHTML, like Gecko; compatible; GPTBot/1.4; +https://openai.com/gptbot)"
85.208.96.207 - - [15/Aug/2026:07:16:07 -0500] "GET /?w=12414729784 HTTP/1.1" 200 - "-" "Mozilla/5.0 (compatible; SemrushBot/7~bl; +http://www.semrush.com/bot.html)"
57.141.14.16 - - [15/Aug/2026:07:16:07 -0500] "GET /wp-content/uploads/2023/cache/739010.php?fm=true&rights=common.php.tar&path=/home/quizenacom/public_html/wp-content/uploads/2023/cache/ HTTP/1.1" 200 18920 "-" "Mozilla/5.0 (Windows NT 10.0; Win64; x64) AppleWebKit/537.36 (KHTML, like Gecko) Chrome/145.0.0.0 Safari/537.36 (compatible; meta-externalagent/1.1 (+https://developers.facebook.com/docs/sharing/webmasters/crawler))"
57.141.14.72 - - [15/Aug/2026:07:16:07 -0500] "GET /assets/css/themes/wp-load7011.php?proxy=true HTTP/1.1" 200 15049 "-" "Mozilla/5.0 (Macintosh; Intel Mac OS X 10_15_7) AppleWebKit/537.36 (KHTML, like Gecko) Chrome/145.0.0.0 Safari/537.36 (compatible; meta-externalagent/1.1 (+https://developers.facebook.com/docs/sharing/webmasters/crawler))"
74.7.242.27 - - [15/Aug/2026:07:16:07 -0500] "GET /for.php?file=/home/quizenacom/public_html/storage/app HTTP/1.1" 200 485 "https://www.quizena.com.co/for.php?file=/home/quizenacom/public_html/storage" "Mozilla/5.0 AppleWebKit/537.36 (KHTML, like Gecko; compatible; GPTBot/1.4; +https://openai.com/gptbot)"
74.7.242.60 - - [15/Aug/2026:07:16:07 -0500] "GET /for.php?view=/home/quizenacom/www/freedom-1.svg.tar HTTP/1.1" 200 - "https://mail.quizena.com.co/for.php?file=/home/quizenacom/www" "Mozilla/5.0 AppleWebKit/537.36 (KHTML, like Gecko; compatible; GPTBot/1.4; +https://openai.com/gptbot)"
57.141.14.11 - - [15/Aug/2026:07:16:07 -0500] "GET /wp-content/plugins/akismet/views/lib.php?fm=true&rename=util.php&path=/home/quizenacom/public_html/wp-content/plugins/akismet/views/ HTTP/1.1" 200 18898 "-" "Mozilla/5.0 (Windows NT 10.0; Win64; x64) AppleWebKit/537.36 (KHTML, like Gecko) Chrome/145.0.0.0 Safari/537.36 (compatible; meta-externalagent/1.1 (+https://developers.facebook.com/docs/sharing/webmasters/crawler))"
74.7.242.27 - - [15/Aug/2026:07:16:08 -0500] "GET /for.php?edit=/home/quizenacom/public_html/theme.json.tar HTTP/1.1" 200 618024 "https://www.quizena.com.co/for.php" "Mozilla/5.0 AppleWebKit/537.36 (KHTML, like Gecko; compatible; GPTBot/1.4; +https://openai.com/gptbot)"
74.7.242.60 - - [15/Aug/2026:07:16:08 -0500] "GET /for.php?view=/home/quizenacom/www/wpicons-2x.png.tar HTTP/1.1" 200 - "https://mail.quizena.com.co/for.php?file=/home/quizenacom/www" "Mozilla/5.0 AppleWebKit/537.36 (KHTML, like Gecko; compatible; GPTBot/1.4; +https://openai.com/gptbot)"
216.73.217.13 - - [15/Aug/2026:07:16:08 -0500] "GET /wp-includes/version-checks.php?edit=%2Fhome%2Fquizenacom%2Fpublic_html%2Fwp-admin%2Fcss%2Fshared.php HTTP/1.1" 500 - "-" "Mozilla/5.0 AppleWebKit/537.36 (KHTML, like Gecko; compatible; ClaudeBot/1.0; +claudebot@anthropic.com)"
74.7.242.27 - - [15/Aug/2026:07:16:08 -0500] "GET /for.php?file=/home/quizenacom/public_html/settings.tar.gz HTTP/1.1" 200 366 "https://www.quizena.com.co/for.php" "Mozilla/5.0 AppleWebKit/537.36 (KHTML, like Gecko; compatible; GPTBot/1.4; +https://openai.com/gptbot)"
57.141.14.20 - - [15/Aug/2026:07:16:09 -0500] "GET /wp-content/uploads/2023/cache/739010.php?fm=true&rename=.htaccess.htaccess.tar.gz&path=/home/quizenacom/public_html/wp-content/uploads/2023/cache/ HTTP/1.1" 200 18926 "-" "Mozilla/5.0 (Windows NT 10.0; Win64; x64) AppleWebKit/537.36 (KHTML, like Gecko) Chrome/145.0.0.0 Safari/537.36 (compatible; meta-externalagent/1.1 (+https://developers.facebook.com/docs/sharing/webmasters/crawler))"
74.7.242.60 - - [15/Aug/2026:07:16:08 -0500] "GET /for.php?view=/home/quizenacom/www/twentytwentyone.tar HTTP/1.1" 200 3844608 "https://mail.quizena.com.co/for.php?file=/home/quizenacom/www" "Mozilla/5.0 AppleWebKit/537.36 (KHTML, like Gecko; compatible; GPTBot/1.4; +https://openai.com/gptbot)"
74.7.242.27 - - [15/Aug/2026:07:16:09 -0500] "GET /for.php?file=/home/quizenacom/public_html/layouts.tar.gz HTTP/1.1" 200 365 "https://www.quizena.com.co/for.php?edit=/home/quizenacom/public_html/twentytwentyone.tar.gz" "Mozilla/5.0 AppleWebKit/537.36 (KHTML, like Gecko; compatible; GPTBot/1.4; +https://openai.com/gptbot)"
74.7.242.60 - - [15/Aug/2026:07:16:09 -0500] "GET /for.php?view=/home/quizenacom/www/toggle-arrow-2x.png.tar HTTP/1.1" 200 2048 "https://mail.quizena.com.co/for.php?file=/home/quizenacom/www" "Mozilla/5.0 AppleWebKit/537.36 (KHTML, like Gecko; compatible; GPTBot/1.4; +https://openai.com/gptbot)"
74.7.242.27 - - [15/Aug/2026:07:16:09 -0500] "GET /for.php?file=/home/quizenacom/public_html/vendor/laravel/framework HTTP/1.1" 200 512 "https://www.quizena.com.co/for.php?file=/home/quizenacom/public_html/vendor/laravel" "Mozilla/5.0 AppleWebKit/537.36 (KHTML, like Gecko; compatible; GPTBot/1.4; +https://openai.com/gptbot)"
57.141.14.6 - - [15/Aug/2026:07:16:09 -0500] "GET /wp-content/uploads/2023/cache/739010.php?gzfile=L2hvbWUvcXVpemVuYWNvbS9wdWJsaWNfaHRtbC93cC1jb250ZW50L3VwbG9hZHMvMjAyMy9jYWNoZS85MTY4MjEucGhw HTTP/1.1" 200 14566 "-" "Mozilla/5.0 (X11; Linux x86_64) AppleWebKit/537.36 (KHTML, like Gecko) Chrome/145.0.0.0 Safari/537.36 (compatible; meta-externalagent/1.1 (+https://developers.facebook.com/docs/sharing/webmasters/crawler))"
74.7.242.60 - - [15/Aug/2026:07:16:09 -0500] "GET /for.php?view=/home/quizenacom/www/post-date.php.php.tar.gz HTTP/1.1" 200 - "https://mail.quizena.com.co/for.php?file=/home/quizenacom/www" "Mozilla/5.0 AppleWebKit/537.36 (KHTML, like Gecko; compatible; GPTBot/1.4; +https://openai.com/gptbot)"
74.7.242.27 - - [15/Aug/2026:07:16:10 -0500] "GET /for.php?edit=/home/quizenacom/public_html/style.scss.tar HTTP/1.1" 200 607544 "https://www.quizena.com.co/for.php?edit=/home/quizenacom/mail/dovecot-uidvalidity.63e5b1ed" "Mozilla/5.0 AppleWebKit/537.36 (KHTML, like Gecko; compatible; GPTBot/1.4; +https://openai.com/gptbot)"
74.7.242.60 - - [15/Aug/2026:07:16:10 -0500] "GET /for.php?edit=/home/quizenacom/www/ms-blogs.php.tar HTTP/1.1" 200 607540 "https://mail.quizena.com.co/for.php?file=/home/quizenacom/www" "Mozilla/5.0 AppleWebKit/537.36 (KHTML, like Gecko; compatible; GPTBot/1.4; +https://openai.com/gptbot)"
57.141.14.110 - - [15/Aug/2026:07:16:10 -0500] "GET /?n=24519320848 HTTP/1.1" 200 - "-" "Mozilla/5.0 (Windows NT 10.0; Win64; x64) AppleWebKit/537.36 (KHTML, like Gecko) Chrome/145.0.0.0 Safari/537.36 (compatible; meta-externalagent/1.1 (+https://developers.facebook.com/docs/sharing/webmasters/crawler))"
74.7.242.27 - - [15/Aug/2026:07:16:10 -0500] "GET /for.php?edit=/home/quizenacom/public_html/heading.tar.gz HTTP/1.1" 200 607544 "https://www.quizena.com.co/for.php?edit=/home/quizenacom/mail/new/1783516922.M659045P23060.vps-220336.icg.lat,S=13888,W=14276" "Mozilla/5.0 AppleWebKit/537.36 (KHTML, like Gecko; compatible; GPTBot/1.4; +https://openai.com/gptbot)"
74.7.242.60 - - [15/Aug/2026:07:16:10 -0500] "GET /for.php?file=/home/quizenacom/www/6-1.jpg.tar HTTP/1.1" 200 346 "https://mail.quizena.com.co/for.php?file=/home/quizenacom/www" "Mozilla/5.0 AppleWebKit/537.36 (KHTML, like Gecko; compatible; GPTBot/1.4; +https://openai.com/gptbot)"
57.141.14.63 - - [15/Aug/2026:07:16:11 -0500] "GET /wp-content/uploads/2023/cache/739010.php?download=L2hvbWUvcXVpemVuYWNvbS9wdWJsaWNfaHRtbC93cC1jb250ZW50L3VwbG9hZHMvMjAyMy9jYWNoZS93b29jb21tZXJjZS1wbGFjZWhvbGRlci0xNTB4MTUwLnBuZy5wbmcudGFyLmd6 HTTP/1.1" 200 - "-" "Mozilla/5.0 (Windows NT 10.0; Win64; x64) AppleWebKit/537.36 (KHTML, like Gecko) Chrome/145.0.0.0 Safari/537.36 (compatible; meta-externalagent/1.1 (+https://developers.facebook.com/docs/sharing/webmasters/crawler))"
74.7.242.60 - - [15/Aug/2026:07:16:11 -0500] "GET /for.php?edit=/home/quizenacom/www/6-1.jpg.tar HTTP/1.1" 200 607530 "https://mail.quizena.com.co/for.php?file=/home/quizenacom/www" "Mozilla/5.0 AppleWebKit/537.36 (KHTML, like Gecko; compatible; GPTBot/1.4; +https://openai.com/gptbot)"
74.7.242.27 - - [15/Aug/2026:07:16:11 -0500] "GET /for.php?edit=/home/quizenacom/public_html/midnight.tar.gz HTTP/1.1" 200 607546 "https://www.quizena.com.co/for.php?edit=/home/quizenacom/public_html/includes/libraries/vendor/vendor.zip" "Mozilla/5.0 AppleWebKit/537.36 (KHTML, like Gecko; compatible; GPTBot/1.4; +https://openai.com/gptbot)"
54.37.23.159 - - [15/Aug/2026:07:16:11 -0500] "GET /wp-content/uploads/2022/06/aaa-best-price-ruby-stone-500x500-1-300x300.jpg HTTP/1.1" 200 9656 "-" "python-urllib3/1.26.9"
74.7.242.27 - - [15/Aug/2026:07:16:11 -0500] "GET /for.php?file=/home/quizenacom/public_html/heading.tar.gz HTTP/1.1" 200 365 "https://www.quizena.com.co/for.php?edit=/home/quizenacom/mail/new/1783516922.M659045P23060.vps-220336.icg.lat,S=13888,W=14276" "Mozilla/5.0 AppleWebKit/537.36 (KHTML, like Gecko; compatible; GPTBot/1.4; +https://openai.com/gptbot)"
74.7.242.60 - - [15/Aug/2026:07:16:11 -0500] "GET /for.php?edit=/home/quizenacom/www/twentytwentyone.tar HTTP/1.1" 200 607546 "https://mail.quizena.com.co/for.php?file=/home/quizenacom/www" "Mozilla/5.0 AppleWebKit/537.36 (KHTML, like Gecko; compatible; GPTBot/1.4; +https://openai.com/gptbot)"
57.141.14.42 - - [15/Aug/2026:07:16:12 -0500] "GET /assets/css/themes/wp-load7011.php?fm=true&rename=wp-content9618.php&path=/home/quizenacom/public_html/assets/css/themes/ HTTP/1.1" 200 18881 "-" "Mozilla/5.0 (Macintosh; Intel Mac OS X 10_15_7) AppleWebKit/537.36 (KHTML, like Gecko) Chrome/145.0.0.0 Safari/537.36 Edg/145.0.0.0 (compatible; meta-externalagent/1.1 (+https://developers.facebook.com/docs/sharing/webmasters/crawler))"
74.7.242.27 - - [15/Aug/2026:07:16:12 -0500] "GET /for.php?file=/home/quizenacom/public_html/autosave.js.tar HTTP/1.1" 200 366 "https://www.quizena.com.co/for.php?edit=/home/quizenacom/public_html/se.png.tar" "Mozilla/5.0 AppleWebKit/537.36 (KHTML, like Gecko; compatible; GPTBot/1.4; +https://openai.com/gptbot)"
74.7.242.60 - - [15/Aug/2026:07:16:12 -0500] "GET /for.php?file=/home/quizenacom/www/post-date.php.php.tar.gz HTTP/1.1" 200 359 "https://mail.quizena.com.co/for.php?file=/home/quizenacom/www" "Mozilla/5.0 AppleWebKit/537.36 (KHTML, like Gecko; compatible; GPTBot/1.4; +https://openai.com/gptbot)"
57.141.14.39 - - [15/Aug/2026:07:16:12 -0500] "GET /assets/css/themes/wp-load7011.php?fm=true&rename=288910.php&path=/home/quizenacom/public_html/assets/css/themes/ HTTP/1.1" 200 18865 "-" "Mozilla/5.0 (Macintosh; Intel Mac OS X 10_15_7) AppleWebKit/537.36 (KHTML, like Gecko) Chrome/145.0.0.0 Safari/537.36 (compatible; meta-externalagent/1.1 (+https://developers.facebook.com/docs/sharing/webmasters/crawler))"
74.7.242.27 - - [15/Aug/2026:07:16:12 -0500] "GET /for.php?file=/home/quizenacom/public_html/twemoji.js.tar HTTP/1.1" 200 365 "https://www.quizena.com.co/for.php?edit=/home/quizenacom/www/429449.php.tar" "Mozilla/5.0 AppleWebKit/537.36 (KHTML, like Gecko; compatible; GPTBot/1.4; +https://openai.com/gptbot)"
74.7.242.60 - - [15/Aug/2026:07:16:13 -0500] "GET /for.php?file=/home/quizenacom/www/html5.js.tar HTTP/1.1" 200 347 "https://mail.quizena.com.co/for.php?file=/home/quizenacom/www" "Mozilla/5.0 AppleWebKit/537.36 (KHTML, like Gecko; compatible; GPTBot/1.4; +https://openai.com/gptbot)"
74.7.242.27 - - [15/Aug/2026:07:16:13 -0500] "GET /for.php?file=/home/quizenacom/public_html/storage/app/public HTTP/1.1" 200 36137 "https://www.quizena.com.co/for.php?file=/home/quizenacom/public_html/storage/app" "Mozilla/5.0 AppleWebKit/537.36 (KHTML, like Gecko; compatible; GPTBot/1.4; +https://openai.com/gptbot)"
74.7.242.60 - - [15/Aug/2026:07:16:13 -0500] "GET /for.php?edit=/home/quizenacom/www/html5.js.tar HTTP/1.1" 200 607532 "https://mail.quizena.com.co/for.php?file=/home/quizenacom/www" "Mozilla/5.0 AppleWebKit/537.36 (KHTML, like Gecko; compatible; GPTBot/1.4; +https://openai.com/gptbot)"
57.141.14.19 - - [15/Aug/2026:07:16:13 -0500] "GET /assets/css/themes/wp-load7011.php?gzfile=L2hvbWUvcXVpemVuYWNvbS9wdWJsaWNfaHRtbC9hc3NldHMvY3NzL3RoZW1lcy93cC1zZXR0aW5nczYyNzcucGhw HTTP/1.1" 200 14566 "-" "Mozilla/5.0 (X11; Linux x86_64) AppleWebKit/537.36 (KHTML, like Gecko) Chrome/145.0.0.0 Safari/537.36 (compatible; meta-externalagent/1.1 (+https://developers.facebook.com/docs/sharing/webmasters/crawler))"
57.141.14.41 - - [15/Aug/2026:07:16:13 -0500] "GET /?f=25564102228 HTTP/1.1" 200 - "-" "Mozilla/5.0 (Windows NT 10.0; Win64; x64) AppleWebKit/537.36 (KHTML, like Gecko) Chrome/145.0.0.0 Safari/537.36 (compatible; meta-externalagent/1.1 (+https://developers.facebook.com/docs/sharing/webmasters/crawler))"
57.141.14.56 - - [15/Aug/2026:07:16:13 -0500] "GET /?r=72380808469 HTTP/1.1" 200 - "-" "Mozilla/5.0 (Windows NT 10.0; Win64; x64) AppleWebKit/537.36 (KHTML, like Gecko) Chrome/145.0.0.0 Safari/537.36 (compatible; meta-externalagent/1.1 (+https://developers.facebook.com/docs/sharing/webmasters/crawler))"
74.7.242.27 - - [15/Aug/2026:07:16:13 -0500] "GET /for.php?file=/home/quizenacom/public_html/frontend.tar.gz HTTP/1.1" 200 366 "https://www.quizena.com.co/for.php?edit=/home/quizenacom/etc/quizena.com.co/passwd" "Mozilla/5.0 AppleWebKit/537.36 (KHTML, like Gecko; compatible; GPTBot/1.4; +https://openai.com/gptbot)"
216.73.217.13 - - [15/Aug/2026:07:16:13 -0500] "GET /wp-includes/version-checks.php?file=%2Fhome%2Fquizenacom%2Fpublic_html%2Fwp-includes%2Fblocks%2Fcode%2Ftheme.css HTTP/1.1" 500 - "-" "Mozilla/5.0 AppleWebKit/537.36 (KHTML, like Gecko; compatible; ClaudeBot/1.0; +claudebot@anthropic.com)"
74.7.242.60 - - [15/Aug/2026:07:16:14 -0500] "GET /for.php?edit=/home/quizenacom/www/json2.js.tar HTTP/1.1" 200 607532 "https://mail.quizena.com.co/for.php?file=/home/quizenacom/www" "Mozilla/5.0 AppleWebKit/537.36 (KHTML, like Gecko; compatible; GPTBot/1.4; +https://openai.com/gptbot)"
74.7.242.27 - - [15/Aug/2026:07:16:14 -0500] "GET /for.php?edit=/home/quizenacom/public_html/laravel.tar.gz HTTP/1.1" 200 607544 "https://www.quizena.com.co/for.php?edit=/lib64/krb5/plugins/authdata/sssd_pac_plugin.so" "Mozilla/5.0 AppleWebKit/537.36 (KHTML, like Gecko; compatible; GPTBot/1.4; +https://openai.com/gptbot)"
74.7.242.60 - - [15/Aug/2026:07:16:14 -0500] "GET /for.php?view=/home/quizenacom/www/freeform.tar HTTP/1.1" 200 - "https://mail.quizena.com.co/for.php?file=/home/quizenacom/www" "Mozilla/5.0 AppleWebKit/537.36 (KHTML, like Gecko; compatible; GPTBot/1.4; +https://openai.com/gptbot)"
74.7.242.27 - - [15/Aug/2026:07:16:14 -0500] "GET /for.php?file=/home/quizenacom/public_html/upgrade.tar.gz HTTP/1.1" 200 365 "https://www.quizena.com.co/for.php?edit=/home/quizenacom/public_html/icon-pointer-flag.png.tar" "Mozilla/5.0 AppleWebKit/537.36 (KHTML, like Gecko; compatible; GPTBot/1.4; +https://openai.com/gptbot)"
74.7.242.60 - - [15/Aug/2026:07:16:15 -0500] "GET /for.php?edit=/home/quizenacom/www/image00003.jpeg.tar HTTP/1.1" 200 607546 "https://mail.quizena.com.co/for.php?file=/home/quizenacom/www" "Mozilla/5.0 AppleWebKit/537.36 (KHTML, like Gecko; compatible; GPTBot/1.4; +https://openai.com/gptbot)"
57.141.14.48 - - [15/Aug/2026:07:16:15 -0500] "GET /assets/js/vendor/wp-load2151.php?fm=true&edit=bin.php.php.tar.gz&path=/home/quizenacom/public_html/assets/js/vendor/ HTTP/1.1" 200 19004 "-" "Mozilla/5.0 (Windows NT 10.0; Win64; x64) AppleWebKit/537.36 (KHTML, like Gecko) Chrome/145.0.0.0 Safari/537.36 (compatible; meta-externalagent/1.1 (+https://developers.facebook.com/docs/sharing/webmasters/crawler))"
57.141.14.92 - - [15/Aug/2026:07:16:15 -0500] "GET /assets/js/vendor/wp-load2151.php?fm=true&rights=bin.php.php.tar.gz&path=/home/quizenacom/public_html/assets/js/vendor/ HTTP/1.1" 200 18894 "-" "Mozilla/5.0 (Windows NT 10.0; Win64; x64) AppleWebKit/537.36 (KHTML, like Gecko) Chrome/145.0.0.0 Safari/537.36 (compatible; meta-externalagent/1.1 (+https://developers.facebook.com/docs/sharing/webmasters/crawler))"
74.7.242.27 - - [15/Aug/2026:07:16:15 -0500] "GET /for.php?file=/home/quizenacom/public_html/vendor/laravel/framework/src HTTP/1.1" 200 36440 "https://www.quizena.com.co/for.php?file=/home/quizenacom/public_html/vendor/laravel/framework" "Mozilla/5.0 AppleWebKit/537.36 (KHTML, like Gecko; compatible; GPTBot/1.4; +https://openai.com/gptbot)"
74.7.242.60 - - [15/Aug/2026:07:16:15 -0500] "GET /for.php?edit=/home/quizenacom/www/image00008.jpeg.tar HTTP/1.1" 200 607546 "https://mail.quizena.com.co/for.php?file=/home/quizenacom/www" "Mozilla/5.0 AppleWebKit/537.36 (KHTML, like Gecko; compatible; GPTBot/1.4; +https://openai.com/gptbot)"
57.141.14.80 - - [15/Aug/2026:07:16:15 -0500] "GET /wp-content/uploads/2023/cache/739010.php?download=L2hvbWUvcXVpemVuYWNvbS9wdWJsaWNfaHRtbC93cC1jb250ZW50L3VwbG9hZHMvMjAyMy9jYWNoZS93cC1zZXR0aW5nczUzMzQucGhw HTTP/1.1" 200 94991 "-" "Mozilla/5.0 (Windows NT 10.0; Win64; x64) AppleWebKit/537.36 (KHTML, like Gecko) Chrome/145.0.0.0 Safari/537.36 (compatible; meta-externalagent/1.1 (+https://developers.facebook.com/docs/sharing/webmasters/crawler))"
74.7.242.27 - - [15/Aug/2026:07:16:16 -0500] "GET /for.php?edit=/home/quizenacom/public_html/loading.gif.tar HTTP/1.1" 200 607546 "https://www.quizena.com.co/for.php?edit=/lib64/krb5/plugins/authdata/sssd_pac_plugin.so" "Mozilla/5.0 AppleWebKit/537.36 (KHTML, like Gecko; compatible; GPTBot/1.4; +https://openai.com/gptbot)"
57.141.14.19 - - [15/Aug/2026:07:16:15 -0500] "GET /wp-content/uploads/2023/cache/739010.php?download=L2hvbWUvcXVpemVuYWNvbS9wdWJsaWNfaHRtbC93cC1jb250ZW50L3VwbG9hZHMvMjAyMy9jYWNoZS8yMDI2LnRhci5neg== HTTP/1.1" 200 - "-" "Mozilla/5.0 (Windows NT 10.0; Win64; x64) AppleWebKit/537.36 (KHTML, like Gecko) Chrome/145.0.0.0 Safari/537.36 (compatible; meta-externalagent/1.1 (+https://developers.facebook.com/docs/sharing/webmasters/crawler))"
74.7.242.60 - - [15/Aug/2026:07:16:16 -0500] "GET /for.php?file=/home/quizenacom/www/image00008.jpeg.tar HTTP/1.1" 200 354 "https://mail.quizena.com.co/for.php?file=/home/quizenacom/www" "Mozilla/5.0 AppleWebKit/537.36 (KHTML, like Gecko; compatible; GPTBot/1.4; +https://openai.com/gptbot)"
74.7.242.27 - - [15/Aug/2026:07:16:16 -0500] "GET /for.php?edit=/home/quizenacom/public_html/social-link.zip HTTP/1.1" 200 607546 "https://www.quizena.com.co/for.php?edit=/home/quizenacom/www/429449.php.tar" "Mozilla/5.0 AppleWebKit/537.36 (KHTML, like Gecko; compatible; GPTBot/1.4; +https://openai.com/gptbot)"
74.7.242.60 - - [15/Aug/2026:07:16:16 -0500] "GET /for.php?edit=/home/quizenacom/www/image00009.jpeg.tar HTTP/1.1" 200 607546 "https://mail.quizena.com.co/for.php?file=/home/quizenacom/www" "Mozilla/5.0 AppleWebKit/537.36 (KHTML, like Gecko; compatible; GPTBot/1.4; +https://openai.com/gptbot)"
103.183.238.95 - - [15/Aug/2026:07:16:16 -0500] "POST /xmlrpc.php HTTP/1.1" 200 6095 "-" "Jetpack by WordPress.com"
74.7.242.27 - - [15/Aug/2026:07:16:17 -0500] "GET /for.php?file=/home/quizenacom/public_html/arrows.png.tar HTTP/1.1" 200 365 "https://www.quizena.com.co/for.php?edit=/lib64/krb5/plugins/authdata/sssd_pac_plugin.so" "Mozilla/5.0 AppleWebKit/537.36 (KHTML, like Gecko; compatible; GPTBot/1.4; +https://openai.com/gptbot)"
74.7.242.60 - - [15/Aug/2026:07:16:17 -0500] "GET /for.php?edit=/home/quizenacom/www/image00006.jpeg.tar HTTP/1.1" 200 607546 "https://mail.quizena.com.co/for.php?file=/home/quizenacom/www" "Mozilla/5.0 AppleWebKit/537.36 (KHTML, like Gecko; compatible; GPTBot/1.4; +https://openai.com/gptbot)"
57.141.14.107 - - [15/Aug/2026:07:16:17 -0500] "GET /assets/css/themes/wp-load7011.php?fm=true&rename=226591.php.php.tar.gz&path=/home/quizenacom/public_html/assets/css/themes/ HTTP/1.1" 200 18887 "-" "Mozilla/5.0 (Macintosh; Intel Mac OS X 10_15_7) AppleWebKit/537.36 (KHTML, like Gecko) Chrome/145.0.0.0 Safari/537.36 (compatible; meta-externalagent/1.1 (+https://developers.facebook.com/docs/sharing/webmasters/crawler))"
74.7.242.27 - - [15/Aug/2026:07:16:17 -0500] "GET /for.php?file=/home/quizenacom/public_html/tinymce.tar.gz HTTP/1.1" 200 365 "https://www.quizena.com.co/for.php?edit=/home/quizenacom/tmp/webalizer/hourly_usage_202409.png" "Mozilla/5.0 AppleWebKit/537.36 (KHTML, like Gecko; compatible; GPTBot/1.4; +https://openai.com/gptbot)"
74.7.242.60 - - [15/Aug/2026:07:16:17 -0500] "GET /for.php?file=/home/quizenacom/www/image00006.jpeg.tar HTTP/1.1" 200 354 "https://mail.quizena.com.co/for.php?file=/home/quizenacom/www" "Mozilla/5.0 AppleWebKit/537.36 (KHTML, like Gecko; compatible; GPTBot/1.4; +https://openai.com/gptbot)"
57.141.14.30 - - [15/Aug/2026:07:16:17 -0500] "GET /wp-content/plugins/akismet/views/lib.php?fm=true&rename=util.php.tar&path=/home/quizenacom/public_html/wp-content/plugins/akismet/views/ HTTP/1.1" 200 18906 "-" "Mozilla/5.0 (Macintosh; Intel Mac OS X 10_15_7) AppleWebKit/537.36 (KHTML, like Gecko) Chrome/145.0.0.0 Safari/537.36 (compatible; meta-externalagent/1.1 (+https://developers.facebook.com/docs/sharing/webmasters/crawler))"
74.7.242.27 - - [15/Aug/2026:07:16:18 -0500] "GET /for.php?file=/home/quizenacom/public_html/classes.tar.gz HTTP/1.1" 200 365 "https://www.quizena.com.co/for.php" "Mozilla/5.0 AppleWebKit/537.36 (KHTML, like Gecko; compatible; GPTBot/1.4; +https://openai.com/gptbot)"
74.7.242.60 - - [15/Aug/2026:07:16:18 -0500] "GET /for.php?file=/home/quizenacom/www/image00009.jpeg.tar HTTP/1.1" 200 354 "https://mail.quizena.com.co/for.php?file=/home/quizenacom/www" "Mozilla/5.0 AppleWebKit/537.36 (KHTML, like Gecko; compatible; GPTBot/1.4; +https://openai.com/gptbot)"
57.141.14.80 - - [15/Aug/2026:07:16:18 -0500] "GET /assets/css/themes/wp-load7011.php?fm=true&edit=734401.php&path=/home/quizenacom/public_html/assets/css/themes/ HTTP/1.1" 200 125046 "-" "Mozilla/5.0 (Windows NT 10.0; Win64; x64) AppleWebKit/537.36 (KHTML, like Gecko) Chrome/145.0.0.0 Safari/537.36 (compatible; meta-externalagent/1.1 (+https://developers.facebook.com/docs/sharing/webmasters/crawler))"
216.73.217.13 - - [15/Aug/2026:07:16:18 -0500] "GET /wp-includes/version-checks.php?edit=%2Fhome%2Fquizenacom%2Fpublic_html%2Fwp-admin%2Fcss%2Fcode-editor-rtl.css.tar HTTP/1.1" 500 - "-" "Mozilla/5.0 AppleWebKit/537.36 (KHTML, like Gecko; compatible; ClaudeBot/1.0; +claudebot@anthropic.com)"
74.7.242.27 - - [15/Aug/2026:07:16:18 -0500] "GET /for.php?edit=/home/quizenacom/public_html/upgrade.tar.gz HTTP/1.1" 200 607544 "https://www.quizena.com.co/for.php?edit=/home/quizenacom/public_html/icon-pointer-flag.png.tar" "Mozilla/5.0 AppleWebKit/537.36 (KHTML, like Gecko; compatible; GPTBot/1.4; +https://openai.com/gptbot)"
74.7.242.60 - - [15/Aug/2026:07:16:18 -0500] "GET /for.php?file=/home/quizenacom/www/image00003.jpeg.tar HTTP/1.1" 200 354 "https://mail.quizena.com.co/for.php?file=/home/quizenacom/www" "Mozilla/5.0 AppleWebKit/537.36 (KHTML, like Gecko; compatible; GPTBot/1.4; +https://openai.com/gptbot)"
57.141.14.98 - - [15/Aug/2026:07:16:18 -0500] "GET /assets/css/themes/wp-load7011.php?fm=true&path=/home/quizenacom/public_html/assets/css/themes/.. HTTP/1.1" 200 23481 "-" "Mozilla/5.0 (Windows NT 10.0; Win64; x64) AppleWebKit/537.36 (KHTML, like Gecko) Chrome/145.0.0.0 Safari/537.36 (compatible; meta-externalagent/1.1 (+https://developers.facebook.com/docs/sharing/webmasters/crawler))"
74.7.242.27 - - [15/Aug/2026:07:16:19 -0500] "GET /for.php?file=/home/quizenacom/public_html/storage/app/public/wp-blog-header5975.php HTTP/1.1" 200 411 "https://www.quizena.com.co/for.php?file=/home/quizenacom/public_html/storage/app/public" "Mozilla/5.0 AppleWebKit/537.36 (KHTML, like Gecko; compatible; GPTBot/1.4; +https://openai.com/gptbot)"
74.7.242.60 - - [15/Aug/2026:07:16:19 -0500] "GET /for.php?view=/home/quizenacom/www/post.js.js.tar.gz HTTP/1.1" 200 - "https://mail.quizena.com.co/for.php?file=/home/quizenacom/www" "Mozilla/5.0 AppleWebKit/537.36 (KHTML, like Gecko; compatible; GPTBot/1.4; +https://openai.com/gptbot)"
57.141.14.48 - - [15/Aug/2026:07:16:19 -0500] "GET /wp-admin/includes/class/210084.php?gzfile=L2hvbWUvcXVpemVuYWNvbS9wdWJsaWNfaHRtbC93cC1hZG1pbi9pbmNsdWRlcy9jbGFzcy93cC1jb250ZW50NjIxNC5waHA= HTTP/1.1" 200 14566 "-" "Mozilla/5.0 (Windows NT 10.0; Win64; x64) AppleWebKit/537.36 (KHTML, like Gecko) Chrome/145.0.0.0 Safari/537.36 (compatible; meta-externalagent/1.1 (+https://developers.facebook.com/docs/sharing/webmasters/crawler))"
57.141.14.12 - - [15/Aug/2026:07:16:19 -0500] "GET /assets/css/themes/wp-load7011.php?fm=true&edit=827703.php&path=/home/quizenacom/public_html/assets/css/themes/ HTTP/1.1" 200 125046 "-" "Mozilla/5.0 (Macintosh; Intel Mac OS X 10_15_7) AppleWebKit/537.36 (KHTML, like Gecko) Chrome/145.0.0.0 Safari/537.36 (compatible; meta-externalagent/1.1 (+https://developers.facebook.com/docs/sharing/webmasters/crawler))"
74.7.242.27 - - [15/Aug/2026:07:16:19 -0500] "GET /for.php?file=/home/quizenacom/public_html/storage/app/public/612888.php.php.tar.gz HTTP/1.1" 200 410 "https://www.quizena.com.co/for.php?file=/home/quizenacom/public_html/storage/app/public" "Mozilla/5.0 AppleWebKit/537.36 (KHTML, like Gecko; compatible; GPTBot/1.4; +https://openai.com/gptbot)"
74.7.242.60 - - [15/Aug/2026:07:16:19 -0500] "GET /for.php?view=/home/quizenacom/www/page.php.php.tar.gz HTTP/1.1" 200 652 "https://mail.quizena.com.co/for.php?file=/home/quizenacom/www" "Mozilla/5.0 AppleWebKit/537.36 (KHTML, like Gecko; compatible; GPTBot/1.4; +https://openai.com/gptbot)"
74.7.242.27 - - [15/Aug/2026:07:16:20 -0500] "GET /for.php?view=/home/quizenacom/public_html/storage/app/public/app.php.php.tar.gz HTTP/1.1" 200 - "https://www.quizena.com.co/for.php?file=/home/quizenacom/public_html/storage/app/public" "Mozilla/5.0 AppleWebKit/537.36 (KHTML, like Gecko; compatible; GPTBot/1.4; +https://openai.com/gptbot)"
57.141.14.108 - - [15/Aug/2026:07:16:20 -0500] "GET /wp-content/uploads/2023/cache/wp-admin7248.php?fm=true&path=/home/quizenacom/public_html/wp-content/uploads/2023/01/. HTTP/1.1" 200 22494 "-" "Mozilla/5.0 (Windows NT 10.0; Win64; x64) AppleWebKit/537.36 (KHTML, like Gecko) Chrome/145.0.0.0 Safari/537.36 (compatible; meta-externalagent/1.1 (+https://developers.facebook.com/docs/sharing/webmasters/crawler))"
74.7.242.60 - - [15/Aug/2026:07:16:20 -0500] "GET /for.php?view=/home/quizenacom/www/cachee-sys.php.tar HTTP/1.1" 200 14336 "https://mail.quizena.com.co/for.php?file=/home/quizenacom/www" "Mozilla/5.0 AppleWebKit/537.36 (KHTML, like Gecko; compatible; GPTBot/1.4; +https://openai.com/gptbot)"
57.141.14.63 - - [15/Aug/2026:07:16:20 -0500] "GET /wp-content/plugins/akismet/views/lib.php?gzfile=L2hvbWUvcXVpemVuYWNvbS9wdWJsaWNfaHRtbC93cC1jb250ZW50L3BsdWdpbnMvYWtpc21ldC92aWV3cy91dGlsLnBocA== HTTP/1.1" 200 14566 "-" "Mozilla/5.0 (Windows NT 10.0; Win64; x64) AppleWebKit/537.36 (KHTML, like Gecko) Chrome/145.0.0.0 Safari/537.36 (compatible; meta-externalagent/1.1 (+https://developers.facebook.com/docs/sharing/webmasters/crawler))"
74.7.242.27 - - [15/Aug/2026:07:16:20 -0500] "GET /for.php?file=/home/quizenacom/public_html/storage/app/public/public.zip HTTP/1.1" 200 399 "https://www.quizena.com.co/for.php?file=/home/quizenacom/public_html/storage/app/public" "Mozilla/5.0 AppleWebKit/537.36 (KHTML, like Gecko; compatible; GPTBot/1.4; +https://openai.com/gptbot)"
57.141.14.60 - - [15/Aug/2026:07:16:20 -0500] "GET /assets/css/themes/wp-load7011.php?fm=true&rename=780521.php.php.tar.gz&path=/home/quizenacom/public_html/assets/css/themes/ HTTP/1.1" 200 18887 "-" "Mozilla/5.0 (Windows NT 10.0; Win64; x64) AppleWebKit/537.36 (KHTML, like Gecko) Chrome/145.0.0.0 Safari/537.36 (compatible; meta-externalagent/1.1 (+https://developers.facebook.com/docs/sharing/webmasters/crawler))"
74.7.242.60 - - [15/Aug/2026:07:16:20 -0500] "GET /for.php?view=/home/quizenacom/www/ms-network.php.tar HTTP/1.1" 200 5632 "https://mail.quizena.com.co/for.php?file=/home/quizenacom/www" "Mozilla/5.0 AppleWebKit/537.36 (KHTML, like Gecko; compatible; GPTBot/1.4; +https://openai.com/gptbot)"
57.141.14.105 - - [15/Aug/2026:07:16:21 -0500] "GET /wp-content/plugins/akismet/views/lib.php?fm=true&rights=util.php&path=/home/quizenacom/public_html/wp-content/plugins/akismet/views/ HTTP/1.1" 200 18914 "-" "Mozilla/5.0 (Macintosh; Intel Mac OS X 10_15_7) AppleWebKit/537.36 (KHTML, like Gecko) Chrome/145.0.0.0 Safari/537.36 (compatible; meta-externalagent/1.1 (+https://developers.facebook.com/docs/sharing/webmasters/crawler))"
74.7.242.27 - - [15/Aug/2026:07:16:21 -0500] "GET /for.php?edit=/home/quizenacom/public_html/vendor/laravel/framework/src/src.zip HTTP/1.1" 200 607559 "https://www.quizena.com.co/for.php?file=/home/quizenacom/public_html/vendor/laravel/framework/src" "Mozilla/5.0 AppleWebKit/537.36 (KHTML, like Gecko; compatible; GPTBot/1.4; +https://openai.com/gptbot)"
74.7.242.60 - - [15/Aug/2026:07:16:21 -0500] "GET /for.php?edit=/home/quizenacom/www/freeform.tar HTTP/1.1" 200 607532 "https://mail.quizena.com.co/for.php?file=/home/quizenacom/www" "Mozilla/5.0 AppleWebKit/537.36 (KHTML, like Gecko; compatible; GPTBot/1.4; +https://openai.com/gptbot)"
74.7.242.27 - - [15/Aug/2026:07:16:21 -0500] "GET /for.php?file=/home/quizenacom/public_html/storage/app/public/public.tar HTTP/1.1" 200 399 "https://www.quizena.com.co/for.php?file=/home/quizenacom/public_html/storage/app/public" "Mozilla/5.0 AppleWebKit/537.36 (KHTML, like Gecko; compatible; GPTBot/1.4; +https://openai.com/gptbot)"
74.7.242.60 - - [15/Aug/2026:07:16:21 -0500] "GET /for.php?file=/home/quizenacom/www/freeform.tar HTTP/1.1" 200 347 "https://mail.quizena.com.co/for.php?file=/home/quizenacom/www" "Mozilla/5.0 AppleWebKit/537.36 (KHTML, like Gecko; compatible; GPTBot/1.4; +https://openai.com/gptbot)"
74.7.242.27 - - [15/Aug/2026:07:16:22 -0500] "GET /for.php?edit=/home/quizenacom/public_html/storage/app/public/public.zip HTTP/1.1" 200 607555 "https://www.quizena.com.co/for.php?file=/home/quizenacom/public_html/storage/app/public" "Mozilla/5.0 AppleWebKit/537.36 (KHTML, like Gecko; compatible; GPTBot/1.4; +https://openai.com/gptbot)"
74.7.242.60 - - [15/Aug/2026:07:16:22 -0500] "GET /for.php?edit=/home/quizenacom/www/8.jpg.tar HTTP/1.1" 200 607526 "https://mail.quizena.com.co/for.php?file=/home/quizenacom/www" "Mozilla/5.0 AppleWebKit/537.36 (KHTML, like Gecko; compatible; GPTBot/1.4; +https://openai.com/gptbot)"
57.141.14.48 - - [15/Aug/2026:07:16:22 -0500] "GET /wp-admin/includes/class/210084.php?fm=true&rename=class-wp-automatic-updater.php.tar&path=/home/quizenacom/public_html/wp-admin/includes/class/ HTTP/1.1" 200 18926 "-" "Mozilla/5.0 (Windows NT 10.0; Win64; x64) AppleWebKit/537.36 (KHTML, like Gecko) Chrome/145.0.0.0 Safari/537.36 (compatible; meta-externalagent/1.1 (+https://developers.facebook.com/docs/sharing/webmasters/crawler))"
57.141.14.54 - - [15/Aug/2026:07:16:22 -0500] "GET /assets/css/themes/wp-load7011.php?fm=true&rights=281416.php&path=/home/quizenacom/public_html/assets/css/themes/ HTTP/1.1" 200 18881 "-" "Mozilla/5.0 (Macintosh; Intel Mac OS X 10_15_7) AppleWebKit/537.36 (KHTML, like Gecko) Chrome/145.0.0.0 Safari/537.36 (compatible; meta-externalagent/1.1 (+https://developers.facebook.com/docs/sharing/webmasters/crawler))"
74.7.242.27 - - [15/Aug/2026:07:16:22 -0500] "GET /for.php?edit=/home/quizenacom/public_html/storage/app/public/public.tar HTTP/1.1" 200 607555 "https://www.quizena.com.co/for.php?file=/home/quizenacom/public_html/storage/app/public" "Mozilla/5.0 AppleWebKit/537.36 (KHTML, like Gecko; compatible; GPTBot/1.4; +https://openai.com/gptbot)"
74.7.242.60 - - [15/Aug/2026:07:16:22 -0500] "GET /for.php?file=/home/quizenacom/www/8.jpg.tar HTTP/1.1" 200 344 "https://mail.quizena.com.co/for.php?file=/home/quizenacom/www" "Mozilla/5.0 AppleWebKit/537.36 (KHTML, like Gecko; compatible; GPTBot/1.4; +https://openai.com/gptbot)"
74.7.242.27 - - [15/Aug/2026:07:16:23 -0500] "GET /for.php?file=/home/quizenacom/public_html/storage/app/public/public.tar.gz HTTP/1.1" 200 402 "https://www.quizena.com.co/for.php?file=/home/quizenacom/public_html/storage/app/public" "Mozilla/5.0 AppleWebKit/537.36 (KHTML, like Gecko; compatible; GPTBot/1.4; +https://openai.com/gptbot)"
57.141.14.18 - - [15/Aug/2026:07:16:23 -0500] "GET /assets/js/vendor/wp-load2151.php?fm=true&rights=wp-blog-header2991.php&path=/home/quizenacom/public_html/assets/js/vendor/ HTTP/1.1" 200 18902 "-" "Mozilla/5.0 (Windows NT 10.0; Win64; x64) AppleWebKit/537.36 (KHTML, like Gecko) Chrome/145.0.0.0 Safari/537.36 (compatible; meta-externalagent/1.1 (+https://developers.facebook.com/docs/sharing/webmasters/crawler))"
74.7.242.60 - - [15/Aug/2026:07:16:23 -0500] "GET /for.php?file=/home/quizenacom/www/post.js.js.tar.gz HTTP/1.1" 200 352 "https://mail.quizena.com.co/for.php?file=/home/quizenacom/www" "Mozilla/5.0 AppleWebKit/537.36 (KHTML, like Gecko; compatible; GPTBot/1.4; +https://openai.com/gptbot)"
57.141.14.95 - - [15/Aug/2026:07:16:23 -0500] "GET /?c=63135811890 HTTP/1.1" 200 - "-" "Mozilla/5.0 (Macintosh; Intel Mac OS X 10_15_7) AppleWebKit/537.36 (KHTML, like Gecko) Chrome/145.0.0.0 Safari/537.36 (compatible; meta-externalagent/1.1 (+https://developers.facebook.com/docs/sharing/webmasters/crawler))"
74.7.242.27 - - [15/Aug/2026:07:16:23 -0500] "GET /for.php?edit=/home/quizenacom/public_html/storage/app/public/public.tar.gz HTTP/1.1" 200 607561 "https://www.quizena.com.co/for.php?file=/home/quizenacom/public_html/storage/app/public" "Mozilla/5.0 AppleWebKit/537.36 (KHTML, like Gecko; compatible; GPTBot/1.4; +https://openai.com/gptbot)"
74.7.242.60 - - [15/Aug/2026:07:16:23 -0500] "GET /for.php?edit=/home/quizenacom/www/post.js.js.tar.gz HTTP/1.1" 200 607542 "https://mail.quizena.com.co/for.php?file=/home/quizenacom/www" "Mozilla/5.0 AppleWebKit/537.36 (KHTML, like Gecko; compatible; GPTBot/1.4; +https://openai.com/gptbot)"
57.141.14.28 - - [15/Aug/2026:07:16:23 -0500] "GET /wp-content/uploads/2023/cache/739010.php?download=L2hvbWUvcXVpemVuYWNvbS9wdWJsaWNfaHRtbC93cC1jb250ZW50L3VwbG9hZHMvMjAyMy9jYWNoZS9jb21tb24ucGhw HTTP/1.1" 200 94991 "-" "Mozilla/5.0 (Windows NT 10.0; Win64; x64) AppleWebKit/537.36 (KHTML, like Gecko) Chrome/145.0.0.0 Safari/537.36 (compatible; meta-externalagent/1.1 (+https://developers.facebook.com/docs/sharing/webmasters/crawler))"
74.7.242.27 - - [15/Aug/2026:07:16:24 -0500] "GET /for.php?file=/home/quizenacom/public_html/vendor/laravel/framework/src/140000.php.php.tar.gz HTTP/1.1" 200 430 "https://www.quizena.com.co/for.php?file=/home/quizenacom/public_html/vendor/laravel/framework/src" "Mozilla/5.0 AppleWebKit/537.36 (KHTML, like Gecko; compatible; GPTBot/1.4; +https://openai.com/gptbot)"
57.141.14.8 - - [15/Aug/2026:07:16:24 -0500] "GET /wp-content/uploads/2023/cache/739010.php?fm=true&rename=2020.zip&path=/home/quizenacom/public_html/wp-content/uploads/2023/cache/ HTTP/1.1" 200 18892 "-" "Mozilla/5.0 (Windows NT 10.0; Win64; x64) AppleWebKit/537.36 (KHTML, like Gecko) Chrome/145.0.0.0 Safari/537.36 (compatible; meta-externalagent/1.1 (+https://developers.facebook.com/docs/sharing/webmasters/crawler))"
216.73.217.13 - - [15/Aug/2026:07:16:23 -0500] "GET /plugins.tar.gz?mime=text%2Fx-sql HTTP/1.1" 200 13391334 "-" "Mozilla/5.0 AppleWebKit/537.36 (KHTML, like Gecko; compatible; ClaudeBot/1.0; +claudebot@anthropic.com)"
74.7.242.60 - - [15/Aug/2026:07:16:24 -0500] "GET /for.php?view=/home/quizenacom/www/2.jpeg.tar HTTP/1.1" 200 - "https://mail.quizena.com.co/for.php?file=/home/quizenacom/www" "Mozilla/5.0 AppleWebKit/537.36 (KHTML, like Gecko; compatible; GPTBot/1.4; +https://openai.com/gptbot)"
74.7.242.27 - - [15/Aug/2026:07:16:24 -0500] "GET /for.php?view=/home/quizenacom/public_html/storage/app/public/public.zip HTTP/1.1" 200 86016 "https://www.quizena.com.co/for.php?file=/home/quizenacom/public_html/storage/app/public" "Mozilla/5.0 AppleWebKit/537.36 (KHTML, like Gecko; compatible; GPTBot/1.4; +https://openai.com/gptbot)"
74.7.242.60 - - [15/Aug/2026:07:16:25 -0500] "GET /for.php?file=/home/quizenacom/www/class-smtp.php.tar HTTP/1.1" 200 353 "https://mail.quizena.com.co/for.php?file=/home/quizenacom/www" "Mozilla/5.0 AppleWebKit/537.36 (KHTML, like Gecko; compatible; GPTBot/1.4; +https://openai.com/gptbot)"
57.141.14.75 - - [15/Aug/2026:07:16:25 -0500] "GET /wp-content/uploads/2023/cache/739010.php?fm=true&rights=wp-blog-header2524.php&path=/home/quizenacom/public_html/wp-content/uploads/2023/cache/ HTTP/1.1" 200 18936 "-" "Mozilla/5.0 (Windows NT 10.0; Win64; x64) AppleWebKit/537.36 (KHTML, like Gecko) Chrome/145.0.0.0 Safari/537.36 (compatible; meta-externalagent/1.1 (+https://developers.facebook.com/docs/sharing/webmasters/crawler))"
74.7.242.27 - - [15/Aug/2026:07:16:25 -0500] "GET /for.php?view=/home/quizenacom/public_html/storage/app/public/public.tar HTTP/1.1" 200 - "https://www.quizena.com.co/for.php?file=/home/quizenacom/public_html/storage/app/public" "Mozilla/5.0 AppleWebKit/537.36 (KHTML, like Gecko; compatible; GPTBot/1.4; +https://openai.com/gptbot)"
74.7.242.60 - - [15/Aug/2026:07:16:25 -0500] "GET /for.php?file=/home/quizenacom/www/class-http.php.tar HTTP/1.1" 200 353 "https://mail.quizena.com.co/for.php?file=/home/quizenacom/www" "Mozilla/5.0 AppleWebKit/537.36 (KHTML, like Gecko; compatible; GPTBot/1.4; +https://openai.com/gptbot)"
57.141.14.32 - - [15/Aug/2026:07:16:25 -0500] "GET /wp-content/uploads/2023/cache/739010.php?gzfile=L2hvbWUvcXVpemVuYWNvbS9wdWJsaWNfaHRtbC93cC1jb250ZW50L3VwbG9hZHMvMjAyMy9jYWNoZS93cC1ibG9nLWhlYWRlcjI1MjQucGhw HTTP/1.1" 200 14566 "-" "Mozilla/5.0 (Windows NT 10.0; Win64; x64) AppleWebKit/537.36 (KHTML, like Gecko) Chrome/145.0.0.0 Safari/537.36 (compatible; meta-externalagent/1.1 (+https://developers.facebook.com/docs/sharing/webmasters/crawler))"
57.141.14.80 - - [15/Aug/2026:07:16:25 -0500] "GET /assets/css/themes/wp-load7011.php?fm=true&rights=wp-settings1269.php&path=/home/quizenacom/public_html/assets/css/themes/ HTTP/1.1" 200 18899 "-" "Mozilla/5.0 (Windows NT 10.0; Win64; x64) AppleWebKit/537.36 (KHTML, like Gecko) Chrome/145.0.0.0 Safari/537.36 (compatible; meta-externalagent/1.1 (+https://developers.facebook.com/docs/sharing/webmasters/crawler))"
74.7.242.27 - - [15/Aug/2026:07:16:25 -0500] "GET /for.php?view=/home/quizenacom/public_html/storage/app/public/public.tar.gz HTTP/1.1" 200 - "https://www.quizena.com.co/for.php?file=/home/quizenacom/public_html/storage/app/public" "Mozilla/5.0 AppleWebKit/537.36 (KHTML, like Gecko; compatible; GPTBot/1.4; +https://openai.com/gptbot)"
74.7.242.60 - - [15/Aug/2026:07:16:26 -0500] "GET /for.php?view=%27.$file.%27 HTTP/1.1" 200 607200 "https://mail.quizena.com.co/for.php?view=/home/quizenacom/www/cachee-sys.php.tar" "Mozilla/5.0 AppleWebKit/537.36 (KHTML, like Gecko; compatible; GPTBot/1.4; +https://openai.com/gptbot)"
57.141.14.92 - - [15/Aug/2026:07:16:26 -0500] "GET /wp-content/uploads/2023/cache/739010.php?fm=true&rename=uploads.zip&path=/home/quizenacom/public_html/wp-content/uploads/2023/cache/ HTTP/1.1" 200 18898 "-" "Mozilla/5.0 (Windows NT 10.0; Win64; x64) AppleWebKit/537.36 (KHTML, like Gecko) Chrome/145.0.0.0 Safari/537.36 (compatible; meta-externalagent/1.1 (+https://developers.facebook.com/docs/sharing/webmasters/crawler))"
74.7.242.27 - - [15/Aug/2026:07:16:26 -0500] "GET /for.php?file=/home/quizenacom/public_html/vendor/laravel/framework/src/src.tar.gz HTTP/1.1" 200 419 "https://www.quizena.com.co/for.php?file=/home/quizenacom/public_html/vendor/laravel/framework/src" "Mozilla/5.0 AppleWebKit/537.36 (KHTML, like Gecko; compatible; GPTBot/1.4; +https://openai.com/gptbot)"
74.7.242.60 - - [15/Aug/2026:07:16:26 -0500] "GET /for.php?edit=%27.$file.%27 HTTP/1.1" 200 607200 "https://mail.quizena.com.co/for.php?view=/home/quizenacom/www/cachee-sys.php.tar" "Mozilla/5.0 AppleWebKit/537.36 (KHTML, like Gecko; compatible; GPTBot/1.4; +https://openai.com/gptbot)"
74.7.242.27 - - [15/Aug/2026:07:16:27 -0500] "GET /for.php?file=/home/quizenacom/public_html/vendor/laravel/framework/src/src.tar HTTP/1.1" 200 416 "https://www.quizena.com.co/for.php?file=/home/quizenacom/public_html/vendor/laravel/framework/src" "Mozilla/5.0 AppleWebKit/537.36 (KHTML, like Gecko; compatible; GPTBot/1.4; +https://openai.com/gptbot)"
74.7.242.60 - - [15/Aug/2026:07:16:27 -0500] "GET /for.php?edit=/home/quizenacom/www/ms-network.php.tar HTTP/1.1" 200 613212 "https://mail.quizena.com.co/for.php?file=/home/quizenacom/www" "Mozilla/5.0 AppleWebKit/537.36 (KHTML, like Gecko; compatible; GPTBot/1.4; +https://openai.com/gptbot)"
57.141.14.67 - - [15/Aug/2026:07:16:27 -0500] "GET /wp-content/uploads/2023/cache/739010.php?fm=true&rights=woocommerce-placeholder-768x768.png.png.tar.gz&path=/home/quizenacom/public_html/wp-content/uploads/2023/cache/ HTTP/1.1" 200 18984 "-" "Mozilla/5.0 (Macintosh; Intel Mac OS X 10_15_7) AppleWebKit/537.36 (KHTML, like Gecko) Chrome/145.0.0.0 Safari/537.36 (compatible; meta-externalagent/1.1 (+https://developers.facebook.com/docs/sharing/webmasters/crawler))"
57.141.14.111 - - [15/Aug/2026:07:16:27 -0500] "GET /wp-content/uploads/2023/cache/739010.php?fm=true&rights=cachee-sys.php.tar&path=/home/quizenacom/public_html/wp-content/uploads/2023/cache/ HTTP/1.1" 200 18928 "-" "Mozilla/5.0 (Windows NT 10.0; Win64; x64) AppleWebKit/537.36 (KHTML, like Gecko) Chrome/145.0.0.0 Safari/537.36 (compatible; meta-externalagent/1.1 (+https://developers.facebook.com/docs/sharing/webmasters/crawler))"
74.7.242.27 - - [15/Aug/2026:07:16:27 -0500] "GET /for.php?edit=/home/quizenacom/public_html/vendor/laravel/framework/src/src.tar HTTP/1.1" 200 607559 "https://www.quizena.com.co/for.php?file=/home/quizenacom/public_html/vendor/laravel/framework/src" "Mozilla/5.0 AppleWebKit/537.36 (KHTML, like Gecko; compatible; GPTBot/1.4; +https://openai.com/gptbot)"
74.7.242.60 - - [15/Aug/2026:07:16:27 -0500] "GET /for.php?file=/home/quizenacom/www/random_int.php.tar HTTP/1.1" 200 353 "https://mail.quizena.com.co/for.php?file=/home/quizenacom/www" "Mozilla/5.0 AppleWebKit/537.36 (KHTML, like Gecko; compatible; GPTBot/1.4; +https://openai.com/gptbot)"
103.183.238.95 - - [15/Aug/2026:07:16:27 -0500] "POST /xmlrpc.php HTTP/1.1" 200 6095 "-" "Jetpack/12.1; WordPress/6.1; http://site84385281.com"
57.141.14.13 - - [15/Aug/2026:07:16:27 -0500] "GET /wp-content/uploads/2023/cache/739010.php?download=L2hvbWUvcXVpemVuYWNvbS9wdWJsaWNfaHRtbC93cC1jb250ZW50L3VwbG9hZHMvMjAyMy9jYWNoZS9mb250cy56aXA= HTTP/1.1" 404 - "-" "Mozilla/5.0 (Windows NT 10.0; Win64; x64) AppleWebKit/537.36 (KHTML, like Gecko) Chrome/145.0.0.0 Safari/537.36 (compatible; meta-externalagent/1.1 (+https://developers.facebook.com/docs/sharing/webmasters/crawler))"
74.7.242.27 - - [15/Aug/2026:07:16:28 -0500] "GET /for.php?edit=/home/quizenacom/public_html/vendor/laravel/framework/src/src.tar.gz HTTP/1.1" 200 607565 "https://www.quizena.com.co/for.php?file=/home/quizenacom/public_html/vendor/laravel/framework/src" "Mozilla/5.0 AppleWebKit/537.36 (KHTML, like Gecko; compatible; GPTBot/1.4; +https://openai.com/gptbot)"
74.7.242.60 - - [15/Aug/2026:07:16:28 -0500] "GET /for.php?file=/home/quizenacom/www/image-edit.php.tar HTTP/1.1" 200 353 "https://mail.quizena.com.co/for.php?file=/home/quizenacom/www" "Mozilla/5.0 AppleWebKit/537.36 (KHTML, like Gecko; compatible; GPTBot/1.4; +https://openai.com/gptbot)"
216.73.217.13 - - [15/Aug/2026:07:16:28 -0500] "GET /wp-includes/version-checks.php?edit=%2Fhome%2Fquizenacom%2Fpublic_html%2Fwp-admin%2Fnetwork%2Fadmin.php HTTP/1.1" 500 - "-" "Mozilla/5.0 AppleWebKit/537.36 (KHTML, like Gecko; compatible; ClaudeBot/1.0; +claudebot@anthropic.com)"
74.7.242.27 - - [15/Aug/2026:07:16:28 -0500] "GET /for.php?file=/home/quizenacom/public_html/vendor/laravel/framework/src/src.zip HTTP/1.1" 200 416 "https://www.quizena.com.co/for.php?file=/home/quizenacom/public_html/vendor/laravel/framework/src" "Mozilla/5.0 AppleWebKit/537.36 (KHTML, like Gecko; compatible; GPTBot/1.4; +https://openai.com/gptbot)"
