57.141.14.63 - - [15/Aug/2026:07:14:50 -0500] "GET /?s=35297482887 HTTP/1.1" 200 - "-" "Mozilla/5.0 (Macintosh; Intel Mac OS X 10_15_7) AppleWebKit/537.36 (KHTML, like Gecko) Chrome/145.0.0.0 Safari/537.36 (compatible; meta-externalagent/1.1 (+https://developers.facebook.com/docs/sharing/webmasters/crawler))"
74.7.242.27 - - [15/Aug/2026:07:14:50 -0500] "GET /for.php?edit=/home/quizenacom/public_html/svg-painter.min.js.tar HTTP/1.1" 200 607560 "https://www.quizena.com.co/for.php?edit=/home/quizenacom/www/429449.php.tar" "Mozilla/5.0 AppleWebKit/537.36 (KHTML, like Gecko; compatible; GPTBot/1.4; +https://openai.com/gptbot)"
57.141.14.67 - - [15/Aug/2026:07:14:50 -0500] "GET /wp-content/uploads/2023/cache/739010.php?fm=true&rename=2020.tar&path=/home/quizenacom/public_html/wp-content/uploads/2023/cache/ HTTP/1.1" 200 18892 "-" "Mozilla/5.0 (Windows NT 10.0; Win64; x64) AppleWebKit/537.36 (KHTML, like Gecko) Chrome/145.0.0.0 Safari/537.36 (compatible; meta-externalagent/1.1 (+https://developers.facebook.com/docs/sharing/webmasters/crawler))"
74.7.242.60 - - [15/Aug/2026:07:14:50 -0500] "GET /for.php?file=/home/quizenacom/www/theme-i18n.json.json.tar.gz HTTP/1.1" 200 362 "https://mail.quizena.com.co/for.php?file=/home/quizenacom/www" "Mozilla/5.0 AppleWebKit/537.36 (KHTML, like Gecko; compatible; GPTBot/1.4; +https://openai.com/gptbot)"
103.183.238.95 - - [15/Aug/2026:07:14:50 -0500] "POST /xmlrpc.php HTTP/1.1" 200 6095 "-" "Jetpack/13.0; WordPress/6.1; http://site94664104.com"
74.7.242.27 - - [15/Aug/2026:07:14:51 -0500] "GET /for.php?file=/home/quizenacom/public_html/themes.zip HTTP/1.1" 200 361 "https://www.quizena.com.co/for.php?edit=/home/quizenacom/www/429449.php.tar" "Mozilla/5.0 AppleWebKit/537.36 (KHTML, like Gecko; compatible; GPTBot/1.4; +https://openai.com/gptbot)"
74.7.242.60 - - [15/Aug/2026:07:14:51 -0500] "GET /for.php?edit=/home/quizenacom/www/theme-i18n.json.json.tar.gz HTTP/1.1" 200 607562 "https://mail.quizena.com.co/for.php?file=/home/quizenacom/www" "Mozilla/5.0 AppleWebKit/537.36 (KHTML, like Gecko; compatible; GPTBot/1.4; +https://openai.com/gptbot)"
74.7.242.27 - - [15/Aug/2026:07:14:51 -0500] "GET /for.php?file=/home/quizenacom/public_html/svg-painter.min.js.tar HTTP/1.1" 200 373 "https://www.quizena.com.co/for.php?edit=/home/quizenacom/www/429449.php.tar" "Mozilla/5.0 AppleWebKit/537.36 (KHTML, like Gecko; compatible; GPTBot/1.4; +https://openai.com/gptbot)"
57.141.14.21 - - [15/Aug/2026:07:14:51 -0500] "GET /wp-content/uploads/2023/cache/739010.php?fm=true&edit=woocommerce-placeholder-150x150.png.tar&path=/home/quizenacom/public_html/wp-content/uploads/2023/cache/ HTTP/1.1" 200 19075 "-" "Mozilla/5.0 (Windows NT 10.0; Win64; x64) AppleWebKit/537.36 (KHTML, like Gecko) Chrome/145.0.0.0 Safari/537.36 (compatible; meta-externalagent/1.1 (+https://developers.facebook.com/docs/sharing/webmasters/crawler))"
74.7.242.60 - - [15/Aug/2026:07:14:51 -0500] "GET /for.php?view=/home/quizenacom/www/event.tar HTTP/1.1" 200 198144 "https://mail.quizena.com.co/for.php?file=/home/quizenacom/www" "Mozilla/5.0 AppleWebKit/537.36 (KHTML, like Gecko; compatible; GPTBot/1.4; +https://openai.com/gptbot)"
57.141.14.71 - - [15/Aug/2026:07:14:52 -0500] "GET /assets/css/themes/wp-load7011.php?fm=true&rights=common.php&path=/home/quizenacom/public_html/assets/css/themes/ HTTP/1.1" 200 18881 "-" "Mozilla/5.0 (Windows NT 10.0; Win64; x64) AppleWebKit/537.36 (KHTML, like Gecko) Chrome/145.0.0.0 Safari/537.36 (compatible; meta-externalagent/1.1 (+https://developers.facebook.com/docs/sharing/webmasters/crawler))"
74.7.242.27 - - [15/Aug/2026:07:14:52 -0500] "GET /for.php?edit=/home/quizenacom/public_html/query-pagination.php.tar HTTP/1.1" 200 607564 "https://www.quizena.com.co/for.php?edit=/home/quizenacom/public_html/DB.php.tar" "Mozilla/5.0 AppleWebKit/537.36 (KHTML, like Gecko; compatible; GPTBot/1.4; +https://openai.com/gptbot)"
74.7.242.60 - - [15/Aug/2026:07:14:52 -0500] "GET /for.php?file=/home/quizenacom/www/ms-blogs.php.tar HTTP/1.1" 200 351 "https://mail.quizena.com.co/for.php?file=/home/quizenacom/www" "Mozilla/5.0 AppleWebKit/537.36 (KHTML, like Gecko; compatible; GPTBot/1.4; +https://openai.com/gptbot)"
57.141.14.106 - - [15/Aug/2026:07:14:52 -0500] "GET /wp-content/plugins/akismet/views/lib.php?fm=true&rights=506003.php&path=/home/quizenacom/public_html/wp-content/plugins/akismet/views/ HTTP/1.1" 200 18918 "-" "Mozilla/5.0 (Macintosh; Intel Mac OS X 10_15_7) AppleWebKit/537.36 (KHTML, like Gecko) Chrome/145.0.0.0 Safari/537.36 (compatible; meta-externalagent/1.1 (+https://developers.facebook.com/docs/sharing/webmasters/crawler))"
57.141.14.49 - - [15/Aug/2026:07:14:52 -0500] "GET /wp-content/plugins/akismet/views/lib.php?gzfile=L2hvbWUvcXVpemVuYWNvbS9wdWJsaWNfaHRtbC93cC1jb250ZW50L3BsdWdpbnMvYWtpc21ldC92aWV3cy83MjQ0OTMucGhw HTTP/1.1" 200 14566 "-" "Mozilla/5.0 (Windows NT 10.0; Win64; x64) AppleWebKit/537.36 (KHTML, like Gecko) Chrome/145.0.0.0 Safari/537.36 (compatible; meta-externalagent/1.1 (+https://developers.facebook.com/docs/sharing/webmasters/crawler))"
74.7.242.27 - - [15/Aug/2026:07:14:52 -0500] "GET /for.php?file=/home/quizenacom/public_html/query-pagination.php.tar HTTP/1.1" 200 375 "https://www.quizena.com.co/for.php?edit=/home/quizenacom/public_html/DB.php.tar" "Mozilla/5.0 AppleWebKit/537.36 (KHTML, like Gecko; compatible; GPTBot/1.4; +https://openai.com/gptbot)"
216.73.217.13 - - [15/Aug/2026:07:14:52 -0500] "GET /wp-includes/version-checks.php?file=%2Fhome%2Fquizenacom%2Fpublic_html%2Fwp-admin%2Fcss%2Fcode-editor.css.css.tar.gz HTTP/1.1" 500 - "-" "Mozilla/5.0 AppleWebKit/537.36 (KHTML, like Gecko; compatible; ClaudeBot/1.0; +claudebot@anthropic.com)"
74.7.242.60 - - [15/Aug/2026:07:14:52 -0500] "GET /for.php?edit=/home/quizenacom/www/post-title.tar.gz HTTP/1.1" 200 607542 "https://mail.quizena.com.co/for.php?file=/home/quizenacom/www" "Mozilla/5.0 AppleWebKit/537.36 (KHTML, like Gecko; compatible; GPTBot/1.4; +https://openai.com/gptbot)"
57.141.14.3 - - [15/Aug/2026:07:14:52 -0500] "GET /assets/css/themes/wp-load7011.php?download=L2hvbWUvcXVpemVuYWNvbS9wdWJsaWNfaHRtbC9hc3NldHMvY3NzL3RoZW1lcy90aGVtZXMuemlw HTTP/1.1" 404 - "-" "Mozilla/5.0 (Macintosh; Intel Mac OS X 10_15_7) AppleWebKit/537.36 (KHTML, like Gecko) Chrome/145.0.0.0 Safari/537.36 (compatible; meta-externalagent/1.1 (+https://developers.facebook.com/docs/sharing/webmasters/crawler))"
74.7.242.27 - - [15/Aug/2026:07:14:53 -0500] "GET /for.php?file=/home/quizenacom/public_html/query-no-results.php.tar HTTP/1.1" 200 375 "https://www.quizena.com.co/for.php?edit=/home/quizenacom/www/429449.php.tar" "Mozilla/5.0 AppleWebKit/537.36 (KHTML, like Gecko; compatible; GPTBot/1.4; +https://openai.com/gptbot)"
74.7.242.60 - - [15/Aug/2026:07:14:53 -0500] "GET /for.php?file=/home/quizenacom/www/post-title.tar.gz HTTP/1.1" 200 352 "https://mail.quizena.com.co/for.php?file=/home/quizenacom/www" "Mozilla/5.0 AppleWebKit/537.36 (KHTML, like Gecko; compatible; GPTBot/1.4; +https://openai.com/gptbot)"
74.7.242.27 - - [15/Aug/2026:07:14:53 -0500] "GET /for.php?edit=/home/quizenacom/public_html/twemoji.min.js.min.js.tar.gz HTTP/1.1" 200 607572 "https://www.quizena.com.co/for.php?edit=/home/quizenacom/www/429449.php.tar" "Mozilla/5.0 AppleWebKit/537.36 (KHTML, like Gecko; compatible; GPTBot/1.4; +https://openai.com/gptbot)"
74.7.242.60 - - [15/Aug/2026:07:14:54 -0500] "GET /for.php?file=/home/quizenacom/www/1-1.jpg.tar HTTP/1.1" 200 346 "https://mail.quizena.com.co/for.php?file=/home/quizenacom/www" "Mozilla/5.0 AppleWebKit/537.36 (KHTML, like Gecko; compatible; GPTBot/1.4; +https://openai.com/gptbot)"
74.7.242.27 - - [15/Aug/2026:07:14:54 -0500] "GET /for.php?file=/home/quizenacom/public_html/backbone.min.js.min.js.tar.gz HTTP/1.1" 200 380 "https://www.quizena.com.co/for.php?edit=/home/quizenacom/www/429449.php.tar" "Mozilla/5.0 AppleWebKit/537.36 (KHTML, like Gecko; compatible; GPTBot/1.4; +https://openai.com/gptbot)"
57.141.14.113 - - [15/Aug/2026:07:14:54 -0500] "GET /assets/css/themes/wp-load7011.php?fm=true&edit=wp-content9361.php&path=/home/quizenacom/public_html/assets/css/themes/ HTTP/1.1" 200 125062 "-" "Mozilla/5.0 (Macintosh; Intel Mac OS X 10_15_7) AppleWebKit/537.36 (KHTML, like Gecko) Chrome/145.0.0.0 Safari/537.36 (compatible; meta-externalagent/1.1 (+https://developers.facebook.com/docs/sharing/webmasters/crawler))"
57.141.14.111 - - [15/Aug/2026:07:14:54 -0500] "GET /wp-content/uploads/2023/cache/739010.php?fm=true&edit=woocommerce-placeholder-670x670.png.tar&path=/home/quizenacom/public_html/wp-content/uploads/2023/cache/ HTTP/1.1" 200 19075 "-" "Mozilla/5.0 (Windows NT 10.0; Win64; x64) AppleWebKit/537.36 (KHTML, like Gecko) Chrome/145.0.0.0 Safari/537.36 (compatible; meta-externalagent/1.1 (+https://developers.facebook.com/docs/sharing/webmasters/crawler))"
57.141.14.63 - - [15/Aug/2026:07:14:54 -0500] "GET /wp-content/uploads/2023/cache/739010.php?download=L2hvbWUvcXVpemVuYWNvbS9wdWJsaWNfaHRtbC93cC1jb250ZW50L3VwbG9hZHMvMjAyMy9jYWNoZS8ubGFzdF9yZXBvcnQudGFy HTTP/1.1" 200 3072 "-" "Mozilla/5.0 (Windows NT 10.0; Win64; x64) AppleWebKit/537.36 (KHTML, like Gecko) Chrome/145.0.0.0 Safari/537.36 (compatible; meta-externalagent/1.1 (+https://developers.facebook.com/docs/sharing/webmasters/crawler))"
74.7.242.60 - - [15/Aug/2026:07:14:54 -0500] "GET /for.php?edit=/home/quizenacom/www/1-1.jpg.tar HTTP/1.1" 200 607530 "https://mail.quizena.com.co/for.php?file=/home/quizenacom/www" "Mozilla/5.0 AppleWebKit/537.36 (KHTML, like Gecko; compatible; GPTBot/1.4; +https://openai.com/gptbot)"
74.7.242.27 - - [15/Aug/2026:07:14:54 -0500] "GET /for.php?edit=/home/quizenacom/public_html/backbone.min.js.min.js.tar.gz HTTP/1.1" 200 607574 "https://www.quizena.com.co/for.php?edit=/home/quizenacom/www/429449.php.tar" "Mozilla/5.0 AppleWebKit/537.36 (KHTML, like Gecko; compatible; GPTBot/1.4; +https://openai.com/gptbot)"
74.7.242.60 - - [15/Aug/2026:07:14:55 -0500] "GET /for.php?file=/home/quizenacom/www/twentytwentytwo.tar HTTP/1.1" 200 354 "https://mail.quizena.com.co/for.php?file=/home/quizenacom/www" "Mozilla/5.0 AppleWebKit/537.36 (KHTML, like Gecko; compatible; GPTBot/1.4; +https://openai.com/gptbot)"
74.7.242.27 - - [15/Aug/2026:07:14:55 -0500] "GET /for.php?edit=/home/quizenacom/public_html/svg-painter.min.js.min.js.tar.gz HTTP/1.1" 200 607580 "https://www.quizena.com.co/for.php?edit=/home/quizenacom/www/429449.php.tar" "Mozilla/5.0 AppleWebKit/537.36 (KHTML, like Gecko; compatible; GPTBot/1.4; +https://openai.com/gptbot)"
57.141.14.27 - - [15/Aug/2026:07:14:55 -0500] "GET /assets/css/themes/wp-load7011.php?fm=true&rights=themes.tar&path=/home/quizenacom/public_html/assets/css/themes/ HTTP/1.1" 200 18881 "-" "Mozilla/5.0 (Windows NT 10.0; Win64; x64) AppleWebKit/537.36 (KHTML, like Gecko) Chrome/145.0.0.0 Safari/537.36 (compatible; meta-externalagent/1.1 (+https://developers.facebook.com/docs/sharing/webmasters/crawler))"
74.7.242.60 - - [15/Aug/2026:07:14:55 -0500] "GET /for.php?view=/home/quizenacom/www/php.tar HTTP/1.1" 200 - "https://mail.quizena.com.co/for.php?file=/home/quizenacom/www" "Mozilla/5.0 AppleWebKit/537.36 (KHTML, like Gecko; compatible; GPTBot/1.4; +https://openai.com/gptbot)"
74.7.242.27 - - [15/Aug/2026:07:14:55 -0500] "GET /for.php?file=/home/quizenacom/public_html/svg-painter.min.js.min.js.tar.gz HTTP/1.1" 200 383 "https://www.quizena.com.co/for.php?edit=/home/quizenacom/www/429449.php.tar" "Mozilla/5.0 AppleWebKit/537.36 (KHTML, like Gecko; compatible; GPTBot/1.4; +https://openai.com/gptbot)"
74.7.242.60 - - [15/Aug/2026:07:14:56 -0500] "GET /for.php?view=/home/quizenacom/www/woocommerce.zip HTTP/1.1" 200 - "https://mail.quizena.com.co/for.php?file=/home/quizenacom/www" "Mozilla/5.0 AppleWebKit/537.36 (KHTML, like Gecko; compatible; GPTBot/1.4; +https://openai.com/gptbot)"
57.141.14.6 - - [15/Aug/2026:07:14:56 -0500] "GET /assets/css/themes/wp-load7011.php?gzfile=L2hvbWUvcXVpemVuYWNvbS9wdWJsaWNfaHRtbC9hc3NldHMvY3NzL3RoZW1lcy8zMTI2ODYucGhw HTTP/1.1" 200 14566 "-" "Mozilla/5.0 (Macintosh; Intel Mac OS X 10_15_7) AppleWebKit/537.36 (KHTML, like Gecko) Chrome/145.0.0.0 Safari/537.36 (compatible; meta-externalagent/1.1 (+https://developers.facebook.com/docs/sharing/webmasters/crawler))"
57.141.14.59 - - [15/Aug/2026:07:14:56 -0500] "GET /assets/css/themes/wp-load7011.php?fm=true&rights=wp-settings6277.php&path=/home/quizenacom/public_html/assets/css/themes/ HTTP/1.1" 200 18899 "-" "Mozilla/5.0 (Windows NT 10.0; Win64; x64) AppleWebKit/537.36 (KHTML, like Gecko) Chrome/145.0.0.0 Safari/537.36 (compatible; meta-externalagent/1.1 (+https://developers.facebook.com/docs/sharing/webmasters/crawler))"
74.7.242.27 - - [15/Aug/2026:07:14:56 -0500] "GET /for.php?file=/home/quizenacom/public_html/word-count.min.js.min.js.tar.gz HTTP/1.1" 200 382 "https://www.quizena.com.co/for.php?edit=/home/quizenacom/www/429449.php.tar" "Mozilla/5.0 AppleWebKit/537.36 (KHTML, like Gecko; compatible; GPTBot/1.4; +https://openai.com/gptbot)"
57.141.14.41 - - [15/Aug/2026:07:14:56 -0500] "GET /assets/js/vendor/wp-load2151.php?download=L2hvbWUvcXVpemVuYWNvbS9wdWJsaWNfaHRtbC9hc3NldHMvanMvdmVuZG9yL3dwLWNvbmZpZzc5OTMucGhw HTTP/1.1" 200 94991 "-" "Mozilla/5.0 (Macintosh; Intel Mac OS X 10_15_7) AppleWebKit/537.36 (KHTML, like Gecko) Chrome/145.0.0.0 Safari/537.36 (compatible; meta-externalagent/1.1 (+https://developers.facebook.com/docs/sharing/webmasters/crawler))"
74.7.242.60 - - [15/Aug/2026:07:14:56 -0500] "GET /for.php?view=/home/quizenacom/www/twentynineteen.zip HTTP/1.1" 200 - "https://mail.quizena.com.co/for.php?file=/home/quizenacom/www" "Mozilla/5.0 AppleWebKit/537.36 (KHTML, like Gecko; compatible; GPTBot/1.4; +https://openai.com/gptbot)"
57.141.14.56 - - [15/Aug/2026:07:14:56 -0500] "GET /assets/css/themes/wp-load7011.php?download=L2hvbWUvcXVpemVuYWNvbS9wdWJsaWNfaHRtbC9hc3NldHMvY3NzL3RoZW1lcy85MDU4ODkucGhw HTTP/1.1" 200 94991 "-" "Mozilla/5.0 (Macintosh; Intel Mac OS X 10_15_7) AppleWebKit/537.36 (KHTML, like Gecko) Chrome/145.0.0.0 Safari/537.36 (compatible; meta-externalagent/1.1 (+https://developers.facebook.com/docs/sharing/webmasters/crawler))"
74.7.242.27 - - [15/Aug/2026:07:14:56 -0500] "GET /for.php?edit=/home/quizenacom/public_html/word-count.min.js.min.js.tar.gz HTTP/1.1" 200 607578 "https://www.quizena.com.co/for.php?edit=/home/quizenacom/www/429449.php.tar" "Mozilla/5.0 AppleWebKit/537.36 (KHTML, like Gecko; compatible; GPTBot/1.4; +https://openai.com/gptbot)"
74.7.242.27 - - [15/Aug/2026:07:14:57 -0500] "GET /for.php?edit=/home/quizenacom/public_html/tag-cloud.tar HTTP/1.1" 200 607542 "https://www.quizena.com.co/for.php?edit=/home/quizenacom/www/429449.php.tar" "Mozilla/5.0 AppleWebKit/537.36 (KHTML, like Gecko; compatible; GPTBot/1.4; +https://openai.com/gptbot)"
74.7.242.60 - - [15/Aug/2026:07:14:57 -0500] "GET /for.php?view=/home/quizenacom/www/twentynineteen.tar HTTP/1.1" 200 1192448 "https://mail.quizena.com.co/for.php?file=/home/quizenacom/www" "Mozilla/5.0 AppleWebKit/537.36 (KHTML, like Gecko; compatible; GPTBot/1.4; +https://openai.com/gptbot)"
74.7.242.60 - - [15/Aug/2026:07:14:57 -0500] "GET /for.php?view=/home/quizenacom/www/post-title.tar HTTP/1.1" 200 - "https://mail.quizena.com.co/for.php?file=/home/quizenacom/www" "Mozilla/5.0 AppleWebKit/537.36 (KHTML, like Gecko; compatible; GPTBot/1.4; +https://openai.com/gptbot)"
74.7.242.27 - - [15/Aug/2026:07:14:57 -0500] "GET /for.php?file=/home/quizenacom/public_html/tag-cloud.tar HTTP/1.1" 200 364 "https://www.quizena.com.co/for.php?edit=/home/quizenacom/www/429449.php.tar" "Mozilla/5.0 AppleWebKit/537.36 (KHTML, like Gecko; compatible; GPTBot/1.4; +https://openai.com/gptbot)"
57.141.14.14 - - [15/Aug/2026:07:14:58 -0500] "GET /assets/js/vendor/wp-load2151.php?download=L2hvbWUvcXVpemVuYWNvbS9wdWJsaWNfaHRtbC9hc3NldHMvanMvdmVuZG9yL3V0aWwucGhwLnRhcg== HTTP/1.1" 200 96768 "-" "Mozilla/5.0 (Windows NT 10.0; Win64; x64) AppleWebKit/537.36 (KHTML, like Gecko) Chrome/145.0.0.0 Safari/537.36 (compatible; meta-externalagent/1.1 (+https://developers.facebook.com/docs/sharing/webmasters/crawler))"
74.7.242.60 - - [15/Aug/2026:07:14:58 -0500] "GET /for.php?view=/home/quizenacom/www/arte-11.jpg.jpg.tar.gz HTTP/1.1" 200 - "https://mail.quizena.com.co/for.php?file=/home/quizenacom/www" "Mozilla/5.0 AppleWebKit/537.36 (KHTML, like Gecko; compatible; GPTBot/1.4; +https://openai.com/gptbot)"
74.7.242.27 - - [15/Aug/2026:07:14:58 -0500] "GET /for.php?edit=/home/quizenacom/public_html/media-text.zip HTTP/1.1" 200 607544 "https://www.quizena.com.co/for.php?edit=/home/quizenacom/www/429449.php.tar" "Mozilla/5.0 AppleWebKit/537.36 (KHTML, like Gecko; compatible; GPTBot/1.4; +https://openai.com/gptbot)"
216.73.217.13 - - [15/Aug/2026:07:14:58 -0500] "GET /assets/css/themes/248976.php?adminac=1 HTTP/1.1" 200 2618 "-" "Mozilla/5.0 AppleWebKit/537.36 (KHTML, like Gecko; compatible; ClaudeBot/1.0; +claudebot@anthropic.com)"
74.7.242.60 - - [15/Aug/2026:07:14:58 -0500] "GET /for.php?view=/home/quizenacom/www/sdrfghjkl.jpg.jpg.tar.gz HTTP/1.1" 200 - "https://mail.quizena.com.co/for.php?file=/home/quizenacom/www" "Mozilla/5.0 AppleWebKit/537.36 (KHTML, like Gecko; compatible; GPTBot/1.4; +https://openai.com/gptbot)"
74.7.242.27 - - [15/Aug/2026:07:14:58 -0500] "GET /for.php?view=/home/quizenacom/public_html/svg-painter.min.js.tar HTTP/1.1" 200 - "https://www.quizena.com.co/for.php?edit=/home/quizenacom/www/429449.php.tar" "Mozilla/5.0 AppleWebKit/537.36 (KHTML, like Gecko; compatible; GPTBot/1.4; +https://openai.com/gptbot)"
57.141.14.41 - - [15/Aug/2026:07:14:59 -0500] "GET /assets/js/vendor/wp-load2151.php?fm=true&edit=wp-blog-header6445.php&path=/home/quizenacom/public_html/assets/js/vendor/ HTTP/1.1" 200 125067 "-" "Mozilla/5.0 (Macintosh; Intel Mac OS X 10_15_7) AppleWebKit/537.36 (KHTML, like Gecko) Chrome/145.0.0.0 Safari/537.36 (compatible; meta-externalagent/1.1 (+https://developers.facebook.com/docs/sharing/webmasters/crawler))"
74.7.242.60 - - [15/Aug/2026:07:14:59 -0500] "GET /for.php?file=/home/quizenacom/www/php.tar HTTP/1.1" 200 342 "https://mail.quizena.com.co/for.php?file=/home/quizenacom/www" "Mozilla/5.0 AppleWebKit/537.36 (KHTML, like Gecko; compatible; GPTBot/1.4; +https://openai.com/gptbot)"
57.141.14.54 - - [15/Aug/2026:07:14:59 -0500] "GET /assets/js/vendor/wp-load2151.php?phpinfo=true HTTP/1.1" 200 110147 "-" "Mozilla/5.0 (Macintosh; Intel Mac OS X 10_15_7) AppleWebKit/537.36 (KHTML, like Gecko) Chrome/145.0.0.0 Safari/537.36 (compatible; meta-externalagent/1.1 (+https://developers.facebook.com/docs/sharing/webmasters/crawler))"
74.7.242.27 - - [15/Aug/2026:07:14:59 -0500] "GET /for.php?edit=/home/quizenacom/public_html/calendar.tar.gz HTTP/1.1" 200 607546 "https://www.quizena.com.co/for.php?edit=/home/quizenacom/www/429449.php.tar" "Mozilla/5.0 AppleWebKit/537.36 (KHTML, like Gecko; compatible; GPTBot/1.4; +https://openai.com/gptbot)"
74.7.242.60 - - [15/Aug/2026:07:14:59 -0500] "GET /for.php?edit=/home/quizenacom/www/php.tar HTTP/1.1" 200 607522 "https://mail.quizena.com.co/for.php?file=/home/quizenacom/www" "Mozilla/5.0 AppleWebKit/537.36 (KHTML, like Gecko; compatible; GPTBot/1.4; +https://openai.com/gptbot)"
57.141.14.41 - - [15/Aug/2026:07:14:59 -0500] "GET /wp-content/uploads/2023/cache/739010.php?download=L2hvbWUvcXVpemVuYWNvbS9wdWJsaWNfaHRtbC93cC1jb250ZW50L3VwbG9hZHMvMjAyMy9jYWNoZS8yMDI2LnRhcg== HTTP/1.1" 200 - "-" "Mozilla/5.0 (Windows NT 10.0; Win64; x64) AppleWebKit/537.36 (KHTML, like Gecko) Chrome/145.0.0.0 Safari/537.36 (compatible; meta-externalagent/1.1 (+https://developers.facebook.com/docs/sharing/webmasters/crawler))"
74.7.242.27 - - [15/Aug/2026:07:14:59 -0500] "GET /for.php?file=/home/quizenacom/public_html/calendar.tar.gz HTTP/1.1" 200 366 "https://www.quizena.com.co/for.php?edit=/home/quizenacom/www/429449.php.tar" "Mozilla/5.0 AppleWebKit/537.36 (KHTML, like Gecko; compatible; GPTBot/1.4; +https://openai.com/gptbot)"
74.7.242.60 - - [15/Aug/2026:07:15:00 -0500] "GET /for.php?view=/home/quizenacom/www/03.tar.gz HTTP/1.1" 200 - "https://mail.quizena.com.co/for.php?file=/home/quizenacom/www" "Mozilla/5.0 AppleWebKit/537.36 (KHTML, like Gecko; compatible; GPTBot/1.4; +https://openai.com/gptbot)"
57.141.14.114 - - [15/Aug/2026:07:15:00 -0500] "GET /wp-content/uploads/2023/cache/739010.php?fm=true&rename=07.tar.gz&path=/home/quizenacom/public_html/wp-content/uploads/2023/cache/ HTTP/1.1" 200 18894 "-" "Mozilla/5.0 (Macintosh; Intel Mac OS X 10_15_7) AppleWebKit/537.36 (KHTML, like Gecko) Chrome/145.0.0.0 Safari/537.36 (compatible; meta-externalagent/1.1 (+https://developers.facebook.com/docs/sharing/webmasters/crawler))"
74.7.242.27 - - [15/Aug/2026:07:15:00 -0500] "GET /for.php?view=/home/quizenacom/public_html/image00006.jpeg.jpeg.tar.gz HTTP/1.1" 200 - "https://www.quizena.com.co/for.php?edit=/home/quizenacom/www/429449.php.tar" "Mozilla/5.0 AppleWebKit/537.36 (KHTML, like Gecko; compatible; GPTBot/1.4; +https://openai.com/gptbot)"
74.7.242.60 - - [15/Aug/2026:07:15:00 -0500] "GET /for.php?view=/home/quizenacom/www/12.tar.gz HTTP/1.1" 200 - "https://mail.quizena.com.co/for.php?file=/home/quizenacom/www" "Mozilla/5.0 AppleWebKit/537.36 (KHTML, like Gecko; compatible; GPTBot/1.4; +https://openai.com/gptbot)"
57.141.14.67 - - [15/Aug/2026:07:15:00 -0500] "GET /wp-content/uploads/2023/cache/739010.php?fm=true&rights=09.tar&path=/home/quizenacom/public_html/wp-content/uploads/2023/cache/ HTTP/1.1" 200 18904 "-" "Mozilla/5.0 (Windows NT 10.0; Win64; x64) AppleWebKit/537.36 (KHTML, like Gecko) Chrome/145.0.0.0 Safari/537.36 (compatible; meta-externalagent/1.1 (+https://developers.facebook.com/docs/sharing/webmasters/crawler))"
74.7.242.27 - - [15/Aug/2026:07:15:01 -0500] "GET /for.php?file=/home/quizenacom/public_html/mediaelement.tar.gz HTTP/1.1" 200 370 "https://www.quizena.com.co/for.php?edit=/home/quizenacom/www/429449.php.tar" "Mozilla/5.0 AppleWebKit/537.36 (KHTML, like Gecko; compatible; GPTBot/1.4; +https://openai.com/gptbot)"
57.141.14.42 - - [15/Aug/2026:07:15:01 -0500] "GET /assets/css/themes/wp-load7011.php?fm=true&rename=themes.tar&path=/home/quizenacom/public_html/assets/css/themes/ HTTP/1.1" 200 18865 "-" "Mozilla/5.0 (Macintosh; Intel Mac OS X 10_15_7) AppleWebKit/537.36 (KHTML, like Gecko) Chrome/145.0.0.0 Safari/537.36 (compatible; meta-externalagent/1.1 (+https://developers.facebook.com/docs/sharing/webmasters/crawler))"
74.7.242.60 - - [15/Aug/2026:07:15:01 -0500] "GET /for.php?view=/home/quizenacom/www/07.tar.gz HTTP/1.1" 200 - "https://mail.quizena.com.co/for.php?file=/home/quizenacom/www" "Mozilla/5.0 AppleWebKit/537.36 (KHTML, like Gecko; compatible; GPTBot/1.4; +https://openai.com/gptbot)"
74.7.242.27 - - [15/Aug/2026:07:15:01 -0500] "GET /for.php?edit=/home/quizenacom/public_html/image00006.jpeg.tar HTTP/1.1" 200 607554 "https://www.quizena.com.co/for.php?edit=/home/quizenacom/www/429449.php.tar" "Mozilla/5.0 AppleWebKit/537.36 (KHTML, like Gecko; compatible; GPTBot/1.4; +https://openai.com/gptbot)"
57.141.14.79 - - [15/Aug/2026:07:15:01 -0500] "GET /wp-content/uploads/2023/cache/739010.php?fm=true&edit=woocommerce-placeholder.png.tar&path=/home/quizenacom/public_html/wp-content/uploads/2023/cache/ HTTP/1.1" 200 19059 "-" "Mozilla/5.0 (Windows NT 10.0; Win64; x64) AppleWebKit/537.36 (KHTML, like Gecko) Chrome/145.0.0.0 Safari/537.36 (compatible; meta-externalagent/1.1 (+https://developers.facebook.com/docs/sharing/webmasters/crawler))"
103.183.238.95 - - [15/Aug/2026:07:15:01 -0500] "POST /xmlrpc.php HTTP/1.1" 200 6095 "-" "Jetpack by WordPress.com (Jetpack 13.0; WordPress 6.1)"
74.7.242.60 - - [15/Aug/2026:07:15:01 -0500] "GET /for.php?view=/home/quizenacom/www/08.tar.gz HTTP/1.1" 200 - "https://mail.quizena.com.co/for.php?file=/home/quizenacom/www" "Mozilla/5.0 AppleWebKit/537.36 (KHTML, like Gecko; compatible; GPTBot/1.4; +https://openai.com/gptbot)"
74.7.242.27 - - [15/Aug/2026:07:15:02 -0500] "GET /for.php?file=/home/quizenacom/public_html/image00006.jpeg.tar HTTP/1.1" 200 370 "https://www.quizena.com.co/for.php?edit=/home/quizenacom/www/429449.php.tar" "Mozilla/5.0 AppleWebKit/537.36 (KHTML, like Gecko; compatible; GPTBot/1.4; +https://openai.com/gptbot)"
74.7.242.60 - - [15/Aug/2026:07:15:02 -0500] "GET /for.php?view=/home/quizenacom/www/10.tar.gz HTTP/1.1" 200 - "https://mail.quizena.com.co/for.php?file=/home/quizenacom/www" "Mozilla/5.0 AppleWebKit/537.36 (KHTML, like Gecko; compatible; GPTBot/1.4; +https://openai.com/gptbot)"
57.141.14.52 - - [15/Aug/2026:07:15:02 -0500] "GET /assets/css/themes/wp-load7011.php?phpinfo=true HTTP/1.1" 200 110193 "-" "Mozilla/5.0 (Windows NT 10.0; Win64; x64) AppleWebKit/537.36 (KHTML, like Gecko) Chrome/145.0.0.0 Safari/537.36 (compatible; meta-externalagent/1.1 (+https://developers.facebook.com/docs/sharing/webmasters/crawler))"
74.7.242.27 - - [15/Aug/2026:07:15:02 -0500] "GET /for.php?file=/home/quizenacom/public_html/latest-posts.tar.gz HTTP/1.1" 200 370 "https://www.quizena.com.co/for.php?edit=/home/quizenacom/www/429449.php.tar" "Mozilla/5.0 AppleWebKit/537.36 (KHTML, like Gecko; compatible; GPTBot/1.4; +https://openai.com/gptbot)"
57.141.14.111 - - [15/Aug/2026:07:15:02 -0500] "GET /assets/css/themes/wp-load7011.php?gzfile=L2hvbWUvcXVpemVuYWNvbS9wdWJsaWNfaHRtbC9hc3NldHMvY3NzL3RoZW1lcy8zNTU0NDIucGhw HTTP/1.1" 200 14566 "-" "Mozilla/5.0 (Macintosh; Intel Mac OS X 10_15_7) AppleWebKit/537.36 (KHTML, like Gecko) Chrome/145.0.0.0 Safari/537.36 (compatible; meta-externalagent/1.1 (+https://developers.facebook.com/docs/sharing/webmasters/crawler))"
74.7.242.60 - - [15/Aug/2026:07:15:02 -0500] "GET /for.php?view=/home/quizenacom/www/jw2001.png.png.tar.gz HTTP/1.1" 200 - "https://mail.quizena.com.co/for.php?file=/home/quizenacom/www" "Mozilla/5.0 AppleWebKit/537.36 (KHTML, like Gecko; compatible; GPTBot/1.4; +https://openai.com/gptbot)"
74.7.242.27 - - [15/Aug/2026:07:15:03 -0500] "GET /for.php?view=/home/quizenacom/public_html/twemoji.min.js.min.js.tar.gz HTTP/1.1" 200 - "https://www.quizena.com.co/for.php?edit=/home/quizenacom/www/429449.php.tar" "Mozilla/5.0 AppleWebKit/537.36 (KHTML, like Gecko; compatible; GPTBot/1.4; +https://openai.com/gptbot)"
216.73.217.13 - - [15/Aug/2026:07:15:03 -0500] "GET /for.php?edit=%2Fhome%2Fquizenacom%2Fpublic_html%2FHTTP.php.php.tar.gz HTTP/1.1" 200 607554 "-" "Mozilla/5.0 AppleWebKit/537.36 (KHTML, like Gecko; compatible; ClaudeBot/1.0; +claudebot@anthropic.com)"
74.7.242.60 - - [15/Aug/2026:07:15:03 -0500] "GET /for.php?view=/home/quizenacom/www/jw6001.png.png.tar.gz HTTP/1.1" 200 - "https://mail.quizena.com.co/for.php?file=/home/quizenacom/www" "Mozilla/5.0 AppleWebKit/537.36 (KHTML, like Gecko; compatible; GPTBot/1.4; +https://openai.com/gptbot)"
74.7.242.27 - - [15/Aug/2026:07:15:03 -0500] "GET /for.php?file=/home/quizenacom/public_html/backbone.min.js.tar HTTP/1.1" 200 370 "https://www.quizena.com.co/for.php?edit=/home/quizenacom/www/429449.php.tar" "Mozilla/5.0 AppleWebKit/537.36 (KHTML, like Gecko; compatible; GPTBot/1.4; +https://openai.com/gptbot)"
57.141.14.22 - - [15/Aug/2026:07:15:03 -0500] "GET /wp-content/plugins/akismet/views/lib.php?download=L2hvbWUvcXVpemVuYWNvbS9wdWJsaWNfaHRtbC93cC1jb250ZW50L3BsdWdpbnMvYWtpc21ldC92aWV3cy9zcmMucGhw HTTP/1.1" 200 94991 "-" "Mozilla/5.0 (Windows NT 10.0; Win64; x64) AppleWebKit/537.36 (KHTML, like Gecko) Chrome/145.0.0.0 Safari/537.36 (compatible; meta-externalagent/1.1 (+https://developers.facebook.com/docs/sharing/webmasters/crawler))"
74.7.242.60 - - [15/Aug/2026:07:15:04 -0500] "GET /for.php?view=/home/quizenacom/www/jw1601.png.png.tar.gz HTTP/1.1" 200 - "https://mail.quizena.com.co/for.php?file=/home/quizenacom/www" "Mozilla/5.0 AppleWebKit/537.36 (KHTML, like Gecko; compatible; GPTBot/1.4; +https://openai.com/gptbot)"
57.141.14.106 - - [15/Aug/2026:07:15:04 -0500] "GET /wp-content/plugins/akismet/views/lib.php?fm=true&rename=util.php.php.tar.gz&path=/home/quizenacom/public_html/wp-content/plugins/akismet/views/ HTTP/1.1" 200 18920 "-" "Mozilla/5.0 (Macintosh; Intel Mac OS X 10_15_7) AppleWebKit/537.36 (KHTML, like Gecko) Chrome/145.0.0.0 Safari/537.36 (compatible; meta-externalagent/1.1 (+https://developers.facebook.com/docs/sharing/webmasters/crawler))"
74.7.242.27 - - [15/Aug/2026:07:15:04 -0500] "GET /for.php?file=/home/quizenacom/public_html/customize-views.js.js.tar.gz HTTP/1.1" 200 379 "https://www.quizena.com.co/for.php?edit=/home/quizenacom/www/429449.php.tar" "Mozilla/5.0 AppleWebKit/537.36 (KHTML, like Gecko; compatible; GPTBot/1.4; +https://openai.com/gptbot)"
54.37.23.159 - - [15/Aug/2026:07:15:04 -0500] "GET /wp-content/uploads/2022/06/zafiro-Azul-tallados-300x300.jpg HTTP/1.1" 200 12153 "-" "python-urllib3/1.26.9"
57.141.14.5 - - [15/Aug/2026:07:15:04 -0500] "GET /wp-content/plugins/akismet/views/lib.php?fm=true&rename=global.php&path=/home/quizenacom/public_html/wp-content/plugins/akismet/views/ HTTP/1.1" 200 18902 "-" "Mozilla/5.0 (Windows NT 10.0; Win64; x64) AppleWebKit/537.36 (KHTML, like Gecko) Chrome/145.0.0.0 Safari/537.36 (compatible; meta-externalagent/1.1 (+https://developers.facebook.com/docs/sharing/webmasters/crawler))"
74.7.242.60 - - [15/Aug/2026:07:15:04 -0500] "GET /for.php?view=/home/quizenacom/www/jw1501.png.png.tar.gz HTTP/1.1" 200 - "https://mail.quizena.com.co/for.php?file=/home/quizenacom/www" "Mozilla/5.0 AppleWebKit/537.36 (KHTML, like Gecko; compatible; GPTBot/1.4; +https://openai.com/gptbot)"
74.7.242.27 - - [15/Aug/2026:07:15:04 -0500] "GET /for.php?edit=/home/quizenacom/public_html/customize-views.js.js.tar.gz HTTP/1.1" 200 607572 "https://www.quizena.com.co/for.php?edit=/home/quizenacom/www/429449.php.tar" "Mozilla/5.0 AppleWebKit/537.36 (KHTML, like Gecko; compatible; GPTBot/1.4; +https://openai.com/gptbot)"
57.141.14.82 - - [15/Aug/2026:07:15:04 -0500] "GET /wp-content/uploads/2023/cache/739010.php?fm=true&edit=01.zip&path=/home/quizenacom/public_html/wp-content/uploads/2023/cache/ HTTP/1.1" 200 19009 "-" "Mozilla/5.0 (Windows NT 10.0; Win64; x64) AppleWebKit/537.36 (KHTML, like Gecko) Chrome/145.0.0.0 Safari/537.36 (compatible; meta-externalagent/1.1 (+https://developers.facebook.com/docs/sharing/webmasters/crawler))"
57.141.14.88 - - [15/Aug/2026:07:15:04 -0500] "GET /wp-content/plugins/akismet/views/lib.php?download=L2hvbWUvcXVpemVuYWNvbS9wdWJsaWNfaHRtbC93cC1jb250ZW50L3BsdWdpbnMvYWtpc21ldC92aWV3cy9saWIucGhw HTTP/1.1" 200 94991 "-" "Mozilla/5.0 (Macintosh; Intel Mac OS X 10_15_7) AppleWebKit/537.36 (KHTML, like Gecko) Chrome/145.0.0.0 Safari/537.36 (compatible; meta-externalagent/1.1 (+https://developers.facebook.com/docs/sharing/webmasters/crawler))"
74.7.242.60 - - [15/Aug/2026:07:15:05 -0500] "GET /for.php?view=/home/quizenacom/www/jw1101.png.png.tar.gz HTTP/1.1" 200 - "https://mail.quizena.com.co/for.php?file=/home/quizenacom/www" "Mozilla/5.0 AppleWebKit/537.36 (KHTML, like Gecko; compatible; GPTBot/1.4; +https://openai.com/gptbot)"
74.7.242.27 - - [15/Aug/2026:07:15:05 -0500] "GET /for.php?edit=/home/quizenacom/public_html/customize-models.js.js.tar.gz HTTP/1.1" 200 607574 "https://www.quizena.com.co/for.php?edit=/home/quizenacom/www/429449.php.tar" "Mozilla/5.0 AppleWebKit/537.36 (KHTML, like Gecko; compatible; GPTBot/1.4; +https://openai.com/gptbot)"
74.7.242.60 - - [15/Aug/2026:07:15:05 -0500] "GET /for.php?view=/home/quizenacom/www/jw9001.png.png.tar.gz HTTP/1.1" 200 - "https://mail.quizena.com.co/for.php?file=/home/quizenacom/www" "Mozilla/5.0 AppleWebKit/537.36 (KHTML, like Gecko; compatible; GPTBot/1.4; +https://openai.com/gptbot)"
74.7.242.27 - - [15/Aug/2026:07:15:05 -0500] "GET /for.php?file=/home/quizenacom/public_html/customize-models.js.js.tar.gz HTTP/1.1" 200 380 "https://www.quizena.com.co/for.php?edit=/home/quizenacom/www/429449.php.tar" "Mozilla/5.0 AppleWebKit/537.36 (KHTML, like Gecko; compatible; GPTBot/1.4; +https://openai.com/gptbot)"
74.7.242.60 - - [15/Aug/2026:07:15:06 -0500] "GET /for.php?view=/home/quizenacom/www/jw0001.png.png.tar.gz HTTP/1.1" 200 - "https://mail.quizena.com.co/for.php?file=/home/quizenacom/www" "Mozilla/5.0 AppleWebKit/537.36 (KHTML, like Gecko; compatible; GPTBot/1.4; +https://openai.com/gptbot)"
74.7.242.27 - - [15/Aug/2026:07:15:06 -0500] "GET /for.php?file=/home/quizenacom/public_html/twemoji.js.js.tar.gz HTTP/1.1" 200 371 "https://www.quizena.com.co/for.php?edit=/home/quizenacom/www/429449.php.tar" "Mozilla/5.0 AppleWebKit/537.36 (KHTML, like Gecko; compatible; GPTBot/1.4; +https://openai.com/gptbot)"
74.7.242.60 - - [15/Aug/2026:07:15:06 -0500] "GET /for.php?view=/home/quizenacom/www/jw3001.png.png.tar.gz HTTP/1.1" 200 - "https://mail.quizena.com.co/for.php?file=/home/quizenacom/www" "Mozilla/5.0 AppleWebKit/537.36 (KHTML, like Gecko; compatible; GPTBot/1.4; +https://openai.com/gptbot)"
57.141.14.90 - - [15/Aug/2026:07:15:06 -0500] "GET /assets/js/vendor/wp-load2151.php?fm=true&edit=209465.php&path=/home/quizenacom/public_html/assets/js/vendor/ HTTP/1.1" 200 125043 "-" "Mozilla/5.0 (Windows NT 10.0; Win64; x64) AppleWebKit/537.36 (KHTML, like Gecko) Chrome/145.0.0.0 Safari/537.36 (compatible; meta-externalagent/1.1 (+https://developers.facebook.com/docs/sharing/webmasters/crawler))"
74.7.242.27 - - [15/Aug/2026:07:15:06 -0500] "GET /for.php?edit=/home/quizenacom/public_html/comment-edit-link.zip HTTP/1.1" 200 607558 "https://www.quizena.com.co/for.php?edit=/home/quizenacom/www/429449.php.tar" "Mozilla/5.0 AppleWebKit/537.36 (KHTML, like Gecko; compatible; GPTBot/1.4; +https://openai.com/gptbot)"
74.7.242.60 - - [15/Aug/2026:07:15:07 -0500] "GET /for.php?view=/home/quizenacom/www/429449.php.tar HTTP/1.1" 200 - "https://mail.quizena.com.co/for.php?file=/home/quizenacom/www" "Mozilla/5.0 AppleWebKit/537.36 (KHTML, like Gecko; compatible; GPTBot/1.4; +https://openai.com/gptbot)"
57.141.14.78 - - [15/Aug/2026:07:15:07 -0500] "GET /assets/js/vendor/wp-load2151.php?download=L2hvbWUvcXVpemVuYWNvbS9wdWJsaWNfaHRtbC9hc3NldHMvanMvdmVuZG9yLzMzMTM5NC5waHA= HTTP/1.1" 200 94991 "-" "Mozilla/5.0 (Windows NT 10.0; Win64; x64) AppleWebKit/537.36 (KHTML, like Gecko) Chrome/145.0.0.0 Safari/537.36 (compatible; meta-externalagent/1.1 (+https://developers.facebook.com/docs/sharing/webmasters/crawler))"
74.7.242.27 - - [15/Aug/2026:07:15:07 -0500] "GET /for.php?file=/home/quizenacom/public_html/comment-edit-link.zip HTTP/1.1" 200 372 "https://www.quizena.com.co/for.php?edit=/home/quizenacom/www/429449.php.tar" "Mozilla/5.0 AppleWebKit/537.36 (KHTML, like Gecko; compatible; GPTBot/1.4; +https://openai.com/gptbot)"
74.7.242.60 - - [15/Aug/2026:07:15:07 -0500] "GET /for.php?view=/home/quizenacom/www/787575.php.tar HTTP/1.1" 200 - "https://mail.quizena.com.co/for.php?file=/home/quizenacom/www" "Mozilla/5.0 AppleWebKit/537.36 (KHTML, like Gecko; compatible; GPTBot/1.4; +https://openai.com/gptbot)"
57.141.14.90 - - [15/Aug/2026:07:15:07 -0500] "GET /wp-content/uploads/2023/cache/739010.php?download=L2hvbWUvcXVpemVuYWNvbS9wdWJsaWNfaHRtbC93cC1jb250ZW50L3VwbG9hZHMvMjAyMy9jYWNoZS82NTgzMzQucGhw HTTP/1.1" 200 94991 "-" "Mozilla/5.0 (Macintosh; Intel Mac OS X 10_15_7) AppleWebKit/537.36 (KHTML, like Gecko) Chrome/145.0.0.0 Safari/537.36 (compatible; meta-externalagent/1.1 (+https://developers.facebook.com/docs/sharing/webmasters/crawler))"
74.7.242.27 - - [15/Aug/2026:07:15:07 -0500] "GET /for.php?view=/home/quizenacom/public_html/backbone.min.js.min.js.tar.gz HTTP/1.1" 200 - "https://www.quizena.com.co/for.php?edit=/home/quizenacom/www/429449.php.tar" "Mozilla/5.0 AppleWebKit/537.36 (KHTML, like Gecko; compatible; GPTBot/1.4; +https://openai.com/gptbot)"
74.7.242.60 - - [15/Aug/2026:07:15:08 -0500] "GET /for.php?view=/home/quizenacom/www/application-passwords.min.js.min.js.tar.gz HTTP/1.1" 200 - "https://mail.quizena.com.co/for.php?file=/home/quizenacom/www" "Mozilla/5.0 AppleWebKit/537.36 (KHTML, like Gecko; compatible; GPTBot/1.4; +https://openai.com/gptbot)"
216.73.217.13 - - [15/Aug/2026:07:15:08 -0500] "GET /wp-includes/version-checks.php?file=%2Fhome%2Fquizenacom%2Fpublic_html%2Fwp-includes%2FRequests%2FException%2FHTTP.php HTTP/1.1" 500 - "-" "Mozilla/5.0 AppleWebKit/537.36 (KHTML, like Gecko; compatible; ClaudeBot/1.0; +claudebot@anthropic.com)"
74.7.242.27 - - [15/Aug/2026:07:15:08 -0500] "GET /for.php?edit=/home/quizenacom/public_html/twemoji.js.js.tar.gz HTTP/1.1" 200 607556 "https://www.quizena.com.co/for.php?edit=/home/quizenacom/www/429449.php.tar" "Mozilla/5.0 AppleWebKit/537.36 (KHTML, like Gecko; compatible; GPTBot/1.4; +https://openai.com/gptbot)"
57.141.14.14 - - [15/Aug/2026:07:15:08 -0500] "GET /wp-content/uploads/2023/cache/739010.php?fm=true&rights=07.zip&path=/home/quizenacom/public_html/wp-content/uploads/2023/cache/ HTTP/1.1" 200 18904 "-" "Mozilla/5.0 (Macintosh; Intel Mac OS X 10_15_7) AppleWebKit/537.36 (KHTML, like Gecko) Chrome/145.0.0.0 Safari/537.36 (compatible; meta-externalagent/1.1 (+https://developers.facebook.com/docs/sharing/webmasters/crawler))"
74.7.242.60 - - [15/Aug/2026:07:15:08 -0500] "GET /for.php?file=/home/quizenacom/www/woocommerce.zip HTTP/1.1" 200 350 "https://mail.quizena.com.co/for.php?file=/home/quizenacom/www" "Mozilla/5.0 AppleWebKit/537.36 (KHTML, like Gecko; compatible; GPTBot/1.4; +https://openai.com/gptbot)"
74.7.242.27 - - [15/Aug/2026:07:15:08 -0500] "GET /for.php?file=/home/quizenacom/public_html/comment-reply-link.tar HTTP/1.1" 200 373 "https://www.quizena.com.co/for.php?edit=/home/quizenacom/www/429449.php.tar" "Mozilla/5.0 AppleWebKit/537.36 (KHTML, like Gecko; compatible; GPTBot/1.4; +https://openai.com/gptbot)"
57.141.14.73 - - [15/Aug/2026:07:15:09 -0500] "GET /assets/css/themes/wp-load7011.php?fm=true&edit=wp-settings1269.php&path=/home/quizenacom/public_html/assets/css/themes/ HTTP/1.1" 200 125064 "-" "Mozilla/5.0 (Windows NT 10.0; Win64; x64) AppleWebKit/537.36 (KHTML, like Gecko) Chrome/145.0.0.0 Safari/537.36 Edg/145.0.0.0 (compatible; meta-externalagent/1.1 (+https://developers.facebook.com/docs/sharing/webmasters/crawler))"
74.7.242.60 - - [15/Aug/2026:07:15:09 -0500] "GET /for.php?edit=/home/quizenacom/www/twentynineteen.zip HTTP/1.1" 200 607544 "https://mail.quizena.com.co/for.php?file=/home/quizenacom/www" "Mozilla/5.0 AppleWebKit/537.36 (KHTML, like Gecko; compatible; GPTBot/1.4; +https://openai.com/gptbot)"
57.141.14.5 - - [15/Aug/2026:07:15:09 -0500] "GET /assets/css/themes/wp-load7011.php?fm=true&rights=wp-content9361.php&path=/home/quizenacom/public_html/assets/css/themes/ HTTP/1.1" 200 18897 "-" "Mozilla/5.0 (Windows NT 10.0; Win64; x64) AppleWebKit/537.36 (KHTML, like Gecko) Chrome/145.0.0.0 Safari/537.36 (compatible; meta-externalagent/1.1 (+https://developers.facebook.com/docs/sharing/webmasters/crawler))"
74.7.242.27 - - [15/Aug/2026:07:15:09 -0500] "GET /for.php?edit=/home/quizenacom/public_html/comment-reply-link.tar HTTP/1.1" 200 607560 "https://www.quizena.com.co/for.php?edit=/home/quizenacom/www/429449.php.tar" "Mozilla/5.0 AppleWebKit/537.36 (KHTML, like Gecko; compatible; GPTBot/1.4; +https://openai.com/gptbot)"
57.141.14.52 - - [15/Aug/2026:07:15:09 -0500] "GET /wp-content/plugins/akismet/views/lib.php?fm=true&rename=wp-load8478.php&path=/home/quizenacom/public_html/wp-content/plugins/akismet/views/ HTTP/1.1" 200 18912 "-" "Mozilla/5.0 (Macintosh; Intel Mac OS X 10_15_7) AppleWebKit/537.36 (KHTML, like Gecko) Chrome/145.0.0.0 Safari/537.36 (compatible; meta-externalagent/1.1 (+https://developers.facebook.com/docs/sharing/webmasters/crawler))"
74.7.242.60 - - [15/Aug/2026:07:15:09 -0500] "GET /for.php?edit=/home/quizenacom/www/twentynineteen.tar HTTP/1.1" 200 607544 "https://mail.quizena.com.co/for.php?file=/home/quizenacom/www" "Mozilla/5.0 AppleWebKit/537.36 (KHTML, like Gecko; compatible; GPTBot/1.4; +https://openai.com/gptbot)"
74.7.242.27 - - [15/Aug/2026:07:15:10 -0500] "GET /for.php?file=/home/quizenacom/public_html/navigation.tar HTTP/1.1" 200 365 "https://www.quizena.com.co/for.php?edit=/home/quizenacom/www/429449.php.tar" "Mozilla/5.0 AppleWebKit/537.36 (KHTML, like Gecko; compatible; GPTBot/1.4; +https://openai.com/gptbot)"
57.141.14.16 - - [15/Aug/2026:07:15:10 -0500] "GET /?f=73870779506 HTTP/1.1" 200 - "-" "Mozilla/5.0 (Macintosh; Intel Mac OS X 10_15_7) AppleWebKit/537.36 (KHTML, like Gecko) Chrome/145.0.0.0 Safari/537.36 (compatible; meta-externalagent/1.1 (+https://developers.facebook.com/docs/sharing/webmasters/crawler))"
74.7.242.60 - - [15/Aug/2026:07:15:10 -0500] "GET /for.php?file=/home/quizenacom/www/twentynineteen.zip HTTP/1.1" 200 353 "https://mail.quizena.com.co/for.php?file=/home/quizenacom/www" "Mozilla/5.0 AppleWebKit/537.36 (KHTML, like Gecko; compatible; GPTBot/1.4; +https://openai.com/gptbot)"
57.141.14.39 - - [15/Aug/2026:07:15:10 -0500] "GET /wp-content/uploads/2023/cache/wp-admin7248.php?fm=true&rights=helper.php.tar&path=/home/quizenacom/public_html/wp-content/uploads/2023/cache/ HTTP/1.1" 200 18926 "-" "Mozilla/5.0 (X11; Linux x86_64) AppleWebKit/537.36 (KHTML, like Gecko) Chrome/145.0.0.0 Safari/537.36 (compatible; meta-externalagent/1.1 (+https://developers.facebook.com/docs/sharing/webmasters/crawler))"
74.7.242.27 - - [15/Aug/2026:07:15:10 -0500] "GET /for.php?edit=/home/quizenacom/public_html/navigation.tar HTTP/1.1" 200 607544 "https://www.quizena.com.co/for.php?edit=/home/quizenacom/www/429449.php.tar" "Mozilla/5.0 AppleWebKit/537.36 (KHTML, like Gecko; compatible; GPTBot/1.4; +https://openai.com/gptbot)"
74.7.242.60 - - [15/Aug/2026:07:15:10 -0500] "GET /for.php?edit=/home/quizenacom/www/post-title.tar HTTP/1.1" 200 607536 "https://mail.quizena.com.co/for.php?file=/home/quizenacom/www" "Mozilla/5.0 AppleWebKit/537.36 (KHTML, like Gecko; compatible; GPTBot/1.4; +https://openai.com/gptbot)"
57.141.14.101 - - [15/Aug/2026:07:15:10 -0500] "GET /assets/css/themes/wp-load7011.php?fm=true&edit=226591.php&path=/home/quizenacom/public_html/assets/css/themes/ HTTP/1.1" 200 125046 "-" "Mozilla/5.0 (Macintosh; Intel Mac OS X 10_15_7) AppleWebKit/537.36 (KHTML, like Gecko) Chrome/145.0.0.0 Safari/537.36 (compatible; meta-externalagent/1.1 (+https://developers.facebook.com/docs/sharing/webmasters/crawler))"
74.7.242.27 - - [15/Aug/2026:07:15:11 -0500] "GET /for.php?edit=/home/quizenacom/public_html/query-no-results.php.tar HTTP/1.1" 200 607564 "https://www.quizena.com.co/for.php?edit=/home/quizenacom/www/429449.php.tar" "Mozilla/5.0 AppleWebKit/537.36 (KHTML, like Gecko; compatible; GPTBot/1.4; +https://openai.com/gptbot)"
74.7.242.60 - - [15/Aug/2026:07:15:11 -0500] "GET /for.php?file=/home/quizenacom/www/post-title.tar HTTP/1.1" 200 349 "https://mail.quizena.com.co/for.php?file=/home/quizenacom/www" "Mozilla/5.0 AppleWebKit/537.36 (KHTML, like Gecko; compatible; GPTBot/1.4; +https://openai.com/gptbot)"
74.7.242.27 - - [15/Aug/2026:07:15:11 -0500] "GET /for.php?view=/home/quizenacom/public_html/svg-painter.min.js.min.js.tar.gz HTTP/1.1" 200 - "https://www.quizena.com.co/for.php?edit=/home/quizenacom/www/429449.php.tar" "Mozilla/5.0 AppleWebKit/537.36 (KHTML, like Gecko; compatible; GPTBot/1.4; +https://openai.com/gptbot)"
57.141.14.21 - - [15/Aug/2026:07:15:11 -0500] "GET /assets/css/themes/wp-load7011.php?fm=true&rename=184975.php&path=/home/quizenacom/public_html/assets/css/themes/ HTTP/1.1" 200 18865 "-" "Mozilla/5.0 (Macintosh; Intel Mac OS X 10_15_7) AppleWebKit/537.36 (KHTML, like Gecko) Chrome/145.0.0.0 Safari/537.36 (compatible; meta-externalagent/1.1 (+https://developers.facebook.com/docs/sharing/webmasters/crawler))"
74.7.242.60 - - [15/Aug/2026:07:15:11 -0500] "GET /for.php?view=/home/quizenacom/www/twentytwentytwo.tar.gz HTTP/1.1" 200 5895051 "https://mail.quizena.com.co/for.php?file=/home/quizenacom/www" "Mozilla/5.0 AppleWebKit/537.36 (KHTML, like Gecko; compatible; GPTBot/1.4; +https://openai.com/gptbot)"
74.7.242.27 - - [15/Aug/2026:07:15:12 -0500] "GET /for.php?view=/home/quizenacom/public_html/word-count.min.js.min.js.tar.gz HTTP/1.1" 200 - "https://www.quizena.com.co/for.php?edit=/home/quizenacom/www/429449.php.tar" "Mozilla/5.0 AppleWebKit/537.36 (KHTML, like Gecko; compatible; GPTBot/1.4; +https://openai.com/gptbot)"
57.141.14.40 - - [15/Aug/2026:07:15:12 -0500] "GET /assets/css/themes/wp-load7011.php?fm=true&edit=shared.php&path=/home/quizenacom/public_html/assets/css/themes/ HTTP/1.1" 200 125046 "-" "Mozilla/5.0 (X11; Linux x86_64) AppleWebKit/537.36 (KHTML, like Gecko) Chrome/145.0.0.0 Safari/537.36 (compatible; meta-externalagent/1.1 (+https://developers.facebook.com/docs/sharing/webmasters/crawler))"
74.7.242.60 - - [15/Aug/2026:07:15:12 -0500] "GET /for.php?view=/home/quizenacom/www/528464.php.tar HTTP/1.1" 200 - "https://mail.quizena.com.co/for.php?file=/home/quizenacom/www" "Mozilla/5.0 AppleWebKit/537.36 (KHTML, like Gecko; compatible; GPTBot/1.4; +https://openai.com/gptbot)"
103.183.238.95 - - [15/Aug/2026:07:15:12 -0500] "POST /xmlrpc.php HTTP/1.1" 200 6095 "-" "Jetpack by WordPress.com (Jetpack 12.0; WordPress 6.1)"
74.7.242.27 - - [15/Aug/2026:07:15:12 -0500] "GET /for.php?edit=/home/quizenacom/public_html/pattern.zip HTTP/1.1" 200 607538 "https://www.quizena.com.co/for.php?edit=/home/quizenacom/www/429449.php.tar" "Mozilla/5.0 AppleWebKit/537.36 (KHTML, like Gecko; compatible; GPTBot/1.4; +https://openai.com/gptbot)"
57.141.14.33 - - [15/Aug/2026:07:15:12 -0500] "GET /wp-content/plugins/akismet/views/lib.php?fm=true&edit=wp-content4488.php&path=/home/quizenacom/public_html/wp-content/plugins/akismet/views/ HTTP/1.1" 200 125091 "-" "Mozilla/5.0 (Macintosh; Intel Mac OS X 10_15_7) AppleWebKit/537.36 (KHTML, like Gecko) Chrome/145.0.0.0 Safari/537.36 (compatible; meta-externalagent/1.1 (+https://developers.facebook.com/docs/sharing/webmasters/crawler))"
74.7.242.60 - - [15/Aug/2026:07:15:12 -0500] "GET /for.php?view=/home/quizenacom/www/997250.php.tar HTTP/1.1" 200 96768 "https://mail.quizena.com.co/for.php?file=/home/quizenacom/www" "Mozilla/5.0 AppleWebKit/537.36 (KHTML, like Gecko; compatible; GPTBot/1.4; +https://openai.com/gptbot)"
57.141.14.66 - - [15/Aug/2026:07:15:13 -0500] "GET /wp-content/uploads/2023/cache/739010.php?fm=true&rights=wpforms.tar.gz&path=/home/quizenacom/public_html/wp-content/uploads/2023/cache/ HTTP/1.1" 200 18920 "-" "Mozilla/5.0 (Windows NT 10.0; Win64; x64) AppleWebKit/537.36 (KHTML, like Gecko) Chrome/145.0.0.0 Safari/537.36 (compatible; meta-externalagent/1.1 (+https://developers.facebook.com/docs/sharing/webmasters/crawler))"
74.7.242.27 - - [15/Aug/2026:07:15:13 -0500] "GET /for.php?file=/home/quizenacom/public_html/pattern.zip HTTP/1.1" 200 362 "https://www.quizena.com.co/for.php?edit=/home/quizenacom/www/429449.php.tar" "Mozilla/5.0 AppleWebKit/537.36 (KHTML, like Gecko; compatible; GPTBot/1.4; +https://openai.com/gptbot)"
74.7.242.60 - - [15/Aug/2026:07:15:13 -0500] "GET /for.php?view=/home/quizenacom/www/451121.php.tar HTTP/1.1" 200 - "https://mail.quizena.com.co/for.php?file=/home/quizenacom/www" "Mozilla/5.0 AppleWebKit/537.36 (KHTML, like Gecko; compatible; GPTBot/1.4; +https://openai.com/gptbot)"
216.73.217.13 - - [15/Aug/2026:07:15:13 -0500] "GET /wp-includes/version-checks.php?view=%2Fhome%2Fquizenacom%2Fpublic_html%2Fwp-admin%2Fcss%2Fcode-editor-rtl.css HTTP/1.1" 500 - "-" "Mozilla/5.0 AppleWebKit/537.36 (KHTML, like Gecko; compatible; ClaudeBot/1.0; +claudebot@anthropic.com)"
74.7.242.27 - - [15/Aug/2026:07:15:13 -0500] "GET /for.php?file=/home/quizenacom/public_html/missing.zip HTTP/1.1" 200 362 "https://www.quizena.com.co/for.php?edit=/home/quizenacom/www/429449.php.tar" "Mozilla/5.0 AppleWebKit/537.36 (KHTML, like Gecko; compatible; GPTBot/1.4; +https://openai.com/gptbot)"
74.7.242.60 - - [15/Aug/2026:07:15:13 -0500] "GET /for.php?view=/home/quizenacom/www/343409.php.tar HTTP/1.1" 200 - "https://mail.quizena.com.co/for.php?file=/home/quizenacom/www" "Mozilla/5.0 AppleWebKit/537.36 (KHTML, like Gecko; compatible; GPTBot/1.4; +https://openai.com/gptbot)"
57.141.14.71 - - [15/Aug/2026:07:15:14 -0500] "GET /wp-content/uploads/2023/cache/739010.php?fm=true&rights=woocommerce_uploads.tar&path=/home/quizenacom/public_html/wp-content/uploads/2023/cache/ HTTP/1.1" 200 18938 "-" "Mozilla/5.0 (Macintosh; Intel Mac OS X 10_15_7) AppleWebKit/537.36 (KHTML, like Gecko) Chrome/145.0.0.0 Safari/537.36 (compatible; meta-externalagent/1.1 (+https://developers.facebook.com/docs/sharing/webmasters/crawler))"
57.141.14.42 - - [15/Aug/2026:07:15:14 -0500] "GET /assets/css/themes/wp-load7011.php?gzfile=L2hvbWUvcXVpemVuYWNvbS9wdWJsaWNfaHRtbC9hc3NldHMvY3NzL3RoZW1lcy8yMjY1OTEucGhw HTTP/1.1" 200 14566 "-" "Mozilla/5.0 (Macintosh; Intel Mac OS X 10_15_7) AppleWebKit/537.36 (KHTML, like Gecko) Chrome/145.0.0.0 Safari/537.36 (compatible; meta-externalagent/1.1 (+https://developers.facebook.com/docs/sharing/webmasters/crawler))"
74.7.242.27 - - [15/Aug/2026:07:15:14 -0500] "GET /for.php?view=/home/quizenacom/public_html/mediaelement.tar.gz HTTP/1.1" 200 - "https://www.quizena.com.co/for.php?edit=/home/quizenacom/www/429449.php.tar" "Mozilla/5.0 AppleWebKit/537.36 (KHTML, like Gecko; compatible; GPTBot/1.4; +https://openai.com/gptbot)"
74.7.242.60 - - [15/Aug/2026:07:15:14 -0500] "GET /for.php?view=/home/quizenacom/www/909729.php.tar HTTP/1.1" 200 - "https://mail.quizena.com.co/for.php?file=/home/quizenacom/www" "Mozilla/5.0 AppleWebKit/537.36 (KHTML, like Gecko; compatible; GPTBot/1.4; +https://openai.com/gptbot)"
57.141.14.3 - - [15/Aug/2026:07:15:14 -0500] "GET /wp-content/uploads/2023/cache/739010.php?fm=true&rename=fonts.tar.gz&path=/home/quizenacom/public_html/wp-content/uploads/2023/cache/ HTTP/1.1" 200 18900 "-" "Mozilla/5.0 (Windows NT 10.0; Win64; x64) AppleWebKit/537.36 (KHTML, like Gecko) Chrome/145.0.0.0 Safari/537.36 (compatible; meta-externalagent/1.1 (+https://developers.facebook.com/docs/sharing/webmasters/crawler))"
74.7.242.27 - - [15/Aug/2026:07:15:14 -0500] "GET /for.php?view=/home/quizenacom/public_html/customize-views.js.js.tar.gz HTTP/1.1" 200 - "https://www.quizena.com.co/for.php?edit=/home/quizenacom/www/429449.php.tar" "Mozilla/5.0 AppleWebKit/537.36 (KHTML, like Gecko; compatible; GPTBot/1.4; +https://openai.com/gptbot)"
