57.141.14.107 - - [14/Aug/2026:07:48:16 -0500] "GET /?r=96294599832 HTTP/1.1" 200 82322 "-" "Mozilla/5.0 (Windows NT 10.0; Win64; x64) AppleWebKit/537.36 (KHTML, like Gecko) Chrome/145.0.0.0 Safari/537.36 (compatible; meta-externalagent/1.1 (+https://developers.facebook.com/docs/sharing/webmasters/crawler))"
162.214.115.43 - - [14/Aug/2026:07:48:19 -0500] "POST /wp-cron.php?doing_wp_cron=1786711699.3640038967132568359375 HTTP/1.1" 200 - "https://quizena.com.co/wp-cron.php?doing_wp_cron=1786711699.3640038967132568359375" "WordPress/6.0.14; https://quizena.com.co"
45.227.253.162 - - [14/Aug/2026:07:48:18 -0500] "GET /maria-responsible-gaming-play-safely-with-maria/ HTTP/1.1" 200 74356 "-" "Mozilla/5.0 (Windows NT 10.0; Win64; x64; rv:133.0) Gecko/20100101 Firefox/133.0"
57.141.14.41 - - [14/Aug/2026:07:48:21 -0500] "GET /?f=53964235260 HTTP/1.1" 200 82322 "-" "Mozilla/5.0 (Macintosh; Intel Mac OS X 10_15_7) AppleWebKit/537.36 (KHTML, like Gecko) Chrome/145.0.0.0 Safari/537.36 (compatible; meta-externalagent/1.1 (+https://developers.facebook.com/docs/sharing/webmasters/crawler))"
45.227.253.162 - - [14/Aug/2026:07:48:22 -0500] "GET /sirwin-verification-pending-secure-your-access-now/ HTTP/1.1" 200 77045 "-" "Mozilla/5.0 (Macintosh; Intel Mac OS X 10_15_7) AppleWebKit/605.1.15 (KHTML, like Gecko) Version/18.0 Safari/605.1.15"
57.141.14.112 - - [14/Aug/2026:07:48:24 -0500] "GET /?s=92551944829 HTTP/1.1" 200 70704 "-" "Mozilla/5.0 (Macintosh; Intel Mac OS X 10_15_7) AppleWebKit/537.36 (KHTML, like Gecko) Chrome/145.0.0.0 Safari/537.36 (compatible; meta-externalagent/1.1 (+https://developers.facebook.com/docs/sharing/webmasters/crawler))"
45.227.253.162 - - [14/Aug/2026:07:48:24 -0500] "GET /shuffle-privacy-policy-secure-your-data-now/ HTTP/1.1" 200 76821 "-" "Mozilla/5.0 (Windows NT 10.0; Win64; x64) AppleWebKit/537.36 (KHTML, like Gecko) Chrome/124.0.0.0 Safari/537.36"
57.141.14.97 - - [14/Aug/2026:07:48:26 -0500] "GET /?u=13041932725 HTTP/1.1" 200 82322 "-" "Mozilla/5.0 (Windows NT 10.0; Win64; x64) AppleWebKit/537.36 (KHTML, like Gecko) Chrome/145.0.0.0 Safari/537.36 (compatible; meta-externalagent/1.1 (+https://developers.facebook.com/docs/sharing/webmasters/crawler))"
162.214.115.43 - - [14/Aug/2026:07:48:27 -0500] "POST /wp-cron.php?doing_wp_cron=1786711707.8858189582824707031250 HTTP/1.1" 200 - "https://quizena.com.co/wp-cron.php?doing_wp_cron=1786711707.8858189582824707031250" "WordPress/6.0.14; https://quizena.com.co"
45.227.253.162 - - [14/Aug/2026:07:48:27 -0500] "GET /mbit-casino-app-play-now-real-money-gaming/ HTTP/1.1" 200 76287 "-" "Mozilla/5.0 (Macintosh; Intel Mac OS X 10_15_7) AppleWebKit/605.1.15 (KHTML, like Gecko) Version/18.0 Safari/605.1.15"
66.249.79.230 - - [14/Aug/2026:07:48:29 -0500] "GET /?n=74179015167 HTTP/1.1" 200 200896 "-" "Mozilla/5.0 (Linux; Android 6.0.1; Nexus 5X Build/MMB29P) AppleWebKit/537.36 (KHTML, like Gecko) Chrome/151.0.7922.137 Mobile Safari/537.36 (compatible; Googlebot/2.1; +http://www.google.com/bot.html)"
45.227.253.162 - - [14/Aug/2026:07:48:30 -0500] "GET /shotz-live-casino-real-money-action-thrills/ HTTP/1.1" 200 75218 "-" "Mozilla/5.0 (Windows NT 10.0; Win64; x64; rv:133.0) Gecko/20100101 Firefox/133.0"
57.141.14.80 - - [14/Aug/2026:07:48:32 -0500] "GET /?r=22874842665 HTTP/1.1" 200 82322 "-" "Mozilla/5.0 (Windows NT 10.0; Win64; x64) AppleWebKit/537.36 (KHTML, like Gecko) Chrome/145.0.0.0 Safari/537.36 (compatible; meta-externalagent/1.1 (+https://developers.facebook.com/docs/sharing/webmasters/crawler))"
57.141.14.64 - - [14/Aug/2026:07:48:34 -0500] "GET /?l=22384779591 HTTP/1.1" 200 82322 "-" "Mozilla/5.0 (Macintosh; Intel Mac OS X 10_15_7) AppleWebKit/537.36 (KHTML, like Gecko) Chrome/145.0.0.0 Safari/537.36 (compatible; meta-externalagent/1.1 (+https://developers.facebook.com/docs/sharing/webmasters/crawler))"
57.141.14.56 - - [14/Aug/2026:07:48:38 -0500] "GET /?l=75568994085 HTTP/1.1" 200 82322 "-" "Mozilla/5.0 (Windows NT 10.0; Win64; x64) AppleWebKit/537.36 (KHTML, like Gecko) Chrome/145.0.0.0 Safari/537.36 Edg/145.0.0.0 (compatible; meta-externalagent/1.1 (+https://developers.facebook.com/docs/sharing/webmasters/crawler))"
162.214.115.43 - - [14/Aug/2026:07:48:39 -0500] "POST /wp-cron.php?doing_wp_cron=1786711719.7919490337371826171875 HTTP/1.1" 200 - "https://quizena.com.co/wp-cron.php?doing_wp_cron=1786711719.7919490337371826171875" "WordPress/6.0.14; https://quizena.com.co"
45.227.253.162 - - [14/Aug/2026:07:48:39 -0500] "GET /lyllo-popular-games-fun-excitement/ HTTP/1.1" 200 74093 "-" "Mozilla/5.0 (Windows NT 10.0; Win64; x64) AppleWebKit/537.36 (KHTML, like Gecko) Chrome/124.0.0.0 Safari/537.36"
57.141.14.31 - - [14/Aug/2026:07:48:39 -0500] "GET /?w=15954009947 HTTP/1.1" 200 57694 "-" "Mozilla/5.0 (Windows NT 10.0; Win64; x64) AppleWebKit/537.36 (KHTML, like Gecko) Chrome/145.0.0.0 Safari/537.36 (compatible; meta-externalagent/1.1 (+https://developers.facebook.com/docs/sharing/webmasters/crawler))"
57.141.14.110 - - [14/Aug/2026:07:48:40 -0500] "GET /?c=15606027698 HTTP/1.1" 200 82322 "-" "Mozilla/5.0 (Windows NT 10.0; Win64; x64) AppleWebKit/537.36 (KHTML, like Gecko) Chrome/145.0.0.0 Safari/537.36 (compatible; meta-externalagent/1.1 (+https://developers.facebook.com/docs/sharing/webmasters/crawler))"
162.214.115.43 - - [14/Aug/2026:07:48:42 -0500] "POST /wp-cron.php?doing_wp_cron=1786711722.3608798980712890625000 HTTP/1.1" 200 - "https://quizena.com.co/wp-cron.php?doing_wp_cron=1786711722.3608798980712890625000" "WordPress/6.0.14; https://quizena.com.co"
45.227.253.162 - - [14/Aug/2026:07:48:42 -0500] "GET /get-pub-bonus-codes-now-for-your-next-big-win/ HTTP/1.1" 200 63031 "-" "Mozilla/5.0 (Windows NT 10.0; Win64; x64) AppleWebKit/537.36 (KHTML, like Gecko) Chrome/124.0.0.0 Safari/537.36"
162.214.115.43 - - [14/Aug/2026:07:48:46 -0500] "POST /wp-cron.php?doing_wp_cron=1786711726.1039659976959228515625 HTTP/1.1" 200 - "https://quizena.com.co/wp-cron.php?doing_wp_cron=1786711726.1039659976959228515625" "WordPress/6.0.14; https://quizena.com.co"
45.227.253.162 - - [14/Aug/2026:07:48:44 -0500] "GET /spinra-promotions-your-marketing-growth-partner/ HTTP/1.1" 200 79218 "-" "Mozilla/5.0 (Windows NT 10.0; Win64; x64) AppleWebKit/537.36 (KHTML, like Gecko) Chrome/124.0.0.0 Safari/537.36"
162.214.115.43 - - [14/Aug/2026:07:48:48 -0500] "POST /wp-cron.php?doing_wp_cron=1786711728.7556459903717041015625 HTTP/1.1" 200 - "https://quizena.com.co/wp-cron.php?doing_wp_cron=1786711728.7556459903717041015625" "WordPress/6.0.14; https://quizena.com.co"
57.141.14.38 - - [14/Aug/2026:07:48:48 -0500] "GET /?w=52422753772 HTTP/1.1" 200 57694 "-" "Mozilla/5.0 (Windows NT 10.0; Win64; x64) AppleWebKit/537.36 (KHTML, like Gecko) Chrome/145.0.0.0 Safari/537.36 (compatible; meta-externalagent/1.1 (+https://developers.facebook.com/docs/sharing/webmasters/crawler))"
57.141.14.41 - - [14/Aug/2026:07:48:50 -0500] "GET /?r=82173858741 HTTP/1.1" 200 82322 "-" "Mozilla/5.0 (Macintosh; Intel Mac OS X 10_15_7) AppleWebKit/537.36 (KHTML, like Gecko) Chrome/145.0.0.0 Safari/537.36 (compatible; meta-externalagent/1.1 (+https://developers.facebook.com/docs/sharing/webmasters/crawler))"
45.227.253.162 - - [14/Aug/2026:07:48:51 -0500] "GET /rooli-minimum-withdrawal-low-fees-access-funds/ HTTP/1.1" 200 79087 "-" "Mozilla/5.0 (Windows NT 10.0; Win64; x64; rv:133.0) Gecko/20100101 Firefox/133.0"
57.141.14.54 - - [14/Aug/2026:07:48:51 -0500] "GET /?k=45469531129 HTTP/1.1" 200 82322 "-" "Mozilla/5.0 (Windows NT 10.0; Win64; x64) AppleWebKit/537.36 (KHTML, like Gecko) Chrome/145.0.0.0 Safari/537.36 (compatible; meta-externalagent/1.1 (+https://developers.facebook.com/docs/sharing/webmasters/crawler))"
162.214.115.43 - - [14/Aug/2026:07:48:54 -0500] "POST /wp-cron.php?doing_wp_cron=1786711734.1630001068115234375000 HTTP/1.1" 200 - "https://quizena.com.co/wp-cron.php?doing_wp_cron=1786711734.1630001068115234375000" "WordPress/6.0.14; https://quizena.com.co"
45.227.253.162 - - [14/Aug/2026:07:48:53 -0500] "GET /lumi-max-bet-superior-betting-experience-now/ HTTP/1.1" 200 63025 "-" "Mozilla/5.0 (Windows NT 10.0; Win64; x64) AppleWebKit/537.36 (KHTML, like Gecko) Chrome/124.0.0.0 Safari/537.36"
57.141.14.31 - - [14/Aug/2026:07:48:55 -0500] "GET /?f=94116009394 HTTP/1.1" 200 82322 "-" "Mozilla/5.0 (Windows NT 10.0; Win64; x64) AppleWebKit/537.36 (KHTML, like Gecko) Chrome/145.0.0.0 Safari/537.36 (compatible; meta-externalagent/1.1 (+https://developers.facebook.com/docs/sharing/webmasters/crawler))"
162.214.115.43 - - [14/Aug/2026:07:48:56 -0500] "POST /wp-cron.php?doing_wp_cron=1786711736.9867870807647705078125 HTTP/1.1" 200 - "https://quizena.com.co/wp-cron.php?doing_wp_cron=1786711736.9867870807647705078125" "WordPress/6.0.14; https://quizena.com.co"
45.227.253.162 - - [14/Aug/2026:07:48:56 -0500] "GET /shokki-accepted-countries-list-your-shipping-options/ HTTP/1.1" 200 76147 "-" "Mozilla/5.0 (Windows NT 10.0; Win64; x64) AppleWebKit/537.36 (KHTML, like Gecko) Chrome/124.0.0.0 Safari/537.36"
57.141.14.52 - - [14/Aug/2026:07:48:57 -0500] "GET /?f=25540366899 HTTP/1.1" 200 82322 "-" "Mozilla/5.0 (Windows NT 10.0; Win64; x64) AppleWebKit/537.36 (KHTML, like Gecko) Chrome/145.0.0.0 Safari/537.36 (compatible; meta-externalagent/1.1 (+https://developers.facebook.com/docs/sharing/webmasters/crawler))"
57.141.14.68 - - [14/Aug/2026:07:48:58 -0500] "GET /?j=54359722746 HTTP/1.1" 200 82322 "-" "Mozilla/5.0 (Macintosh; Intel Mac OS X 10_15_7) AppleWebKit/537.36 (KHTML, like Gecko) Chrome/145.0.0.0 Safari/537.36 (compatible; meta-externalagent/1.1 (+https://developers.facebook.com/docs/sharing/webmasters/crawler))"
45.227.253.162 - - [14/Aug/2026:07:48:59 -0500] "GET /rainbet-official-best-online-betting-experience-now/ HTTP/1.1" 200 76861 "-" "Mozilla/5.0 (Macintosh; Intel Mac OS X 10_15_7) AppleWebKit/605.1.15 (KHTML, like Gecko) Version/18.0 Safari/605.1.15"
57.141.14.111 - - [14/Aug/2026:07:48:59 -0500] "GET /?t=66250773974 HTTP/1.1" 200 82322 "-" "Mozilla/5.0 (Macintosh; Intel Mac OS X 10_15_7) AppleWebKit/537.36 (KHTML, like Gecko) Chrome/145.0.0.0 Safari/537.36 (compatible; meta-externalagent/1.1 (+https://developers.facebook.com/docs/sharing/webmasters/crawler))"
45.227.253.162 - - [14/Aug/2026:07:49:02 -0500] "GET /shotz-best-slots-fun-play-online-now/ HTTP/1.1" 200 75725 "-" "Mozilla/5.0 (Windows NT 10.0; Win64; x64; rv:133.0) Gecko/20100101 Firefox/133.0"
57.141.14.101 - - [14/Aug/2026:07:49:04 -0500] "GET /?y=34695825303 HTTP/1.1" 200 82322 "-" "Mozilla/5.0 (Windows NT 10.0; Win64; x64) AppleWebKit/537.36 (KHTML, like Gecko) Chrome/145.0.0.0 Safari/537.36 Edg/145.0.0.0 (compatible; meta-externalagent/1.1 (+https://developers.facebook.com/docs/sharing/webmasters/crawler))"
162.214.115.43 - - [14/Aug/2026:07:49:05 -0500] "POST /wp-cron.php?doing_wp_cron=1786711745.4020040035247802734375 HTTP/1.1" 200 - "https://quizena.com.co/wp-cron.php?doing_wp_cron=1786711745.4020040035247802734375" "WordPress/6.0.14; https://quizena.com.co"
45.227.253.162 - - [14/Aug/2026:07:49:05 -0500] "GET /rainbet-pragmatic-play-action-betting-now/ HTTP/1.1" 200 78411 "-" "Mozilla/5.0 (Windows NT 10.0; Win64; x64) AppleWebKit/537.36 (KHTML, like Gecko) Chrome/124.0.0.0 Safari/537.36"
162.214.115.43 - - [14/Aug/2026:07:49:08 -0500] "POST /wp-cron.php?doing_wp_cron=1786711748.2763719558715820312500 HTTP/1.1" 200 - "https://quizena.com.co/wp-cron.php?doing_wp_cron=1786711748.2763719558715820312500" "WordPress/6.0.14; https://quizena.com.co"
45.227.253.162 - - [14/Aug/2026:07:49:08 -0500] "GET /roobet-proxy-access-reliable-secure-gaming-connection/ HTTP/1.1" 200 92757 "-" "Mozilla/5.0 (Windows NT 10.0; Win64; x64; rv:133.0) Gecko/20100101 Firefox/133.0"
57.141.14.90 - - [14/Aug/2026:07:49:08 -0500] "GET /?b=92571275665 HTTP/1.1" 200 82322 "-" "Mozilla/5.0 (Macintosh; Intel Mac OS X 10_15_7) AppleWebKit/537.36 (KHTML, like Gecko) Chrome/145.0.0.0 Safari/537.36 (compatible; meta-externalagent/1.1 (+https://developers.facebook.com/docs/sharing/webmasters/crawler))"
162.214.115.43 - - [14/Aug/2026:07:49:11 -0500] "POST /wp-cron.php?doing_wp_cron=1786711751.1132409572601318359375 HTTP/1.1" 200 - "https://quizena.com.co/wp-cron.php?doing_wp_cron=1786711751.1132409572601318359375" "WordPress/6.0.14; https://quizena.com.co"
45.227.253.162 - - [14/Aug/2026:07:49:10 -0500] "GET /rakoo-official-genuine-products-shop-now/ HTTP/1.1" 200 73509 "-" "Mozilla/5.0 (Macintosh; Intel Mac OS X 10_15_7) AppleWebKit/605.1.15 (KHTML, like Gecko) Version/18.0 Safari/605.1.15"
57.141.14.74 - - [14/Aug/2026:07:49:11 -0500] "GET /?l=52643561113 HTTP/1.1" 200 82322 "-" "Mozilla/5.0 (Windows NT 10.0; Win64; x64) AppleWebKit/537.36 (KHTML, like Gecko) Chrome/145.0.0.0 Safari/537.36 (compatible; meta-externalagent/1.1 (+https://developers.facebook.com/docs/sharing/webmasters/crawler))"
57.141.14.75 - - [14/Aug/2026:07:49:13 -0500] "GET /?t=83223812471 HTTP/1.1" 200 82322 "-" "Mozilla/5.0 (Windows NT 10.0; Win64; x64) AppleWebKit/537.36 (KHTML, like Gecko) Chrome/145.0.0.0 Safari/537.36 (compatible; meta-externalagent/1.1 (+https://developers.facebook.com/docs/sharing/webmasters/crawler))"
45.227.253.162 - - [14/Aug/2026:07:49:13 -0500] "GET /roobet-crazy-time-excitement-awaits-play-now/ HTTP/1.1" 200 76001 "-" "Mozilla/5.0 (Windows NT 10.0; Win64; x64) AppleWebKit/537.36 (KHTML, like Gecko) Chrome/124.0.0.0 Safari/537.36"
57.141.14.8 - - [14/Aug/2026:07:49:16 -0500] "GET /?k=84487241824 HTTP/1.1" 200 82322 "-" "Mozilla/5.0 (X11; Linux x86_64) AppleWebKit/537.36 (KHTML, like Gecko) Chrome/145.0.0.0 Safari/537.36 (compatible; meta-externalagent/1.1 (+https://developers.facebook.com/docs/sharing/webmasters/crawler))"
45.227.253.162 - - [14/Aug/2026:07:49:17 -0500] "GET /rakebit-payment-options-secure-your-transactions-now/ HTTP/1.1" 200 76267 "-" "Mozilla/5.0 (Windows NT 10.0; Win64; x64) AppleWebKit/537.36 (KHTML, like Gecko) Chrome/124.0.0.0 Safari/537.36"
45.227.253.162 - - [14/Aug/2026:07:49:20 -0500] "GET /rolling-slots-privacy-policy-secure-your-data/ HTTP/1.1" 200 78636 "-" "Mozilla/5.0 (Macintosh; Intel Mac OS X 10_15_7) AppleWebKit/605.1.15 (KHTML, like Gecko) Version/18.0 Safari/605.1.15"
57.141.14.18 - - [14/Aug/2026:07:49:20 -0500] "GET /?w=45730499490 HTTP/1.1" 200 57694 "-" "Mozilla/5.0 (Windows NT 10.0; Win64; x64) AppleWebKit/537.36 (KHTML, like Gecko) Chrome/145.0.0.0 Safari/537.36 (compatible; meta-externalagent/1.1 (+https://developers.facebook.com/docs/sharing/webmasters/crawler))"
57.141.14.109 - - [14/Aug/2026:07:49:21 -0500] "GET /?a=53925427900 HTTP/1.1" 200 82322 "-" "Mozilla/5.0 (Macintosh; Intel Mac OS X 10_15_7) AppleWebKit/537.36 (KHTML, like Gecko) Chrome/145.0.0.0 Safari/537.36 (compatible; meta-externalagent/1.1 (+https://developers.facebook.com/docs/sharing/webmasters/crawler))"
45.227.253.162 - - [14/Aug/2026:07:49:23 -0500] "GET /reload-jackpot-big-wins-await-you-now/ HTTP/1.1" 200 75870 "-" "Mozilla/5.0 (Windows NT 10.0; Win64; x64) AppleWebKit/537.36 (KHTML, like Gecko) Chrome/124.0.0.0 Safari/537.36"
57.141.14.22 - - [14/Aug/2026:07:49:23 -0500] "GET /?k=84027342333 HTTP/1.1" 200 82322 "-" "Mozilla/5.0 (Windows NT 10.0; Win64; x64) AppleWebKit/537.36 (KHTML, like Gecko) Chrome/145.0.0.0 Safari/537.36 (compatible; meta-externalagent/1.1 (+https://developers.facebook.com/docs/sharing/webmasters/crawler))"
57.141.14.15 - - [14/Aug/2026:07:49:25 -0500] "GET /?e=34166413466 HTTP/1.1" 200 82322 "-" "Mozilla/5.0 (Macintosh; Intel Mac OS X 10_15_7) AppleWebKit/537.36 (KHTML, like Gecko) Chrome/145.0.0.0 Safari/537.36 (compatible; meta-externalagent/1.1 (+https://developers.facebook.com/docs/sharing/webmasters/crawler))"
45.227.253.162 - - [14/Aug/2026:07:49:26 -0500] "GET /bracco-esports-achieve-victory-in-gaming/ HTTP/1.1" 200 77203 "-" "Mozilla/5.0 (Windows NT 10.0; Win64; x64) AppleWebKit/537.36 (KHTML, like Gecko) Chrome/124.0.0.0 Safari/537.36"
45.227.253.162 - - [14/Aug/2026:07:49:29 -0500] "GET /get-your-razed-withdrawal-pending-funds-now/ HTTP/1.1" 200 75819 "-" "Mozilla/5.0 (Macintosh; Intel Mac OS X 10_15_7) AppleWebKit/605.1.15 (KHTML, like Gecko) Version/18.0 Safari/605.1.15"
57.141.14.101 - - [14/Aug/2026:07:49:31 -0500] "GET /?n=16209591692 HTTP/1.1" 200 82322 "-" "Mozilla/5.0 (Macintosh; Intel Mac OS X 10_15_7) AppleWebKit/537.36 (KHTML, like Gecko) Chrome/145.0.0.0 Safari/537.36 (compatible; meta-externalagent/1.1 (+https://developers.facebook.com/docs/sharing/webmasters/crawler))"
57.141.14.99 - - [14/Aug/2026:07:49:32 -0500] "GET /?x=62303986886 HTTP/1.1" 200 82322 "-" "Mozilla/5.0 (Windows NT 10.0; Win64; x64) AppleWebKit/537.36 (KHTML, like Gecko) Chrome/145.0.0.0 Safari/537.36 (compatible; meta-externalagent/1.1 (+https://developers.facebook.com/docs/sharing/webmasters/crawler))"
45.227.253.162 - - [14/Aug/2026:07:49:31 -0500] "GET /possu-login-secure-access-solutions-for-your-needs/ HTTP/1.1" 200 63304 "-" "Mozilla/5.0 (Windows NT 10.0; Win64; x64; rv:133.0) Gecko/20100101 Firefox/133.0"
57.141.14.97 - - [14/Aug/2026:07:49:34 -0500] "GET /?m=66324897023 HTTP/1.1" 200 57694 "-" "Mozilla/5.0 (Macintosh; Intel Mac OS X 10_15_7) AppleWebKit/537.36 (KHTML, like Gecko) Chrome/145.0.0.0 Safari/537.36 (compatible; meta-externalagent/1.1 (+https://developers.facebook.com/docs/sharing/webmasters/crawler))"
162.214.115.43 - - [14/Aug/2026:07:49:35 -0500] "POST /wp-cron.php?doing_wp_cron=1786711775.7536759376525878906250 HTTP/1.1" 200 - "https://quizena.com.co/wp-cron.php?doing_wp_cron=1786711775.7536759376525878906250" "WordPress/6.0.14; https://quizena.com.co"
45.227.253.162 - - [14/Aug/2026:07:49:35 -0500] "GET /rapid-password-reset-fast-secure-access-now/ HTTP/1.1" 200 75504 "-" "Mozilla/5.0 (Windows NT 10.0; Win64; x64; rv:133.0) Gecko/20100101 Firefox/133.0"
57.141.14.2 - - [14/Aug/2026:07:49:38 -0500] "GET /?a=75012865381 HTTP/1.1" 200 82322 "-" "Mozilla/5.0 (Macintosh; Intel Mac OS X 10_15_7) AppleWebKit/537.36 (KHTML, like Gecko) Chrome/145.0.0.0 Safari/537.36 (compatible; meta-externalagent/1.1 (+https://developers.facebook.com/docs/sharing/webmasters/crawler))"
45.227.253.162 - - [14/Aug/2026:07:49:38 -0500] "GET /prank-ecopayz-fun-pay-solutions-for-everyone/ HTTP/1.1" 200 63150 "-" "Mozilla/5.0 (Windows NT 10.0; Win64; x64; rv:133.0) Gecko/20100101 Firefox/133.0"
45.227.253.162 - - [14/Aug/2026:07:49:41 -0500] "GET /richprize-wire-transfer-secure-fast-money-movement/ HTTP/1.1" 200 79122 "-" "Mozilla/5.0 (Windows NT 10.0; Win64; x64; rv:133.0) Gecko/20100101 Firefox/133.0"
162.214.115.43 - - [14/Aug/2026:07:49:44 -0500] "POST /wp-cron.php?doing_wp_cron=1786711784.9375700950622558593750 HTTP/1.1" 200 - "https://quizena.com.co/wp-cron.php?doing_wp_cron=1786711784.9375700950622558593750" "WordPress/6.0.14; https://quizena.com.co"
45.227.253.162 - - [14/Aug/2026:07:49:44 -0500] "GET /playbet-android-app-your-betting-companion/ HTTP/1.1" 200 75092 "-" "Mozilla/5.0 (Windows NT 10.0; Win64; x64; rv:133.0) Gecko/20100101 Firefox/133.0"
162.214.115.43 - - [14/Aug/2026:07:49:47 -0500] "POST /wp-cron.php?doing_wp_cron=1786711787.7810928821563720703125 HTTP/1.1" 200 - "https://quizena.com.co/wp-cron.php?doing_wp_cron=1786711787.7810928821563720703125" "WordPress/6.0.14; https://quizena.com.co"
45.227.253.162 - - [14/Aug/2026:07:49:47 -0500] "GET /rendwex-monopoly-live-real-money-fun/ HTTP/1.1" 200 80569 "-" "Mozilla/5.0 (Macintosh; Intel Mac OS X 10_15_7) AppleWebKit/605.1.15 (KHTML, like Gecko) Version/18.0 Safari/605.1.15"
45.227.253.162 - - [14/Aug/2026:07:49:50 -0500] "GET /pop-visa-quick-travel-solutions-for-your-next-trip/ HTTP/1.1" 200 89615 "-" "Mozilla/5.0 (Windows NT 10.0; Win64; x64) AppleWebKit/537.36 (KHTML, like Gecko) Chrome/124.0.0.0 Safari/537.36"
57.141.14.113 - - [14/Aug/2026:07:49:51 -0500] "GET /?f=64819605094 HTTP/1.1" 200 82322 "-" "Mozilla/5.0 (Macintosh; Intel Mac OS X 10_15_7) AppleWebKit/537.36 (KHTML, like Gecko) Chrome/145.0.0.0 Safari/537.36 (compatible; meta-externalagent/1.1 (+https://developers.facebook.com/docs/sharing/webmasters/crawler))"
57.141.14.101 - - [14/Aug/2026:07:49:52 -0500] "GET /?j=93244641016 HTTP/1.1" 200 82322 "-" "Mozilla/5.0 (Windows NT 10.0; Win64; x64) AppleWebKit/537.36 (KHTML, like Gecko) Chrome/145.0.0.0 Safari/537.36 (compatible; meta-externalagent/1.1 (+https://developers.facebook.com/docs/sharing/webmasters/crawler))"
57.141.14.59 - - [14/Aug/2026:07:49:52 -0500] "GET /?u=15646225619 HTTP/1.1" 200 82322 "-" "Mozilla/5.0 (Macintosh; Intel Mac OS X 10_15_7) AppleWebKit/537.36 (KHTML, like Gecko) Chrome/145.0.0.0 Safari/537.36 (compatible; meta-externalagent/1.1 (+https://developers.facebook.com/docs/sharing/webmasters/crawler))"
45.227.253.162 - - [14/Aug/2026:07:49:54 -0500] "GET /get-your-rollbit-curacao-license-now/ HTTP/1.1" 200 77111 "-" "Mozilla/5.0 (Windows NT 10.0; Win64; x64; rv:133.0) Gecko/20100101 Firefox/133.0"
57.141.14.92 - - [14/Aug/2026:07:49:55 -0500] "GET /?j=42148349518 HTTP/1.1" 200 82322 "-" "Mozilla/5.0 (Macintosh; Intel Mac OS X 10_15_7) AppleWebKit/537.36 (KHTML, like Gecko) Chrome/145.0.0.0 Safari/537.36 (compatible; meta-externalagent/1.1 (+https://developers.facebook.com/docs/sharing/webmasters/crawler))"
57.141.14.113 - - [14/Aug/2026:07:49:55 -0500] "GET /?k=74668714761 HTTP/1.1" 200 82322 "-" "Mozilla/5.0 (Windows NT 10.0; Win64; x64) AppleWebKit/537.36 (KHTML, like Gecko) Chrome/145.0.0.0 Safari/537.36 (compatible; meta-externalagent/1.1 (+https://developers.facebook.com/docs/sharing/webmasters/crawler))"
45.227.253.162 - - [14/Aug/2026:07:49:57 -0500] "GET /powerplay-cancel-withdrawal-easy-fast-support/ HTTP/1.1" 200 76498 "-" "Mozilla/5.0 (Macintosh; Intel Mac OS X 10_15_7) AppleWebKit/605.1.15 (KHTML, like Gecko) Version/18.0 Safari/605.1.15"
57.141.12.61 - - [14/Aug/2026:07:49:58 -0500] "GET / HTTP/1.1" 200 82322 "-" "facebookexternalhit/1.1 (+http://www.facebook.com/externalhit_uatext.php)"
45.227.253.162 - - [14/Aug/2026:07:50:00 -0500] "GET /verde-proxy-fast-reliable-proxy-solutions-for-business/ HTTP/1.1" 200 77930 "-" "Mozilla/5.0 (Macintosh; Intel Mac OS X 10_15_7) AppleWebKit/605.1.15 (KHTML, like Gecko) Version/18.0 Safari/605.1.15"
45.227.253.162 - - [14/Aug/2026:07:50:03 -0500] "GET /playbet-affiliate-program-earn-big-commissions-now/ HTTP/1.1" 200 77595 "-" "Mozilla/5.0 (Windows NT 10.0; Win64; x64; rv:133.0) Gecko/20100101 Firefox/133.0"
35.229.49.143 - - [14/Aug/2026:07:50:04 -0500] "GET / HTTP/1.1" 200 82322 "-" "Mozilla/5.0 (X11; Linux x86_64) AppleWebKit/537.36 (KHTML, like Gecko) Chrome/151.0.0.0 Safari/537.36"
35.229.49.143 - - [14/Aug/2026:07:50:05 -0500] "GET /.git/config HTTP/1.1" 200 57694 "-" "Mozilla/5.0 (compatible; Applebot/0.1; +http://www.apple.com/go/applebot)"
35.229.49.143 - - [14/Aug/2026:07:50:05 -0500] "GET /wp-content/plugins/elementor/assets/js/frontend.min.js?ver=3.6.7 HTTP/1.1" 200 37959 "-" "Mozilla/5.0 (X11; Linux x86_64) AppleWebKit/537.36 (KHTML, like Gecko) Chrome/151.0.0.0 Safari/537.36"
35.229.49.143 - - [14/Aug/2026:07:50:06 -0500] "GET /wp-content/themes/razzi/assets/js/plugins/html5shiv.min.js?ver=3.7.2 HTTP/1.1" 200 2334 "-" "Mozilla/5.0 (X11; Linux x86_64) AppleWebKit/537.36 (KHTML, like Gecko) Chrome/151.0.0.0 Safari/537.36"
35.229.49.143 - - [14/Aug/2026:07:50:05 -0500] "GET /.aws/config HTTP/1.1" 200 57694 "-" "Mozilla/5.0 (compatible; Applebot/0.1; +http://www.apple.com/go/applebot)"
35.229.49.143 - - [14/Aug/2026:07:50:05 -0500] "GET /dist/manifest.json HTTP/1.1" 200 57694 "-" "Mozilla/5.0 (X11; Linux x86_64) AppleWebKit/537.36 (KHTML, like Gecko) Chrome/151.0.0.0 Safari/537.36"
35.229.49.143 - - [14/Aug/2026:07:50:06 -0500] "GET /wp-content/themes/razzi/assets/js/plugins/respond.min.js?ver=1.4.2 HTTP/1.1" 200 3652 "-" "Mozilla/5.0 (X11; Linux x86_64) AppleWebKit/537.36 (KHTML, like Gecko) Chrome/151.0.0.0 Safari/537.36"
35.229.49.143 - - [14/Aug/2026:07:50:06 -0500] "GET /wp-includes/js/jquery/jquery.min.js?ver=3.6.0 HTTP/1.1" 200 89521 "-" "Mozilla/5.0 (X11; Linux x86_64) AppleWebKit/537.36 (KHTML, like Gecko) Chrome/151.0.0.0 Safari/537.36"
35.229.49.143 - - [14/Aug/2026:07:50:06 -0500] "GET /wp-includes/js/jquery/jquery-migrate.min.js?ver=3.3.2 HTTP/1.1" 200 11224 "-" "Mozilla/5.0 (X11; Linux x86_64) AppleWebKit/537.36 (KHTML, like Gecko) Chrome/151.0.0.0 Safari/537.36"
35.229.49.143 - - [14/Aug/2026:07:50:06 -0500] "GET /wp-includes/js/dist/vendor/regenerator-runtime.min.js?ver=0.13.9 HTTP/1.1" 200 6475 "-" "Mozilla/5.0 (X11; Linux x86_64) AppleWebKit/537.36 (KHTML, like Gecko) Chrome/151.0.0.0 Safari/537.36"
35.229.49.143 - - [14/Aug/2026:07:50:06 -0500] "GET /wp-includes/js/dist/vendor/wp-polyfill.min.js?ver=3.15.0 HTTP/1.1" 200 19142 "-" "Mozilla/5.0 (X11; Linux x86_64) AppleWebKit/537.36 (KHTML, like Gecko) Chrome/151.0.0.0 Safari/537.36"
35.229.49.143 - - [14/Aug/2026:07:50:06 -0500] "GET /wp-content/plugins/contact-form-7/includes/js/index.js?ver=5.6 HTTP/1.1" 200 21821 "-" "Mozilla/5.0 (X11; Linux x86_64) AppleWebKit/537.36 (KHTML, like Gecko) Chrome/151.0.0.0 Safari/537.36"
35.229.49.143 - - [14/Aug/2026:07:50:05 -0500] "GET /z9x8c7v6b5-debug-trigger-quizena.com.co HTTP/1.1" 200 57694 "-" "Mozilla/5.0 (compatible; Applebot/0.1; +http://www.apple.com/go/applebot)"
35.229.49.143 - - [14/Aug/2026:07:50:05 -0500] "GET /manifest.json HTTP/1.1" 200 57694 "-" "Mozilla/5.0 (X11; Linux x86_64) AppleWebKit/537.36 (KHTML, like Gecko) Chrome/151.0.0.0 Safari/537.36"
35.229.49.143 - - [14/Aug/2026:07:50:06 -0500] "GET /wp-content/themes/razzi/assets/js/plugins/swiper.min.js?ver=5.3.8 HTTP/1.1" 200 139784 "-" "Mozilla/5.0 (X11; Linux x86_64) AppleWebKit/537.36 (KHTML, like Gecko) Chrome/151.0.0.0 Safari/537.36"
35.229.49.143 - - [14/Aug/2026:07:50:06 -0500] "GET /wp-content/themes/razzi/assets/js/plugins/isInViewport.min.js?ver=20201012 HTTP/1.1" 200 2304 "-" "Mozilla/5.0 (X11; Linux x86_64) AppleWebKit/537.36 (KHTML, like Gecko) Chrome/151.0.0.0 Safari/537.36"
35.229.49.143 - - [14/Aug/2026:07:50:07 -0500] "GET /wp-content/themes/razzi/assets/js/plugins/notify.min.js?ver=1.0.0 HTTP/1.1" 200 13780 "-" "Mozilla/5.0 (X11; Linux x86_64) AppleWebKit/537.36 (KHTML, like Gecko) Chrome/151.0.0.0 Safari/537.36"
35.229.49.143 - - [14/Aug/2026:07:50:07 -0500] "GET /wp-includes/js/imagesloaded.min.js?ver=4.1.4 HTTP/1.1" 200 5629 "-" "Mozilla/5.0 (X11; Linux x86_64) AppleWebKit/537.36 (KHTML, like Gecko) Chrome/151.0.0.0 Safari/537.36"
35.229.49.143 - - [14/Aug/2026:07:50:07 -0500] "GET /wp-content/themes/razzi/assets/js/scripts.min.js?ver=20220330 HTTP/1.1" 200 47064 "-" "Mozilla/5.0 (X11; Linux x86_64) AppleWebKit/537.36 (KHTML, like Gecko) Chrome/151.0.0.0 Safari/537.36"
35.229.49.143 - - [14/Aug/2026:07:50:07 -0500] "GET /wp-includes/js/jquery/ui/core.min.js?ver=1.13.1 HTTP/1.1" 200 20715 "-" "Mozilla/5.0 (X11; Linux x86_64) AppleWebKit/537.36 (KHTML, like Gecko) Chrome/151.0.0.0 Safari/537.36"
35.229.49.143 - - [14/Aug/2026:07:50:07 -0500] "GET /wp-content/plugins/elementor/assets/lib/waypoints/waypoints.min.js?ver=4.0.2 HTTP/1.1" 200 12198 "-" "Mozilla/5.0 (X11; Linux x86_64) AppleWebKit/537.36 (KHTML, like Gecko) Chrome/151.0.0.0 Safari/537.36"
35.229.49.143 - - [14/Aug/2026:07:50:07 -0500] "GET /wp-content/plugins/elementor/assets/js/webpack.runtime.min.js?ver=3.6.7 HTTP/1.1" 200 4957 "-" "Mozilla/5.0 (X11; Linux x86_64) AppleWebKit/537.36 (KHTML, like Gecko) Chrome/151.0.0.0 Safari/537.36"
35.229.49.143 - - [14/Aug/2026:07:50:07 -0500] "GET /wp-content/plugins/elementor/assets/js/frontend-modules.min.js?ver=3.6.7 HTTP/1.1" 200 14487 "-" "Mozilla/5.0 (X11; Linux x86_64) AppleWebKit/537.36 (KHTML, like Gecko) Chrome/151.0.0.0 Safari/537.36"
35.229.49.143 - - [14/Aug/2026:07:50:05 -0500] "GET /webpack-stats.json HTTP/1.1" 200 57694 "-" "Mozilla/5.0 (X11; Linux x86_64) AppleWebKit/537.36 (KHTML, like Gecko) Chrome/151.0.0.0 Safari/537.36"
35.229.49.143 - - [14/Aug/2026:07:50:05 -0500] "GET /static/manifest.json HTTP/1.1" 200 57694 "-" "Mozilla/5.0 (X11; Linux x86_64) AppleWebKit/537.36 (KHTML, like Gecko) Chrome/151.0.0.0 Safari/537.36"
35.229.49.143 - - [14/Aug/2026:07:50:05 -0500] "GET /assets/manifest.json HTTP/1.1" 200 57694 "-" "Mozilla/5.0 (X11; Linux x86_64) AppleWebKit/537.36 (KHTML, like Gecko) Chrome/151.0.0.0 Safari/537.36"
35.229.49.143 - - [14/Aug/2026:07:50:05 -0500] "GET /.aws/credentials HTTP/1.1" 200 57694 "-" "Mozilla/5.0 (compatible; Applebot/0.1; +http://www.apple.com/go/applebot)"
35.229.49.143 - - [14/Aug/2026:07:50:06 -0500] "POST /graphql HTTP/1.1" 200 57694 "https://quizena.com.co" "Mozilla/5.0 (X11; Linux x86_64) AppleWebKit/537.36 (KHTML, like Gecko) Chrome/151.0.0.0 Safari/537.36"
35.229.49.143 - - [14/Aug/2026:07:50:05 -0500] "GET /wp-json HTTP/1.1" 200 189423 "-" "Mozilla/5.0 (compatible; Applebot/0.1; +http://www.apple.com/go/applebot)"
35.229.49.143 - - [14/Aug/2026:07:50:07 -0500] "GET /.git/HEAD HTTP/1.1" 200 57694 "-" "Mozilla/5.0 (compatible; Applebot/0.1; +http://www.apple.com/go/applebot)"
35.229.49.143 - - [14/Aug/2026:07:50:05 -0500] "GET /asset-manifest.json HTTP/1.1" 200 57694 "-" "Mozilla/5.0 (X11; Linux x86_64) AppleWebKit/537.36 (KHTML, like Gecko) Chrome/151.0.0.0 Safari/537.36"
35.229.49.143 - - [14/Aug/2026:07:50:07 -0500] "GET /nuestra-historia/ HTTP/1.1" 200 86179 "-" "Mozilla/5.0 (X11; Linux x86_64) AppleWebKit/537.36 (KHTML, like Gecko) Chrome/151.0.0.0 Safari/537.36"
35.229.49.143 - - [14/Aug/2026:07:50:05 -0500] "GET /rclone.conf HTTP/1.1" 200 57694 "-" "Mozilla/5.0 (compatible; Applebot/0.1; +http://www.apple.com/go/applebot)"
35.229.49.143 - - [14/Aug/2026:07:50:08 -0500] "GET /.gitlab-ci.yml HTTP/1.1" 200 57694 "-" "Mozilla/5.0 (compatible; Applebot/0.1; +http://www.apple.com/go/applebot)"
57.141.14.64 - - [14/Aug/2026:07:50:08 -0500] "GET /?j=44376237731 HTTP/1.1" 200 82322 "-" "Mozilla/5.0 (Windows NT 10.0; Win64; x64) AppleWebKit/537.36 (KHTML, like Gecko) Chrome/145.0.0.0 Safari/537.36 (compatible; meta-externalagent/1.1 (+https://developers.facebook.com/docs/sharing/webmasters/crawler))"
35.229.49.143 - - [14/Aug/2026:07:50:07 -0500] "GET /.git-credentials HTTP/1.1" 200 57694 "-" "Mozilla/5.0 (compatible; Applebot/0.1; +http://www.apple.com/go/applebot)"
35.229.49.143 - - [14/Aug/2026:07:50:07 -0500] "GET /.gitconfig HTTP/1.1" 200 57694 "-" "Mozilla/5.0 (compatible; Applebot/0.1; +http://www.apple.com/go/applebot)"
45.227.253.162 - - [14/Aug/2026:07:50:08 -0500] "GET /luckyreels-safe-play-experience-guaranteed/ HTTP/1.1" 200 69200 "-" "Mozilla/5.0 (Windows NT 10.0; Win64; x64) AppleWebKit/537.36 (KHTML, like Gecko) Chrome/124.0.0.0 Safari/537.36"
35.229.49.143 - - [14/Aug/2026:07:50:08 -0500] "GET /.env HTTP/1.1" 200 57694 "-" "Mozilla/5.0 (compatible; Applebot/0.1; +http://www.apple.com/go/applebot)"
35.229.49.143 - - [14/Aug/2026:07:50:09 -0500] "GET /tienda-de-joyas/ HTTP/1.1" 200 78092 "-" "Mozilla/5.0 (X11; Linux x86_64) AppleWebKit/537.36 (KHTML, like Gecko) Chrome/151.0.0.0 Safari/537.36"
35.229.49.143 - - [14/Aug/2026:07:50:08 -0500] "POST /api/graphql HTTP/1.1" 200 57694 "https://quizena.com.co" "Mozilla/5.0 (X11; Linux x86_64) AppleWebKit/537.36 (KHTML, like Gecko) Chrome/151.0.0.0 Safari/537.36"
35.229.49.143 - - [14/Aug/2026:07:50:09 -0500] "GET /.env.local HTTP/1.1" 200 57694 "-" "Mozilla/5.0 (compatible; Applebot/0.1; +http://www.apple.com/go/applebot)"
35.229.49.143 - - [14/Aug/2026:07:50:08 -0500] "GET /.github/workflows/deploy.yml HTTP/1.1" 200 57694 "-" "Mozilla/5.0 (compatible; Applebot/0.1; +http://www.apple.com/go/applebot)"
35.229.49.143 - - [14/Aug/2026:07:50:10 -0500] "GET /.env.backup HTTP/1.1" 200 57694 "-" "Mozilla/5.0 (compatible; Applebot/0.1; +http://www.apple.com/go/applebot)"
35.229.49.143 - - [14/Aug/2026:07:50:09 -0500] "GET /.env.example HTTP/1.1" 200 57694 "-" "Mozilla/5.0 (compatible; Applebot/0.1; +http://www.apple.com/go/applebot)"
35.229.49.143 - - [14/Aug/2026:07:50:09 -0500] "GET /.env.production HTTP/1.1" 200 57694 "-" "Mozilla/5.0 (compatible; Applebot/0.1; +http://www.apple.com/go/applebot)"
35.229.49.143 - - [14/Aug/2026:07:50:10 -0500] "GET /.env.bak HTTP/1.1" 200 57694 "-" "Mozilla/5.0 (compatible; Applebot/0.1; +http://www.apple.com/go/applebot)"
35.229.49.143 - - [14/Aug/2026:07:50:10 -0500] "POST /v1/graphql HTTP/1.1" 200 57694 "https://quizena.com.co" "Mozilla/5.0 (X11; Linux x86_64) AppleWebKit/537.36 (KHTML, like Gecko) Chrome/151.0.0.0 Safari/537.36"
162.214.115.43 - - [14/Aug/2026:07:50:11 -0500] "POST /wp-cron.php?doing_wp_cron=1786711811.7935569286346435546875 HTTP/1.1" 200 - "https://quizena.com.co/wp-cron.php?doing_wp_cron=1786711811.7935569286346435546875" "WordPress/6.0.14; https://quizena.com.co"
35.229.49.143 - - [14/Aug/2026:07:50:10 -0500] "GET /api/.env HTTP/1.1" 200 57694 "-" "Mozilla/5.0 (compatible; Applebot/0.1; +http://www.apple.com/go/applebot)"
35.229.49.143 - - [14/Aug/2026:07:50:10 -0500] "GET /.env.old HTTP/1.1" 200 57694 "-" "Mozilla/5.0 (compatible; Applebot/0.1; +http://www.apple.com/go/applebot)"
35.229.49.143 - - [14/Aug/2026:07:50:10 -0500] "GET /admin/.env HTTP/1.1" 200 57694 "-" "Mozilla/5.0 (compatible; Applebot/0.1; +http://www.apple.com/go/applebot)"
35.229.49.143 - - [14/Aug/2026:07:50:11 -0500] "GET /backend/.env HTTP/1.1" 200 57694 "-" "Mozilla/5.0 (compatible; Applebot/0.1; +http://www.apple.com/go/applebot)"
35.229.49.143 - - [14/Aug/2026:07:50:12 -0500] "GET /secrets.json HTTP/1.1" 200 57694 "-" "Mozilla/5.0 (compatible; Applebot/0.1; +http://www.apple.com/go/applebot)"
35.229.49.143 - - [14/Aug/2026:07:50:11 -0500] "GET /config/.env HTTP/1.1" 200 57694 "-" "Mozilla/5.0 (compatible; Applebot/0.1; +http://www.apple.com/go/applebot)"
57.141.14.83 - - [14/Aug/2026:07:50:12 -0500] "GET /?u=14925381050 HTTP/1.1" 200 82322 "-" "Mozilla/5.0 (Windows NT 10.0; Win64; x64) AppleWebKit/537.36 (KHTML, like Gecko) Chrome/145.0.0.0 Safari/537.36 Edg/145.0.0.0 (compatible; meta-externalagent/1.1 (+https://developers.facebook.com/docs/sharing/webmasters/crawler))"
35.229.49.143 - - [14/Aug/2026:07:50:12 -0500] "GET /secrets.yml HTTP/1.1" 200 57694 "-" "Mozilla/5.0 (compatible; Applebot/0.1; +http://www.apple.com/go/applebot)"
35.229.49.143 - - [14/Aug/2026:07:50:12 -0500] "GET /admin/login HTTP/1.1" 200 57694 "-" "Mozilla/5.0 (X11; Linux x86_64) AppleWebKit/537.36 (KHTML, like Gecko) Chrome/151.0.0.0 Safari/537.36"
35.229.49.143 - - [14/Aug/2026:07:50:12 -0500] "GET /dashboard HTTP/1.1" 200 5681 "-" "Mozilla/5.0 (X11; Linux x86_64) AppleWebKit/537.36 (KHTML, like Gecko) Chrome/151.0.0.0 Safari/537.36"
35.229.49.143 - - [14/Aug/2026:07:50:12 -0500] "GET /login HTTP/1.1" 200 5681 "-" "Mozilla/5.0 (X11; Linux x86_64) AppleWebKit/537.36 (KHTML, like Gecko) Chrome/151.0.0.0 Safari/537.36"
35.229.49.143 - - [14/Aug/2026:07:50:12 -0500] "GET /signin HTTP/1.1" 200 57694 "-" "Mozilla/5.0 (X11; Linux x86_64) AppleWebKit/537.36 (KHTML, like Gecko) Chrome/151.0.0.0 Safari/537.36"
35.229.49.143 - - [14/Aug/2026:07:50:12 -0500] "GET /auth/login HTTP/1.1" 200 57694 "-" "Mozilla/5.0 (X11; Linux x86_64) AppleWebKit/537.36 (KHTML, like Gecko) Chrome/151.0.0.0 Safari/537.36"
35.229.49.143 - - [14/Aug/2026:07:50:12 -0500] "GET /admin HTTP/1.1" 200 5681 "-" "Mozilla/5.0 (X11; Linux x86_64) AppleWebKit/537.36 (KHTML, like Gecko) Chrome/151.0.0.0 Safari/537.36"
35.229.49.143 - - [14/Aug/2026:07:50:13 -0500] "GET /user/login HTTP/1.1" 200 57694 "-" "Mozilla/5.0 (X11; Linux x86_64) AppleWebKit/537.36 (KHTML, like Gecko) Chrome/151.0.0.0 Safari/537.36"
35.229.49.143 - - [14/Aug/2026:07:50:13 -0500] "GET /manage HTTP/1.1" 200 57694 "-" "Mozilla/5.0 (X11; Linux x86_64) AppleWebKit/537.36 (KHTML, like Gecko) Chrome/151.0.0.0 Safari/537.36"
35.229.49.143 - - [14/Aug/2026:07:50:13 -0500] "GET /console HTTP/1.1" 200 57694 "-" "Mozilla/5.0 (X11; Linux x86_64) AppleWebKit/537.36 (KHTML, like Gecko) Chrome/151.0.0.0 Safari/537.36"
35.229.49.143 - - [14/Aug/2026:07:50:13 -0500] "GET /portal HTTP/1.1" 200 57694 "-" "Mozilla/5.0 (X11; Linux x86_64) AppleWebKit/537.36 (KHTML, like Gecko) Chrome/151.0.0.0 Safari/537.36"
45.227.253.162 - - [14/Aug/2026:07:50:13 -0500] "GET /luckydays-legit-real-rewards-verified-today/ HTTP/1.1" 200 75633 "-" "Mozilla/5.0 (Windows NT 10.0; Win64; x64) AppleWebKit/537.36 (KHTML, like Gecko) Chrome/124.0.0.0 Safari/537.36"
35.229.49.143 - - [14/Aug/2026:07:50:13 -0500] "GET /app HTTP/1.1" 200 57694 "-" "Mozilla/5.0 (X11; Linux x86_64) AppleWebKit/537.36 (KHTML, like Gecko) Chrome/151.0.0.0 Safari/537.36"
35.229.49.143 - - [14/Aug/2026:07:50:15 -0500] "GET /service-account.json HTTP/1.1" 200 57694 "-" "Mozilla/5.0 (compatible; Applebot/0.1; +http://www.apple.com/go/applebot)"
35.229.49.143 - - [14/Aug/2026:07:50:14 -0500] "GET /profile HTTP/1.1" 200 57694 "-" "Mozilla/5.0 (X11; Linux x86_64) AppleWebKit/537.36 (KHTML, like Gecko) Chrome/151.0.0.0 Safari/537.36"
35.229.49.143 - - [14/Aug/2026:07:50:14 -0500] "GET /my HTTP/1.1" 200 5681 "-" "Mozilla/5.0 (X11; Linux x86_64) AppleWebKit/537.36 (KHTML, like Gecko) Chrome/151.0.0.0 Safari/537.36"
35.229.49.143 - - [14/Aug/2026:07:50:14 -0500] "GET /account HTTP/1.1" 200 57694 "-" "Mozilla/5.0 (X11; Linux x86_64) AppleWebKit/537.36 (KHTML, like Gecko) Chrome/151.0.0.0 Safari/537.36"
35.229.49.143 - - [14/Aug/2026:07:50:14 -0500] "GET /settings HTTP/1.1" 200 57694 "-" "Mozilla/5.0 (X11; Linux x86_64) AppleWebKit/537.36 (KHTML, like Gecko) Chrome/151.0.0.0 Safari/537.36"
35.229.49.143 - - [14/Aug/2026:07:50:16 -0500] "GET /serviceAccountKey.json HTTP/1.1" 200 57694 "-" "Mozilla/5.0 (compatible; Applebot/0.1; +http://www.apple.com/go/applebot)"
35.229.49.143 - - [14/Aug/2026:07:50:15 -0500] "GET /workspace HTTP/1.1" 200 57694 "-" "Mozilla/5.0 (X11; Linux x86_64) AppleWebKit/537.36 (KHTML, like Gecko) Chrome/151.0.0.0 Safari/537.36"
35.229.49.143 - - [14/Aug/2026:07:50:15 -0500] "GET /key.json HTTP/1.1" 200 57694 "-" "Mozilla/5.0 (compatible; Applebot/0.1; +http://www.apple.com/go/applebot)"
162.214.115.43 - - [14/Aug/2026:07:50:17 -0500] "POST /wp-cron.php?doing_wp_cron=1786711817.6644890308380126953125 HTTP/1.1" 200 - "https://quizena.com.co/wp-cron.php?doing_wp_cron=1786711817.6644890308380126953125" "WordPress/6.0.14; https://quizena.com.co"
35.229.49.143 - - [14/Aug/2026:07:50:15 -0500] "GET /credentials.json HTTP/1.1" 200 57694 "-" "Mozilla/5.0 (compatible; Applebot/0.1; +http://www.apple.com/go/applebot)"
35.229.49.143 - - [14/Aug/2026:07:50:16 -0500] "GET /firebase-adminsdk.json HTTP/1.1" 200 57694 "-" "Mozilla/5.0 (compatible; Applebot/0.1; +http://www.apple.com/go/applebot)"
35.229.49.143 - - [14/Aug/2026:07:50:16 -0500] "GET /service_account.json HTTP/1.1" 200 57694 "-" "Mozilla/5.0 (compatible; Applebot/0.1; +http://www.apple.com/go/applebot)"
57.141.14.49 - - [14/Aug/2026:07:50:21 -0500] "GET /?u=42405597974 HTTP/1.1" 200 82322 "-" "Mozilla/5.0 (Windows NT 10.0; Win64; x64) AppleWebKit/537.36 (KHTML, like Gecko) Chrome/145.0.0.0 Safari/537.36 (compatible; meta-externalagent/1.1 (+https://developers.facebook.com/docs/sharing/webmasters/crawler))"
57.141.14.20 - - [14/Aug/2026:07:50:21 -0500] "GET /?s=25636097306 HTTP/1.1" 200 70704 "-" "Mozilla/5.0 (Windows NT 10.0; Win64; x64) AppleWebKit/537.36 (KHTML, like Gecko) Chrome/145.0.0.0 Safari/537.36 (compatible; meta-externalagent/1.1 (+https://developers.facebook.com/docs/sharing/webmasters/crawler))"
45.227.253.162 - - [14/Aug/2026:07:50:20 -0500] "GET /pigmo-wager-offers-smart-betting-solutions/ HTTP/1.1" 200 78847 "-" "Mozilla/5.0 (Windows NT 10.0; Win64; x64) AppleWebKit/537.36 (KHTML, like Gecko) Chrome/124.0.0.0 Safari/537.36"
162.214.115.43 - - [14/Aug/2026:07:50:24 -0500] "POST /wp-cron.php?doing_wp_cron=1786711824.6626729965209960937500 HTTP/1.1" 200 - "https://quizena.com.co/wp-cron.php?doing_wp_cron=1786711824.6626729965209960937500" "WordPress/6.0.14; https://quizena.com.co"
45.227.253.162 - - [14/Aug/2026:07:50:24 -0500] "GET /puppybet-bypass-block-solution-guaranteed-access/ HTTP/1.1" 200 73823 "-" "Mozilla/5.0 (Windows NT 10.0; Win64; x64; rv:133.0) Gecko/20100101 Firefox/133.0"
45.227.253.162 - - [14/Aug/2026:07:50:27 -0500] "GET /paf-credit-card-get-yours-now-easy-payments/ HTTP/1.1" 200 78100 "-" "Mozilla/5.0 (Macintosh; Intel Mac OS X 10_15_7) AppleWebKit/605.1.15 (KHTML, like Gecko) Version/18.0 Safari/605.1.15"
45.227.253.162 - - [14/Aug/2026:07:50:30 -0500] "GET /punkz-delete-account-service-fast-removal/ HTTP/1.1" 200 76711 "-" "Mozilla/5.0 (Macintosh; Intel Mac OS X 10_15_7) AppleWebKit/605.1.15 (KHTML, like Gecko) Version/18.0 Safari/605.1.15"
57.141.14.59 - - [14/Aug/2026:07:50:30 -0500] "GET /?z=84347229701 HTTP/1.1" 200 82322 "-" "Mozilla/5.0 (Windows NT 10.0; Win64; x64) AppleWebKit/537.36 (KHTML, like Gecko) Chrome/145.0.0.0 Safari/537.36 Edg/145.0.0.0 (compatible; meta-externalagent/1.1 (+https://developers.facebook.com/docs/sharing/webmasters/crawler))"
45.227.253.162 - - [14/Aug/2026:07:50:32 -0500] "GET /pelikaani-register-secure-registration-solutions-now/ HTTP/1.1" 200 76212 "-" "Mozilla/5.0 (Windows NT 10.0; Win64; x64; rv:133.0) Gecko/20100101 Firefox/133.0"
45.227.253.162 - - [14/Aug/2026:07:50:35 -0500] "GET /pumpit-astropay-power-secure-payments-now/ HTTP/1.1" 200 76916 "-" "Mozilla/5.0 (Windows NT 10.0; Win64; x64; rv:133.0) Gecko/20100101 Firefox/133.0"
162.214.115.43 - - [14/Aug/2026:07:50:38 -0500] "POST /wp-cron.php?doing_wp_cron=1786711838.5216810703277587890625 HTTP/1.1" 200 - "https://quizena.com.co/wp-cron.php?doing_wp_cron=1786711838.5216810703277587890625" "WordPress/6.0.14; https://quizena.com.co"
45.227.253.162 - - [14/Aug/2026:07:50:38 -0500] "GET /paratiisi-max-bet-maximum-winnings-available-now/ HTTP/1.1" 200 74111 "-" "Mozilla/5.0 (Windows NT 10.0; Win64; x64; rv:133.0) Gecko/20100101 Firefox/133.0"
162.214.115.43 - - [14/Aug/2026:07:50:41 -0500] "POST /wp-cron.php?doing_wp_cron=1786711841.4365780353546142578125 HTTP/1.1" 200 - "https://quizena.com.co/wp-cron.php?doing_wp_cron=1786711841.4365780353546142578125" "WordPress/6.0.14; https://quizena.com.co"
45.227.253.162 - - [14/Aug/2026:07:50:41 -0500] "GET /qzinobet-live-dealer-real-casino-action-now/ HTTP/1.1" 200 93776 "-" "Mozilla/5.0 (Windows NT 10.0; Win64; x64; rv:133.0) Gecko/20100101 Firefox/133.0"
57.141.14.15 - - [14/Aug/2026:07:50:42 -0500] "GET /?z=25760577966 HTTP/1.1" 200 82322 "-" "Mozilla/5.0 (Windows NT 10.0; Win64; x64) AppleWebKit/537.36 (KHTML, like Gecko) Chrome/145.0.0.0 Safari/537.36 Edg/145.0.0.0 (compatible; meta-externalagent/1.1 (+https://developers.facebook.com/docs/sharing/webmasters/crawler))"
162.214.115.43 - - [14/Aug/2026:07:50:44 -0500] "POST /wp-cron.php?doing_wp_cron=1786711844.2904810905456542968750 HTTP/1.1" 200 - "https://quizena.com.co/wp-cron.php?doing_wp_cron=1786711844.2904810905456542968750" "WordPress/6.0.14; https://quizena.com.co"
45.227.253.162 - - [14/Aug/2026:07:50:44 -0500] "GET /paf-poker-excitement-play-now-huge-jackpots/ HTTP/1.1" 200 76876 "-" "Mozilla/5.0 (Windows NT 10.0; Win64; x64; rv:133.0) Gecko/20100101 Firefox/133.0"
57.141.14.32 - - [14/Aug/2026:07:50:45 -0500] "GET /?a=62605670315 HTTP/1.1" 200 82322 "-" "Mozilla/5.0 (Macintosh; Intel Mac OS X 10_15_7) AppleWebKit/537.36 (KHTML, like Gecko) Chrome/145.0.0.0 Safari/537.36 (compatible; meta-externalagent/1.1 (+https://developers.facebook.com/docs/sharing/webmasters/crawler))"
162.214.115.43 - - [14/Aug/2026:07:50:47 -0500] "POST /wp-cron.php?doing_wp_cron=1786711847.0800778865814208984375 HTTP/1.1" 200 - "https://quizena.com.co/wp-cron.php?doing_wp_cron=1786711847.0800778865814208984375" "WordPress/6.0.14; https://quizena.com.co"
45.227.253.162 - - [14/Aug/2026:07:50:46 -0500] "GET /luckywins-netent-wins-big-today-try-now/ HTTP/1.1" 200 76364 "-" "Mozilla/5.0 (Windows NT 10.0; Win64; x64; rv:133.0) Gecko/20100101 Firefox/133.0"
162.214.115.43 - - [14/Aug/2026:07:50:49 -0500] "POST /wp-cron.php?doing_wp_cron=1786711849.9416821002960205078125 HTTP/1.1" 200 - "https://quizena.com.co/wp-cron.php?doing_wp_cron=1786711849.9416821002960205078125" "WordPress/6.0.14; https://quizena.com.co"
45.227.253.162 - - [14/Aug/2026:07:50:49 -0500] "GET /get-lucky-free-money-now-instant-cash-rewards-awaits/ HTTP/1.1" 200 75180 "-" "Mozilla/5.0 (Windows NT 10.0; Win64; x64) AppleWebKit/537.36 (KHTML, like Gecko) Chrome/124.0.0.0 Safari/537.36"
162.214.115.43 - - [14/Aug/2026:07:50:52 -0500] "POST /wp-cron.php?doing_wp_cron=1786711852.6693100929260253906250 HTTP/1.1" 200 - "https://quizena.com.co/wp-cron.php?doing_wp_cron=1786711852.6693100929260253906250" "WordPress/6.0.14; https://quizena.com.co"
45.227.253.162 - - [14/Aug/2026:07:50:52 -0500] "GET /otto-net-fast-internet-solutions-for-your-business/ HTTP/1.1" 200 80463 "-" "Mozilla/5.0 (Macintosh; Intel Mac OS X 10_15_7) AppleWebKit/605.1.15 (KHTML, like Gecko) Version/18.0 Safari/605.1.15"
57.141.14.85 - - [14/Aug/2026:07:50:52 -0500] "GET /?k=14400824957 HTTP/1.1" 200 82322 "-" "Mozilla/5.0 (Macintosh; Intel Mac OS X 10_15_7) AppleWebKit/537.36 (KHTML, like Gecko) Chrome/145.0.0.0 Safari/537.36 (compatible; meta-externalagent/1.1 (+https://developers.facebook.com/docs/sharing/webmasters/crawler))"
57.141.14.113 - - [14/Aug/2026:07:50:53 -0500] "GET /?m=32389868972 HTTP/1.1" 200 57694 "-" "Mozilla/5.0 (X11; Linux x86_64) AppleWebKit/537.36 (KHTML, like Gecko) Chrome/145.0.0.0 Safari/537.36 (compatible; meta-externalagent/1.1 (+https://developers.facebook.com/docs/sharing/webmasters/crawler))"
162.214.115.43 - - [14/Aug/2026:07:50:55 -0500] "POST /wp-cron.php?doing_wp_cron=1786711855.5134940147399902343750 HTTP/1.1" 200 - "https://quizena.com.co/wp-cron.php?doing_wp_cron=1786711855.5134940147399902343750" "WordPress/6.0.14; https://quizena.com.co"
45.227.253.162 - - [14/Aug/2026:07:50:55 -0500] "GET /lucky-block-allowed-countries-list-for-your-games/ HTTP/1.1" 200 76984 "-" "Mozilla/5.0 (Windows NT 10.0; Win64; x64) AppleWebKit/537.36 (KHTML, like Gecko) Chrome/124.0.0.0 Safari/537.36"
162.214.115.43 - - [14/Aug/2026:07:50:58 -0500] "POST /wp-cron.php?doing_wp_cron=1786711858.0820090770721435546875 HTTP/1.1" 200 - "https://quizena.com.co/wp-cron.php?doing_wp_cron=1786711858.0820090770721435546875" "WordPress/6.0.14; https://quizena.com.co"
57.141.2.67 - - [14/Aug/2026:07:50:57 -0500] "GET / HTTP/1.1" 200 82322 "-" "facebookexternalhit/1.1 (+http://www.facebook.com/externalhit_uatext.php)"
45.227.253.162 - - [14/Aug/2026:07:50:57 -0500] "GET /nucleonbet-casino-play-now-big-wins-await/ HTTP/1.1" 200 72549 "-" "Mozilla/5.0 (Macintosh; Intel Mac OS X 10_15_7) AppleWebKit/605.1.15 (KHTML, like Gecko) Version/18.0 Safari/605.1.15"
44.221.180.179 - - [14/Aug/2026:07:50:58 -0500] "GET /?p=16699 HTTP/1.1" 200 5681 "-" "Mozilla/5.0 AppleWebKit/537.36 (KHTML, like Gecko; compatible; Amazonbot/0.1; +https://developer.amazon.com/support/amazonbot) Chrome/119.0.6045.214 Safari/537.36"
57.141.14.2 - - [14/Aug/2026:07:51:01 -0500] "GET /?o=22533586543 HTTP/1.1" 200 82322 "-" "Mozilla/5.0 (Windows NT 10.0; Win64; x64) AppleWebKit/537.36 (KHTML, like Gecko) Chrome/145.0.0.0 Safari/537.36 (compatible; meta-externalagent/1.1 (+https://developers.facebook.com/docs/sharing/webmasters/crawler))"
57.141.14.55 - - [14/Aug/2026:07:51:01 -0500] "GET /?y=66209144357 HTTP/1.1" 200 82322 "-" "Mozilla/5.0 (Windows NT 10.0; Win64; x64) AppleWebKit/537.36 (KHTML, like Gecko) Chrome/145.0.0.0 Safari/537.36 (compatible; meta-externalagent/1.1 (+https://developers.facebook.com/docs/sharing/webmasters/crawler))"
45.227.253.162 - - [14/Aug/2026:07:51:01 -0500] "GET /instant-skrill-payments-fast-transfers-now-available/ HTTP/1.1" 200 76648 "-" "Mozilla/5.0 (Windows NT 10.0; Win64; x64; rv:133.0) Gecko/20100101 Firefox/133.0"
57.141.14.72 - - [14/Aug/2026:07:51:05 -0500] "GET /?z=25177872473 HTTP/1.1" 200 82322 "-" "Mozilla/5.0 (Macintosh; Intel Mac OS X 10_15_7) AppleWebKit/537.36 (KHTML, like Gecko) Chrome/145.0.0.0 Safari/537.36 (compatible; meta-externalagent/1.1 (+https://developers.facebook.com/docs/sharing/webmasters/crawler))"
45.227.253.162 - - [14/Aug/2026:07:51:05 -0500] "GET /olympusbet-sign-up-join-betting-action-now/ HTTP/1.1" 200 78201 "-" "Mozilla/5.0 (Macintosh; Intel Mac OS X 10_15_7) AppleWebKit/605.1.15 (KHTML, like Gecko) Version/18.0 Safari/605.1.15"
162.214.115.43 - - [14/Aug/2026:07:51:08 -0500] "POST /wp-cron.php?doing_wp_cron=1786711868.6194279193878173828125 HTTP/1.1" 200 - "https://quizena.com.co/wp-cron.php?doing_wp_cron=1786711868.6194279193878173828125" "WordPress/6.0.14; https://quizena.com.co"
45.227.253.162 - - [14/Aug/2026:07:51:08 -0500] "GET /vegasino-ecopayz-secure-fast-payments-solution/ HTTP/1.1" 200 75522 "-" "Mozilla/5.0 (Windows NT 10.0; Win64; x64) AppleWebKit/537.36 (KHTML, like Gecko) Chrome/124.0.0.0 Safari/537.36"
57.141.14.86 - - [14/Aug/2026:07:51:10 -0500] "GET /?x=22329071290 HTTP/1.1" 200 82322 "-" "Mozilla/5.0 (Macintosh; Intel Mac OS X 10_15_7) AppleWebKit/537.36 (KHTML, like Gecko) Chrome/145.0.0.0 Safari/537.36 (compatible; meta-externalagent/1.1 (+https://developers.facebook.com/docs/sharing/webmasters/crawler))"
45.227.253.162 - - [14/Aug/2026:07:51:11 -0500] "GET /get-oshi-active-promo-codes-now-big-savings/ HTTP/1.1" 200 74181 "-" "Mozilla/5.0 (Windows NT 10.0; Win64; x64) AppleWebKit/537.36 (KHTML, like Gecko) Chrome/124.0.0.0 Safari/537.36"
57.141.14.61 - - [14/Aug/2026:07:51:12 -0500] "GET /?v=33168955492 HTTP/1.1" 200 82322 "-" "Mozilla/5.0 (Windows NT 10.0; Win64; x64) AppleWebKit/537.36 (KHTML, like Gecko) Chrome/145.0.0.0 Safari/537.36 (compatible; meta-externalagent/1.1 (+https://developers.facebook.com/docs/sharing/webmasters/crawler))"
162.214.115.43 - - [14/Aug/2026:07:51:13 -0500] "POST /wp-cron.php?doing_wp_cron=1786711873.7157249450683593750000 HTTP/1.1" 200 - "https://quizena.com.co/wp-cron.php?doing_wp_cron=1786711873.7157249450683593750000" "WordPress/6.0.14; https://quizena.com.co"
57.141.14.16 - - [14/Aug/2026:07:51:12 -0500] "GET /search/12873960834/feed/rss2/ HTTP/1.1" 200 6856 "-" "Mozilla/5.0 (Macintosh; Intel Mac OS X 10_15_7) AppleWebKit/537.36 (KHTML, like Gecko) Chrome/145.0.0.0 Safari/537.36 (compatible; meta-externalagent/1.1 (+https://developers.facebook.com/docs/sharing/webmasters/crawler))"
