57.141.14.39 - - [14/Aug/2026:08:28:23 -0500] "GET /?h=45898420118 HTTP/1.1" 200 82322 "-" "Mozilla/5.0 (Macintosh; Intel Mac OS X 10_15_7) AppleWebKit/537.36 (KHTML, like Gecko) Chrome/145.0.0.0 Safari/537.36 (compatible; meta-externalagent/1.1 (+https://developers.facebook.com/docs/sharing/webmasters/crawler))"
179.159.208.168 - - [14/Aug/2026:08:28:27 -0500] "POST /xmlrpc.php HTTP/1.1" 200 6095 "-" "Jetpack by WordPress.com (Jetpack 12.0; WordPress 6.1)"
57.141.14.67 - - [14/Aug/2026:08:28:26 -0500] "GET /search/25293094854/feed/rss2/ HTTP/1.1" 200 6856 "-" "Mozilla/5.0 (Macintosh; Intel Mac OS X 10_15_7) AppleWebKit/537.36 (KHTML, like Gecko) Chrome/145.0.0.0 Safari/537.36 (compatible; meta-externalagent/1.1 (+https://developers.facebook.com/docs/sharing/webmasters/crawler))"
57.141.14.92 - - [14/Aug/2026:08:28:27 -0500] "GET /?f=22454911829 HTTP/1.1" 200 82322 "-" "Mozilla/5.0 (Windows NT 10.0; Win64; x64) AppleWebKit/537.36 (KHTML, like Gecko) Chrome/145.0.0.0 Safari/537.36 (compatible; meta-externalagent/1.1 (+https://developers.facebook.com/docs/sharing/webmasters/crawler))"
103.172.95.24 - - [14/Aug/2026:08:28:32 -0500] "POST /xmlrpc.php HTTP/1.1" 200 6095 "-" "Jetpack/12.0; WordPress/6.3; http://site30183429.com"
57.141.14.14 - - [14/Aug/2026:08:28:33 -0500] "GET /?u=65411526164 HTTP/1.1" 200 82322 "-" "Mozilla/5.0 (Windows NT 10.0; Win64; x64) AppleWebKit/537.36 (KHTML, like Gecko) Chrome/145.0.0.0 Safari/537.36 (compatible; meta-externalagent/1.1 (+https://developers.facebook.com/docs/sharing/webmasters/crawler))"
179.159.208.168 - - [14/Aug/2026:08:28:37 -0500] "POST /xmlrpc.php HTTP/1.1" 200 6095 "-" "Jetpack/12.0; WordPress/6.3; http://site13962920.com"
103.172.95.24 - - [14/Aug/2026:08:28:43 -0500] "POST /xmlrpc.php HTTP/1.1" 200 6095 "-" "Jetpack by WordPress.com"
57.141.14.32 - - [14/Aug/2026:08:28:44 -0500] "GET /?s=55595480972 HTTP/1.1" 200 69754 "-" "Mozilla/5.0 (Windows NT 10.0; Win64; x64) AppleWebKit/537.36 (KHTML, like Gecko) Chrome/145.0.0.0 Safari/537.36 (compatible; meta-externalagent/1.1 (+https://developers.facebook.com/docs/sharing/webmasters/crawler))"
114.119.150.33 - - [14/Aug/2026:08:28:45 -0500] "GET /catalogo/ HTTP/1.1" 200 5681 "http://quizena.com.co/?m=35679965308" "Mozilla/5.0 (Linux; Android 7.0;) AppleWebKit/537.36 (HTML, like Gecko) Mobile Safari/537.36 (compatible; PetalBot;+https://webmaster.petalsearch.com/site/petalbot)"
179.159.208.168 - - [14/Aug/2026:08:28:48 -0500] "POST /xmlrpc.php HTTP/1.1" 200 6095 "-" "Jetpack/12.5; WordPress/6.4; http://site27097456.com"
57.141.14.113 - - [14/Aug/2026:08:28:48 -0500] "GET /?l=94709129211 HTTP/1.1" 200 82322 "-" "Mozilla/5.0 (Windows NT 10.0; Win64; x64) AppleWebKit/537.36 (KHTML, like Gecko) Chrome/145.0.0.0 Safari/537.36 (compatible; meta-externalagent/1.1 (+https://developers.facebook.com/docs/sharing/webmasters/crawler))"
57.141.14.68 - - [14/Aug/2026:08:28:54 -0500] "GET /?m=85198258826 HTTP/1.1" 200 57694 "-" "Mozilla/5.0 (Windows NT 10.0; Win64; x64) AppleWebKit/537.36 (KHTML, like Gecko) Chrome/145.0.0.0 Safari/537.36 (compatible; meta-externalagent/1.1 (+https://developers.facebook.com/docs/sharing/webmasters/crawler))"
179.159.208.168 - - [14/Aug/2026:08:28:58 -0500] "POST /xmlrpc.php HTTP/1.1" 200 6095 "-" "Jetpack/12.0; WordPress/6.2; http://site16079452.com"
57.141.14.110 - - [14/Aug/2026:08:29:03 -0500] "GET /?n=33382006326 HTTP/1.1" 200 82322 "-" "Mozilla/5.0 (Windows NT 10.0; Win64; x64) AppleWebKit/537.36 (KHTML, like Gecko) Chrome/145.0.0.0 Safari/537.36 (compatible; meta-externalagent/1.1 (+https://developers.facebook.com/docs/sharing/webmasters/crawler))"
57.141.14.113 - - [14/Aug/2026:08:29:04 -0500] "GET /?m=16313356046 HTTP/1.1" 200 57694 "-" "Mozilla/5.0 (Windows NT 10.0; Win64; x64) AppleWebKit/537.36 (KHTML, like Gecko) Chrome/145.0.0.0 Safari/537.36 (compatible; meta-externalagent/1.1 (+https://developers.facebook.com/docs/sharing/webmasters/crawler))"
179.159.208.168 - - [14/Aug/2026:08:29:09 -0500] "POST /xmlrpc.php HTTP/1.1" 200 6095 "-" "Jetpack by WordPress.com (Jetpack 13.0; WordPress 6.1)"
91.132.197.186 - - [14/Aug/2026:08:29:11 -0500] "GET /wp-login.php HTTP/1.1" 200 14321 "https://quizena.com.co/" "Mozilla/5.0 (Windows NT 10.0; Win64; x64) AppleWebKit/537.36 (KHTML, like Gecko) Chrome/149.0.0.0 Safari/537.36"
91.132.197.186 - - [14/Aug/2026:08:29:11 -0500] "GET /wp-includes/css/dashicons.min.css?ver=6.0.14 HTTP/1.1" 200 59016 "https://quizena.com.co/wp-login.php" "Mozilla/5.0 (Windows NT 10.0; Win64; x64) AppleWebKit/537.36 (KHTML, like Gecko) Chrome/149.0.0.0 Safari/537.36"
91.132.197.186 - - [14/Aug/2026:08:29:11 -0500] "GET /wp-includes/css/buttons.min.css?ver=6.0.14 HTTP/1.1" 200 5854 "https://quizena.com.co/wp-login.php" "Mozilla/5.0 (Windows NT 10.0; Win64; x64) AppleWebKit/537.36 (KHTML, like Gecko) Chrome/149.0.0.0 Safari/537.36"
91.132.197.186 - - [14/Aug/2026:08:29:11 -0500] "GET /wp-admin/css/forms.min.css?ver=6.0.14 HTTP/1.1" 200 25438 "https://quizena.com.co/wp-login.php" "Mozilla/5.0 (Windows NT 10.0; Win64; x64) AppleWebKit/537.36 (KHTML, like Gecko) Chrome/149.0.0.0 Safari/537.36"
91.132.197.186 - - [14/Aug/2026:08:29:11 -0500] "GET /wp-admin/css/l10n.min.css?ver=6.0.14 HTTP/1.1" 200 2477 "https://quizena.com.co/wp-login.php" "Mozilla/5.0 (Windows NT 10.0; Win64; x64) AppleWebKit/537.36 (KHTML, like Gecko) Chrome/149.0.0.0 Safari/537.36"
91.132.197.186 - - [14/Aug/2026:08:29:12 -0500] "GET /wp-admin/css/login.min.css?ver=6.0.14 HTTP/1.1" 200 6315 "https://quizena.com.co/wp-login.php" "Mozilla/5.0 (Windows NT 10.0; Win64; x64) AppleWebKit/537.36 (KHTML, like Gecko) Chrome/149.0.0.0 Safari/537.36"
91.132.197.186 - - [14/Aug/2026:08:29:12 -0500] "GET /wp-includes/js/jquery/jquery-migrate.min.js?ver=3.3.2 HTTP/1.1" 200 11224 "https://quizena.com.co/wp-login.php" "Mozilla/5.0 (Windows NT 10.0; Win64; x64) AppleWebKit/537.36 (KHTML, like Gecko) Chrome/149.0.0.0 Safari/537.36"
91.132.197.186 - - [14/Aug/2026:08:29:12 -0500] "GET /wp-includes/js/dist/vendor/regenerator-runtime.min.js?ver=0.13.9 HTTP/1.1" 200 6475 "https://quizena.com.co/wp-login.php" "Mozilla/5.0 (Windows NT 10.0; Win64; x64) AppleWebKit/537.36 (KHTML, like Gecko) Chrome/149.0.0.0 Safari/537.36"
91.132.197.186 - - [14/Aug/2026:08:29:12 -0500] "GET /wp-includes/js/dist/vendor/wp-polyfill.min.js?ver=3.15.0 HTTP/1.1" 200 19142 "https://quizena.com.co/wp-login.php" "Mozilla/5.0 (Windows NT 10.0; Win64; x64) AppleWebKit/537.36 (KHTML, like Gecko) Chrome/149.0.0.0 Safari/537.36"
91.132.197.186 - - [14/Aug/2026:08:29:12 -0500] "GET /wp-includes/js/dist/i18n.min.js?ver=697b2b06517cf39185c74b01457a19bd HTTP/1.1" 200 10228 "https://quizena.com.co/wp-login.php" "Mozilla/5.0 (Windows NT 10.0; Win64; x64) AppleWebKit/537.36 (KHTML, like Gecko) Chrome/149.0.0.0 Safari/537.36"
91.132.197.186 - - [14/Aug/2026:08:29:12 -0500] "GET /wp-includes/js/underscore.min.js?ver=1.13.3 HTTP/1.1" 200 18911 "https://quizena.com.co/wp-login.php" "Mozilla/5.0 (Windows NT 10.0; Win64; x64) AppleWebKit/537.36 (KHTML, like Gecko) Chrome/149.0.0.0 Safari/537.36"
91.132.197.186 - - [14/Aug/2026:08:29:12 -0500] "GET /wp-includes/js/jquery/jquery.min.js?ver=3.6.0 HTTP/1.1" 200 89521 "https://quizena.com.co/wp-login.php" "Mozilla/5.0 (Windows NT 10.0; Win64; x64) AppleWebKit/537.36 (KHTML, like Gecko) Chrome/149.0.0.0 Safari/537.36"
91.132.197.186 - - [14/Aug/2026:08:29:12 -0500] "GET /wp-includes/js/dist/hooks.min.js?ver=7c7c64c1a380ae3538b979fca8879698 HTTP/1.1" 200 4910 "https://quizena.com.co/wp-login.php" "Mozilla/5.0 (Windows NT 10.0; Win64; x64) AppleWebKit/537.36 (KHTML, like Gecko) Chrome/149.0.0.0 Safari/537.36"
91.132.197.186 - - [14/Aug/2026:08:29:12 -0500] "GET /wp-includes/js/wp-util.min.js?ver=6.0.14 HTTP/1.1" 200 1340 "https://quizena.com.co/wp-login.php" "Mozilla/5.0 (Windows NT 10.0; Win64; x64) AppleWebKit/537.36 (KHTML, like Gecko) Chrome/149.0.0.0 Safari/537.36"
91.132.197.186 - - [14/Aug/2026:08:29:12 -0500] "GET /wp-includes/js/zxcvbn-async.min.js?ver=1.0 HTTP/1.1" 200 351 "https://quizena.com.co/wp-login.php" "Mozilla/5.0 (Windows NT 10.0; Win64; x64) AppleWebKit/537.36 (KHTML, like Gecko) Chrome/149.0.0.0 Safari/537.36"
91.132.197.186 - - [14/Aug/2026:08:29:12 -0500] "GET /wp-admin/images/wordpress-logo.svg?ver=20131107 HTTP/1.1" 200 1521 "https://quizena.com.co/wp-admin/css/login.min.css?ver=6.0.14" "Mozilla/5.0 (Windows NT 10.0; Win64; x64) AppleWebKit/537.36 (KHTML, like Gecko) Chrome/149.0.0.0 Safari/537.36"
91.132.197.186 - - [14/Aug/2026:08:29:13 -0500] "GET /wp-admin/js/password-strength-meter.min.js?ver=6.0.14 HTTP/1.1" 200 1123 "https://quizena.com.co/wp-login.php" "Mozilla/5.0 (Windows NT 10.0; Win64; x64) AppleWebKit/537.36 (KHTML, like Gecko) Chrome/149.0.0.0 Safari/537.36"
91.132.197.186 - - [14/Aug/2026:08:29:13 -0500] "GET /wp-admin/js/user-profile.min.js?ver=6.0.14 HTTP/1.1" 200 6187 "https://quizena.com.co/wp-login.php" "Mozilla/5.0 (Windows NT 10.0; Win64; x64) AppleWebKit/537.36 (KHTML, like Gecko) Chrome/149.0.0.0 Safari/537.36"
57.141.14.75 - - [14/Aug/2026:08:29:13 -0500] "GET /?l=22288321479 HTTP/1.1" 200 82322 "-" "Mozilla/5.0 (Windows NT 10.0; Win64; x64) AppleWebKit/537.36 (KHTML, like Gecko) Chrome/146.0.0.0 Safari/537.36 Edg/146.0.0.0 (compatible; meta-externalagent/1.1 (+https://developers.facebook.com/docs/sharing/webmasters/crawler))"
91.132.197.186 - - [14/Aug/2026:08:29:14 -0500] "GET /wp-content/uploads/2022/07/cropped-My-project-1-192x192.png HTTP/1.1" 200 3675 "https://quizena.com.co/wp-login.php" "Mozilla/5.0 (Windows NT 10.0; Win64; x64) AppleWebKit/537.36 (KHTML, like Gecko) Chrome/149.0.0.0 Safari/537.36"
91.132.197.186 - - [14/Aug/2026:08:29:16 -0500] "POST /wp-login.php HTTP/1.1" 302 5679 "https://quizena.com.co/wp-login.php" "Mozilla/5.0 (Windows NT 10.0; Win64; x64) AppleWebKit/537.36 (KHTML, like Gecko) Chrome/149.0.0.0 Safari/537.36"
91.132.197.186 - - [14/Aug/2026:08:29:16 -0500] "GET /wp-login.php?redirect_to=https%3A%2F%2Fquizena.com.co%2Fwp-admin%2F&action=confirm_admin_email&wp_lang=es_ES HTTP/1.1" 200 4950 "https://quizena.com.co/wp-login.php" "Mozilla/5.0 (Windows NT 10.0; Win64; x64) AppleWebKit/537.36 (KHTML, like Gecko) Chrome/149.0.0.0 Safari/537.36"
91.132.197.186 - - [14/Aug/2026:08:29:17 -0500] "GET /wp-content/uploads/2022/07/cropped-My-project-1-192x192.png HTTP/1.1" 200 3675 "https://quizena.com.co/wp-login.php?redirect_to=https%3A%2F%2Fquizena.com.co%2Fwp-admin%2F&action=confirm_admin_email&wp_lang=es_ES" "Mozilla/5.0 (Windows NT 10.0; Win64; x64) AppleWebKit/537.36 (KHTML, like Gecko) Chrome/149.0.0.0 Safari/537.36"
91.132.197.186 - - [14/Aug/2026:08:29:14 -0500] "GET /wp-includes/js/zxcvbn.min.js HTTP/1.1" 200 822237 "https://quizena.com.co/wp-login.php" "Mozilla/5.0 (Windows NT 10.0; Win64; x64) AppleWebKit/537.36 (KHTML, like Gecko) Chrome/149.0.0.0 Safari/537.36"
57.141.14.75 - - [14/Aug/2026:08:29:17 -0500] "GET /?m=52303520189 HTTP/1.1" 200 57694 "-" "Mozilla/5.0 (Windows NT 10.0; Win64; x64) AppleWebKit/537.36 (KHTML, like Gecko) Chrome/145.0.0.0 Safari/537.36 (compatible; meta-externalagent/1.1 (+https://developers.facebook.com/docs/sharing/webmasters/crawler))"
57.141.14.31 - - [14/Aug/2026:08:29:18 -0500] "GET /?z=76298115955 HTTP/1.1" 200 82322 "-" "Mozilla/5.0 (Windows NT 10.0; Win64; x64) AppleWebKit/537.36 (KHTML, like Gecko) Chrome/145.0.0.0 Safari/537.36 (compatible; meta-externalagent/1.1 (+https://developers.facebook.com/docs/sharing/webmasters/crawler))"
91.132.197.186 - - [14/Aug/2026:08:29:19 -0500] "GET /wp-admin/post-new.php HTTP/1.1" 403 72196 "https://quizena.com.co/" "Mozilla/5.0 (Windows NT 10.0; Win64; x64) AppleWebKit/537.36 (KHTML, like Gecko) Chrome/149.0.0.0 Safari/537.36"
179.159.208.168 - - [14/Aug/2026:08:29:19 -0500] "POST /xmlrpc.php HTTP/1.1" 200 6095 "-" "Jetpack by WordPress.com"
91.132.197.186 - - [14/Aug/2026:08:29:20 -0500] "GET /wp-includes/css/admin-bar.min.css?ver=6.0.14 HTTP/1.1" 200 20282 "https://quizena.com.co/wp-admin/post-new.php" "Mozilla/5.0 (Windows NT 10.0; Win64; x64) AppleWebKit/537.36 (KHTML, like Gecko) Chrome/149.0.0.0 Safari/537.36"
91.132.197.186 - - [14/Aug/2026:08:29:20 -0500] "GET /wp-content/plugins/elementor/assets/lib/eicons/css/elementor-icons.min.css?ver=5.15.0 HTTP/1.1" 200 19128 "https://quizena.com.co/wp-admin/post-new.php" "Mozilla/5.0 (Windows NT 10.0; Win64; x64) AppleWebKit/537.36 (KHTML, like Gecko) Chrome/149.0.0.0 Safari/537.36"
91.132.197.186 - - [14/Aug/2026:08:29:20 -0500] "GET /wp-content/plugins/elementor/assets/css/common.min.css?ver=3.6.7 HTTP/1.1" 200 12272 "https://quizena.com.co/wp-admin/post-new.php" "Mozilla/5.0 (Windows NT 10.0; Win64; x64) AppleWebKit/537.36 (KHTML, like Gecko) Chrome/149.0.0.0 Safari/537.36"
91.132.197.186 - - [14/Aug/2026:08:29:20 -0500] "GET /wp-content/plugins/contact-form-7/includes/css/styles.css?ver=5.6 HTTP/1.1" 200 2731 "https://quizena.com.co/wp-admin/post-new.php" "Mozilla/5.0 (Windows NT 10.0; Win64; x64) AppleWebKit/537.36 (KHTML, like Gecko) Chrome/149.0.0.0 Safari/537.36"
91.132.197.186 - - [14/Aug/2026:08:29:20 -0500] "GET /wp-includes/css/dist/block-library/style.min.css?ver=6.0.14 HTTP/1.1" 200 88932 "https://quizena.com.co/wp-admin/post-new.php" "Mozilla/5.0 (Windows NT 10.0; Win64; x64) AppleWebKit/537.36 (KHTML, like Gecko) Chrome/149.0.0.0 Safari/537.36"
91.132.197.186 - - [14/Aug/2026:08:29:20 -0500] "GET /wp-content/themes/razzi/style.css?ver=20220505 HTTP/1.1" 200 328918 "https://quizena.com.co/wp-admin/post-new.php" "Mozilla/5.0 (Windows NT 10.0; Win64; x64) AppleWebKit/537.36 (KHTML, like Gecko) Chrome/149.0.0.0 Safari/537.36"
91.132.197.186 - - [14/Aug/2026:08:29:21 -0500] "GET /wp-includes/js/hoverintent-js.min.js?ver=2.2.1 HTTP/1.1" 200 1718 "https://quizena.com.co/wp-admin/post-new.php" "Mozilla/5.0 (Windows NT 10.0; Win64; x64) AppleWebKit/537.36 (KHTML, like Gecko) Chrome/149.0.0.0 Safari/537.36"
91.132.197.186 - - [14/Aug/2026:08:29:21 -0500] "GET /wp-includes/js/admin-bar.min.js?ver=6.0.14 HTTP/1.1" 200 3548 "https://quizena.com.co/wp-admin/post-new.php" "Mozilla/5.0 (Windows NT 10.0; Win64; x64) AppleWebKit/537.36 (KHTML, like Gecko) Chrome/149.0.0.0 Safari/537.36"
57.141.14.5 - - [14/Aug/2026:08:29:20 -0500] "GET /?l=22918970348 HTTP/1.1" 200 82322 "-" "Mozilla/5.0 (Macintosh; Intel Mac OS X 10_15_7) AppleWebKit/537.36 (KHTML, like Gecko) Chrome/145.0.0.0 Safari/537.36 (compatible; meta-externalagent/1.1 (+https://developers.facebook.com/docs/sharing/webmasters/crawler))"
91.132.197.186 - - [14/Aug/2026:08:29:21 -0500] "GET /wp-content/plugins/contact-form-7/includes/js/index.js?ver=5.6 HTTP/1.1" 200 21821 "https://quizena.com.co/wp-admin/post-new.php" "Mozilla/5.0 (Windows NT 10.0; Win64; x64) AppleWebKit/537.36 (KHTML, like Gecko) Chrome/149.0.0.0 Safari/537.36"
91.132.197.186 - - [14/Aug/2026:08:29:21 -0500] "GET /wp-content/themes/razzi/assets/js/scripts.min.js?ver=20220330 HTTP/1.1" 200 47064 "https://quizena.com.co/wp-admin/post-new.php" "Mozilla/5.0 (Windows NT 10.0; Win64; x64) AppleWebKit/537.36 (KHTML, like Gecko) Chrome/149.0.0.0 Safari/537.36"
91.132.197.186 - - [14/Aug/2026:08:29:21 -0500] "GET /wp-content/themes/razzi/assets/js/plugins/notify.min.js?ver=1.0.0 HTTP/1.1" 200 13780 "https://quizena.com.co/wp-admin/post-new.php" "Mozilla/5.0 (Windows NT 10.0; Win64; x64) AppleWebKit/537.36 (KHTML, like Gecko) Chrome/149.0.0.0 Safari/537.36"
91.132.197.186 - - [14/Aug/2026:08:29:21 -0500] "GET /wp-includes/js/imagesloaded.min.js?ver=4.1.4 HTTP/1.1" 200 5629 "https://quizena.com.co/wp-admin/post-new.php" "Mozilla/5.0 (Windows NT 10.0; Win64; x64) AppleWebKit/537.36 (KHTML, like Gecko) Chrome/149.0.0.0 Safari/537.36"
91.132.197.186 - - [14/Aug/2026:08:29:21 -0500] "GET /wp-content/themes/razzi/assets/js/plugins/isInViewport.min.js?ver=20201012 HTTP/1.1" 200 2304 "https://quizena.com.co/wp-admin/post-new.php" "Mozilla/5.0 (Windows NT 10.0; Win64; x64) AppleWebKit/537.36 (KHTML, like Gecko) Chrome/149.0.0.0 Safari/537.36"
91.132.197.186 - - [14/Aug/2026:08:29:21 -0500] "GET /wp-content/uploads/2022/10/nuevo-tamano-logo.png HTTP/1.1" 200 5879 "https://quizena.com.co/wp-admin/post-new.php" "Mozilla/5.0 (Windows NT 10.0; Win64; x64) AppleWebKit/537.36 (KHTML, like Gecko) Chrome/149.0.0.0 Safari/537.36"
91.132.197.186 - - [14/Aug/2026:08:29:21 -0500] "GET /wp-content/plugins/elementor/assets/lib/backbone/backbone.marionette.min.js?ver=2.4.5.e1 HTTP/1.1" 200 45156 "https://quizena.com.co/wp-admin/post-new.php" "Mozilla/5.0 (Windows NT 10.0; Win64; x64) AppleWebKit/537.36 (KHTML, like Gecko) Chrome/149.0.0.0 Safari/537.36"
91.132.197.186 - - [14/Aug/2026:08:29:21 -0500] "GET /wp-includes/js/jquery/ui/core.min.js?ver=1.13.1 HTTP/1.1" 200 20715 "https://quizena.com.co/wp-admin/post-new.php" "Mozilla/5.0 (Windows NT 10.0; Win64; x64) AppleWebKit/537.36 (KHTML, like Gecko) Chrome/149.0.0.0 Safari/537.36"
91.132.197.186 - - [14/Aug/2026:08:29:21 -0500] "GET /wp-includes/js/jquery/ui/draggable.min.js?ver=1.13.1 HTTP/1.1" 200 18327 "https://quizena.com.co/wp-admin/post-new.php" "Mozilla/5.0 (Windows NT 10.0; Win64; x64) AppleWebKit/537.36 (KHTML, like Gecko) Chrome/149.0.0.0 Safari/537.36"
91.132.197.186 - - [14/Aug/2026:08:29:21 -0500] "GET /wp-includes/js/jquery/ui/mouse.min.js?ver=1.13.1 HTTP/1.1" 200 3411 "https://quizena.com.co/wp-admin/post-new.php" "Mozilla/5.0 (Windows NT 10.0; Win64; x64) AppleWebKit/537.36 (KHTML, like Gecko) Chrome/149.0.0.0 Safari/537.36"
91.132.197.186 - - [14/Aug/2026:08:29:21 -0500] "GET /wp-content/themes/razzi/assets/js/plugins/swiper.min.js?ver=5.3.8 HTTP/1.1" 200 139784 "https://quizena.com.co/wp-admin/post-new.php" "Mozilla/5.0 (Windows NT 10.0; Win64; x64) AppleWebKit/537.36 (KHTML, like Gecko) Chrome/149.0.0.0 Safari/537.36"
91.132.197.186 - - [14/Aug/2026:08:29:22 -0500] "GET /wp-includes/js/backbone.min.js?ver=1.4.1 HTTP/1.1" 200 23929 "https://quizena.com.co/wp-admin/post-new.php" "Mozilla/5.0 (Windows NT 10.0; Win64; x64) AppleWebKit/537.36 (KHTML, like Gecko) Chrome/149.0.0.0 Safari/537.36"
91.132.197.186 - - [14/Aug/2026:08:29:22 -0500] "GET /wp-content/plugins/elementor/assets/js/web-cli.min.js?ver=3.6.7 HTTP/1.1" 200 165386 "https://quizena.com.co/wp-admin/post-new.php" "Mozilla/5.0 (Windows NT 10.0; Win64; x64) AppleWebKit/537.36 (KHTML, like Gecko) Chrome/149.0.0.0 Safari/537.36"
91.132.197.186 - - [14/Aug/2026:08:29:22 -0500] "GET /wp-content/plugins/elementor/assets/js/common-modules.min.js?ver=3.6.7 HTTP/1.1" 200 105273 "https://quizena.com.co/wp-admin/post-new.php" "Mozilla/5.0 (Windows NT 10.0; Win64; x64) AppleWebKit/537.36 (KHTML, like Gecko) Chrome/149.0.0.0 Safari/537.36"
91.132.197.186 - - [14/Aug/2026:08:29:22 -0500] "GET /wp-content/plugins/elementor/assets/lib/backbone/backbone.radio.min.js?ver=1.0.4 HTTP/1.1" 200 3753 "https://quizena.com.co/wp-admin/post-new.php" "Mozilla/5.0 (Windows NT 10.0; Win64; x64) AppleWebKit/537.36 (KHTML, like Gecko) Chrome/149.0.0.0 Safari/537.36"
91.132.197.186 - - [14/Aug/2026:08:29:22 -0500] "GET /wp-includes/js/api-request.min.js?ver=6.0.14 HTTP/1.1" 200 1023 "https://quizena.com.co/wp-admin/post-new.php" "Mozilla/5.0 (Windows NT 10.0; Win64; x64) AppleWebKit/537.36 (KHTML, like Gecko) Chrome/149.0.0.0 Safari/537.36"
91.132.197.186 - - [14/Aug/2026:08:29:22 -0500] "GET /wp-content/plugins/elementor/assets/js/common.min.js?ver=3.6.7 HTTP/1.1" 200 147726 "https://quizena.com.co/wp-admin/post-new.php" "Mozilla/5.0 (Windows NT 10.0; Win64; x64) AppleWebKit/537.36 (KHTML, like Gecko) Chrome/149.0.0.0 Safari/537.36"
91.132.197.186 - - [14/Aug/2026:08:29:22 -0500] "GET /wp-content/plugins/elementor/assets/lib/dialog/dialog.min.js?ver=4.9.0 HTTP/1.1" 200 10682 "https://quizena.com.co/wp-admin/post-new.php" "Mozilla/5.0 (Windows NT 10.0; Win64; x64) AppleWebKit/537.36 (KHTML, like Gecko) Chrome/149.0.0.0 Safari/537.36"
91.132.197.186 - - [14/Aug/2026:08:29:22 -0500] "GET /wp-content/uploads/2020/03/cropped-logoweb.png HTTP/1.1" 200 41612 "https://quizena.com.co/wp-admin/post-new.php" "Mozilla/5.0 (Windows NT 10.0; Win64; x64) AppleWebKit/537.36 (KHTML, like Gecko) Chrome/149.0.0.0 Safari/537.36"
91.132.197.186 - - [14/Aug/2026:08:29:22 -0500] "POST /xmlrpc.php HTTP/1.1" 200 654 "https://quizena.com.co/" "Mozilla/5.0 (Windows NT 10.0; Win64; x64) AppleWebKit/537.36 (KHTML, like Gecko) Chrome/122.0.0.0 Safari/537.36"
91.132.197.186 - - [14/Aug/2026:08:29:22 -0500] "GET /wp-includes/js/wp-emoji-release.min.js?ver=6.0.14 HTTP/1.1" 200 18617 "https://quizena.com.co/wp-admin/post-new.php" "Mozilla/5.0 (Windows NT 10.0; Win64; x64) AppleWebKit/537.36 (KHTML, like Gecko) Chrome/149.0.0.0 Safari/537.36"
91.132.197.186 - - [14/Aug/2026:08:29:22 -0500] "GET /wp-content/plugins/elementor/assets/js/app-loader.min.js?ver=3.6.7 HTTP/1.1" 200 92339 "https://quizena.com.co/wp-admin/post-new.php" "Mozilla/5.0 (Windows NT 10.0; Win64; x64) AppleWebKit/537.36 (KHTML, like Gecko) Chrome/149.0.0.0 Safari/537.36"
57.141.14.40 - - [14/Aug/2026:08:29:22 -0500] "GET /?g=65655836698 HTTP/1.1" 200 82322 "-" "Mozilla/5.0 (X11; Linux x86_64) AppleWebKit/537.36 (KHTML, like Gecko) Chrome/145.0.0.0 Safari/537.36 (compatible; meta-externalagent/1.1 (+https://developers.facebook.com/docs/sharing/webmasters/crawler))"
91.132.197.186 - - [14/Aug/2026:08:29:23 -0500] "GET /wp-content/uploads/2022/07/cropped-My-project-1-192x192.png HTTP/1.1" 200 3675 "https://quizena.com.co/wp-admin/post-new.php" "Mozilla/5.0 (Windows NT 10.0; Win64; x64) AppleWebKit/537.36 (KHTML, like Gecko) Chrome/149.0.0.0 Safari/537.36"
91.132.197.186 - - [14/Aug/2026:08:29:23 -0500] "GET /wp-content/uploads/2022/06/jewelry-instagram-61.jpg HTTP/1.1" 200 53133 "https://quizena.com.co/wp-admin/post-new.php" "Mozilla/5.0 (Windows NT 10.0; Win64; x64) AppleWebKit/537.36 (KHTML, like Gecko) Chrome/149.0.0.0 Safari/537.36"
91.132.197.186 - - [14/Aug/2026:08:29:24 -0500] "POST /xmlrpc.php HTTP/1.1" 200 180 "https://quizena.com.co/" "Mozilla/5.0 (Windows NT 10.0; Win64; x64) AppleWebKit/537.36 (KHTML, like Gecko) Chrome/122.0.0.0 Safari/537.36"
162.214.115.43 - - [14/Aug/2026:08:29:25 -0500] "POST /wp-cron.php?doing_wp_cron=1786714165.9038100242614746093750 HTTP/1.1" 200 - "https://quizena.com.co/wp-cron.php?doing_wp_cron=1786714165.9038100242614746093750" "WordPress/6.0.14; https://quizena.com.co"
91.132.197.186 - - [14/Aug/2026:08:29:25 -0500] "POST /xmlrpc.php HTTP/1.1" 200 9115 "https://quizena.com.co/" "Mozilla/5.0 (Windows NT 10.0; Win64; x64) AppleWebKit/537.36 (KHTML, like Gecko) Chrome/122.0.0.0 Safari/537.36"
57.141.14.69 - - [14/Aug/2026:08:29:26 -0500] "GET /?e=52747670023 HTTP/1.1" 200 82322 "-" "Mozilla/5.0 (Windows NT 10.0; Win64; x64) AppleWebKit/537.36 (KHTML, like Gecko) Chrome/145.0.0.0 Safari/537.36 (compatible; meta-externalagent/1.1 (+https://developers.facebook.com/docs/sharing/webmasters/crawler))"
179.159.208.168 - - [14/Aug/2026:08:29:30 -0500] "POST /xmlrpc.php HTTP/1.1" 200 6095 "-" "Jetpack by WordPress.com"
57.141.14.91 - - [14/Aug/2026:08:29:30 -0500] "GET /?h=82629207348 HTTP/1.1" 200 82322 "-" "Mozilla/5.0 (X11; Linux x86_64) AppleWebKit/537.36 (KHTML, like Gecko) Chrome/145.0.0.0 Safari/537.36 (compatible; meta-externalagent/1.1 (+https://developers.facebook.com/docs/sharing/webmasters/crawler))"
57.141.14.106 - - [14/Aug/2026:08:29:30 -0500] "GET /?o=73450441336 HTTP/1.1" 200 82322 "-" "Mozilla/5.0 (Windows NT 10.0; Win64; x64) AppleWebKit/537.36 (KHTML, like Gecko) Chrome/145.0.0.0 Safari/537.36 (compatible; meta-externalagent/1.1 (+https://developers.facebook.com/docs/sharing/webmasters/crawler))"
57.141.14.13 - - [14/Aug/2026:08:29:33 -0500] "GET /?r=94956637591 HTTP/1.1" 200 82322 "-" "Mozilla/5.0 (Windows NT 10.0; Win64; x64) AppleWebKit/537.36 (KHTML, like Gecko) Chrome/145.0.0.0 Safari/537.36 (compatible; meta-externalagent/1.1 (+https://developers.facebook.com/docs/sharing/webmasters/crawler))"
57.141.14.28 - - [14/Aug/2026:08:29:33 -0500] "GET /?n=34250351981 HTTP/1.1" 200 82322 "-" "Mozilla/5.0 (Macintosh; Intel Mac OS X 10_15_7) AppleWebKit/537.36 (KHTML, like Gecko) Chrome/145.0.0.0 Safari/537.36 (compatible; meta-externalagent/1.1 (+https://developers.facebook.com/docs/sharing/webmasters/crawler))"
57.141.14.61 - - [14/Aug/2026:08:29:33 -0500] "GET /?c=95846748403 HTTP/1.1" 200 82322 "-" "Mozilla/5.0 (X11; Linux x86_64) AppleWebKit/537.36 (KHTML, like Gecko) Chrome/145.0.0.0 Safari/537.36 (compatible; meta-externalagent/1.1 (+https://developers.facebook.com/docs/sharing/webmasters/crawler))"
57.141.14.114 - - [14/Aug/2026:08:29:34 -0500] "GET /?i=42865392600 HTTP/1.1" 200 82322 "-" "Mozilla/5.0 (Macintosh; Intel Mac OS X 10_15_7) AppleWebKit/537.36 (KHTML, like Gecko) Chrome/145.0.0.0 Safari/537.36 (compatible; meta-externalagent/1.1 (+https://developers.facebook.com/docs/sharing/webmasters/crawler))"
37.60.244.188 - - [14/Aug/2026:08:29:34 -0500] "GET /buumi-ios-app-your-smart-ios-companion-now-available/ HTTP/1.1" 200 100826 "https://quizena.com.co/" "Mozilla/5.0 (Windows NT 10.0; Win64; x64) AppleWebKit/537.36 (KHTML, like Gecko) Chrome/114.0.0.0 Safari/537.36 Vivaldi/5.3.2679.68"
179.159.208.168 - - [14/Aug/2026:08:29:40 -0500] "POST /xmlrpc.php HTTP/1.1" 200 6095 "-" "Jetpack by WordPress.com (Jetpack 12.1; WordPress 6.3)"
57.141.14.41 - - [14/Aug/2026:08:29:40 -0500] "GET /?b=13707103495 HTTP/1.1" 200 82322 "-" "Mozilla/5.0 (Macintosh; Intel Mac OS X 10_15_7) AppleWebKit/537.36 (KHTML, like Gecko) Chrome/145.0.0.0 Safari/537.36 (compatible; meta-externalagent/1.1 (+https://developers.facebook.com/docs/sharing/webmasters/crawler))"
57.141.14.106 - - [14/Aug/2026:08:29:42 -0500] "GET /?n=45616565514 HTTP/1.1" 200 82322 "-" "Mozilla/5.0 (Macintosh; Intel Mac OS X 10_15_7) AppleWebKit/537.36 (KHTML, like Gecko) Chrome/145.0.0.0 Safari/537.36 (compatible; meta-externalagent/1.1 (+https://developers.facebook.com/docs/sharing/webmasters/crawler))"
57.141.14.45 - - [14/Aug/2026:08:29:44 -0500] "GET /?k=35579742722 HTTP/1.1" 200 82322 "-" "Mozilla/5.0 (Windows NT 10.0; Win64; x64) AppleWebKit/537.36 (KHTML, like Gecko) Chrome/145.0.0.0 Safari/537.36 (compatible; meta-externalagent/1.1 (+https://developers.facebook.com/docs/sharing/webmasters/crawler))"
91.132.197.186 - - [14/Aug/2026:08:29:45 -0500] "GET /roulette-mobil-deutschland-alles-was-sie-wissen-mussen/ HTTP/1.1" 200 68141 "-" "Mozilla/5.0 (Windows NT 10.0; Win64; x64) AppleWebKit/537.36 (KHTML, like Gecko) Chrome/149.0.0.0 Safari/537.36"
91.132.197.186 - - [14/Aug/2026:08:29:47 -0500] "GET /wp-includes/css/dist/block-library/style.min.css?ver=6.0.14 HTTP/1.1" 200 88932 "https://quizena.com.co/roulette-mobil-deutschland-alles-was-sie-wissen-mussen/" "Mozilla/5.0 (Windows NT 10.0; Win64; x64) AppleWebKit/537.36 (KHTML, like Gecko) Chrome/149.0.0.0 Safari/537.36"
57.141.14.33 - - [14/Aug/2026:08:29:46 -0500] "GET /?e=82844839283 HTTP/1.1" 200 82322 "-" "Mozilla/5.0 (Windows NT 10.0; Win64; x64) AppleWebKit/537.36 (KHTML, like Gecko) Chrome/145.0.0.0 Safari/537.36 (compatible; meta-externalagent/1.1 (+https://developers.facebook.com/docs/sharing/webmasters/crawler))"
91.132.197.186 - - [14/Aug/2026:08:29:47 -0500] "GET /wp-content/plugins/contact-form-7/includes/css/styles.css?ver=5.6 HTTP/1.1" 200 2731 "https://quizena.com.co/roulette-mobil-deutschland-alles-was-sie-wissen-mussen/" "Mozilla/5.0 (Windows NT 10.0; Win64; x64) AppleWebKit/537.36 (KHTML, like Gecko) Chrome/149.0.0.0 Safari/537.36"
91.132.197.186 - - [14/Aug/2026:08:29:47 -0500] "GET /wp-includes/js/jquery/jquery-migrate.min.js?ver=3.3.2 HTTP/1.1" 200 11224 "https://quizena.com.co/roulette-mobil-deutschland-alles-was-sie-wissen-mussen/" "Mozilla/5.0 (Windows NT 10.0; Win64; x64) AppleWebKit/537.36 (KHTML, like Gecko) Chrome/149.0.0.0 Safari/537.36"
57.141.14.97 - - [14/Aug/2026:08:29:47 -0500] "GET /?r=63654313239 HTTP/1.1" 200 82322 "-" "Mozilla/5.0 (Windows NT 10.0; Win64; x64) AppleWebKit/537.36 (KHTML, like Gecko) Chrome/145.0.0.0 Safari/537.36 (compatible; meta-externalagent/1.1 (+https://developers.facebook.com/docs/sharing/webmasters/crawler))"
91.132.197.186 - - [14/Aug/2026:08:29:47 -0500] "GET /wp-content/themes/razzi/style.css?ver=20220505 HTTP/1.1" 200 328918 "https://quizena.com.co/roulette-mobil-deutschland-alles-was-sie-wissen-mussen/" "Mozilla/5.0 (Windows NT 10.0; Win64; x64) AppleWebKit/537.36 (KHTML, like Gecko) Chrome/149.0.0.0 Safari/537.36"
91.132.197.186 - - [14/Aug/2026:08:29:47 -0500] "GET /wp-includes/js/jquery/jquery.min.js?ver=3.6.0 HTTP/1.1" 200 89521 "https://quizena.com.co/roulette-mobil-deutschland-alles-was-sie-wissen-mussen/" "Mozilla/5.0 (Windows NT 10.0; Win64; x64) AppleWebKit/537.36 (KHTML, like Gecko) Chrome/149.0.0.0 Safari/537.36"
57.141.14.51 - - [14/Aug/2026:08:29:48 -0500] "GET /?k=42707278420 HTTP/1.1" 200 82322 "-" "Mozilla/5.0 (Windows NT 10.0; Win64; x64) AppleWebKit/537.36 (KHTML, like Gecko) Chrome/145.0.0.0 Safari/537.36 (compatible; meta-externalagent/1.1 (+https://developers.facebook.com/docs/sharing/webmasters/crawler))"
91.132.197.186 - - [14/Aug/2026:08:29:48 -0500] "GET /wp-includes/js/dist/vendor/regenerator-runtime.min.js?ver=0.13.9 HTTP/1.1" 200 6475 "https://quizena.com.co/roulette-mobil-deutschland-alles-was-sie-wissen-mussen/" "Mozilla/5.0 (Windows NT 10.0; Win64; x64) AppleWebKit/537.36 (KHTML, like Gecko) Chrome/149.0.0.0 Safari/537.36"
91.132.197.186 - - [14/Aug/2026:08:29:48 -0500] "GET /wp-includes/js/dist/vendor/wp-polyfill.min.js?ver=3.15.0 HTTP/1.1" 200 19142 "https://quizena.com.co/roulette-mobil-deutschland-alles-was-sie-wissen-mussen/" "Mozilla/5.0 (Windows NT 10.0; Win64; x64) AppleWebKit/537.36 (KHTML, like Gecko) Chrome/149.0.0.0 Safari/537.36"
91.132.197.186 - - [14/Aug/2026:08:29:48 -0500] "GET /wp-content/plugins/contact-form-7/includes/js/index.js?ver=5.6 HTTP/1.1" 200 21821 "https://quizena.com.co/roulette-mobil-deutschland-alles-was-sie-wissen-mussen/" "Mozilla/5.0 (Windows NT 10.0; Win64; x64) AppleWebKit/537.36 (KHTML, like Gecko) Chrome/149.0.0.0 Safari/537.36"
91.132.197.186 - - [14/Aug/2026:08:29:49 -0500] "GET /wp-content/themes/razzi/assets/js/plugins/isInViewport.min.js?ver=20201012 HTTP/1.1" 200 2304 "https://quizena.com.co/roulette-mobil-deutschland-alles-was-sie-wissen-mussen/" "Mozilla/5.0 (Windows NT 10.0; Win64; x64) AppleWebKit/537.36 (KHTML, like Gecko) Chrome/149.0.0.0 Safari/537.36"
91.132.197.186 - - [14/Aug/2026:08:29:49 -0500] "GET /wp-content/themes/razzi/assets/js/plugins/swiper.min.js?ver=5.3.8 HTTP/1.1" 200 139784 "https://quizena.com.co/roulette-mobil-deutschland-alles-was-sie-wissen-mussen/" "Mozilla/5.0 (Windows NT 10.0; Win64; x64) AppleWebKit/537.36 (KHTML, like Gecko) Chrome/149.0.0.0 Safari/537.36"
91.132.197.186 - - [14/Aug/2026:08:29:49 -0500] "GET /wp-content/themes/razzi/assets/js/plugins/notify.min.js?ver=1.0.0 HTTP/1.1" 200 13780 "https://quizena.com.co/roulette-mobil-deutschland-alles-was-sie-wissen-mussen/" "Mozilla/5.0 (Windows NT 10.0; Win64; x64) AppleWebKit/537.36 (KHTML, like Gecko) Chrome/149.0.0.0 Safari/537.36"
91.132.197.186 - - [14/Aug/2026:08:29:49 -0500] "GET /wp-includes/js/wp-emoji-release.min.js?ver=6.0.14 HTTP/1.1" 200 18617 "https://quizena.com.co/roulette-mobil-deutschland-alles-was-sie-wissen-mussen/" "Mozilla/5.0 (Windows NT 10.0; Win64; x64) AppleWebKit/537.36 (KHTML, like Gecko) Chrome/149.0.0.0 Safari/537.36"
91.132.197.186 - - [14/Aug/2026:08:29:49 -0500] "GET /wp-content/themes/razzi/assets/js/scripts.min.js?ver=20220330 HTTP/1.1" 200 47064 "https://quizena.com.co/roulette-mobil-deutschland-alles-was-sie-wissen-mussen/" "Mozilla/5.0 (Windows NT 10.0; Win64; x64) AppleWebKit/537.36 (KHTML, like Gecko) Chrome/149.0.0.0 Safari/537.36"
91.132.197.186 - - [14/Aug/2026:08:29:49 -0500] "GET /wp-includes/js/imagesloaded.min.js?ver=4.1.4 HTTP/1.1" 200 5629 "https://quizena.com.co/roulette-mobil-deutschland-alles-was-sie-wissen-mussen/" "Mozilla/5.0 (Windows NT 10.0; Win64; x64) AppleWebKit/537.36 (KHTML, like Gecko) Chrome/149.0.0.0 Safari/537.36"
91.132.197.186 - - [14/Aug/2026:08:29:49 -0500] "GET /wp-content/uploads/2022/10/nuevo-tamano-logo.png HTTP/1.1" 200 5879 "https://quizena.com.co/roulette-mobil-deutschland-alles-was-sie-wissen-mussen/" "Mozilla/5.0 (Windows NT 10.0; Win64; x64) AppleWebKit/537.36 (KHTML, like Gecko) Chrome/149.0.0.0 Safari/537.36"
91.132.197.186 - - [14/Aug/2026:08:29:50 -0500] "GET /wp-content/uploads/2020/03/cropped-logoweb.png HTTP/1.1" 200 41612 "https://quizena.com.co/roulette-mobil-deutschland-alles-was-sie-wissen-mussen/" "Mozilla/5.0 (Windows NT 10.0; Win64; x64) AppleWebKit/537.36 (KHTML, like Gecko) Chrome/149.0.0.0 Safari/537.36"
91.132.197.186 - - [14/Aug/2026:08:29:50 -0500] "GET /wp-content/uploads/2022/06/jewelry-instagram-61.jpg HTTP/1.1" 200 53133 "https://quizena.com.co/roulette-mobil-deutschland-alles-was-sie-wissen-mussen/" "Mozilla/5.0 (Windows NT 10.0; Win64; x64) AppleWebKit/537.36 (KHTML, like Gecko) Chrome/149.0.0.0 Safari/537.36"
91.132.197.186 - - [14/Aug/2026:08:29:51 -0500] "GET /wp-content/uploads/2022/07/cropped-My-project-1-192x192.png HTTP/1.1" 200 3675 "https://quizena.com.co/roulette-mobil-deutschland-alles-was-sie-wissen-mussen/" "Mozilla/5.0 (Windows NT 10.0; Win64; x64) AppleWebKit/537.36 (KHTML, like Gecko) Chrome/149.0.0.0 Safari/537.36"
179.159.208.168 - - [14/Aug/2026:08:29:51 -0500] "POST /xmlrpc.php HTTP/1.1" 200 6095 "-" "Jetpack/12.5; WordPress/6.4; http://site86222524.com"
57.141.14.47 - - [14/Aug/2026:08:29:53 -0500] "GET /?g=24723813056 HTTP/1.1" 200 82322 "-" "Mozilla/5.0 (Macintosh; Intel Mac OS X 10_15_7) AppleWebKit/537.36 (KHTML, like Gecko) Chrome/145.0.0.0 Safari/537.36 (compatible; meta-externalagent/1.1 (+https://developers.facebook.com/docs/sharing/webmasters/crawler))"
57.141.14.92 - - [14/Aug/2026:08:29:56 -0500] "GET /?h=84003572100 HTTP/1.1" 200 82322 "-" "Mozilla/5.0 (Windows NT 10.0; Win64; x64) AppleWebKit/537.36 (KHTML, like Gecko) Chrome/145.0.0.0 Safari/537.36 (compatible; meta-externalagent/1.1 (+https://developers.facebook.com/docs/sharing/webmasters/crawler))"
57.141.14.34 - - [14/Aug/2026:08:29:58 -0500] "GET /?w=13353012458 HTTP/1.1" 200 57694 "-" "Mozilla/5.0 (Windows NT 10.0; Win64; x64) AppleWebKit/537.36 (KHTML, like Gecko) Chrome/145.0.0.0 Safari/537.36 (compatible; meta-externalagent/1.1 (+https://developers.facebook.com/docs/sharing/webmasters/crawler))"
57.141.14.84 - - [14/Aug/2026:08:29:59 -0500] "GET /?x=64755671290 HTTP/1.1" 200 82322 "-" "Mozilla/5.0 (X11; Linux x86_64) AppleWebKit/537.36 (KHTML, like Gecko) Chrome/145.0.0.0 Safari/537.36 (compatible; meta-externalagent/1.1 (+https://developers.facebook.com/docs/sharing/webmasters/crawler))"
57.141.14.113 - - [14/Aug/2026:08:30:00 -0500] "GET /?z=96082523598 HTTP/1.1" 200 82322 "-" "Mozilla/5.0 (Macintosh; Intel Mac OS X 10_15_7) AppleWebKit/537.36 (KHTML, like Gecko) Chrome/145.0.0.0 Safari/537.36 (compatible; meta-externalagent/1.1 (+https://developers.facebook.com/docs/sharing/webmasters/crawler))"
179.159.208.168 - - [14/Aug/2026:08:30:01 -0500] "POST /xmlrpc.php HTTP/1.1" 200 6095 "-" "Jetpack by WordPress.com (Jetpack 12.1; WordPress 6.1)"
57.141.14.78 - - [14/Aug/2026:08:30:01 -0500] "GET /?j=44493939798 HTTP/1.1" 200 82322 "-" "Mozilla/5.0 (Macintosh; Intel Mac OS X 10_15_7) AppleWebKit/537.36 (KHTML, like Gecko) Chrome/145.0.0.0 Safari/537.36 (compatible; meta-externalagent/1.1 (+https://developers.facebook.com/docs/sharing/webmasters/crawler))"
57.141.14.114 - - [14/Aug/2026:08:30:01 -0500] "GET /search/35801851380/feed/rss2/ HTTP/1.1" 200 6856 "-" "Mozilla/5.0 (Windows NT 10.0; Win64; x64) AppleWebKit/537.36 (KHTML, like Gecko) Chrome/145.0.0.0 Safari/537.36 (compatible; meta-externalagent/1.1 (+https://developers.facebook.com/docs/sharing/webmasters/crawler))"
57.141.14.77 - - [14/Aug/2026:08:30:05 -0500] "GET /?g=35972483220 HTTP/1.1" 200 82322 "-" "Mozilla/5.0 (Windows NT 10.0; Win64; x64) AppleWebKit/537.36 (KHTML, like Gecko) Chrome/145.0.0.0 Safari/537.36 (compatible; meta-externalagent/1.1 (+https://developers.facebook.com/docs/sharing/webmasters/crawler))"
57.141.14.18 - - [14/Aug/2026:08:30:07 -0500] "GET /?x=52889298654 HTTP/1.1" 200 82322 "-" "Mozilla/5.0 (Windows NT 10.0; Win64; x64) AppleWebKit/537.36 (KHTML, like Gecko) Chrome/145.0.0.0 Safari/537.36 (compatible; meta-externalagent/1.1 (+https://developers.facebook.com/docs/sharing/webmasters/crawler))"
114.119.158.204 - - [14/Aug/2026:08:30:08 -0500] "GET /?z=94623820729 HTTP/1.1" 200 70437 "https://quizena.com.co/?z=94623820729" "Mozilla/5.0 (Linux; Android 7.0;) AppleWebKit/537.36 (HTML, like Gecko) Mobile Safari/537.36 (compatible; PetalBot;+https://webmaster.petalsearch.com/site/petalbot)"
57.141.14.54 - - [14/Aug/2026:08:30:09 -0500] "GET /?o=75965760512 HTTP/1.1" 200 82322 "-" "Mozilla/5.0 (Macintosh; Intel Mac OS X 10_15_7) AppleWebKit/537.36 (KHTML, like Gecko) Chrome/145.0.0.0 Safari/537.36 (compatible; meta-externalagent/1.1 (+https://developers.facebook.com/docs/sharing/webmasters/crawler))"
57.141.14.21 - - [14/Aug/2026:08:30:10 -0500] "GET /?p=52571781731 HTTP/1.1" 200 57694 "-" "Mozilla/5.0 (Windows NT 10.0; Win64; x64) AppleWebKit/537.36 (KHTML, like Gecko) Chrome/145.0.0.0 Safari/537.36 (compatible; meta-externalagent/1.1 (+https://developers.facebook.com/docs/sharing/webmasters/crawler))"
179.159.208.168 - - [14/Aug/2026:08:30:12 -0500] "POST /xmlrpc.php HTTP/1.1" 200 6095 "-" "WordPress.com; https://wordpress.com"
57.141.14.33 - - [14/Aug/2026:08:30:14 -0500] "GET /?j=36105407880 HTTP/1.1" 200 82322 "-" "Mozilla/5.0 (Macintosh; Intel Mac OS X 10_15_7) AppleWebKit/537.36 (KHTML, like Gecko) Chrome/145.0.0.0 Safari/537.36 (compatible; meta-externalagent/1.1 (+https://developers.facebook.com/docs/sharing/webmasters/crawler))"
57.141.14.75 - - [14/Aug/2026:08:30:14 -0500] "GET /?w=43099783005 HTTP/1.1" 200 57694 "-" "Mozilla/5.0 (Macintosh; Intel Mac OS X 10_15_7) AppleWebKit/537.36 (KHTML, like Gecko) Chrome/145.0.0.0 Safari/537.36 (compatible; meta-externalagent/1.1 (+https://developers.facebook.com/docs/sharing/webmasters/crawler))"
57.141.14.88 - - [14/Aug/2026:08:30:18 -0500] "GET /?t=65367657280 HTTP/1.1" 200 82322 "-" "Mozilla/5.0 (Windows NT 10.0; Win64; x64) AppleWebKit/537.36 (KHTML, like Gecko) Chrome/145.0.0.0 Safari/537.36 (compatible; meta-externalagent/1.1 (+https://developers.facebook.com/docs/sharing/webmasters/crawler))"
57.141.14.39 - - [14/Aug/2026:08:30:19 -0500] "GET /?p=33777395780 HTTP/1.1" 200 57694 "-" "Mozilla/5.0 (Windows NT 10.0; Win64; x64) AppleWebKit/537.36 (KHTML, like Gecko) Chrome/145.0.0.0 Safari/537.36 (compatible; meta-externalagent/1.1 (+https://developers.facebook.com/docs/sharing/webmasters/crawler))"
179.159.208.168 - - [14/Aug/2026:08:30:22 -0500] "POST /xmlrpc.php HTTP/1.1" 200 6095 "-" "WordPress.com; https://wordpress.com"
57.141.14.42 - - [14/Aug/2026:08:30:24 -0500] "GET /?x=72905446023 HTTP/1.1" 200 82322 "-" "Mozilla/5.0 (Windows NT 10.0; Win64; x64) AppleWebKit/537.36 (KHTML, like Gecko) Chrome/145.0.0.0 Safari/537.36 (compatible; meta-externalagent/1.1 (+https://developers.facebook.com/docs/sharing/webmasters/crawler))"
57.141.14.89 - - [14/Aug/2026:08:30:31 -0500] "GET /?g=62885821049 HTTP/1.1" 200 82322 "-" "Mozilla/5.0 (Windows NT 10.0; Win64; x64) AppleWebKit/537.36 (KHTML, like Gecko) Chrome/145.0.0.0 Safari/537.36 (compatible; meta-externalagent/1.1 (+https://developers.facebook.com/docs/sharing/webmasters/crawler))"
179.159.208.168 - - [14/Aug/2026:08:30:33 -0500] "POST /xmlrpc.php HTTP/1.1" 200 6095 "-" "Jetpack/12.1; WordPress/6.4; http://site34881789.com"
57.141.14.84 - - [14/Aug/2026:08:30:34 -0500] "GET /?l=25984715767 HTTP/1.1" 200 82322 "-" "Mozilla/5.0 (Windows NT 10.0; Win64; x64) AppleWebKit/537.36 (KHTML, like Gecko) Chrome/145.0.0.0 Safari/537.36 (compatible; meta-externalagent/1.1 (+https://developers.facebook.com/docs/sharing/webmasters/crawler))"
57.141.14.91 - - [14/Aug/2026:08:30:35 -0500] "GET /?l=86194229457 HTTP/1.1" 200 82322 "-" "Mozilla/5.0 (Macintosh; Intel Mac OS X 10_15_7) AppleWebKit/537.36 (KHTML, like Gecko) Chrome/145.0.0.0 Safari/537.36 (compatible; meta-externalagent/1.1 (+https://developers.facebook.com/docs/sharing/webmasters/crawler))"
57.141.14.79 - - [14/Aug/2026:08:30:37 -0500] "GET /?e=75081033826 HTTP/1.1" 200 82322 "-" "Mozilla/5.0 (Windows NT 10.0; Win64; x64) AppleWebKit/537.36 (KHTML, like Gecko) Chrome/145.0.0.0 Safari/537.36 (compatible; meta-externalagent/1.1 (+https://developers.facebook.com/docs/sharing/webmasters/crawler))"
57.141.14.20 - - [14/Aug/2026:08:30:38 -0500] "GET /?i=45913187880 HTTP/1.1" 200 82322 "-" "Mozilla/5.0 (Windows NT 10.0; Win64; x64) AppleWebKit/537.36 (KHTML, like Gecko) Chrome/145.0.0.0 Safari/537.36 (compatible; meta-externalagent/1.1 (+https://developers.facebook.com/docs/sharing/webmasters/crawler))"
57.141.14.82 - - [14/Aug/2026:08:30:41 -0500] "GET /?h=34301666241 HTTP/1.1" 200 82322 "-" "Mozilla/5.0 (Windows NT 10.0; Win64; x64) AppleWebKit/537.36 (KHTML, like Gecko) Chrome/145.0.0.0 Safari/537.36 (compatible; meta-externalagent/1.1 (+https://developers.facebook.com/docs/sharing/webmasters/crawler))"
179.159.208.168 - - [14/Aug/2026:08:30:43 -0500] "POST /xmlrpc.php HTTP/1.1" 200 6095 "-" "Jetpack by WordPress.com (Jetpack 12.5; WordPress 6.1)"
57.141.14.103 - - [14/Aug/2026:08:30:43 -0500] "GET /?o=73068974665 HTTP/1.1" 200 82322 "-" "Mozilla/5.0 (Windows NT 10.0; Win64; x64) AppleWebKit/537.36 (KHTML, like Gecko) Chrome/145.0.0.0 Safari/537.36 (compatible; meta-externalagent/1.1 (+https://developers.facebook.com/docs/sharing/webmasters/crawler))"
57.141.14.64 - - [14/Aug/2026:08:30:45 -0500] "GET /?c=93867313014 HTTP/1.1" 200 82322 "-" "Mozilla/5.0 (X11; Linux x86_64) AppleWebKit/537.36 (KHTML, like Gecko) Chrome/145.0.0.0 Safari/537.36 (compatible; meta-externalagent/1.1 (+https://developers.facebook.com/docs/sharing/webmasters/crawler))"
57.141.14.86 - - [14/Aug/2026:08:30:46 -0500] "GET /?j=63083364178 HTTP/1.1" 200 82322 "-" "Mozilla/5.0 (Windows NT 10.0; Win64; x64) AppleWebKit/537.36 (KHTML, like Gecko) Chrome/145.0.0.0 Safari/537.36 (compatible; meta-externalagent/1.1 (+https://developers.facebook.com/docs/sharing/webmasters/crawler))"
57.141.14.27 - - [14/Aug/2026:08:30:50 -0500] "GET /?e=42661193343 HTTP/1.1" 200 82322 "-" "Mozilla/5.0 (Macintosh; Intel Mac OS X 10_15_7) AppleWebKit/537.36 (KHTML, like Gecko) Chrome/145.0.0.0 Safari/537.36 (compatible; meta-externalagent/1.1 (+https://developers.facebook.com/docs/sharing/webmasters/crawler))"
179.159.208.168 - - [14/Aug/2026:08:30:53 -0500] "POST /xmlrpc.php HTTP/1.1" 200 6095 "-" "Jetpack by WordPress.com"
57.141.14.106 - - [14/Aug/2026:08:30:53 -0500] "GET /?z=63283479758 HTTP/1.1" 200 82322 "-" "Mozilla/5.0 (Windows NT 10.0; Win64; x64) AppleWebKit/537.36 (KHTML, like Gecko) Chrome/145.0.0.0 Safari/537.36 (compatible; meta-externalagent/1.1 (+https://developers.facebook.com/docs/sharing/webmasters/crawler))"
57.141.14.41 - - [14/Aug/2026:08:30:55 -0500] "GET /?y=93448705159 HTTP/1.1" 200 82322 "-" "Mozilla/5.0 (X11; Linux x86_64) AppleWebKit/537.36 (KHTML, like Gecko) Chrome/145.0.0.0 Safari/537.36 (compatible; meta-externalagent/1.1 (+https://developers.facebook.com/docs/sharing/webmasters/crawler))"
57.141.14.34 - - [14/Aug/2026:08:31:00 -0500] "GET /?t=35807306613 HTTP/1.1" 200 82322 "-" "Mozilla/5.0 (X11; Linux x86_64) AppleWebKit/537.36 (KHTML, like Gecko) Chrome/145.0.0.0 Safari/537.36 (compatible; meta-externalagent/1.1 (+https://developers.facebook.com/docs/sharing/webmasters/crawler))"
179.159.208.168 - - [14/Aug/2026:08:31:04 -0500] "POST /xmlrpc.php HTTP/1.1" 200 6095 "-" "WordPress.com; https://wordpress.com"
57.141.14.108 - - [14/Aug/2026:08:31:08 -0500] "GET /?r=44492484497 HTTP/1.1" 200 82322 "-" "Mozilla/5.0 (Windows NT 10.0; Win64; x64) AppleWebKit/537.36 (KHTML, like Gecko) Chrome/145.0.0.0 Safari/537.36 (compatible; meta-externalagent/1.1 (+https://developers.facebook.com/docs/sharing/webmasters/crawler))"
57.141.14.67 - - [14/Aug/2026:08:31:10 -0500] "GET /?h=22266050482 HTTP/1.1" 200 82322 "-" "Mozilla/5.0 (Macintosh; Intel Mac OS X 10_15_7) AppleWebKit/537.36 (KHTML, like Gecko) Chrome/145.0.0.0 Safari/537.36 (compatible; meta-externalagent/1.1 (+https://developers.facebook.com/docs/sharing/webmasters/crawler))"
57.141.14.79 - - [14/Aug/2026:08:31:13 -0500] "GET /?k=73901717757 HTTP/1.1" 200 82322 "-" "Mozilla/5.0 (Windows NT 10.0; Win64; x64) AppleWebKit/537.36 (KHTML, like Gecko) Chrome/145.0.0.0 Safari/537.36 (compatible; meta-externalagent/1.1 (+https://developers.facebook.com/docs/sharing/webmasters/crawler))"
179.159.208.168 - - [14/Aug/2026:08:31:14 -0500] "POST /xmlrpc.php HTTP/1.1" 200 6095 "-" "Jetpack/13.0; WordPress/6.2; http://site97453182.com"
57.141.14.92 - - [14/Aug/2026:08:31:15 -0500] "GET /?k=22272084646 HTTP/1.1" 200 82322 "-" "Mozilla/5.0 (X11; Linux x86_64) AppleWebKit/537.36 (KHTML, like Gecko) Chrome/145.0.0.0 Safari/537.36 (compatible; meta-externalagent/1.1 (+https://developers.facebook.com/docs/sharing/webmasters/crawler))"
57.141.14.106 - - [14/Aug/2026:08:31:19 -0500] "GET /?z=13383236020 HTTP/1.1" 200 82322 "-" "Mozilla/5.0 (Macintosh; Intel Mac OS X 10_15_7) AppleWebKit/537.36 (KHTML, like Gecko) Chrome/145.0.0.0 Safari/537.36 (compatible; meta-externalagent/1.1 (+https://developers.facebook.com/docs/sharing/webmasters/crawler))"
57.141.14.67 - - [14/Aug/2026:08:31:21 -0500] "GET /?x=12678567883 HTTP/1.1" 200 82322 "-" "Mozilla/5.0 (X11; Linux x86_64) AppleWebKit/537.36 (KHTML, like Gecko) Chrome/145.0.0.0 Safari/537.36 (compatible; meta-externalagent/1.1 (+https://developers.facebook.com/docs/sharing/webmasters/crawler))"
57.141.14.101 - - [14/Aug/2026:08:31:22 -0500] "GET /?f=14222933165 HTTP/1.1" 200 82322 "-" "Mozilla/5.0 (Windows NT 10.0; Win64; x64) AppleWebKit/537.36 (KHTML, like Gecko) Chrome/145.0.0.0 Safari/537.36 (compatible; meta-externalagent/1.1 (+https://developers.facebook.com/docs/sharing/webmasters/crawler))"
179.159.208.168 - - [14/Aug/2026:08:31:25 -0500] "POST /xmlrpc.php HTTP/1.1" 200 6095 "-" "WordPress.com; https://wordpress.com"
57.141.14.54 - - [14/Aug/2026:08:31:27 -0500] "GET /?y=43772416631 HTTP/1.1" 200 82322 "-" "Mozilla/5.0 (Windows NT 10.0; Win64; x64) AppleWebKit/537.36 (KHTML, like Gecko) Chrome/145.0.0.0 Safari/537.36 Edg/145.0.0.0 (compatible; meta-externalagent/1.1 (+https://developers.facebook.com/docs/sharing/webmasters/crawler))"
57.141.14.96 - - [14/Aug/2026:08:31:29 -0500] "GET /?k=56223273913 HTTP/1.1" 200 82322 "-" "Mozilla/5.0 (Macintosh; Intel Mac OS X 10_15_7) AppleWebKit/537.36 (KHTML, like Gecko) Chrome/145.0.0.0 Safari/537.36 (compatible; meta-externalagent/1.1 (+https://developers.facebook.com/docs/sharing/webmasters/crawler))"
114.119.158.204 - - [14/Aug/2026:08:31:31 -0500] "GET /?d=75196553184 HTTP/1.1" 200 70437 "https://quizena.com.co/?d=75196553184" "Mozilla/5.0 (Linux; Android 7.0;) AppleWebKit/537.36 (HTML, like Gecko) Mobile Safari/537.36 (compatible; PetalBot;+https://webmaster.petalsearch.com/site/petalbot)"
57.141.14.59 - - [14/Aug/2026:08:31:31 -0500] "GET /?g=34742187588 HTTP/1.1" 200 82322 "-" "Mozilla/5.0 (Windows NT 10.0; Win64; x64) AppleWebKit/537.36 (KHTML, like Gecko) Chrome/145.0.0.0 Safari/537.36 (compatible; meta-externalagent/1.1 (+https://developers.facebook.com/docs/sharing/webmasters/crawler))"
179.159.208.168 - - [14/Aug/2026:08:31:35 -0500] "POST /xmlrpc.php HTTP/1.1" 200 6095 "-" "Jetpack by WordPress.com (Jetpack 12.1; WordPress 6.2)"
57.141.8.15 - - [14/Aug/2026:08:31:37 -0500] "GET / HTTP/1.1" 200 82322 "-" "facebookexternalhit/1.1 (+http://www.facebook.com/externalhit_uatext.php)"
57.141.14.113 - - [14/Aug/2026:08:31:38 -0500] "GET /?t=53410930422 HTTP/1.1" 200 82322 "-" "Mozilla/5.0 (Windows NT 10.0; Win64; x64) AppleWebKit/537.36 (KHTML, like Gecko) Chrome/145.0.0.0 Safari/537.36 (compatible; meta-externalagent/1.1 (+https://developers.facebook.com/docs/sharing/webmasters/crawler))"
57.141.14.34 - - [14/Aug/2026:08:31:42 -0500] "GET /?y=44239542982 HTTP/1.1" 200 82322 "-" "Mozilla/5.0 (Windows NT 10.0; Win64; x64) AppleWebKit/537.36 (KHTML, like Gecko) Chrome/145.0.0.0 Safari/537.36 Edg/145.0.0.0 (compatible; meta-externalagent/1.1 (+https://developers.facebook.com/docs/sharing/webmasters/crawler))"
57.141.14.71 - - [14/Aug/2026:08:31:43 -0500] "GET /?w=24576179029 HTTP/1.1" 200 57694 "-" "Mozilla/5.0 (Macintosh; Intel Mac OS X 10_15_7) AppleWebKit/537.36 (KHTML, like Gecko) Chrome/145.0.0.0 Safari/537.36 (compatible; meta-externalagent/1.1 (+https://developers.facebook.com/docs/sharing/webmasters/crawler))"
179.159.208.168 - - [14/Aug/2026:08:31:46 -0500] "POST /xmlrpc.php HTTP/1.1" 200 6095 "-" "Jetpack/12.0; WordPress/6.4; http://site26569141.com"
57.141.14.15 - - [14/Aug/2026:08:31:50 -0500] "GET /?a=43671948989 HTTP/1.1" 200 82322 "-" "Mozilla/5.0 (Windows NT 10.0; Win64; x64) AppleWebKit/537.36 (KHTML, like Gecko) Chrome/145.0.0.0 Safari/537.36 (compatible; meta-externalagent/1.1 (+https://developers.facebook.com/docs/sharing/webmasters/crawler))"
57.141.14.91 - - [14/Aug/2026:08:31:50 -0500] "GET /?l=52390450437 HTTP/1.1" 200 82322 "-" "Mozilla/5.0 (Macintosh; Intel Mac OS X 10_15_7) AppleWebKit/537.36 (KHTML, like Gecko) Chrome/145.0.0.0 Safari/537.36 (compatible; meta-externalagent/1.1 (+https://developers.facebook.com/docs/sharing/webmasters/crawler))"
57.141.14.53 - - [14/Aug/2026:08:31:54 -0500] "GET /?z=33977063524 HTTP/1.1" 200 82322 "-" "Mozilla/5.0 (Macintosh; Intel Mac OS X 10_15_7) AppleWebKit/537.36 (KHTML, like Gecko) Chrome/145.0.0.0 Safari/537.36 (compatible; meta-externalagent/1.1 (+https://developers.facebook.com/docs/sharing/webmasters/crawler))"
57.141.14.66 - - [14/Aug/2026:08:31:55 -0500] "GET /?g=13005963971 HTTP/1.1" 200 82322 "-" "Mozilla/5.0 (Windows NT 10.0; Win64; x64) AppleWebKit/537.36 (KHTML, like Gecko) Chrome/145.0.0.0 Safari/537.36 (compatible; meta-externalagent/1.1 (+https://developers.facebook.com/docs/sharing/webmasters/crawler))"
179.159.208.168 - - [14/Aug/2026:08:31:56 -0500] "POST /xmlrpc.php HTTP/1.1" 200 6095 "-" "Jetpack by WordPress.com"
