162.214.115.43 - - [14/Aug/2026:08:39:44 -0500] "POST /wp-cron.php?doing_wp_cron=1786714784.0348908901214599609375 HTTP/1.1" 200 - "https://quizena.com.co/wp-cron.php?doing_wp_cron=1786714784.0348908901214599609375" "WordPress/6.0.14; https://quizena.com.co"
45.227.253.162 - - [14/Aug/2026:08:39:43 -0500] "GET /slapperzz-trusted-reliable-protection-solutions-now/ HTTP/1.1" 200 106370 "-" "Mozilla/5.0 (Windows NT 10.0; Win64; x64) AppleWebKit/537.36 (KHTML, like Gecko) Chrome/124.0.0.0 Safari/537.36"
176.126.104.155 - - [14/Aug/2026:08:39:45 -0500] "POST /xmlrpc.php HTTP/1.1" 200 17477 "-" "Mozilla/5.0 (Windows NT 10.0; Win64; x64) AppleWebKit/537.36 (KHTML, like Gecko) Chrome/124.0.0.0 Safari/537.36"
176.126.104.155 - - [14/Aug/2026:08:39:46 -0500] "POST /xmlrpc.php HTTP/1.1" 200 178 "-" "Mozilla/5.0 (Windows NT 10.0; Win64; x64; rv:133.0) Gecko/20100101 Firefox/133.0"
162.214.115.43 - - [14/Aug/2026:08:39:47 -0500] "POST /wp-cron.php?doing_wp_cron=1786714787.2892720699310302734375 HTTP/1.1" 200 - "https://quizena.com.co/wp-cron.php?doing_wp_cron=1786714787.2892720699310302734375" "WordPress/6.0.14; https://quizena.com.co"
45.227.253.162 - - [14/Aug/2026:08:39:47 -0500] "GET /monro-reopen-account-get-back-to-trading-now/ HTTP/1.1" 200 75801 "-" "Mozilla/5.0 (Macintosh; Intel Mac OS X 10_15_7) AppleWebKit/605.1.15 (KHTML, like Gecko) Version/18.0 Safari/605.1.15"
57.141.14.20 - - [14/Aug/2026:08:39:47 -0500] "GET /?i=43385003562 HTTP/1.1" 200 82322 "-" "Mozilla/5.0 (Windows NT 10.0; Win64; x64) AppleWebKit/537.36 (KHTML, like Gecko) Chrome/145.0.0.0 Safari/537.36 (compatible; meta-externalagent/1.1 (+https://developers.facebook.com/docs/sharing/webmasters/crawler))"
176.126.104.155 - - [14/Aug/2026:08:39:48 -0500] "POST /xmlrpc.php HTTP/1.1" 200 16888 "-" "Mozilla/5.0 (Windows NT 10.0; Win64; x64; rv:133.0) Gecko/20100101 Firefox/133.0"
176.126.104.155 - - [14/Aug/2026:08:39:49 -0500] "POST /xmlrpc.php HTTP/1.1" 200 178 "-" "Mozilla/5.0 (Macintosh; Intel Mac OS X 10_15_7) AppleWebKit/605.1.15 (KHTML, like Gecko) Version/18.0 Safari/605.1.15"
162.214.115.43 - - [14/Aug/2026:08:39:51 -0500] "POST /wp-cron.php?doing_wp_cron=1786714791.1309840679168701171875 HTTP/1.1" 200 - "https://quizena.com.co/wp-cron.php?doing_wp_cron=1786714791.1309840679168701171875" "WordPress/6.0.14; https://quizena.com.co"
45.227.253.162 - - [14/Aug/2026:08:39:50 -0500] "GET /slotsgallery-rigged-ready-for-your-next-big-win/ HTTP/1.1" 200 75027 "-" "Mozilla/5.0 (Windows NT 10.0; Win64; x64; rv:133.0) Gecko/20100101 Firefox/133.0"
176.126.104.155 - - [14/Aug/2026:08:39:52 -0500] "POST /xmlrpc.php HTTP/1.1" 200 38528 "-" "Mozilla/5.0 (Windows NT 10.0; Win64; x64) AppleWebKit/537.36 (KHTML, like Gecko) Chrome/124.0.0.0 Safari/537.36"
176.126.104.155 - - [14/Aug/2026:08:39:53 -0500] "POST /xmlrpc.php HTTP/1.1" 200 178 "-" "Mozilla/5.0 (Windows NT 10.0; Win64; x64; rv:133.0) Gecko/20100101 Firefox/133.0"
162.214.115.43 - - [14/Aug/2026:08:39:54 -0500] "POST /wp-cron.php?doing_wp_cron=1786714794.2651259899139404296875 HTTP/1.1" 200 - "https://quizena.com.co/wp-cron.php?doing_wp_cron=1786714794.2651259899139404296875" "WordPress/6.0.14; https://quizena.com.co"
45.227.253.162 - - [14/Aug/2026:08:39:54 -0500] "GET /mirax-legal-solutions-strong-support-for-your-needs/ HTTP/1.1" 200 91744 "-" "Mozilla/5.0 (Macintosh; Intel Mac OS X 10_15_7) AppleWebKit/605.1.15 (KHTML, like Gecko) Version/18.0 Safari/605.1.15"
57.141.14.52 - - [14/Aug/2026:08:39:54 -0500] "GET /?t=92590912741 HTTP/1.1" 200 82322 "-" "Mozilla/5.0 (Macintosh; Intel Mac OS X 10_15_7) AppleWebKit/537.36 (KHTML, like Gecko) Chrome/145.0.0.0 Safari/537.36 (compatible; meta-externalagent/1.1 (+https://developers.facebook.com/docs/sharing/webmasters/crawler))"
176.126.104.155 - - [14/Aug/2026:08:39:55 -0500] "POST /xmlrpc.php HTTP/1.1" 200 18569 "-" "Mozilla/5.0 (Windows NT 10.0; Win64; x64; rv:133.0) Gecko/20100101 Firefox/133.0"
176.126.104.155 - - [14/Aug/2026:08:39:56 -0500] "POST /xmlrpc.php HTTP/1.1" 200 178 "-" "Mozilla/5.0 (Windows NT 10.0; Win64; x64) AppleWebKit/537.36 (KHTML, like Gecko) Chrome/124.0.0.0 Safari/537.36"
45.227.253.162 - - [14/Aug/2026:08:39:57 -0500] "GET /sirwin-verification-pending-secure-your-access-now/ HTTP/1.1" 200 77045 "-" "Mozilla/5.0 (Macintosh; Intel Mac OS X 10_15_7) AppleWebKit/605.1.15 (KHTML, like Gecko) Version/18.0 Safari/605.1.15"
57.141.14.52 - - [14/Aug/2026:08:39:57 -0500] "GET /?c=83158301937 HTTP/1.1" 200 82322 "-" "Mozilla/5.0 (Windows NT 10.0; Win64; x64) AppleWebKit/537.36 (KHTML, like Gecko) Chrome/145.0.0.0 Safari/537.36 (compatible; meta-externalagent/1.1 (+https://developers.facebook.com/docs/sharing/webmasters/crawler))"
176.126.104.155 - - [14/Aug/2026:08:39:58 -0500] "POST /xmlrpc.php HTTP/1.1" 200 12438 "-" "Mozilla/5.0 (Windows NT 10.0; Win64; x64; rv:133.0) Gecko/20100101 Firefox/133.0"
57.141.14.103 - - [14/Aug/2026:08:39:58 -0500] "GET /?n=12759833336 HTTP/1.1" 200 82322 "-" "Mozilla/5.0 (Macintosh; Intel Mac OS X 10_15_7) AppleWebKit/537.36 (KHTML, like Gecko) Chrome/145.0.0.0 Safari/537.36 (compatible; meta-externalagent/1.1 (+https://developers.facebook.com/docs/sharing/webmasters/crawler))"
176.126.104.155 - - [14/Aug/2026:08:39:59 -0500] "POST /xmlrpc.php HTTP/1.1" 200 178 "-" "Mozilla/5.0 (Macintosh; Intel Mac OS X 10_15_7) AppleWebKit/605.1.15 (KHTML, like Gecko) Version/18.0 Safari/605.1.15"
45.227.253.162 - - [14/Aug/2026:08:39:59 -0500] "GET /needforspin-casino-online-thrills-big-wins/ HTTP/1.1" 200 71442 "-" "Mozilla/5.0 (Windows NT 10.0; Win64; x64; rv:133.0) Gecko/20100101 Firefox/133.0"
162.214.115.43 - - [14/Aug/2026:08:40:01 -0500] "POST /wp-cron.php?doing_wp_cron=1786714801.1582770347595214843750 HTTP/1.1" 200 - "https://quizena.com.co/wp-cron.php?doing_wp_cron=1786714801.1582770347595214843750" "WordPress/6.0.14; https://quizena.com.co"
176.126.104.155 - - [14/Aug/2026:08:40:01 -0500] "POST /xmlrpc.php HTTP/1.1" 200 17709 "-" "Mozilla/5.0 (Macintosh; Intel Mac OS X 10_15_7) AppleWebKit/605.1.15 (KHTML, like Gecko) Version/18.0 Safari/605.1.15"
176.126.104.155 - - [14/Aug/2026:08:40:02 -0500] "POST /xmlrpc.php HTTP/1.1" 200 178 "-" "Mozilla/5.0 (Windows NT 10.0; Win64; x64; rv:133.0) Gecko/20100101 Firefox/133.0"
45.227.253.162 - - [14/Aug/2026:08:40:02 -0500] "GET /shuffle-privacy-policy-secure-your-data-now/ HTTP/1.1" 200 76821 "-" "Mozilla/5.0 (Windows NT 10.0; Win64; x64) AppleWebKit/537.36 (KHTML, like Gecko) Chrome/124.0.0.0 Safari/537.36"
57.141.14.107 - - [14/Aug/2026:08:40:02 -0500] "GET /?s=65335374491 HTTP/1.1" 200 69776 "-" "Mozilla/5.0 (Windows NT 10.0; Win64; x64) AppleWebKit/537.36 (KHTML, like Gecko) Chrome/145.0.0.0 Safari/537.36 Edg/145.0.0.0 (compatible; meta-externalagent/1.1 (+https://developers.facebook.com/docs/sharing/webmasters/crawler))"
176.126.104.155 - - [14/Aug/2026:08:40:04 -0500] "POST /xmlrpc.php HTTP/1.1" 200 22506 "-" "Mozilla/5.0 (Windows NT 10.0; Win64; x64; rv:133.0) Gecko/20100101 Firefox/133.0"
162.214.115.43 - - [14/Aug/2026:08:40:05 -0500] "POST /wp-cron.php?doing_wp_cron=1786714805.1344170570373535156250 HTTP/1.1" 200 - "https://quizena.com.co/wp-cron.php?doing_wp_cron=1786714805.1344170570373535156250" "WordPress/6.0.14; https://quizena.com.co"
57.141.14.21 - - [14/Aug/2026:08:40:04 -0500] "GET /?o=16345175403 HTTP/1.1" 200 82322 "-" "Mozilla/5.0 (Macintosh; Intel Mac OS X 10_15_7) AppleWebKit/537.36 (KHTML, like Gecko) Chrome/145.0.0.0 Safari/537.36 (compatible; meta-externalagent/1.1 (+https://developers.facebook.com/docs/sharing/webmasters/crawler))"
176.126.104.155 - - [14/Aug/2026:08:40:05 -0500] "POST /xmlrpc.php HTTP/1.1" 200 178 "-" "Mozilla/5.0 (Windows NT 10.0; Win64; x64) AppleWebKit/537.36 (KHTML, like Gecko) Chrome/124.0.0.0 Safari/537.36"
45.227.253.162 - - [14/Aug/2026:08:40:05 -0500] "GET /mirax-crypto-secure-your-future-crypto-investment-today/ HTTP/1.1" 200 80428 "-" "Mozilla/5.0 (Windows NT 10.0; Win64; x64; rv:133.0) Gecko/20100101 Firefox/133.0"
176.126.104.155 - - [14/Aug/2026:08:40:07 -0500] "POST /xmlrpc.php HTTP/1.1" 200 16241 "-" "Mozilla/5.0 (Windows NT 10.0; Win64; x64; rv:133.0) Gecko/20100101 Firefox/133.0"
57.141.14.68 - - [14/Aug/2026:08:40:07 -0500] "GET /?a=33419292389 HTTP/1.1" 200 82322 "-" "Mozilla/5.0 (Windows NT 10.0; Win64; x64) AppleWebKit/537.36 (KHTML, like Gecko) Chrome/145.0.0.0 Safari/537.36 (compatible; meta-externalagent/1.1 (+https://developers.facebook.com/docs/sharing/webmasters/crawler))"
176.126.104.155 - - [14/Aug/2026:08:40:08 -0500] "POST /xmlrpc.php HTTP/1.1" 200 178 "-" "Mozilla/5.0 (Windows NT 10.0; Win64; x64; rv:133.0) Gecko/20100101 Firefox/133.0"
57.141.14.97 - - [14/Aug/2026:08:40:08 -0500] "GET /?s=23216368043 HTTP/1.1" 200 69776 "-" "Mozilla/5.0 (Macintosh; Intel Mac OS X 10_15_7) AppleWebKit/537.36 (KHTML, like Gecko) Chrome/145.0.0.0 Safari/537.36 (compatible; meta-externalagent/1.1 (+https://developers.facebook.com/docs/sharing/webmasters/crawler))"
162.214.115.43 - - [14/Aug/2026:08:40:09 -0500] "POST /wp-cron.php?doing_wp_cron=1786714809.4467771053314208984375 HTTP/1.1" 200 - "https://quizena.com.co/wp-cron.php?doing_wp_cron=1786714809.4467771053314208984375" "WordPress/6.0.14; https://quizena.com.co"
45.227.253.162 - - [14/Aug/2026:08:40:09 -0500] "GET /shotz-live-casino-real-money-action-thrills/ HTTP/1.1" 200 75218 "-" "Mozilla/5.0 (Windows NT 10.0; Win64; x64; rv:133.0) Gecko/20100101 Firefox/133.0"
176.126.104.155 - - [14/Aug/2026:08:40:10 -0500] "POST /xmlrpc.php HTTP/1.1" 200 17723 "-" "Mozilla/5.0 (Windows NT 10.0; Win64; x64) AppleWebKit/537.36 (KHTML, like Gecko) Chrome/124.0.0.0 Safari/537.36"
176.126.104.155 - - [14/Aug/2026:08:40:11 -0500] "POST /xmlrpc.php HTTP/1.1" 200 178 "-" "Mozilla/5.0 (Macintosh; Intel Mac OS X 10_15_7) AppleWebKit/605.1.15 (KHTML, like Gecko) Version/18.0 Safari/605.1.15"
162.214.115.43 - - [14/Aug/2026:08:40:12 -0500] "POST /wp-cron.php?doing_wp_cron=1786714812.2166640758514404296875 HTTP/1.1" 200 - "https://quizena.com.co/wp-cron.php?doing_wp_cron=1786714812.2166640758514404296875" "WordPress/6.0.14; https://quizena.com.co"
57.141.14.97 - - [14/Aug/2026:08:40:11 -0500] "GET /?o=95580932594 HTTP/1.1" 200 82322 "-" "Mozilla/5.0 (Windows NT 10.0; Win64; x64) AppleWebKit/537.36 (KHTML, like Gecko) Chrome/145.0.0.0 Safari/537.36 (compatible; meta-externalagent/1.1 (+https://developers.facebook.com/docs/sharing/webmasters/crawler))"
45.227.253.162 - - [14/Aug/2026:08:40:12 -0500] "GET /metawin-live-chat-boosts-your-sales-now/ HTTP/1.1" 200 76340 "-" "Mozilla/5.0 (Macintosh; Intel Mac OS X 10_15_7) AppleWebKit/605.1.15 (KHTML, like Gecko) Version/18.0 Safari/605.1.15"
176.126.104.155 - - [14/Aug/2026:08:40:14 -0500] "POST /xmlrpc.php HTTP/1.1" 200 2803 "-" "Mozilla/5.0 (Macintosh; Intel Mac OS X 10_15_7) AppleWebKit/605.1.15 (KHTML, like Gecko) Version/18.0 Safari/605.1.15"
57.141.14.114 - - [14/Aug/2026:08:40:14 -0500] "GET /?x=22286836760 HTTP/1.1" 200 82322 "-" "Mozilla/5.0 (Windows NT 10.0; Win64; x64) AppleWebKit/537.36 (KHTML, like Gecko) Chrome/145.0.0.0 Safari/537.36 (compatible; meta-externalagent/1.1 (+https://developers.facebook.com/docs/sharing/webmasters/crawler))"
176.126.104.155 - - [14/Aug/2026:08:40:15 -0500] "POST /xmlrpc.php HTTP/1.1" 200 178 "-" "Mozilla/5.0 (Macintosh; Intel Mac OS X 10_15_7) AppleWebKit/605.1.15 (KHTML, like Gecko) Version/18.0 Safari/605.1.15"
57.141.14.26 - - [14/Aug/2026:08:40:15 -0500] "GET /?a=83730850662 HTTP/1.1" 200 82322 "-" "Mozilla/5.0 (Windows NT 10.0; Win64; x64) AppleWebKit/537.36 (KHTML, like Gecko) Chrome/145.0.0.0 Safari/537.36 (compatible; meta-externalagent/1.1 (+https://developers.facebook.com/docs/sharing/webmasters/crawler))"
45.227.253.162 - - [14/Aug/2026:08:40:15 -0500] "GET /get-pub-bonus-codes-now-for-your-next-big-win/ HTTP/1.1" 200 63031 "-" "Mozilla/5.0 (Windows NT 10.0; Win64; x64) AppleWebKit/537.36 (KHTML, like Gecko) Chrome/124.0.0.0 Safari/537.36"
57.141.14.79 - - [14/Aug/2026:08:40:16 -0500] "GET /?n=24030180624 HTTP/1.1" 200 82322 "-" "Mozilla/5.0 (Macintosh; Intel Mac OS X 10_15_7) AppleWebKit/537.36 (KHTML, like Gecko) Chrome/145.0.0.0 Safari/537.36 (compatible; meta-externalagent/1.1 (+https://developers.facebook.com/docs/sharing/webmasters/crawler))"
176.126.104.155 - - [14/Aug/2026:08:40:17 -0500] "POST /xmlrpc.php HTTP/1.1" 200 16550 "-" "Mozilla/5.0 (Windows NT 10.0; Win64; x64) AppleWebKit/537.36 (KHTML, like Gecko) Chrome/124.0.0.0 Safari/537.36"
176.126.104.155 - - [14/Aug/2026:08:40:18 -0500] "POST /xmlrpc.php HTTP/1.1" 200 178 "-" "Mozilla/5.0 (Windows NT 10.0; Win64; x64; rv:133.0) Gecko/20100101 Firefox/133.0"
162.214.115.43 - - [14/Aug/2026:08:40:19 -0500] "POST /wp-cron.php?doing_wp_cron=1786714819.0722820758819580078125 HTTP/1.1" 200 - "https://quizena.com.co/wp-cron.php?doing_wp_cron=1786714819.0722820758819580078125" "WordPress/6.0.14; https://quizena.com.co"
45.227.253.162 - - [14/Aug/2026:08:40:18 -0500] "GET /mirax-tax-smart-solutions-for-business-growth/ HTTP/1.1" 200 75669 "-" "Mozilla/5.0 (Windows NT 10.0; Win64; x64; rv:133.0) Gecko/20100101 Firefox/133.0"
176.126.104.155 - - [14/Aug/2026:08:40:20 -0500] "POST /xmlrpc.php HTTP/1.1" 200 20395 "-" "Mozilla/5.0 (Windows NT 10.0; Win64; x64) AppleWebKit/537.36 (KHTML, like Gecko) Chrome/124.0.0.0 Safari/537.36"
57.141.14.90 - - [14/Aug/2026:08:40:20 -0500] "GET /?p=96036318486 HTTP/1.1" 200 57694 "-" "Mozilla/5.0 (Macintosh; Intel Mac OS X 10_15_7) AppleWebKit/537.36 (KHTML, like Gecko) Chrome/145.0.0.0 Safari/537.36 (compatible; meta-externalagent/1.1 (+https://developers.facebook.com/docs/sharing/webmasters/crawler))"
176.126.104.155 - - [14/Aug/2026:08:40:21 -0500] "POST /xmlrpc.php HTTP/1.1" 200 178 "-" "Mozilla/5.0 (Windows NT 10.0; Win64; x64) AppleWebKit/537.36 (KHTML, like Gecko) Chrome/124.0.0.0 Safari/537.36"
162.214.115.43 - - [14/Aug/2026:08:40:22 -0500] "POST /wp-cron.php?doing_wp_cron=1786714822.1076040267944335937500 HTTP/1.1" 200 - "https://quizena.com.co/wp-cron.php?doing_wp_cron=1786714822.1076040267944335937500" "WordPress/6.0.14; https://quizena.com.co"
45.227.253.162 - - [14/Aug/2026:08:40:21 -0500] "GET /rooli-minimum-withdrawal-low-fees-access-funds/ HTTP/1.1" 200 79087 "-" "Mozilla/5.0 (Windows NT 10.0; Win64; x64) AppleWebKit/537.36 (KHTML, like Gecko) Chrome/124.0.0.0 Safari/537.36"
176.126.104.155 - - [14/Aug/2026:08:40:23 -0500] "POST /xmlrpc.php HTTP/1.1" 200 3130 "-" "Mozilla/5.0 (Windows NT 10.0; Win64; x64; rv:133.0) Gecko/20100101 Firefox/133.0"
57.141.14.8 - - [14/Aug/2026:08:40:23 -0500] "GET /?h=82964930038 HTTP/1.1" 200 82322 "-" "Mozilla/5.0 (Windows NT 10.0; Win64; x64) AppleWebKit/537.36 (KHTML, like Gecko) Chrome/145.0.0.0 Safari/537.36 (compatible; meta-externalagent/1.1 (+https://developers.facebook.com/docs/sharing/webmasters/crawler))"
176.126.104.155 - - [14/Aug/2026:08:40:23 -0500] "POST /xmlrpc.php HTTP/1.1" 200 178 "-" "Mozilla/5.0 (Windows NT 10.0; Win64; x64; rv:133.0) Gecko/20100101 Firefox/133.0"
45.227.253.162 - - [14/Aug/2026:08:40:24 -0500] "GET /get-your-speedy-bonus-code-now-for-quick-rewards/ HTTP/1.1" 200 63286 "-" "Mozilla/5.0 (Windows NT 10.0; Win64; x64; rv:133.0) Gecko/20100101 Firefox/133.0"
162.214.115.43 - - [14/Aug/2026:08:40:26 -0500] "POST /wp-cron.php?doing_wp_cron=1786714826.8123500347137451171875 HTTP/1.1" 200 - "https://quizena.com.co/wp-cron.php?doing_wp_cron=1786714826.8123500347137451171875" "WordPress/6.0.14; https://quizena.com.co"
176.126.104.155 - - [14/Aug/2026:08:40:26 -0500] "POST /xmlrpc.php HTTP/1.1" 200 17514 "-" "Mozilla/5.0 (Windows NT 10.0; Win64; x64; rv:133.0) Gecko/20100101 Firefox/133.0"
176.126.104.155 - - [14/Aug/2026:08:40:27 -0500] "POST /xmlrpc.php HTTP/1.1" 200 178 "-" "Mozilla/5.0 (Macintosh; Intel Mac OS X 10_15_7) AppleWebKit/605.1.15 (KHTML, like Gecko) Version/18.0 Safari/605.1.15"
162.214.115.43 - - [14/Aug/2026:08:40:28 -0500] "POST /wp-cron.php?doing_wp_cron=1786714828.6888709068298339843750 HTTP/1.1" 200 - "https://quizena.com.co/wp-cron.php?doing_wp_cron=1786714828.6888709068298339843750" "WordPress/6.0.14; https://quizena.com.co"
45.227.253.162 - - [14/Aug/2026:08:40:28 -0500] "GET /shokki-accepted-countries-list-your-shipping-options/ HTTP/1.1" 200 76147 "-" "Mozilla/5.0 (Windows NT 10.0; Win64; x64) AppleWebKit/537.36 (KHTML, like Gecko) Chrome/124.0.0.0 Safari/537.36"
176.126.104.155 - - [14/Aug/2026:08:40:29 -0500] "POST /xmlrpc.php HTTP/1.1" 200 19240 "-" "Mozilla/5.0 (Windows NT 10.0; Win64; x64) AppleWebKit/537.36 (KHTML, like Gecko) Chrome/124.0.0.0 Safari/537.36"
176.126.104.155 - - [14/Aug/2026:08:40:30 -0500] "POST /xmlrpc.php HTTP/1.1" 200 178 "-" "Mozilla/5.0 (Windows NT 10.0; Win64; x64; rv:133.0) Gecko/20100101 Firefox/133.0"
45.227.253.162 - - [14/Aug/2026:08:40:31 -0500] "GET /spinanga-id-verification-secure-identity-check/ HTTP/1.1" 200 77517 "-" "Mozilla/5.0 (Macintosh; Intel Mac OS X 10_15_7) AppleWebKit/605.1.15 (KHTML, like Gecko) Version/18.0 Safari/605.1.15"
176.126.104.155 - - [14/Aug/2026:08:40:32 -0500] "POST /xmlrpc.php HTTP/1.1" 200 16858 "-" "Mozilla/5.0 (Macintosh; Intel Mac OS X 10_15_7) AppleWebKit/605.1.15 (KHTML, like Gecko) Version/18.0 Safari/605.1.15"
176.126.104.155 - - [14/Aug/2026:08:40:33 -0500] "POST /xmlrpc.php HTTP/1.1" 200 178 "-" "Mozilla/5.0 (Windows NT 10.0; Win64; x64) AppleWebKit/537.36 (KHTML, like Gecko) Chrome/124.0.0.0 Safari/537.36"
57.141.14.114 - - [14/Aug/2026:08:40:34 -0500] "GET /?a=43675026763 HTTP/1.1" 200 82322 "-" "Mozilla/5.0 (Macintosh; Intel Mac OS X 10_15_7) AppleWebKit/537.36 (KHTML, like Gecko) Chrome/145.0.0.0 Safari/537.36 (compatible; meta-externalagent/1.1 (+https://developers.facebook.com/docs/sharing/webmasters/crawler))"
45.227.253.162 - - [14/Aug/2026:08:40:34 -0500] "GET /shotz-best-slots-fun-play-online-now/ HTTP/1.1" 200 75725 "-" "Mozilla/5.0 (Windows NT 10.0; Win64; x64; rv:133.0) Gecko/20100101 Firefox/133.0"
176.126.104.155 - - [14/Aug/2026:08:40:35 -0500] "POST /xmlrpc.php HTTP/1.1" 200 17588 "-" "Mozilla/5.0 (Macintosh; Intel Mac OS X 10_15_7) AppleWebKit/605.1.15 (KHTML, like Gecko) Version/18.0 Safari/605.1.15"
57.141.14.37 - - [14/Aug/2026:08:40:36 -0500] "GET /?a=66321174967 HTTP/1.1" 200 82322 "-" "Mozilla/5.0 (Windows NT 10.0; Win64; x64) AppleWebKit/537.36 (KHTML, like Gecko) Chrome/145.0.0.0 Safari/537.36 (compatible; meta-externalagent/1.1 (+https://developers.facebook.com/docs/sharing/webmasters/crawler))"
176.126.104.155 - - [14/Aug/2026:08:40:36 -0500] "POST /xmlrpc.php HTTP/1.1" 200 178 "-" "Mozilla/5.0 (Windows NT 10.0; Win64; x64; rv:133.0) Gecko/20100101 Firefox/133.0"
57.141.14.75 - - [14/Aug/2026:08:40:37 -0500] "GET /?g=55928205239 HTTP/1.1" 200 82322 "-" "Mozilla/5.0 (Windows NT 10.0; Win64; x64) AppleWebKit/537.36 (KHTML, like Gecko) Chrome/145.0.0.0 Safari/537.36 (compatible; meta-externalagent/1.1 (+https://developers.facebook.com/docs/sharing/webmasters/crawler))"
45.227.253.162 - - [14/Aug/2026:08:40:37 -0500] "GET /spinanga-live-chat-instant-support-solution-now/ HTTP/1.1" 200 76136 "-" "Mozilla/5.0 (Windows NT 10.0; Win64; x64) AppleWebKit/537.36 (KHTML, like Gecko) Chrome/124.0.0.0 Safari/537.36"
162.214.115.43 - - [14/Aug/2026:08:40:38 -0500] "POST /wp-cron.php?doing_wp_cron=1786714838.9633800983428955078125 HTTP/1.1" 200 - "https://quizena.com.co/wp-cron.php?doing_wp_cron=1786714838.9633800983428955078125" "WordPress/6.0.14; https://quizena.com.co"
176.126.104.155 - - [14/Aug/2026:08:40:38 -0500] "POST /xmlrpc.php HTTP/1.1" 200 40228 "-" "Mozilla/5.0 (Windows NT 10.0; Win64; x64; rv:133.0) Gecko/20100101 Firefox/133.0"
57.141.14.52 - - [14/Aug/2026:08:40:38 -0500] "GET /?o=94640834369 HTTP/1.1" 200 82322 "-" "Mozilla/5.0 (Windows NT 10.0; Win64; x64) AppleWebKit/537.36 (KHTML, like Gecko) Chrome/145.0.0.0 Safari/537.36 (compatible; meta-externalagent/1.1 (+https://developers.facebook.com/docs/sharing/webmasters/crawler))"
176.126.104.155 - - [14/Aug/2026:08:40:39 -0500] "POST /xmlrpc.php HTTP/1.1" 200 178 "-" "Mozilla/5.0 (Windows NT 10.0; Win64; x64) AppleWebKit/537.36 (KHTML, like Gecko) Chrome/124.0.0.0 Safari/537.36"
57.141.14.28 - - [14/Aug/2026:08:40:40 -0500] "GET /?p=65533202568 HTTP/1.1" 200 57694 "-" "Mozilla/5.0 (Windows NT 10.0; Win64; x64) AppleWebKit/537.36 (KHTML, like Gecko) Chrome/145.0.0.0 Safari/537.36 (compatible; meta-externalagent/1.1 (+https://developers.facebook.com/docs/sharing/webmasters/crawler))"
45.227.253.162 - - [14/Aug/2026:08:40:40 -0500] "GET /roobet-proxy-access-reliable-secure-gaming-connection/ HTTP/1.1" 200 92757 "-" "Mozilla/5.0 (Windows NT 10.0; Win64; x64) AppleWebKit/537.36 (KHTML, like Gecko) Chrome/124.0.0.0 Safari/537.36"
176.126.104.155 - - [14/Aug/2026:08:40:41 -0500] "POST /xmlrpc.php HTTP/1.1" 200 10827 "-" "Mozilla/5.0 (Windows NT 10.0; Win64; x64) AppleWebKit/537.36 (KHTML, like Gecko) Chrome/124.0.0.0 Safari/537.36"
176.126.104.155 - - [14/Aug/2026:08:40:42 -0500] "POST /xmlrpc.php HTTP/1.1" 200 178 "-" "Mozilla/5.0 (Windows NT 10.0; Win64; x64) AppleWebKit/537.36 (KHTML, like Gecko) Chrome/124.0.0.0 Safari/537.36"
45.227.253.162 - - [14/Aug/2026:08:40:43 -0500] "GET /spinch-forgot-password-recovery-solution-simple-fix/ HTTP/1.1" 200 70076 "-" "Mozilla/5.0 (Macintosh; Intel Mac OS X 10_15_7) AppleWebKit/605.1.15 (KHTML, like Gecko) Version/18.0 Safari/605.1.15"
176.126.104.155 - - [14/Aug/2026:08:40:44 -0500] "POST /xmlrpc.php HTTP/1.1" 200 17216 "-" "Mozilla/5.0 (Windows NT 10.0; Win64; x64) AppleWebKit/537.36 (KHTML, like Gecko) Chrome/124.0.0.0 Safari/537.36"
57.141.22.46 - - [14/Aug/2026:08:40:44 -0500] "GET / HTTP/1.1" 200 82322 "-" "facebookexternalhit/1.1 (+http://www.facebook.com/externalhit_uatext.php)"
176.126.104.155 - - [14/Aug/2026:08:40:46 -0500] "POST /xmlrpc.php HTTP/1.1" 200 178 "-" "Mozilla/5.0 (Windows NT 10.0; Win64; x64) AppleWebKit/537.36 (KHTML, like Gecko) Chrome/124.0.0.0 Safari/537.36"
162.214.115.43 - - [14/Aug/2026:08:40:47 -0500] "POST /wp-cron.php?doing_wp_cron=1786714847.6763389110565185546875 HTTP/1.1" 200 - "https://quizena.com.co/wp-cron.php?doing_wp_cron=1786714847.6763389110565185546875" "WordPress/6.0.14; https://quizena.com.co"
57.141.14.98 - - [14/Aug/2026:08:40:47 -0500] "GET /?r=65596117781 HTTP/1.1" 200 82322 "-" "Mozilla/5.0 (Macintosh; Intel Mac OS X 10_15_7) AppleWebKit/537.36 (KHTML, like Gecko) Chrome/145.0.0.0 Safari/537.36 (compatible; meta-externalagent/1.1 (+https://developers.facebook.com/docs/sharing/webmasters/crawler))"
45.227.253.162 - - [14/Aug/2026:08:40:46 -0500] "GET /roobet-crazy-time-excitement-awaits-play-now/ HTTP/1.1" 200 76001 "-" "Mozilla/5.0 (Windows NT 10.0; Win64; x64) AppleWebKit/537.36 (KHTML, like Gecko) Chrome/124.0.0.0 Safari/537.36"
176.126.104.155 - - [14/Aug/2026:08:40:48 -0500] "POST /xmlrpc.php HTTP/1.1" 200 33068 "-" "Mozilla/5.0 (Macintosh; Intel Mac OS X 10_15_7) AppleWebKit/605.1.15 (KHTML, like Gecko) Version/18.0 Safari/605.1.15"
57.141.14.80 - - [14/Aug/2026:08:40:49 -0500] "GET /?l=94336646305 HTTP/1.1" 200 82322 "-" "Mozilla/5.0 (Windows NT 10.0; Win64; x64) AppleWebKit/537.36 (KHTML, like Gecko) Chrome/145.0.0.0 Safari/537.36 (compatible; meta-externalagent/1.1 (+https://developers.facebook.com/docs/sharing/webmasters/crawler))"
176.126.104.155 - - [14/Aug/2026:08:40:50 -0500] "POST /xmlrpc.php HTTP/1.1" 200 178 "-" "Mozilla/5.0 (Windows NT 10.0; Win64; x64; rv:133.0) Gecko/20100101 Firefox/133.0"
45.227.253.162 - - [14/Aug/2026:08:40:50 -0500] "GET /lunabets-safe-betting-platform-secure-reliable-play/ HTTP/1.1" 200 86956 "-" "Mozilla/5.0 (Windows NT 10.0; Win64; x64; rv:133.0) Gecko/20100101 Firefox/133.0"
176.126.104.155 - - [14/Aug/2026:08:40:51 -0500] "POST /xmlrpc.php HTTP/1.1" 200 20244 "-" "Mozilla/5.0 (Macintosh; Intel Mac OS X 10_15_7) AppleWebKit/605.1.15 (KHTML, like Gecko) Version/18.0 Safari/605.1.15"
176.126.104.155 - - [14/Aug/2026:08:40:53 -0500] "POST /xmlrpc.php HTTP/1.1" 200 178 "-" "Mozilla/5.0 (Macintosh; Intel Mac OS X 10_15_7) AppleWebKit/605.1.15 (KHTML, like Gecko) Version/18.0 Safari/605.1.15"
45.227.253.162 - - [14/Aug/2026:08:40:53 -0500] "GET /rolling-slots-privacy-policy-secure-your-data/ HTTP/1.1" 200 78636 "-" "Mozilla/5.0 (Windows NT 10.0; Win64; x64) AppleWebKit/537.36 (KHTML, like Gecko) Chrome/124.0.0.0 Safari/537.36"
162.214.115.43 - - [14/Aug/2026:08:40:55 -0500] "POST /wp-cron.php?doing_wp_cron=1786714855.1519010066986083984375 HTTP/1.1" 200 - "https://quizena.com.co/wp-cron.php?doing_wp_cron=1786714855.1519010066986083984375" "WordPress/6.0.14; https://quizena.com.co"
176.126.104.155 - - [14/Aug/2026:08:40:55 -0500] "POST /xmlrpc.php HTTP/1.1" 200 11769 "-" "Mozilla/5.0 (Macintosh; Intel Mac OS X 10_15_7) AppleWebKit/605.1.15 (KHTML, like Gecko) Version/18.0 Safari/605.1.15"
176.126.104.155 - - [14/Aug/2026:08:40:55 -0500] "POST /xmlrpc.php HTTP/1.1" 200 178 "-" "Mozilla/5.0 (Windows NT 10.0; Win64; x64; rv:133.0) Gecko/20100101 Firefox/133.0"
45.227.253.162 - - [14/Aug/2026:08:40:56 -0500] "GET /metaspins-wagering-requirements-made-simple-now/ HTTP/1.1" 200 71142 "-" "Mozilla/5.0 (Windows NT 10.0; Win64; x64) AppleWebKit/537.36 (KHTML, like Gecko) Chrome/124.0.0.0 Safari/537.36"
176.126.104.155 - - [14/Aug/2026:08:40:57 -0500] "POST /xmlrpc.php HTTP/1.1" 200 18782 "-" "Mozilla/5.0 (Windows NT 10.0; Win64; x64) AppleWebKit/537.36 (KHTML, like Gecko) Chrome/124.0.0.0 Safari/537.36"
162.214.115.43 - - [14/Aug/2026:08:40:59 -0500] "POST /wp-cron.php?doing_wp_cron=1786714859.0541090965270996093750 HTTP/1.1" 200 - "https://quizena.com.co/wp-cron.php?doing_wp_cron=1786714859.0541090965270996093750" "WordPress/6.0.14; https://quizena.com.co"
176.126.104.155 - - [14/Aug/2026:08:40:58 -0500] "POST /xmlrpc.php HTTP/1.1" 200 178 "-" "Mozilla/5.0 (Windows NT 10.0; Win64; x64) AppleWebKit/537.36 (KHTML, like Gecko) Chrome/124.0.0.0 Safari/537.36"
45.227.253.162 - - [14/Aug/2026:08:40:59 -0500] "GET /bracco-esports-achieve-victory-in-gaming/ HTTP/1.1" 200 77203 "-" "Mozilla/5.0 (Macintosh; Intel Mac OS X 10_15_7) AppleWebKit/605.1.15 (KHTML, like Gecko) Version/18.0 Safari/605.1.15"
176.126.104.155 - - [14/Aug/2026:08:41:00 -0500] "POST /xmlrpc.php HTTP/1.1" 200 13292 "-" "Mozilla/5.0 (Windows NT 10.0; Win64; x64; rv:133.0) Gecko/20100101 Firefox/133.0"
176.126.104.155 - - [14/Aug/2026:08:41:01 -0500] "POST /xmlrpc.php HTTP/1.1" 200 178 "-" "Mozilla/5.0 (Windows NT 10.0; Win64; x64) AppleWebKit/537.36 (KHTML, like Gecko) Chrome/124.0.0.0 Safari/537.36"
57.141.14.56 - - [14/Aug/2026:08:41:01 -0500] "GET /?e=94557538133 HTTP/1.1" 200 82322 "-" "Mozilla/5.0 (Windows NT 10.0; Win64; x64) AppleWebKit/537.36 (KHTML, like Gecko) Chrome/145.0.0.0 Safari/537.36 (compatible; meta-externalagent/1.1 (+https://developers.facebook.com/docs/sharing/webmasters/crawler))"
162.214.115.43 - - [14/Aug/2026:08:41:02 -0500] "POST /wp-cron.php?doing_wp_cron=1786714862.5849928855895996093750 HTTP/1.1" 200 - "https://quizena.com.co/wp-cron.php?doing_wp_cron=1786714862.5849928855895996093750" "WordPress/6.0.14; https://quizena.com.co"
45.227.253.162 - - [14/Aug/2026:08:41:02 -0500] "GET /menace-banking-secure-financial-power-now/ HTTP/1.1" 200 71979 "-" "Mozilla/5.0 (Macintosh; Intel Mac OS X 10_15_7) AppleWebKit/605.1.15 (KHTML, like Gecko) Version/18.0 Safari/605.1.15"
57.141.14.113 - - [14/Aug/2026:08:41:03 -0500] "GET /?c=84001754267 HTTP/1.1" 200 82322 "-" "Mozilla/5.0 (Macintosh; Intel Mac OS X 10_15_7) AppleWebKit/537.36 (KHTML, like Gecko) Chrome/145.0.0.0 Safari/537.36 (compatible; meta-externalagent/1.1 (+https://developers.facebook.com/docs/sharing/webmasters/crawler))"
176.126.104.155 - - [14/Aug/2026:08:41:03 -0500] "POST /xmlrpc.php HTTP/1.1" 200 3146 "-" "Mozilla/5.0 (Windows NT 10.0; Win64; x64; rv:133.0) Gecko/20100101 Firefox/133.0"
176.126.104.155 - - [14/Aug/2026:08:41:04 -0500] "POST /xmlrpc.php HTTP/1.1" 200 178 "-" "Mozilla/5.0 (Windows NT 10.0; Win64; x64) AppleWebKit/537.36 (KHTML, like Gecko) Chrome/124.0.0.0 Safari/537.36"
162.214.115.43 - - [14/Aug/2026:08:41:06 -0500] "POST /wp-cron.php?doing_wp_cron=1786714866.3550789356231689453125 HTTP/1.1" 200 - "https://quizena.com.co/wp-cron.php?doing_wp_cron=1786714866.3550789356231689453125" "WordPress/6.0.14; https://quizena.com.co"
57.141.14.84 - - [14/Aug/2026:08:41:06 -0500] "GET /?g=33405547748 HTTP/1.1" 200 82322 "-" "Mozilla/5.0 (Windows NT 10.0; Win64; x64) AppleWebKit/537.36 (KHTML, like Gecko) Chrome/145.0.0.0 Safari/537.36 (compatible; meta-externalagent/1.1 (+https://developers.facebook.com/docs/sharing/webmasters/crawler))"
45.227.253.162 - - [14/Aug/2026:08:41:05 -0500] "GET /possu-login-secure-access-solutions-for-your-needs/ HTTP/1.1" 200 63304 "-" "Mozilla/5.0 (Macintosh; Intel Mac OS X 10_15_7) AppleWebKit/605.1.15 (KHTML, like Gecko) Version/18.0 Safari/605.1.15"
176.126.104.155 - - [14/Aug/2026:08:41:07 -0500] "POST /xmlrpc.php HTTP/1.1" 200 16525 "-" "Mozilla/5.0 (Windows NT 10.0; Win64; x64; rv:133.0) Gecko/20100101 Firefox/133.0"
176.126.104.155 - - [14/Aug/2026:08:41:08 -0500] "POST /xmlrpc.php HTTP/1.1" 200 178 "-" "Mozilla/5.0 (Windows NT 10.0; Win64; x64; rv:133.0) Gecko/20100101 Firefox/133.0"
162.214.115.43 - - [14/Aug/2026:08:41:09 -0500] "POST /wp-cron.php?doing_wp_cron=1786714869.5469970703125000000000 HTTP/1.1" 200 - "https://quizena.com.co/wp-cron.php?doing_wp_cron=1786714869.5469970703125000000000" "WordPress/6.0.14; https://quizena.com.co"
45.227.253.162 - - [14/Aug/2026:08:41:09 -0500] "GET /menace-blocked-protection-guard-your-security-now/ HTTP/1.1" 200 74980 "-" "Mozilla/5.0 (Windows NT 10.0; Win64; x64; rv:133.0) Gecko/20100101 Firefox/133.0"
176.126.104.155 - - [14/Aug/2026:08:41:10 -0500] "POST /xmlrpc.php HTTP/1.1" 200 2962 "-" "Mozilla/5.0 (Windows NT 10.0; Win64; x64) AppleWebKit/537.36 (KHTML, like Gecko) Chrome/124.0.0.0 Safari/537.36"
57.141.14.18 - - [14/Aug/2026:08:41:10 -0500] "GET /?x=73426725407 HTTP/1.1" 200 82322 "-" "Mozilla/5.0 (Windows NT 10.0; Win64; x64) AppleWebKit/537.36 (KHTML, like Gecko) Chrome/145.0.0.0 Safari/537.36 (compatible; meta-externalagent/1.1 (+https://developers.facebook.com/docs/sharing/webmasters/crawler))"
176.126.104.155 - - [14/Aug/2026:08:41:11 -0500] "POST /xmlrpc.php HTTP/1.1" 200 178 "-" "Mozilla/5.0 (Windows NT 10.0; Win64; x64) AppleWebKit/537.36 (KHTML, like Gecko) Chrome/124.0.0.0 Safari/537.36"
57.141.14.68 - - [14/Aug/2026:08:41:12 -0500] "GET /?s=52249220759 HTTP/1.1" 200 69776 "-" "Mozilla/5.0 (Windows NT 10.0; Win64; x64) AppleWebKit/537.36 (KHTML, like Gecko) Chrome/145.0.0.0 Safari/537.36 Edg/145.0.0.0 (compatible; meta-externalagent/1.1 (+https://developers.facebook.com/docs/sharing/webmasters/crawler))"
45.227.253.162 - - [14/Aug/2026:08:41:12 -0500] "GET /prank-ecopayz-fun-pay-solutions-for-everyone/ HTTP/1.1" 200 63150 "-" "Mozilla/5.0 (Windows NT 10.0; Win64; x64; rv:133.0) Gecko/20100101 Firefox/133.0"
162.214.115.43 - - [14/Aug/2026:08:41:14 -0500] "POST /wp-cron.php?doing_wp_cron=1786714874.2849559783935546875000 HTTP/1.1" 200 - "https://quizena.com.co/wp-cron.php?doing_wp_cron=1786714874.2849559783935546875000" "WordPress/6.0.14; https://quizena.com.co"
176.126.104.155 - - [14/Aug/2026:08:41:14 -0500] "POST /xmlrpc.php HTTP/1.1" 200 17454 "-" "Mozilla/5.0 (Windows NT 10.0; Win64; x64; rv:133.0) Gecko/20100101 Firefox/133.0"
176.126.104.155 - - [14/Aug/2026:08:41:15 -0500] "POST /xmlrpc.php HTTP/1.1" 200 178 "-" "Mozilla/5.0 (Macintosh; Intel Mac OS X 10_15_7) AppleWebKit/605.1.15 (KHTML, like Gecko) Version/18.0 Safari/605.1.15"
162.214.115.43 - - [14/Aug/2026:08:41:16 -0500] "POST /wp-cron.php?doing_wp_cron=1786714876.1376669406890869140625 HTTP/1.1" 200 - "https://quizena.com.co/wp-cron.php?doing_wp_cron=1786714876.1376669406890869140625" "WordPress/6.0.14; https://quizena.com.co"
45.227.253.162 - - [14/Aug/2026:08:41:15 -0500] "GET /mega-dice-bitcoin-massive-payouts-high-stakes-play/ HTTP/1.1" 200 76231 "-" "Mozilla/5.0 (Windows NT 10.0; Win64; x64; rv:133.0) Gecko/20100101 Firefox/133.0"
57.141.14.19 - - [14/Aug/2026:08:41:16 -0500] "GET /?c=46198278565 HTTP/1.1" 200 82322 "-" "Mozilla/5.0 (Macintosh; Intel Mac OS X 10_15_7) AppleWebKit/537.36 (KHTML, like Gecko) Chrome/145.0.0.0 Safari/537.36 (compatible; meta-externalagent/1.1 (+https://developers.facebook.com/docs/sharing/webmasters/crawler))"
57.141.14.88 - - [14/Aug/2026:08:41:16 -0500] "GET /?m=92259511375 HTTP/1.1" 200 57694 "-" "Mozilla/5.0 (Windows NT 10.0; Win64; x64) AppleWebKit/537.36 (KHTML, like Gecko) Chrome/145.0.0.0 Safari/537.36 Edg/145.0.0.0 (compatible; meta-externalagent/1.1 (+https://developers.facebook.com/docs/sharing/webmasters/crawler))"
176.126.104.155 - - [14/Aug/2026:08:41:17 -0500] "POST /xmlrpc.php HTTP/1.1" 200 16196 "-" "Mozilla/5.0 (Windows NT 10.0; Win64; x64; rv:133.0) Gecko/20100101 Firefox/133.0"
57.141.14.41 - - [14/Aug/2026:08:41:17 -0500] "GET /?t=32391891769 HTTP/1.1" 200 82322 "-" "Mozilla/5.0 (Macintosh; Intel Mac OS X 10_15_7) AppleWebKit/537.36 (KHTML, like Gecko) Chrome/145.0.0.0 Safari/537.36 (compatible; meta-externalagent/1.1 (+https://developers.facebook.com/docs/sharing/webmasters/crawler))"
176.126.104.155 - - [14/Aug/2026:08:41:18 -0500] "POST /xmlrpc.php HTTP/1.1" 200 178 "-" "Mozilla/5.0 (Windows NT 10.0; Win64; x64; rv:133.0) Gecko/20100101 Firefox/133.0"
57.141.14.64 - - [14/Aug/2026:08:41:18 -0500] "GET /?d=45019101674 HTTP/1.1" 200 82322 "-" "Mozilla/5.0 (Macintosh; Intel Mac OS X 10_15_7) AppleWebKit/537.36 (KHTML, like Gecko) Chrome/145.0.0.0 Safari/537.36 (compatible; meta-externalagent/1.1 (+https://developers.facebook.com/docs/sharing/webmasters/crawler))"
162.214.115.43 - - [14/Aug/2026:08:41:19 -0500] "POST /wp-cron.php?doing_wp_cron=1786714879.1477949619293212890625 HTTP/1.1" 200 - "https://quizena.com.co/wp-cron.php?doing_wp_cron=1786714879.1477949619293212890625" "WordPress/6.0.14; https://quizena.com.co"
45.227.253.162 - - [14/Aug/2026:08:41:18 -0500] "GET /playbet-android-app-your-betting-companion/ HTTP/1.1" 200 75092 "-" "Mozilla/5.0 (Windows NT 10.0; Win64; x64) AppleWebKit/537.36 (KHTML, like Gecko) Chrome/124.0.0.0 Safari/537.36"
176.126.104.155 - - [14/Aug/2026:08:41:20 -0500] "POST /xmlrpc.php HTTP/1.1" 200 9957 "-" "Mozilla/5.0 (Windows NT 10.0; Win64; x64; rv:133.0) Gecko/20100101 Firefox/133.0"
57.141.14.41 - - [14/Aug/2026:08:41:20 -0500] "GET /?i=23334574551 HTTP/1.1" 200 82322 "-" "Mozilla/5.0 (Windows NT 10.0; Win64; x64) AppleWebKit/537.36 (KHTML, like Gecko) Chrome/145.0.0.0 Safari/537.36 (compatible; meta-externalagent/1.1 (+https://developers.facebook.com/docs/sharing/webmasters/crawler))"
176.126.104.155 - - [14/Aug/2026:08:41:20 -0500] "POST /xmlrpc.php HTTP/1.1" 200 178 "-" "Mozilla/5.0 (Windows NT 10.0; Win64; x64) AppleWebKit/537.36 (KHTML, like Gecko) Chrome/124.0.0.0 Safari/537.36"
162.214.115.43 - - [14/Aug/2026:08:41:21 -0500] "POST /wp-cron.php?doing_wp_cron=1786714881.6187028884887695312500 HTTP/1.1" 200 - "https://quizena.com.co/wp-cron.php?doing_wp_cron=1786714881.6187028884887695312500" "WordPress/6.0.14; https://quizena.com.co"
57.141.14.8 - - [14/Aug/2026:08:41:21 -0500] "GET /?d=44392490206 HTTP/1.1" 200 82322 "-" "Mozilla/5.0 (Macintosh; Intel Mac OS X 10_15_7) AppleWebKit/537.36 (KHTML, like Gecko) Chrome/145.0.0.0 Safari/537.36 (compatible; meta-externalagent/1.1 (+https://developers.facebook.com/docs/sharing/webmasters/crawler))"
45.227.253.162 - - [14/Aug/2026:08:41:21 -0500] "GET /fix-lunubet-deposit-failed-issues-now-secure-your-bets/ HTTP/1.1" 200 69316 "-" "Mozilla/5.0 (Windows NT 10.0; Win64; x64; rv:133.0) Gecko/20100101 Firefox/133.0"
176.126.104.155 - - [14/Aug/2026:08:41:22 -0500] "POST /xmlrpc.php HTTP/1.1" 200 35740 "-" "Mozilla/5.0 (Windows NT 10.0; Win64; x64) AppleWebKit/537.36 (KHTML, like Gecko) Chrome/124.0.0.0 Safari/537.36"
176.126.104.155 - - [14/Aug/2026:08:41:23 -0500] "POST /xmlrpc.php HTTP/1.1" 200 178 "-" "Mozilla/5.0 (Macintosh; Intel Mac OS X 10_15_7) AppleWebKit/605.1.15 (KHTML, like Gecko) Version/18.0 Safari/605.1.15"
162.214.115.43 - - [14/Aug/2026:08:41:25 -0500] "POST /wp-cron.php?doing_wp_cron=1786714885.6367740631103515625000 HTTP/1.1" 200 - "https://quizena.com.co/wp-cron.php?doing_wp_cron=1786714885.6367740631103515625000" "WordPress/6.0.14; https://quizena.com.co"
57.141.14.41 - - [14/Aug/2026:08:41:25 -0500] "GET /?z=82216830819 HTTP/1.1" 200 82322 "-" "Mozilla/5.0 (Macintosh; Intel Mac OS X 10_15_7) AppleWebKit/537.36 (KHTML, like Gecko) Chrome/145.0.0.0 Safari/537.36 (compatible; meta-externalagent/1.1 (+https://developers.facebook.com/docs/sharing/webmasters/crawler))"
45.227.253.162 - - [14/Aug/2026:08:41:24 -0500] "GET /pop-visa-quick-travel-solutions-for-your-next-trip/ HTTP/1.1" 200 89615 "-" "Mozilla/5.0 (Macintosh; Intel Mac OS X 10_15_7) AppleWebKit/605.1.15 (KHTML, like Gecko) Version/18.0 Safari/605.1.15"
176.126.104.155 - - [14/Aug/2026:08:41:26 -0500] "POST /xmlrpc.php HTTP/1.1" 200 13795 "-" "Mozilla/5.0 (Windows NT 10.0; Win64; x64) AppleWebKit/537.36 (KHTML, like Gecko) Chrome/124.0.0.0 Safari/537.36"
57.141.14.66 - - [14/Aug/2026:08:41:27 -0500] "GET /?b=42876337704 HTTP/1.1" 200 82322 "-" "Mozilla/5.0 (Windows NT 10.0; Win64; x64) AppleWebKit/537.36 (KHTML, like Gecko) Chrome/145.0.0.0 Safari/537.36 (compatible; meta-externalagent/1.1 (+https://developers.facebook.com/docs/sharing/webmasters/crawler))"
176.126.104.155 - - [14/Aug/2026:08:41:27 -0500] "POST /xmlrpc.php HTTP/1.1" 200 178 "-" "Mozilla/5.0 (Windows NT 10.0; Win64; x64) AppleWebKit/537.36 (KHTML, like Gecko) Chrome/124.0.0.0 Safari/537.36"
45.227.253.162 - - [14/Aug/2026:08:41:28 -0500] "GET /lysti-daily-bonus-daily-rewards-for-you-now/ HTTP/1.1" 200 72780 "-" "Mozilla/5.0 (Macintosh; Intel Mac OS X 10_15_7) AppleWebKit/605.1.15 (KHTML, like Gecko) Version/18.0 Safari/605.1.15"
57.141.14.41 - - [14/Aug/2026:08:41:28 -0500] "GET /?l=64778380883 HTTP/1.1" 200 82322 "-" "Mozilla/5.0 (Windows NT 10.0; Win64; x64) AppleWebKit/537.36 (KHTML, like Gecko) Chrome/145.0.0.0 Safari/537.36 (compatible; meta-externalagent/1.1 (+https://developers.facebook.com/docs/sharing/webmasters/crawler))"
176.126.104.155 - - [14/Aug/2026:08:41:29 -0500] "POST /xmlrpc.php HTTP/1.1" 200 17852 "-" "Mozilla/5.0 (Macintosh; Intel Mac OS X 10_15_7) AppleWebKit/605.1.15 (KHTML, like Gecko) Version/18.0 Safari/605.1.15"
176.126.104.155 - - [14/Aug/2026:08:41:30 -0500] "POST /xmlrpc.php HTTP/1.1" 200 178 "-" "Mozilla/5.0 (Macintosh; Intel Mac OS X 10_15_7) AppleWebKit/605.1.15 (KHTML, like Gecko) Version/18.0 Safari/605.1.15"
162.214.115.43 - - [14/Aug/2026:08:41:31 -0500] "POST /wp-cron.php?doing_wp_cron=1786714891.7649340629577636718750 HTTP/1.1" 200 - "https://quizena.com.co/wp-cron.php?doing_wp_cron=1786714891.7649340629577636718750" "WordPress/6.0.14; https://quizena.com.co"
45.227.253.162 - - [14/Aug/2026:08:41:31 -0500] "GET /powerplay-cancel-withdrawal-easy-fast-support/ HTTP/1.1" 200 76498 "-" "Mozilla/5.0 (Windows NT 10.0; Win64; x64; rv:133.0) Gecko/20100101 Firefox/133.0"
176.126.104.155 - - [14/Aug/2026:08:41:32 -0500] "POST /xmlrpc.php HTTP/1.1" 200 15826 "-" "Mozilla/5.0 (Windows NT 10.0; Win64; x64; rv:133.0) Gecko/20100101 Firefox/133.0"
176.126.104.155 - - [14/Aug/2026:08:41:33 -0500] "POST /xmlrpc.php HTTP/1.1" 200 178 "-" "Mozilla/5.0 (Macintosh; Intel Mac OS X 10_15_7) AppleWebKit/605.1.15 (KHTML, like Gecko) Version/18.0 Safari/605.1.15"
162.214.115.43 - - [14/Aug/2026:08:41:35 -0500] "POST /wp-cron.php?doing_wp_cron=1786714895.6440129280090332031250 HTTP/1.1" 200 - "https://quizena.com.co/wp-cron.php?doing_wp_cron=1786714895.6440129280090332031250" "WordPress/6.0.14; https://quizena.com.co"
45.227.253.162 - - [14/Aug/2026:08:41:34 -0500] "GET /fast-magneticslots-verification-time-solutions-now-available/ HTTP/1.1" 200 74427 "-" "Mozilla/5.0 (Macintosh; Intel Mac OS X 10_15_7) AppleWebKit/605.1.15 (KHTML, like Gecko) Version/18.0 Safari/605.1.15"
176.126.104.155 - - [14/Aug/2026:08:41:36 -0500] "POST /xmlrpc.php HTTP/1.1" 200 18539 "-" "Mozilla/5.0 (Windows NT 10.0; Win64; x64) AppleWebKit/537.36 (KHTML, like Gecko) Chrome/124.0.0.0 Safari/537.36"
57.141.14.5 - - [14/Aug/2026:08:41:36 -0500] "GET /?u=96242993042 HTTP/1.1" 200 82322 "-" "Mozilla/5.0 (Macintosh; Intel Mac OS X 10_15_7) AppleWebKit/537.36 (KHTML, like Gecko) Chrome/145.0.0.0 Safari/537.36 (compatible; meta-externalagent/1.1 (+https://developers.facebook.com/docs/sharing/webmasters/crawler))"
176.126.104.155 - - [14/Aug/2026:08:41:37 -0500] "POST /xmlrpc.php HTTP/1.1" 200 178 "-" "Mozilla/5.0 (Windows NT 10.0; Win64; x64; rv:133.0) Gecko/20100101 Firefox/133.0"
162.214.115.43 - - [14/Aug/2026:08:41:38 -0500] "POST /wp-cron.php?doing_wp_cron=1786714898.6431860923767089843750 HTTP/1.1" 200 - "https://quizena.com.co/wp-cron.php?doing_wp_cron=1786714898.6431860923767089843750" "WordPress/6.0.14; https://quizena.com.co"
45.227.253.162 - - [14/Aug/2026:08:41:38 -0500] "GET /playbet-affiliate-program-earn-big-commissions-now/ HTTP/1.1" 200 77595 "-" "Mozilla/5.0 (Macintosh; Intel Mac OS X 10_15_7) AppleWebKit/605.1.15 (KHTML, like Gecko) Version/18.0 Safari/605.1.15"
176.126.104.155 - - [14/Aug/2026:08:41:39 -0500] "POST /xmlrpc.php HTTP/1.1" 200 19804 "-" "Mozilla/5.0 (Windows NT 10.0; Win64; x64) AppleWebKit/537.36 (KHTML, like Gecko) Chrome/124.0.0.0 Safari/537.36"
57.141.14.95 - - [14/Aug/2026:08:41:39 -0500] "GET /?b=84544042482 HTTP/1.1" 200 82322 "-" "Mozilla/5.0 (Macintosh; Intel Mac OS X 10_15_7) AppleWebKit/537.36 (KHTML, like Gecko) Chrome/145.0.0.0 Safari/537.36 (compatible; meta-externalagent/1.1 (+https://developers.facebook.com/docs/sharing/webmasters/crawler))"
176.126.104.155 - - [14/Aug/2026:08:41:40 -0500] "POST /xmlrpc.php HTTP/1.1" 200 178 "-" "Mozilla/5.0 (Windows NT 10.0; Win64; x64) AppleWebKit/537.36 (KHTML, like Gecko) Chrome/124.0.0.0 Safari/537.36"
45.227.253.162 - - [14/Aug/2026:08:41:41 -0500] "GET /get-lumo-promo-codes-now-save-big-on-purchases/ HTTP/1.1" 200 77770 "-" "Mozilla/5.0 (Macintosh; Intel Mac OS X 10_15_7) AppleWebKit/605.1.15 (KHTML, like Gecko) Version/18.0 Safari/605.1.15"
176.126.104.155 - - [14/Aug/2026:08:41:43 -0500] "POST /xmlrpc.php HTTP/1.1" 200 20285 "-" "Mozilla/5.0 (Macintosh; Intel Mac OS X 10_15_7) AppleWebKit/605.1.15 (KHTML, like Gecko) Version/18.0 Safari/605.1.15"
176.126.104.155 - - [14/Aug/2026:08:41:44 -0500] "POST /xmlrpc.php HTTP/1.1" 200 178 "-" "Mozilla/5.0 (Windows NT 10.0; Win64; x64) AppleWebKit/537.36 (KHTML, like Gecko) Chrome/124.0.0.0 Safari/537.36"
45.227.253.162 - - [14/Aug/2026:08:41:45 -0500] "GET /pigmo-wager-offers-smart-betting-solutions/ HTTP/1.1" 200 78847 "-" "Mozilla/5.0 (Windows NT 10.0; Win64; x64; rv:133.0) Gecko/20100101 Firefox/133.0"
57.141.14.61 - - [14/Aug/2026:08:41:47 -0500] "GET /?n=43963340424 HTTP/1.1" 200 82322 "-" "Mozilla/5.0 (Macintosh; Intel Mac OS X 10_15_7) AppleWebKit/537.36 (KHTML, like Gecko) Chrome/145.0.0.0 Safari/537.36 (compatible; meta-externalagent/1.1 (+https://developers.facebook.com/docs/sharing/webmasters/crawler))"
176.126.104.155 - - [14/Aug/2026:08:41:47 -0500] "POST /xmlrpc.php HTTP/1.1" 200 15947 "-" "Mozilla/5.0 (Windows NT 10.0; Win64; x64; rv:133.0) Gecko/20100101 Firefox/133.0"
57.141.14.79 - - [14/Aug/2026:08:41:48 -0500] "GET /?u=65027200679 HTTP/1.1" 200 82322 "-" "Mozilla/5.0 (Macintosh; Intel Mac OS X 10_15_7) AppleWebKit/537.36 (KHTML, like Gecko) Chrome/145.0.0.0 Safari/537.36 (compatible; meta-externalagent/1.1 (+https://developers.facebook.com/docs/sharing/webmasters/crawler))"
162.214.115.43 - - [14/Aug/2026:08:41:48 -0500] "POST /wp-cron.php?doing_wp_cron=1786714908.8537380695343017578125 HTTP/1.1" 200 - "https://quizena.com.co/wp-cron.php?doing_wp_cron=1786714908.8537380695343017578125" "WordPress/6.0.14; https://quizena.com.co"
176.126.104.155 - - [14/Aug/2026:08:41:48 -0500] "POST /xmlrpc.php HTTP/1.1" 200 178 "-" "Mozilla/5.0 (Windows NT 10.0; Win64; x64) AppleWebKit/537.36 (KHTML, like Gecko) Chrome/124.0.0.0 Safari/537.36"
45.227.253.162 - - [14/Aug/2026:08:41:49 -0500] "GET /maria-responsible-gaming-play-safely-with-maria/ HTTP/1.1" 200 74356 "-" "Mozilla/5.0 (Windows NT 10.0; Win64; x64; rv:133.0) Gecko/20100101 Firefox/133.0"
176.126.104.155 - - [14/Aug/2026:08:41:51 -0500] "POST /xmlrpc.php HTTP/1.1" 200 19216 "-" "Mozilla/5.0 (Windows NT 10.0; Win64; x64; rv:133.0) Gecko/20100101 Firefox/133.0"
176.126.104.155 - - [14/Aug/2026:08:41:52 -0500] "POST /xmlrpc.php HTTP/1.1" 200 178 "-" "Mozilla/5.0 (Windows NT 10.0; Win64; x64; rv:133.0) Gecko/20100101 Firefox/133.0"
45.227.253.162 - - [14/Aug/2026:08:41:53 -0500] "GET /paf-credit-card-get-yours-now-easy-payments/ HTTP/1.1" 200 78100 "-" "Mozilla/5.0 (Windows NT 10.0; Win64; x64; rv:133.0) Gecko/20100101 Firefox/133.0"
57.141.14.19 - - [14/Aug/2026:08:41:54 -0500] "GET /?f=56395380076 HTTP/1.1" 200 82322 "-" "Mozilla/5.0 (Windows NT 10.0; Win64; x64) AppleWebKit/537.36 (KHTML, like Gecko) Chrome/145.0.0.0 Safari/537.36 (compatible; meta-externalagent/1.1 (+https://developers.facebook.com/docs/sharing/webmasters/crawler))"
176.126.104.155 - - [14/Aug/2026:08:41:54 -0500] "POST /xmlrpc.php HTTP/1.1" 200 17484 "-" "Mozilla/5.0 (Windows NT 10.0; Win64; x64; rv:133.0) Gecko/20100101 Firefox/133.0"
57.141.14.94 - - [14/Aug/2026:08:41:54 -0500] "GET /?d=76260502748 HTTP/1.1" 200 82322 "-" "Mozilla/5.0 (Macintosh; Intel Mac OS X 10_15_7) AppleWebKit/537.36 (KHTML, like Gecko) Chrome/145.0.0.0 Safari/537.36 (compatible; meta-externalagent/1.1 (+https://developers.facebook.com/docs/sharing/webmasters/crawler))"
176.126.104.155 - - [14/Aug/2026:08:41:55 -0500] "POST /xmlrpc.php HTTP/1.1" 200 178 "-" "Mozilla/5.0 (Windows NT 10.0; Win64; x64) AppleWebKit/537.36 (KHTML, like Gecko) Chrome/124.0.0.0 Safari/537.36"
45.227.253.162 - - [14/Aug/2026:08:41:56 -0500] "GET /mbit-casino-app-play-now-real-money-gaming/ HTTP/1.1" 200 76287 "-" "Mozilla/5.0 (Macintosh; Intel Mac OS X 10_15_7) AppleWebKit/605.1.15 (KHTML, like Gecko) Version/18.0 Safari/605.1.15"
176.126.104.155 - - [14/Aug/2026:08:41:57 -0500] "POST /xmlrpc.php HTTP/1.1" 200 17408 "-" "Mozilla/5.0 (Windows NT 10.0; Win64; x64) AppleWebKit/537.36 (KHTML, like Gecko) Chrome/124.0.0.0 Safari/537.36"
162.214.115.43 - - [14/Aug/2026:08:41:58 -0500] "POST /wp-cron.php?doing_wp_cron=1786714918.7577280998229980468750 HTTP/1.1" 200 - "https://quizena.com.co/wp-cron.php?doing_wp_cron=1786714918.7577280998229980468750" "WordPress/6.0.14; https://quizena.com.co"
176.126.104.155 - - [14/Aug/2026:08:41:58 -0500] "POST /xmlrpc.php HTTP/1.1" 200 178 "-" "Mozilla/5.0 (Macintosh; Intel Mac OS X 10_15_7) AppleWebKit/605.1.15 (KHTML, like Gecko) Version/18.0 Safari/605.1.15"
57.141.14.112 - - [14/Aug/2026:08:41:58 -0500] "GET /?u=52893266314 HTTP/1.1" 200 82322 "-" "Mozilla/5.0 (Windows NT 10.0; Win64; x64) AppleWebKit/537.36 (KHTML, like Gecko) Chrome/145.0.0.0 Safari/537.36 (compatible; meta-externalagent/1.1 (+https://developers.facebook.com/docs/sharing/webmasters/crawler))"
45.227.253.162 - - [14/Aug/2026:08:41:59 -0500] "GET /pelikaani-register-secure-registration-solutions-now/ HTTP/1.1" 200 76212 "-" "Mozilla/5.0 (Macintosh; Intel Mac OS X 10_15_7) AppleWebKit/605.1.15 (KHTML, like Gecko) Version/18.0 Safari/605.1.15"
176.126.104.155 - - [14/Aug/2026:08:42:00 -0500] "POST /xmlrpc.php HTTP/1.1" 200 15696 "-" "Mozilla/5.0 (Windows NT 10.0; Win64; x64; rv:133.0) Gecko/20100101 Firefox/133.0"
57.141.14.28 - - [14/Aug/2026:08:42:00 -0500] "GET /?y=85197608526 HTTP/1.1" 200 82322 "-" "Mozilla/5.0 (Macintosh; Intel Mac OS X 10_15_7) AppleWebKit/537.36 (KHTML, like Gecko) Chrome/145.0.0.0 Safari/537.36 (compatible; meta-externalagent/1.1 (+https://developers.facebook.com/docs/sharing/webmasters/crawler))"
176.126.104.155 - - [14/Aug/2026:08:42:01 -0500] "POST /xmlrpc.php HTTP/1.1" 200 178 "-" "Mozilla/5.0 (Windows NT 10.0; Win64; x64) AppleWebKit/537.36 (KHTML, like Gecko) Chrome/124.0.0.0 Safari/537.36"
45.227.253.162 - - [14/Aug/2026:08:42:02 -0500] "GET /lyllo-popular-games-fun-excitement/ HTTP/1.1" 200 74093 "-" "Mozilla/5.0 (Windows NT 10.0; Win64; x64; rv:133.0) Gecko/20100101 Firefox/133.0"
162.214.115.43 - - [14/Aug/2026:08:42:03 -0500] "POST /wp-cron.php?doing_wp_cron=1786714923.6815741062164306640625 HTTP/1.1" 200 - "https://quizena.com.co/wp-cron.php?doing_wp_cron=1786714923.6815741062164306640625" "WordPress/6.0.14; https://quizena.com.co"
176.126.104.155 - - [14/Aug/2026:08:42:03 -0500] "POST /xmlrpc.php HTTP/1.1" 200 14968 "-" "Mozilla/5.0 (Windows NT 10.0; Win64; x64; rv:133.0) Gecko/20100101 Firefox/133.0"
176.126.104.155 - - [14/Aug/2026:08:42:04 -0500] "POST /xmlrpc.php HTTP/1.1" 200 178 "-" "Mozilla/5.0 (Macintosh; Intel Mac OS X 10_15_7) AppleWebKit/605.1.15 (KHTML, like Gecko) Version/18.0 Safari/605.1.15"
162.214.115.43 - - [14/Aug/2026:08:42:05 -0500] "POST /wp-cron.php?doing_wp_cron=1786714925.5405681133270263671875 HTTP/1.1" 200 - "https://quizena.com.co/wp-cron.php?doing_wp_cron=1786714925.5405681133270263671875" "WordPress/6.0.14; https://quizena.com.co"
45.227.253.162 - - [14/Aug/2026:08:42:05 -0500] "GET /paratiisi-max-bet-maximum-winnings-available-now/ HTTP/1.1" 200 74111 "-" "Mozilla/5.0 (Windows NT 10.0; Win64; x64; rv:133.0) Gecko/20100101 Firefox/133.0"
176.126.104.155 - - [14/Aug/2026:08:42:06 -0500] "POST /xmlrpc.php HTTP/1.1" 200 21615 "-" "Mozilla/5.0 (Macintosh; Intel Mac OS X 10_15_7) AppleWebKit/605.1.15 (KHTML, like Gecko) Version/18.0 Safari/605.1.15"
57.141.14.77 - - [14/Aug/2026:08:42:06 -0500] "GET /?a=43174110346 HTTP/1.1" 200 82322 "-" "Mozilla/5.0 (Windows NT 10.0; Win64; x64) AppleWebKit/537.36 (KHTML, like Gecko) Chrome/145.0.0.0 Safari/537.36 (compatible; meta-externalagent/1.1 (+https://developers.facebook.com/docs/sharing/webmasters/crawler))"
176.126.104.155 - - [14/Aug/2026:08:42:07 -0500] "POST /xmlrpc.php HTTP/1.1" 200 178 "-" "Mozilla/5.0 (Macintosh; Intel Mac OS X 10_15_7) AppleWebKit/605.1.15 (KHTML, like Gecko) Version/18.0 Safari/605.1.15"
