216.73.216.74 - - [14/Aug/2026:07:10:35 -0500] "GET /?r=42404566899 HTTP/1.1" 200 82322 "-" "Mozilla/5.0 AppleWebKit/537.36 (KHTML, like Gecko; compatible; ClaudeBot/1.0; +claudebot@anthropic.com)"
216.73.216.74 - - [14/Aug/2026:07:10:35 -0500] "GET /?f=74577429438 HTTP/1.1" 200 82322 "-" "Mozilla/5.0 AppleWebKit/537.36 (KHTML, like Gecko; compatible; ClaudeBot/1.0; +claudebot@anthropic.com)"
216.73.216.74 - - [14/Aug/2026:07:10:35 -0500] "GET /?f=45860096378 HTTP/1.1" 200 82322 "-" "Mozilla/5.0 AppleWebKit/537.36 (KHTML, like Gecko; compatible; ClaudeBot/1.0; +claudebot@anthropic.com)"
216.73.216.74 - - [14/Aug/2026:07:10:35 -0500] "GET /?w=85577867579 HTTP/1.1" 200 57694 "-" "Mozilla/5.0 AppleWebKit/537.36 (KHTML, like Gecko; compatible; ClaudeBot/1.0; +claudebot@anthropic.com)"
216.73.216.74 - - [14/Aug/2026:07:10:35 -0500] "GET /?p=34372907784 HTTP/1.1" 200 57694 "-" "Mozilla/5.0 AppleWebKit/537.36 (KHTML, like Gecko; compatible; ClaudeBot/1.0; +claudebot@anthropic.com)"
216.73.216.74 - - [14/Aug/2026:07:10:35 -0500] "GET /?f=84993375746 HTTP/1.1" 200 82322 "-" "Mozilla/5.0 AppleWebKit/537.36 (KHTML, like Gecko; compatible; ClaudeBot/1.0; +claudebot@anthropic.com)"
216.73.216.74 - - [14/Aug/2026:07:10:35 -0500] "GET /?d=64797481112 HTTP/1.1" 200 82322 "-" "Mozilla/5.0 AppleWebKit/537.36 (KHTML, like Gecko; compatible; ClaudeBot/1.0; +claudebot@anthropic.com)"
216.73.216.74 - - [14/Aug/2026:07:10:35 -0500] "GET /?w=33765186625 HTTP/1.1" 200 57694 "-" "Mozilla/5.0 AppleWebKit/537.36 (KHTML, like Gecko; compatible; ClaudeBot/1.0; +claudebot@anthropic.com)"
216.73.216.74 - - [14/Aug/2026:07:10:35 -0500] "GET /?c=93057009434 HTTP/1.1" 200 82322 "-" "Mozilla/5.0 AppleWebKit/537.36 (KHTML, like Gecko; compatible; ClaudeBot/1.0; +claudebot@anthropic.com)"
216.73.216.74 - - [14/Aug/2026:07:10:36 -0500] "GET /?d=96128229691 HTTP/1.1" 200 82322 "-" "Mozilla/5.0 AppleWebKit/537.36 (KHTML, like Gecko; compatible; ClaudeBot/1.0; +claudebot@anthropic.com)"
216.73.216.74 - - [14/Aug/2026:07:10:36 -0500] "GET /?m=32553962933 HTTP/1.1" 200 57694 "-" "Mozilla/5.0 AppleWebKit/537.36 (KHTML, like Gecko; compatible; ClaudeBot/1.0; +claudebot@anthropic.com)"
57.141.14.54 - - [14/Aug/2026:07:10:37 -0500] "GET /?m=42925868195 HTTP/1.1" 200 57694 "-" "Mozilla/5.0 (Windows NT 10.0; Win64; x64) AppleWebKit/537.36 (KHTML, like Gecko) Chrome/145.0.0.0 Safari/537.36 (compatible; meta-externalagent/1.1 (+https://developers.facebook.com/docs/sharing/webmasters/crawler))"
57.141.14.94 - - [14/Aug/2026:07:10:39 -0500] "GET /?a=96220279942 HTTP/1.1" 200 82322 "-" "Mozilla/5.0 (Macintosh; Intel Mac OS X 10_15_7) AppleWebKit/537.36 (KHTML, like Gecko) Chrome/145.0.0.0 Safari/537.36 (compatible; meta-externalagent/1.1 (+https://developers.facebook.com/docs/sharing/webmasters/crawler))"
17.241.219.221 - - [14/Aug/2026:07:10:46 -0500] "GET /wp-includes/js/wp-emoji-release.min.js?ver=6.0.14 HTTP/1.1" 200 18617 "https://quizena.com.co/koop-onlywin-eigenaar-uw-kans-nu/" "Mozilla/5.0 (Macintosh; Intel Mac OS X 10_15_7) AppleWebKit/605.1.15 (KHTML, like Gecko) Version/17.4 Safari/605.1.15 (Applebot/0.1; +http://www.apple.com/go/applebot)"
57.141.14.8 - - [14/Aug/2026:07:10:46 -0500] "GET /?x=92748863272 HTTP/1.1" 200 82322 "-" "Mozilla/5.0 (Windows NT 10.0; Win64; x64) AppleWebKit/537.36 (KHTML, like Gecko) Chrome/145.0.0.0 Safari/537.36 (compatible; meta-externalagent/1.1 (+https://developers.facebook.com/docs/sharing/webmasters/crawler))"
216.73.216.74 - - [14/Aug/2026:07:10:47 -0500] "GET /?a=23518051097 HTTP/1.1" 200 82322 "-" "Mozilla/5.0 AppleWebKit/537.36 (KHTML, like Gecko; compatible; ClaudeBot/1.0; +claudebot@anthropic.com)"
216.73.216.74 - - [14/Aug/2026:07:10:47 -0500] "GET /?e=96018721688 HTTP/1.1" 200 82322 "-" "Mozilla/5.0 AppleWebKit/537.36 (KHTML, like Gecko; compatible; ClaudeBot/1.0; +claudebot@anthropic.com)"
17.241.219.221 - - [14/Aug/2026:07:10:47 -0500] "GET /wp-includes/css/dist/block-library/style.min.css?ver=6.0.14 HTTP/1.1" 200 88932 "https://quizena.com.co/koop-onlywin-eigenaar-uw-kans-nu/" "Mozilla/5.0 (Macintosh; Intel Mac OS X 10_15_7) AppleWebKit/605.1.15 (KHTML, like Gecko) Version/17.4 Safari/605.1.15 (Applebot/0.1; +http://www.apple.com/go/applebot)"
216.73.216.74 - - [14/Aug/2026:07:10:47 -0500] "GET /?p=13068097382 HTTP/1.1" 200 57694 "-" "Mozilla/5.0 AppleWebKit/537.36 (KHTML, like Gecko; compatible; ClaudeBot/1.0; +claudebot@anthropic.com)"
216.73.216.74 - - [14/Aug/2026:07:10:47 -0500] "GET /?l=24535691667 HTTP/1.1" 200 82322 "-" "Mozilla/5.0 AppleWebKit/537.36 (KHTML, like Gecko; compatible; ClaudeBot/1.0; +claudebot@anthropic.com)"
216.73.216.74 - - [14/Aug/2026:07:10:47 -0500] "GET /?p=55837674873 HTTP/1.1" 200 57694 "-" "Mozilla/5.0 AppleWebKit/537.36 (KHTML, like Gecko; compatible; ClaudeBot/1.0; +claudebot@anthropic.com)"
216.73.216.74 - - [14/Aug/2026:07:10:47 -0500] "GET /?f=94711080912 HTTP/1.1" 200 82322 "-" "Mozilla/5.0 AppleWebKit/537.36 (KHTML, like Gecko; compatible; ClaudeBot/1.0; +claudebot@anthropic.com)"
154.208.47.199 - - [14/Aug/2026:07:10:47 -0500] "POST /xmlrpc.php HTTP/1.1" 200 6095 "-" "Jetpack/12.1; WordPress/6.4; http://site17986771.com"
216.73.216.74 - - [14/Aug/2026:07:10:47 -0500] "GET /?f=35371525472 HTTP/1.1" 200 82322 "-" "Mozilla/5.0 AppleWebKit/537.36 (KHTML, like Gecko; compatible; ClaudeBot/1.0; +claudebot@anthropic.com)"
216.73.216.74 - - [14/Aug/2026:07:10:47 -0500] "GET /?d=94302528197 HTTP/1.1" 200 82322 "-" "Mozilla/5.0 AppleWebKit/537.36 (KHTML, like Gecko; compatible; ClaudeBot/1.0; +claudebot@anthropic.com)"
216.73.216.74 - - [14/Aug/2026:07:10:47 -0500] "GET /?d=92253213981 HTTP/1.1" 200 82322 "-" "Mozilla/5.0 AppleWebKit/537.36 (KHTML, like Gecko; compatible; ClaudeBot/1.0; +claudebot@anthropic.com)"
216.73.216.74 - - [14/Aug/2026:07:10:47 -0500] "GET /?e=72379031635 HTTP/1.1" 200 82322 "-" "Mozilla/5.0 AppleWebKit/537.36 (KHTML, like Gecko; compatible; ClaudeBot/1.0; +claudebot@anthropic.com)"
216.73.216.74 - - [14/Aug/2026:07:10:47 -0500] "GET /?e=25782714944 HTTP/1.1" 200 82322 "-" "Mozilla/5.0 AppleWebKit/537.36 (KHTML, like Gecko; compatible; ClaudeBot/1.0; +claudebot@anthropic.com)"
216.73.216.74 - - [14/Aug/2026:07:10:47 -0500] "GET /?n=12964392115 HTTP/1.1" 200 82322 "-" "Mozilla/5.0 AppleWebKit/537.36 (KHTML, like Gecko; compatible; ClaudeBot/1.0; +claudebot@anthropic.com)"
216.73.216.74 - - [14/Aug/2026:07:10:47 -0500] "GET /?w=23333580342 HTTP/1.1" 200 57694 "-" "Mozilla/5.0 AppleWebKit/537.36 (KHTML, like Gecko; compatible; ClaudeBot/1.0; +claudebot@anthropic.com)"
216.73.216.74 - - [14/Aug/2026:07:10:48 -0500] "GET /?r=96018916968 HTTP/1.1" 200 82322 "-" "Mozilla/5.0 AppleWebKit/537.36 (KHTML, like Gecko; compatible; ClaudeBot/1.0; +claudebot@anthropic.com)"
216.73.216.74 - - [14/Aug/2026:07:10:48 -0500] "GET /?m=74597979849 HTTP/1.1" 200 57694 "-" "Mozilla/5.0 AppleWebKit/537.36 (KHTML, like Gecko; compatible; ClaudeBot/1.0; +claudebot@anthropic.com)"
216.73.216.74 - - [14/Aug/2026:07:10:48 -0500] "GET /?q=75680777965 HTTP/1.1" 200 82322 "-" "Mozilla/5.0 AppleWebKit/537.36 (KHTML, like Gecko; compatible; ClaudeBot/1.0; +claudebot@anthropic.com)"
216.73.216.74 - - [14/Aug/2026:07:10:48 -0500] "GET /?c=54265360169 HTTP/1.1" 200 82322 "-" "Mozilla/5.0 AppleWebKit/537.36 (KHTML, like Gecko; compatible; ClaudeBot/1.0; +claudebot@anthropic.com)"
216.73.216.74 - - [14/Aug/2026:07:10:48 -0500] "GET /?r=56312008905 HTTP/1.1" 200 82322 "-" "Mozilla/5.0 AppleWebKit/537.36 (KHTML, like Gecko; compatible; ClaudeBot/1.0; +claudebot@anthropic.com)"
17.241.219.221 - - [14/Aug/2026:07:10:49 -0500] "GET /wp-includes/js/jquery/jquery-migrate.min.js?ver=3.3.2 HTTP/1.1" 200 11224 "https://quizena.com.co/koop-onlywin-eigenaar-uw-kans-nu/" "Mozilla/5.0 (Macintosh; Intel Mac OS X 10_15_7) AppleWebKit/605.1.15 (KHTML, like Gecko) Version/17.4 Safari/605.1.15 (Applebot/0.1; +http://www.apple.com/go/applebot)"
216.73.216.74 - - [14/Aug/2026:07:10:48 -0500] "GET /?l=62921701922 HTTP/1.1" 200 82322 "-" "Mozilla/5.0 AppleWebKit/537.36 (KHTML, like Gecko; compatible; ClaudeBot/1.0; +claudebot@anthropic.com)"
216.73.216.74 - - [14/Aug/2026:07:10:48 -0500] "GET /?e=84992627129 HTTP/1.1" 200 82322 "-" "Mozilla/5.0 AppleWebKit/537.36 (KHTML, like Gecko; compatible; ClaudeBot/1.0; +claudebot@anthropic.com)"
216.73.216.74 - - [14/Aug/2026:07:10:48 -0500] "GET /?t=15085704451 HTTP/1.1" 200 82322 "-" "Mozilla/5.0 AppleWebKit/537.36 (KHTML, like Gecko; compatible; ClaudeBot/1.0; +claudebot@anthropic.com)"
216.73.216.74 - - [14/Aug/2026:07:10:48 -0500] "GET /?c=64351403718 HTTP/1.1" 200 82322 "-" "Mozilla/5.0 AppleWebKit/537.36 (KHTML, like Gecko; compatible; ClaudeBot/1.0; +claudebot@anthropic.com)"
216.73.216.74 - - [14/Aug/2026:07:10:48 -0500] "GET /?x=95021749034 HTTP/1.1" 200 82322 "-" "Mozilla/5.0 AppleWebKit/537.36 (KHTML, like Gecko; compatible; ClaudeBot/1.0; +claudebot@anthropic.com)"
216.73.216.74 - - [14/Aug/2026:07:10:48 -0500] "GET /?p=44633869064 HTTP/1.1" 200 57694 "-" "Mozilla/5.0 AppleWebKit/537.36 (KHTML, like Gecko; compatible; ClaudeBot/1.0; +claudebot@anthropic.com)"
216.73.216.74 - - [14/Aug/2026:07:10:49 -0500] "GET /?f=53932690809 HTTP/1.1" 200 82322 "-" "Mozilla/5.0 AppleWebKit/537.36 (KHTML, like Gecko; compatible; ClaudeBot/1.0; +claudebot@anthropic.com)"
216.73.216.74 - - [14/Aug/2026:07:10:49 -0500] "GET /?f=14388607704 HTTP/1.1" 200 82322 "-" "Mozilla/5.0 AppleWebKit/537.36 (KHTML, like Gecko; compatible; ClaudeBot/1.0; +claudebot@anthropic.com)"
216.73.216.74 - - [14/Aug/2026:07:10:49 -0500] "GET /?f=33921823642 HTTP/1.1" 200 82322 "-" "Mozilla/5.0 AppleWebKit/537.36 (KHTML, like Gecko; compatible; ClaudeBot/1.0; +claudebot@anthropic.com)"
216.73.216.74 - - [14/Aug/2026:07:10:49 -0500] "GET /?r=33937388635 HTTP/1.1" 200 82322 "-" "Mozilla/5.0 AppleWebKit/537.36 (KHTML, like Gecko; compatible; ClaudeBot/1.0; +claudebot@anthropic.com)"
216.73.216.74 - - [14/Aug/2026:07:10:49 -0500] "GET /?a=65991818869 HTTP/1.1" 200 82322 "-" "Mozilla/5.0 AppleWebKit/537.36 (KHTML, like Gecko; compatible; ClaudeBot/1.0; +claudebot@anthropic.com)"
216.73.216.74 - - [14/Aug/2026:07:10:49 -0500] "GET /?n=33590108482 HTTP/1.1" 200 82322 "-" "Mozilla/5.0 AppleWebKit/537.36 (KHTML, like Gecko; compatible; ClaudeBot/1.0; +claudebot@anthropic.com)"
216.73.216.74 - - [14/Aug/2026:07:10:49 -0500] "GET /?b=42690605872 HTTP/1.1" 200 82322 "-" "Mozilla/5.0 AppleWebKit/537.36 (KHTML, like Gecko; compatible; ClaudeBot/1.0; +claudebot@anthropic.com)"
216.73.216.74 - - [14/Aug/2026:07:10:49 -0500] "GET /?x=23946450136 HTTP/1.1" 200 82322 "-" "Mozilla/5.0 AppleWebKit/537.36 (KHTML, like Gecko; compatible; ClaudeBot/1.0; +claudebot@anthropic.com)"
216.73.216.74 - - [14/Aug/2026:07:10:49 -0500] "GET /?t=23908121008 HTTP/1.1" 200 82322 "-" "Mozilla/5.0 AppleWebKit/537.36 (KHTML, like Gecko; compatible; ClaudeBot/1.0; +claudebot@anthropic.com)"
216.73.216.74 - - [14/Aug/2026:07:10:49 -0500] "GET /?b=94972860136 HTTP/1.1" 200 82322 "-" "Mozilla/5.0 AppleWebKit/537.36 (KHTML, like Gecko; compatible; ClaudeBot/1.0; +claudebot@anthropic.com)"
216.73.216.74 - - [14/Aug/2026:07:10:50 -0500] "GET /?e=12437260298 HTTP/1.1" 200 82322 "-" "Mozilla/5.0 AppleWebKit/537.36 (KHTML, like Gecko; compatible; ClaudeBot/1.0; +claudebot@anthropic.com)"
216.73.216.74 - - [14/Aug/2026:07:10:50 -0500] "GET /?a=33164970049 HTTP/1.1" 200 82322 "-" "Mozilla/5.0 AppleWebKit/537.36 (KHTML, like Gecko; compatible; ClaudeBot/1.0; +claudebot@anthropic.com)"
216.73.216.74 - - [14/Aug/2026:07:10:50 -0500] "GET /?l=44233825899 HTTP/1.1" 200 82322 "-" "Mozilla/5.0 AppleWebKit/537.36 (KHTML, like Gecko; compatible; ClaudeBot/1.0; +claudebot@anthropic.com)"
216.73.216.74 - - [14/Aug/2026:07:10:50 -0500] "GET /?p=93337633336 HTTP/1.1" 200 57694 "-" "Mozilla/5.0 AppleWebKit/537.36 (KHTML, like Gecko; compatible; ClaudeBot/1.0; +claudebot@anthropic.com)"
17.241.219.221 - - [14/Aug/2026:07:10:50 -0500] "GET /wp-content/plugins/contact-form-7/includes/css/styles.css?ver=5.6 HTTP/1.1" 200 2731 "https://quizena.com.co/koop-onlywin-eigenaar-uw-kans-nu/" "Mozilla/5.0 (Macintosh; Intel Mac OS X 10_15_7) AppleWebKit/605.1.15 (KHTML, like Gecko) Version/17.4 Safari/605.1.15 (Applebot/0.1; +http://www.apple.com/go/applebot)"
216.73.216.74 - - [14/Aug/2026:07:10:50 -0500] "GET /?a=34572137764 HTTP/1.1" 200 82322 "-" "Mozilla/5.0 AppleWebKit/537.36 (KHTML, like Gecko; compatible; ClaudeBot/1.0; +claudebot@anthropic.com)"
216.73.216.74 - - [14/Aug/2026:07:10:50 -0500] "GET /?e=43695161109 HTTP/1.1" 200 82322 "-" "Mozilla/5.0 AppleWebKit/537.36 (KHTML, like Gecko; compatible; ClaudeBot/1.0; +claudebot@anthropic.com)"
216.73.216.74 - - [14/Aug/2026:07:10:50 -0500] "GET /?a=92127900216 HTTP/1.1" 200 82322 "-" "Mozilla/5.0 AppleWebKit/537.36 (KHTML, like Gecko; compatible; ClaudeBot/1.0; +claudebot@anthropic.com)"
17.241.219.221 - - [14/Aug/2026:07:10:52 -0500] "GET /wp-content/themes/razzi/style.css?ver=20220505 HTTP/1.1" 200 328918 "https://quizena.com.co/koop-onlywin-eigenaar-uw-kans-nu/" "Mozilla/5.0 (Macintosh; Intel Mac OS X 10_15_7) AppleWebKit/605.1.15 (KHTML, like Gecko) Version/17.4 Safari/605.1.15 (Applebot/0.1; +http://www.apple.com/go/applebot)"
57.141.14.73 - - [14/Aug/2026:07:10:53 -0500] "GET /?i=75657307963 HTTP/1.1" 200 82322 "-" "Mozilla/5.0 (Windows NT 10.0; Win64; x64) AppleWebKit/537.36 (KHTML, like Gecko) Chrome/145.0.0.0 Safari/537.36 (compatible; meta-externalagent/1.1 (+https://developers.facebook.com/docs/sharing/webmasters/crawler))"
17.241.219.221 - - [14/Aug/2026:07:10:53 -0500] "GET /wp-includes/js/jquery/jquery.min.js?ver=3.6.0 HTTP/1.1" 200 89521 "https://quizena.com.co/koop-onlywin-eigenaar-uw-kans-nu/" "Mozilla/5.0 (Macintosh; Intel Mac OS X 10_15_7) AppleWebKit/605.1.15 (KHTML, like Gecko) Version/17.4 Safari/605.1.15 (Applebot/0.1; +http://www.apple.com/go/applebot)"
17.241.219.221 - - [14/Aug/2026:07:10:55 -0500] "GET /wp-includes/js/dist/vendor/regenerator-runtime.min.js?ver=0.13.9 HTTP/1.1" 200 6475 "https://quizena.com.co/koop-onlywin-eigenaar-uw-kans-nu/" "Mozilla/5.0 (Macintosh; Intel Mac OS X 10_15_7) AppleWebKit/605.1.15 (KHTML, like Gecko) Version/17.4 Safari/605.1.15 (Applebot/0.1; +http://www.apple.com/go/applebot)"
154.208.47.199 - - [14/Aug/2026:07:10:55 -0500] "POST /xmlrpc.php HTTP/1.1" 200 6095 "-" "Jetpack by WordPress.com"
57.141.14.6 - - [14/Aug/2026:07:10:55 -0500] "GET /?d=85415324069 HTTP/1.1" 200 82322 "-" "Mozilla/5.0 (Windows NT 10.0; Win64; x64) AppleWebKit/537.36 (KHTML, like Gecko) Chrome/145.0.0.0 Safari/537.36 (compatible; meta-externalagent/1.1 (+https://developers.facebook.com/docs/sharing/webmasters/crawler))"
17.241.219.221 - - [14/Aug/2026:07:10:56 -0500] "GET /wp-includes/js/dist/vendor/wp-polyfill.min.js?ver=3.15.0 HTTP/1.1" 200 19142 "https://quizena.com.co/koop-onlywin-eigenaar-uw-kans-nu/" "Mozilla/5.0 (Macintosh; Intel Mac OS X 10_15_7) AppleWebKit/605.1.15 (KHTML, like Gecko) Version/17.4 Safari/605.1.15 (Applebot/0.1; +http://www.apple.com/go/applebot)"
17.241.219.221 - - [14/Aug/2026:07:10:58 -0500] "GET /wp-content/plugins/contact-form-7/includes/js/index.js?ver=5.6 HTTP/1.1" 200 21821 "https://quizena.com.co/koop-onlywin-eigenaar-uw-kans-nu/" "Mozilla/5.0 (Macintosh; Intel Mac OS X 10_15_7) AppleWebKit/605.1.15 (KHTML, like Gecko) Version/17.4 Safari/605.1.15 (Applebot/0.1; +http://www.apple.com/go/applebot)"
17.241.219.221 - - [14/Aug/2026:07:10:59 -0500] "GET /wp-content/themes/razzi/assets/js/plugins/isInViewport.min.js?ver=20201012 HTTP/1.1" 200 2304 "https://quizena.com.co/koop-onlywin-eigenaar-uw-kans-nu/" "Mozilla/5.0 (Macintosh; Intel Mac OS X 10_15_7) AppleWebKit/605.1.15 (KHTML, like Gecko) Version/17.4 Safari/605.1.15 (Applebot/0.1; +http://www.apple.com/go/applebot)"
17.241.219.221 - - [14/Aug/2026:07:11:01 -0500] "GET /wp-content/themes/razzi/assets/js/plugins/swiper.min.js?ver=5.3.8 HTTP/1.1" 200 139784 "https://quizena.com.co/koop-onlywin-eigenaar-uw-kans-nu/" "Mozilla/5.0 (Macintosh; Intel Mac OS X 10_15_7) AppleWebKit/605.1.15 (KHTML, like Gecko) Version/17.4 Safari/605.1.15 (Applebot/0.1; +http://www.apple.com/go/applebot)"
57.141.14.32 - - [14/Aug/2026:07:11:01 -0500] "GET /?i=93174098488 HTTP/1.1" 200 82322 "-" "Mozilla/5.0 (Windows NT 10.0; Win64; x64) AppleWebKit/537.36 (KHTML, like Gecko) Chrome/145.0.0.0 Safari/537.36 (compatible; meta-externalagent/1.1 (+https://developers.facebook.com/docs/sharing/webmasters/crawler))"
17.241.219.221 - - [14/Aug/2026:07:11:03 -0500] "GET /wp-content/themes/razzi/assets/js/plugins/notify.min.js?ver=1.0.0 HTTP/1.1" 200 13780 "https://quizena.com.co/koop-onlywin-eigenaar-uw-kans-nu/" "Mozilla/5.0 (Macintosh; Intel Mac OS X 10_15_7) AppleWebKit/605.1.15 (KHTML, like Gecko) Version/17.4 Safari/605.1.15 (Applebot/0.1; +http://www.apple.com/go/applebot)"
17.241.219.221 - - [14/Aug/2026:07:11:04 -0500] "GET /wp-includes/js/imagesloaded.min.js?ver=4.1.4 HTTP/1.1" 200 5629 "https://quizena.com.co/koop-onlywin-eigenaar-uw-kans-nu/" "Mozilla/5.0 (Macintosh; Intel Mac OS X 10_15_7) AppleWebKit/605.1.15 (KHTML, like Gecko) Version/17.4 Safari/605.1.15 (Applebot/0.1; +http://www.apple.com/go/applebot)"
57.141.14.88 - - [14/Aug/2026:07:11:05 -0500] "GET /?d=44845501483 HTTP/1.1" 200 82322 "-" "Mozilla/5.0 (Windows NT 10.0; Win64; x64) AppleWebKit/537.36 (KHTML, like Gecko) Chrome/145.0.0.0 Safari/537.36 (compatible; meta-externalagent/1.1 (+https://developers.facebook.com/docs/sharing/webmasters/crawler))"
17.241.219.221 - - [14/Aug/2026:07:11:06 -0500] "GET /wp-content/themes/razzi/assets/js/scripts.min.js?ver=20220330 HTTP/1.1" 200 47064 "https://quizena.com.co/koop-onlywin-eigenaar-uw-kans-nu/" "Mozilla/5.0 (Macintosh; Intel Mac OS X 10_15_7) AppleWebKit/605.1.15 (KHTML, like Gecko) Version/17.4 Safari/605.1.15 (Applebot/0.1; +http://www.apple.com/go/applebot)"
154.208.47.199 - - [14/Aug/2026:07:11:10 -0500] "POST /xmlrpc.php HTTP/1.1" 200 6095 "-" "Jetpack by WordPress.com"
216.73.216.74 - - [14/Aug/2026:07:11:11 -0500] "GET /?p=25001181065 HTTP/1.1" 200 57694 "-" "Mozilla/5.0 AppleWebKit/537.36 (KHTML, like Gecko; compatible; ClaudeBot/1.0; +claudebot@anthropic.com)"
216.73.216.74 - - [14/Aug/2026:07:11:11 -0500] "GET /?w=95041928310 HTTP/1.1" 200 57694 "-" "Mozilla/5.0 AppleWebKit/537.36 (KHTML, like Gecko; compatible; ClaudeBot/1.0; +claudebot@anthropic.com)"
216.73.216.74 - - [14/Aug/2026:07:11:11 -0500] "GET /?b=72243566034 HTTP/1.1" 200 82322 "-" "Mozilla/5.0 AppleWebKit/537.36 (KHTML, like Gecko; compatible; ClaudeBot/1.0; +claudebot@anthropic.com)"
216.73.216.74 - - [14/Aug/2026:07:11:11 -0500] "GET /?c=22181198196 HTTP/1.1" 200 82322 "-" "Mozilla/5.0 AppleWebKit/537.36 (KHTML, like Gecko; compatible; ClaudeBot/1.0; +claudebot@anthropic.com)"
216.73.216.74 - - [14/Aug/2026:07:11:11 -0500] "GET /?k=14717497863 HTTP/1.1" 200 82322 "-" "Mozilla/5.0 AppleWebKit/537.36 (KHTML, like Gecko; compatible; ClaudeBot/1.0; +claudebot@anthropic.com)"
216.73.216.74 - - [14/Aug/2026:07:11:11 -0500] "GET /?m=25294601280 HTTP/1.1" 200 57694 "-" "Mozilla/5.0 AppleWebKit/537.36 (KHTML, like Gecko; compatible; ClaudeBot/1.0; +claudebot@anthropic.com)"
216.73.216.74 - - [14/Aug/2026:07:11:11 -0500] "GET /?m=95250533671 HTTP/1.1" 200 57694 "-" "Mozilla/5.0 AppleWebKit/537.36 (KHTML, like Gecko; compatible; ClaudeBot/1.0; +claudebot@anthropic.com)"
216.73.216.74 - - [14/Aug/2026:07:11:11 -0500] "GET /?p=74871237828 HTTP/1.1" 200 57694 "-" "Mozilla/5.0 AppleWebKit/537.36 (KHTML, like Gecko; compatible; ClaudeBot/1.0; +claudebot@anthropic.com)"
216.73.216.74 - - [14/Aug/2026:07:11:11 -0500] "GET /?l=24604168038 HTTP/1.1" 200 82322 "-" "Mozilla/5.0 AppleWebKit/537.36 (KHTML, like Gecko; compatible; ClaudeBot/1.0; +claudebot@anthropic.com)"
57.141.14.18 - - [14/Aug/2026:07:11:12 -0500] "GET /?v=64734160084 HTTP/1.1" 200 82322 "-" "Mozilla/5.0 (Macintosh; Intel Mac OS X 10_15_7) AppleWebKit/537.36 (KHTML, like Gecko) Chrome/145.0.0.0 Safari/537.36 (compatible; meta-externalagent/1.1 (+https://developers.facebook.com/docs/sharing/webmasters/crawler))"
216.73.216.74 - - [14/Aug/2026:07:11:11 -0500] "GET /?e=13268623608 HTTP/1.1" 200 82322 "-" "Mozilla/5.0 AppleWebKit/537.36 (KHTML, like Gecko; compatible; ClaudeBot/1.0; +claudebot@anthropic.com)"
216.73.216.74 - - [14/Aug/2026:07:11:12 -0500] "GET /?d=94240587101 HTTP/1.1" 200 82322 "-" "Mozilla/5.0 AppleWebKit/537.36 (KHTML, like Gecko; compatible; ClaudeBot/1.0; +claudebot@anthropic.com)"
216.73.216.74 - - [14/Aug/2026:07:11:12 -0500] "GET /?a=42153603537 HTTP/1.1" 200 82322 "-" "Mozilla/5.0 AppleWebKit/537.36 (KHTML, like Gecko; compatible; ClaudeBot/1.0; +claudebot@anthropic.com)"
216.73.216.74 - - [14/Aug/2026:07:11:12 -0500] "GET /?l=13052977150 HTTP/1.1" 200 82322 "-" "Mozilla/5.0 AppleWebKit/537.36 (KHTML, like Gecko; compatible; ClaudeBot/1.0; +claudebot@anthropic.com)"
216.73.216.74 - - [14/Aug/2026:07:11:12 -0500] "GET /?b=95897875689 HTTP/1.1" 200 82322 "-" "Mozilla/5.0 AppleWebKit/537.36 (KHTML, like Gecko; compatible; ClaudeBot/1.0; +claudebot@anthropic.com)"
216.73.216.74 - - [14/Aug/2026:07:11:12 -0500] "GET /?k=12229095012 HTTP/1.1" 200 82322 "-" "Mozilla/5.0 AppleWebKit/537.36 (KHTML, like Gecko; compatible; ClaudeBot/1.0; +claudebot@anthropic.com)"
216.73.216.74 - - [14/Aug/2026:07:11:12 -0500] "GET /?a=83204370745 HTTP/1.1" 200 82322 "-" "Mozilla/5.0 AppleWebKit/537.36 (KHTML, like Gecko; compatible; ClaudeBot/1.0; +claudebot@anthropic.com)"
216.73.216.74 - - [14/Aug/2026:07:11:12 -0500] "GET /?a=96322240033 HTTP/1.1" 200 82322 "-" "Mozilla/5.0 AppleWebKit/537.36 (KHTML, like Gecko; compatible; ClaudeBot/1.0; +claudebot@anthropic.com)"
216.73.216.74 - - [14/Aug/2026:07:11:12 -0500] "GET /?l=13894746845 HTTP/1.1" 200 82322 "-" "Mozilla/5.0 AppleWebKit/537.36 (KHTML, like Gecko; compatible; ClaudeBot/1.0; +claudebot@anthropic.com)"
216.73.216.74 - - [14/Aug/2026:07:11:12 -0500] "GET /?e=45967523330 HTTP/1.1" 200 82322 "-" "Mozilla/5.0 AppleWebKit/537.36 (KHTML, like Gecko; compatible; ClaudeBot/1.0; +claudebot@anthropic.com)"
216.73.216.74 - - [14/Aug/2026:07:11:12 -0500] "GET /?b=25700762387 HTTP/1.1" 200 82322 "-" "Mozilla/5.0 AppleWebKit/537.36 (KHTML, like Gecko; compatible; ClaudeBot/1.0; +claudebot@anthropic.com)"
216.73.216.74 - - [14/Aug/2026:07:11:12 -0500] "GET /?i=45221421801 HTTP/1.1" 200 82322 "-" "Mozilla/5.0 AppleWebKit/537.36 (KHTML, like Gecko; compatible; ClaudeBot/1.0; +claudebot@anthropic.com)"
216.73.216.74 - - [14/Aug/2026:07:11:13 -0500] "GET /?f=55751571629 HTTP/1.1" 200 82322 "-" "Mozilla/5.0 AppleWebKit/537.36 (KHTML, like Gecko; compatible; ClaudeBot/1.0; +claudebot@anthropic.com)"
216.73.216.74 - - [14/Aug/2026:07:11:13 -0500] "GET /?p=45408946382 HTTP/1.1" 200 57694 "-" "Mozilla/5.0 AppleWebKit/537.36 (KHTML, like Gecko; compatible; ClaudeBot/1.0; +claudebot@anthropic.com)"
216.73.216.74 - - [14/Aug/2026:07:11:13 -0500] "GET /?m=63196128967 HTTP/1.1" 200 57694 "-" "Mozilla/5.0 AppleWebKit/537.36 (KHTML, like Gecko; compatible; ClaudeBot/1.0; +claudebot@anthropic.com)"
216.73.216.74 - - [14/Aug/2026:07:11:13 -0500] "GET /?r=26050117495 HTTP/1.1" 200 82322 "-" "Mozilla/5.0 AppleWebKit/537.36 (KHTML, like Gecko; compatible; ClaudeBot/1.0; +claudebot@anthropic.com)"
216.73.216.74 - - [14/Aug/2026:07:11:13 -0500] "GET /?f=44174314403 HTTP/1.1" 200 82322 "-" "Mozilla/5.0 AppleWebKit/537.36 (KHTML, like Gecko; compatible; ClaudeBot/1.0; +claudebot@anthropic.com)"
216.73.216.74 - - [14/Aug/2026:07:11:13 -0500] "GET /?e=85303862184 HTTP/1.1" 200 82322 "-" "Mozilla/5.0 AppleWebKit/537.36 (KHTML, like Gecko; compatible; ClaudeBot/1.0; +claudebot@anthropic.com)"
216.73.216.74 - - [14/Aug/2026:07:11:13 -0500] "GET /?a=75330726453 HTTP/1.1" 200 82322 "-" "Mozilla/5.0 AppleWebKit/537.36 (KHTML, like Gecko; compatible; ClaudeBot/1.0; +claudebot@anthropic.com)"
216.73.216.74 - - [14/Aug/2026:07:11:13 -0500] "GET /?c=55357220700 HTTP/1.1" 200 82322 "-" "Mozilla/5.0 AppleWebKit/537.36 (KHTML, like Gecko; compatible; ClaudeBot/1.0; +claudebot@anthropic.com)"
216.73.216.74 - - [14/Aug/2026:07:11:13 -0500] "GET /?z=22922015324 HTTP/1.1" 200 82322 "-" "Mozilla/5.0 AppleWebKit/537.36 (KHTML, like Gecko; compatible; ClaudeBot/1.0; +claudebot@anthropic.com)"
216.73.216.74 - - [14/Aug/2026:07:11:13 -0500] "GET /?c=66151836552 HTTP/1.1" 200 82322 "-" "Mozilla/5.0 AppleWebKit/537.36 (KHTML, like Gecko; compatible; ClaudeBot/1.0; +claudebot@anthropic.com)"
216.73.216.74 - - [14/Aug/2026:07:11:13 -0500] "GET /?c=73596764114 HTTP/1.1" 200 82322 "-" "Mozilla/5.0 AppleWebKit/537.36 (KHTML, like Gecko; compatible; ClaudeBot/1.0; +claudebot@anthropic.com)"
216.73.216.74 - - [14/Aug/2026:07:11:14 -0500] "GET /?l=46347110423 HTTP/1.1" 200 82322 "-" "Mozilla/5.0 AppleWebKit/537.36 (KHTML, like Gecko; compatible; ClaudeBot/1.0; +claudebot@anthropic.com)"
216.73.216.74 - - [14/Aug/2026:07:11:14 -0500] "GET /?f=64335724078 HTTP/1.1" 200 82322 "-" "Mozilla/5.0 AppleWebKit/537.36 (KHTML, like Gecko; compatible; ClaudeBot/1.0; +claudebot@anthropic.com)"
216.73.216.74 - - [14/Aug/2026:07:11:14 -0500] "GET /?c=74544737624 HTTP/1.1" 200 82322 "-" "Mozilla/5.0 AppleWebKit/537.36 (KHTML, like Gecko; compatible; ClaudeBot/1.0; +claudebot@anthropic.com)"
216.73.216.74 - - [14/Aug/2026:07:11:14 -0500] "GET /?d=53742655532 HTTP/1.1" 200 82322 "-" "Mozilla/5.0 AppleWebKit/537.36 (KHTML, like Gecko; compatible; ClaudeBot/1.0; +claudebot@anthropic.com)"
216.73.216.74 - - [14/Aug/2026:07:11:14 -0500] "GET /?z=76028114736 HTTP/1.1" 200 82322 "-" "Mozilla/5.0 AppleWebKit/537.36 (KHTML, like Gecko; compatible; ClaudeBot/1.0; +claudebot@anthropic.com)"
216.73.216.74 - - [14/Aug/2026:07:11:14 -0500] "GET /?l=93281822940 HTTP/1.1" 200 82322 "-" "Mozilla/5.0 AppleWebKit/537.36 (KHTML, like Gecko; compatible; ClaudeBot/1.0; +claudebot@anthropic.com)"
216.73.216.74 - - [14/Aug/2026:07:11:14 -0500] "GET /?r=65656919496 HTTP/1.1" 200 82322 "-" "Mozilla/5.0 AppleWebKit/537.36 (KHTML, like Gecko; compatible; ClaudeBot/1.0; +claudebot@anthropic.com)"
216.73.216.74 - - [14/Aug/2026:07:11:14 -0500] "GET /?l=75281591383 HTTP/1.1" 200 82322 "-" "Mozilla/5.0 AppleWebKit/537.36 (KHTML, like Gecko; compatible; ClaudeBot/1.0; +claudebot@anthropic.com)"
216.73.216.74 - - [14/Aug/2026:07:11:14 -0500] "GET /?t=44761453153 HTTP/1.1" 200 82322 "-" "Mozilla/5.0 AppleWebKit/537.36 (KHTML, like Gecko; compatible; ClaudeBot/1.0; +claudebot@anthropic.com)"
154.208.47.199 - - [14/Aug/2026:07:11:17 -0500] "POST /xmlrpc.php HTTP/1.1" 200 6095 "-" "Jetpack by WordPress.com"
57.141.14.3 - - [14/Aug/2026:07:11:17 -0500] "GET /?i=63039079312 HTTP/1.1" 200 82322 "-" "Mozilla/5.0 (Windows NT 10.0; Win64; x64) AppleWebKit/537.36 (KHTML, like Gecko) Chrome/145.0.0.0 Safari/537.36 (compatible; meta-externalagent/1.1 (+https://developers.facebook.com/docs/sharing/webmasters/crawler))"
57.141.14.76 - - [14/Aug/2026:07:11:22 -0500] "GET /?v=94421250957 HTTP/1.1" 200 82322 "-" "Mozilla/5.0 (Macintosh; Intel Mac OS X 10_15_7) AppleWebKit/537.36 (KHTML, like Gecko) Chrome/145.0.0.0 Safari/537.36 (compatible; meta-externalagent/1.1 (+https://developers.facebook.com/docs/sharing/webmasters/crawler))"
57.141.14.63 - - [14/Aug/2026:07:11:22 -0500] "GET /?b=83648524322 HTTP/1.1" 200 82322 "-" "Mozilla/5.0 (Macintosh; Intel Mac OS X 10_15_7) AppleWebKit/537.36 (KHTML, like Gecko) Chrome/145.0.0.0 Safari/537.36 (compatible; meta-externalagent/1.1 (+https://developers.facebook.com/docs/sharing/webmasters/crawler))"
57.141.14.8 - - [14/Aug/2026:07:11:23 -0500] "GET /?c=13360557140 HTTP/1.1" 200 82322 "-" "Mozilla/5.0 (Macintosh; Intel Mac OS X 10_15_7) AppleWebKit/537.36 (KHTML, like Gecko) Chrome/145.0.0.0 Safari/537.36 (compatible; meta-externalagent/1.1 (+https://developers.facebook.com/docs/sharing/webmasters/crawler))"
154.208.47.199 - - [14/Aug/2026:07:11:28 -0500] "POST /xmlrpc.php HTTP/1.1" 200 6095 "-" "Jetpack/13.0; WordPress/6.2; http://site58496797.com"
57.141.14.54 - - [14/Aug/2026:07:11:29 -0500] "GET /?i=23727158571 HTTP/1.1" 200 82322 "-" "Mozilla/5.0 (Windows NT 10.0; Win64; x64) AppleWebKit/537.36 (KHTML, like Gecko) Chrome/145.0.0.0 Safari/537.36 Edg/145.0.0.0 (compatible; meta-externalagent/1.1 (+https://developers.facebook.com/docs/sharing/webmasters/crawler))"
216.73.216.74 - - [14/Aug/2026:07:11:30 -0500] "GET /?l=52940484969 HTTP/1.1" 200 82322 "-" "Mozilla/5.0 AppleWebKit/537.36 (KHTML, like Gecko; compatible; ClaudeBot/1.0; +claudebot@anthropic.com)"
216.73.216.74 - - [14/Aug/2026:07:11:30 -0500] "GET /?b=42811379145 HTTP/1.1" 200 82322 "-" "Mozilla/5.0 AppleWebKit/537.36 (KHTML, like Gecko; compatible; ClaudeBot/1.0; +claudebot@anthropic.com)"
216.73.216.74 - - [14/Aug/2026:07:11:30 -0500] "GET /?r=92797393374 HTTP/1.1" 200 82322 "-" "Mozilla/5.0 AppleWebKit/537.36 (KHTML, like Gecko; compatible; ClaudeBot/1.0; +claudebot@anthropic.com)"
216.73.216.74 - - [14/Aug/2026:07:11:30 -0500] "GET /?c=63630336447 HTTP/1.1" 200 82322 "-" "Mozilla/5.0 AppleWebKit/537.36 (KHTML, like Gecko; compatible; ClaudeBot/1.0; +claudebot@anthropic.com)"
216.73.216.74 - - [14/Aug/2026:07:11:30 -0500] "GET /?l=62583287627 HTTP/1.1" 200 82322 "-" "Mozilla/5.0 AppleWebKit/537.36 (KHTML, like Gecko; compatible; ClaudeBot/1.0; +claudebot@anthropic.com)"
216.73.216.74 - - [14/Aug/2026:07:11:30 -0500] "GET /?d=82146329509 HTTP/1.1" 200 82322 "-" "Mozilla/5.0 AppleWebKit/537.36 (KHTML, like Gecko; compatible; ClaudeBot/1.0; +claudebot@anthropic.com)"
216.73.216.74 - - [14/Aug/2026:07:11:30 -0500] "GET /?n=46404079384 HTTP/1.1" 200 82322 "-" "Mozilla/5.0 AppleWebKit/537.36 (KHTML, like Gecko; compatible; ClaudeBot/1.0; +claudebot@anthropic.com)"
216.73.216.74 - - [14/Aug/2026:07:11:30 -0500] "GET /?a=13126520787 HTTP/1.1" 200 82322 "-" "Mozilla/5.0 AppleWebKit/537.36 (KHTML, like Gecko; compatible; ClaudeBot/1.0; +claudebot@anthropic.com)"
216.73.216.74 - - [14/Aug/2026:07:11:30 -0500] "GET /?l=35897247880 HTTP/1.1" 200 82322 "-" "Mozilla/5.0 AppleWebKit/537.36 (KHTML, like Gecko; compatible; ClaudeBot/1.0; +claudebot@anthropic.com)"
216.73.216.74 - - [14/Aug/2026:07:11:30 -0500] "GET /?c=15008937628 HTTP/1.1" 200 82322 "-" "Mozilla/5.0 AppleWebKit/537.36 (KHTML, like Gecko; compatible; ClaudeBot/1.0; +claudebot@anthropic.com)"
216.73.216.74 - - [14/Aug/2026:07:11:30 -0500] "GET /?g=84821159445 HTTP/1.1" 200 82322 "-" "Mozilla/5.0 AppleWebKit/537.36 (KHTML, like Gecko; compatible; ClaudeBot/1.0; +claudebot@anthropic.com)"
216.73.216.74 - - [14/Aug/2026:07:11:31 -0500] "GET /?d=34841678203 HTTP/1.1" 200 82322 "-" "Mozilla/5.0 AppleWebKit/537.36 (KHTML, like Gecko; compatible; ClaudeBot/1.0; +claudebot@anthropic.com)"
216.73.216.74 - - [14/Aug/2026:07:11:31 -0500] "GET /?r=94989113831 HTTP/1.1" 200 82322 "-" "Mozilla/5.0 AppleWebKit/537.36 (KHTML, like Gecko; compatible; ClaudeBot/1.0; +claudebot@anthropic.com)"
216.73.216.74 - - [14/Aug/2026:07:11:31 -0500] "GET /?m=22677541242 HTTP/1.1" 200 57694 "-" "Mozilla/5.0 AppleWebKit/537.36 (KHTML, like Gecko; compatible; ClaudeBot/1.0; +claudebot@anthropic.com)"
216.73.216.74 - - [14/Aug/2026:07:11:31 -0500] "GET /?k=85655387974 HTTP/1.1" 200 82322 "-" "Mozilla/5.0 AppleWebKit/537.36 (KHTML, like Gecko; compatible; ClaudeBot/1.0; +claudebot@anthropic.com)"
216.73.216.74 - - [14/Aug/2026:07:11:31 -0500] "GET /?q=44729035459 HTTP/1.1" 200 82322 "-" "Mozilla/5.0 AppleWebKit/537.36 (KHTML, like Gecko; compatible; ClaudeBot/1.0; +claudebot@anthropic.com)"
216.73.216.74 - - [14/Aug/2026:07:11:31 -0500] "GET /?a=53842922859 HTTP/1.1" 200 82322 "-" "Mozilla/5.0 AppleWebKit/537.36 (KHTML, like Gecko; compatible; ClaudeBot/1.0; +claudebot@anthropic.com)"
216.73.216.74 - - [14/Aug/2026:07:11:31 -0500] "GET /?l=26111288596 HTTP/1.1" 200 82322 "-" "Mozilla/5.0 AppleWebKit/537.36 (KHTML, like Gecko; compatible; ClaudeBot/1.0; +claudebot@anthropic.com)"
216.73.216.74 - - [14/Aug/2026:07:11:31 -0500] "GET /?c=13663756698 HTTP/1.1" 200 82322 "-" "Mozilla/5.0 AppleWebKit/537.36 (KHTML, like Gecko; compatible; ClaudeBot/1.0; +claudebot@anthropic.com)"
216.73.216.74 - - [14/Aug/2026:07:11:31 -0500] "GET /?r=82205102236 HTTP/1.1" 200 82322 "-" "Mozilla/5.0 AppleWebKit/537.36 (KHTML, like Gecko; compatible; ClaudeBot/1.0; +claudebot@anthropic.com)"
216.73.216.74 - - [14/Aug/2026:07:11:31 -0500] "GET /?a=15889648277 HTTP/1.1" 200 82322 "-" "Mozilla/5.0 AppleWebKit/537.36 (KHTML, like Gecko; compatible; ClaudeBot/1.0; +claudebot@anthropic.com)"
216.73.216.74 - - [14/Aug/2026:07:11:31 -0500] "GET /?f=14440444325 HTTP/1.1" 200 82322 "-" "Mozilla/5.0 AppleWebKit/537.36 (KHTML, like Gecko; compatible; ClaudeBot/1.0; +claudebot@anthropic.com)"
216.73.216.74 - - [14/Aug/2026:07:11:32 -0500] "GET /?w=73483584733 HTTP/1.1" 200 57694 "-" "Mozilla/5.0 AppleWebKit/537.36 (KHTML, like Gecko; compatible; ClaudeBot/1.0; +claudebot@anthropic.com)"
216.73.216.74 - - [14/Aug/2026:07:11:32 -0500] "GET /?x=34772490962 HTTP/1.1" 200 82322 "-" "Mozilla/5.0 AppleWebKit/537.36 (KHTML, like Gecko; compatible; ClaudeBot/1.0; +claudebot@anthropic.com)"
216.73.216.74 - - [14/Aug/2026:07:11:32 -0500] "GET /?r=15191031902 HTTP/1.1" 200 82322 "-" "Mozilla/5.0 AppleWebKit/537.36 (KHTML, like Gecko; compatible; ClaudeBot/1.0; +claudebot@anthropic.com)"
57.141.14.9 - - [14/Aug/2026:07:11:32 -0500] "GET /?o=92802504644 HTTP/1.1" 200 82322 "-" "Mozilla/5.0 (Windows NT 10.0; Win64; x64) AppleWebKit/537.36 (KHTML, like Gecko) Chrome/145.0.0.0 Safari/537.36 (compatible; meta-externalagent/1.1 (+https://developers.facebook.com/docs/sharing/webmasters/crawler))"
216.73.216.74 - - [14/Aug/2026:07:11:32 -0500] "GET /?z=62318170030 HTTP/1.1" 200 82322 "-" "Mozilla/5.0 AppleWebKit/537.36 (KHTML, like Gecko; compatible; ClaudeBot/1.0; +claudebot@anthropic.com)"
216.73.216.74 - - [14/Aug/2026:07:11:32 -0500] "GET /?y=16403180776 HTTP/1.1" 200 82322 "-" "Mozilla/5.0 AppleWebKit/537.36 (KHTML, like Gecko; compatible; ClaudeBot/1.0; +claudebot@anthropic.com)"
216.73.216.74 - - [14/Aug/2026:07:11:32 -0500] "GET /?d=64537060551 HTTP/1.1" 200 82322 "-" "Mozilla/5.0 AppleWebKit/537.36 (KHTML, like Gecko; compatible; ClaudeBot/1.0; +claudebot@anthropic.com)"
216.73.216.74 - - [14/Aug/2026:07:11:32 -0500] "GET /?h=94952437201 HTTP/1.1" 200 82322 "-" "Mozilla/5.0 AppleWebKit/537.36 (KHTML, like Gecko; compatible; ClaudeBot/1.0; +claudebot@anthropic.com)"
216.73.216.74 - - [14/Aug/2026:07:11:32 -0500] "GET /?l=34974800267 HTTP/1.1" 200 82322 "-" "Mozilla/5.0 AppleWebKit/537.36 (KHTML, like Gecko; compatible; ClaudeBot/1.0; +claudebot@anthropic.com)"
216.73.216.74 - - [14/Aug/2026:07:11:32 -0500] "GET /?b=23149956876 HTTP/1.1" 200 82322 "-" "Mozilla/5.0 AppleWebKit/537.36 (KHTML, like Gecko; compatible; ClaudeBot/1.0; +claudebot@anthropic.com)"
216.73.216.74 - - [14/Aug/2026:07:11:32 -0500] "GET /?b=66347363176 HTTP/1.1" 200 82322 "-" "Mozilla/5.0 AppleWebKit/537.36 (KHTML, like Gecko; compatible; ClaudeBot/1.0; +claudebot@anthropic.com)"
216.73.216.74 - - [14/Aug/2026:07:11:32 -0500] "GET /?p=73532946316 HTTP/1.1" 200 57694 "-" "Mozilla/5.0 AppleWebKit/537.36 (KHTML, like Gecko; compatible; ClaudeBot/1.0; +claudebot@anthropic.com)"
216.73.216.74 - - [14/Aug/2026:07:11:33 -0500] "GET /?b=52165577220 HTTP/1.1" 200 82322 "-" "Mozilla/5.0 AppleWebKit/537.36 (KHTML, like Gecko; compatible; ClaudeBot/1.0; +claudebot@anthropic.com)"
216.73.216.74 - - [14/Aug/2026:07:11:33 -0500] "GET /?b=63840763764 HTTP/1.1" 200 82322 "-" "Mozilla/5.0 AppleWebKit/537.36 (KHTML, like Gecko; compatible; ClaudeBot/1.0; +claudebot@anthropic.com)"
216.73.216.74 - - [14/Aug/2026:07:11:33 -0500] "GET /?k=85154686323 HTTP/1.1" 200 82322 "-" "Mozilla/5.0 AppleWebKit/537.36 (KHTML, like Gecko; compatible; ClaudeBot/1.0; +claudebot@anthropic.com)"
216.73.216.74 - - [14/Aug/2026:07:11:33 -0500] "GET /?f=84186371534 HTTP/1.1" 200 82322 "-" "Mozilla/5.0 AppleWebKit/537.36 (KHTML, like Gecko; compatible; ClaudeBot/1.0; +claudebot@anthropic.com)"
216.73.216.74 - - [14/Aug/2026:07:11:33 -0500] "GET /?f=62577999511 HTTP/1.1" 200 82322 "-" "Mozilla/5.0 AppleWebKit/537.36 (KHTML, like Gecko; compatible; ClaudeBot/1.0; +claudebot@anthropic.com)"
216.73.216.74 - - [14/Aug/2026:07:11:33 -0500] "GET /?r=83068175569 HTTP/1.1" 200 82322 "-" "Mozilla/5.0 AppleWebKit/537.36 (KHTML, like Gecko; compatible; ClaudeBot/1.0; +claudebot@anthropic.com)"
57.141.14.83 - - [14/Aug/2026:07:11:33 -0500] "GET /?d=42910136010 HTTP/1.1" 200 82322 "-" "Mozilla/5.0 (Macintosh; Intel Mac OS X 10_15_7) AppleWebKit/537.36 (KHTML, like Gecko) Chrome/145.0.0.0 Safari/537.36 (compatible; meta-externalagent/1.1 (+https://developers.facebook.com/docs/sharing/webmasters/crawler))"
216.73.216.74 - - [14/Aug/2026:07:11:33 -0500] "GET /?l=22392774733 HTTP/1.1" 200 82322 "-" "Mozilla/5.0 AppleWebKit/537.36 (KHTML, like Gecko; compatible; ClaudeBot/1.0; +claudebot@anthropic.com)"
216.73.216.74 - - [14/Aug/2026:07:11:35 -0500] "GET /?l=32778059803 HTTP/1.1" 200 82322 "-" "Mozilla/5.0 AppleWebKit/537.36 (KHTML, like Gecko; compatible; ClaudeBot/1.0; +claudebot@anthropic.com)"
216.73.216.74 - - [14/Aug/2026:07:11:35 -0500] "GET /?x=36096301264 HTTP/1.1" 200 82322 "-" "Mozilla/5.0 AppleWebKit/537.36 (KHTML, like Gecko; compatible; ClaudeBot/1.0; +claudebot@anthropic.com)"
216.73.216.74 - - [14/Aug/2026:07:11:35 -0500] "GET /?k=95756754772 HTTP/1.1" 200 82322 "-" "Mozilla/5.0 AppleWebKit/537.36 (KHTML, like Gecko; compatible; ClaudeBot/1.0; +claudebot@anthropic.com)"
216.73.216.74 - - [14/Aug/2026:07:11:35 -0500] "GET /?a=84885737939 HTTP/1.1" 200 82322 "-" "Mozilla/5.0 AppleWebKit/537.36 (KHTML, like Gecko; compatible; ClaudeBot/1.0; +claudebot@anthropic.com)"
216.73.216.74 - - [14/Aug/2026:07:11:35 -0500] "GET /?p=95808887642 HTTP/1.1" 200 57694 "-" "Mozilla/5.0 AppleWebKit/537.36 (KHTML, like Gecko; compatible; ClaudeBot/1.0; +claudebot@anthropic.com)"
216.73.216.74 - - [14/Aug/2026:07:11:35 -0500] "GET /?f=86174427917 HTTP/1.1" 200 82322 "-" "Mozilla/5.0 AppleWebKit/537.36 (KHTML, like Gecko; compatible; ClaudeBot/1.0; +claudebot@anthropic.com)"
216.73.216.74 - - [14/Aug/2026:07:11:35 -0500] "GET /?c=34582452096 HTTP/1.1" 200 82322 "-" "Mozilla/5.0 AppleWebKit/537.36 (KHTML, like Gecko; compatible; ClaudeBot/1.0; +claudebot@anthropic.com)"
216.73.216.74 - - [14/Aug/2026:07:11:35 -0500] "GET /?b=14054181284 HTTP/1.1" 200 82322 "-" "Mozilla/5.0 AppleWebKit/537.36 (KHTML, like Gecko; compatible; ClaudeBot/1.0; +claudebot@anthropic.com)"
216.73.216.74 - - [14/Aug/2026:07:11:35 -0500] "GET /?a=55324225180 HTTP/1.1" 200 82322 "-" "Mozilla/5.0 AppleWebKit/537.36 (KHTML, like Gecko; compatible; ClaudeBot/1.0; +claudebot@anthropic.com)"
216.73.216.74 - - [14/Aug/2026:07:11:35 -0500] "GET /?n=45954501339 HTTP/1.1" 200 82322 "-" "Mozilla/5.0 AppleWebKit/537.36 (KHTML, like Gecko; compatible; ClaudeBot/1.0; +claudebot@anthropic.com)"
216.73.216.74 - - [14/Aug/2026:07:11:35 -0500] "GET /?e=54218159289 HTTP/1.1" 200 82322 "-" "Mozilla/5.0 AppleWebKit/537.36 (KHTML, like Gecko; compatible; ClaudeBot/1.0; +claudebot@anthropic.com)"
216.73.216.74 - - [14/Aug/2026:07:11:35 -0500] "GET /?x=55540910084 HTTP/1.1" 200 82322 "-" "Mozilla/5.0 AppleWebKit/537.36 (KHTML, like Gecko; compatible; ClaudeBot/1.0; +claudebot@anthropic.com)"
216.73.216.74 - - [14/Aug/2026:07:11:36 -0500] "GET /?y=32236822210 HTTP/1.1" 200 82322 "-" "Mozilla/5.0 AppleWebKit/537.36 (KHTML, like Gecko; compatible; ClaudeBot/1.0; +claudebot@anthropic.com)"
216.73.216.74 - - [14/Aug/2026:07:11:36 -0500] "GET /?a=66174752448 HTTP/1.1" 200 82322 "-" "Mozilla/5.0 AppleWebKit/537.36 (KHTML, like Gecko; compatible; ClaudeBot/1.0; +claudebot@anthropic.com)"
216.73.216.74 - - [14/Aug/2026:07:11:36 -0500] "GET /?b=83367693063 HTTP/1.1" 200 82322 "-" "Mozilla/5.0 AppleWebKit/537.36 (KHTML, like Gecko; compatible; ClaudeBot/1.0; +claudebot@anthropic.com)"
216.73.216.74 - - [14/Aug/2026:07:11:36 -0500] "GET /?h=55700321590 HTTP/1.1" 200 82322 "-" "Mozilla/5.0 AppleWebKit/537.36 (KHTML, like Gecko; compatible; ClaudeBot/1.0; +claudebot@anthropic.com)"
57.141.14.89 - - [14/Aug/2026:07:11:36 -0500] "GET /?r=82652727798 HTTP/1.1" 200 82322 "-" "Mozilla/5.0 (Macintosh; Intel Mac OS X 10_15_7) AppleWebKit/537.36 (KHTML, like Gecko) Chrome/145.0.0.0 Safari/537.36 (compatible; meta-externalagent/1.1 (+https://developers.facebook.com/docs/sharing/webmasters/crawler))"
216.73.216.74 - - [14/Aug/2026:07:11:36 -0500] "GET /?l=92844502382 HTTP/1.1" 200 82322 "-" "Mozilla/5.0 AppleWebKit/537.36 (KHTML, like Gecko; compatible; ClaudeBot/1.0; +claudebot@anthropic.com)"
216.73.216.74 - - [14/Aug/2026:07:11:36 -0500] "GET /?w=36154227191 HTTP/1.1" 200 57694 "-" "Mozilla/5.0 AppleWebKit/537.36 (KHTML, like Gecko; compatible; ClaudeBot/1.0; +claudebot@anthropic.com)"
216.73.216.74 - - [14/Aug/2026:07:11:36 -0500] "GET /?e=73317751583 HTTP/1.1" 200 82322 "-" "Mozilla/5.0 AppleWebKit/537.36 (KHTML, like Gecko; compatible; ClaudeBot/1.0; +claudebot@anthropic.com)"
216.73.216.74 - - [14/Aug/2026:07:11:36 -0500] "GET /?b=95135956653 HTTP/1.1" 200 82322 "-" "Mozilla/5.0 AppleWebKit/537.36 (KHTML, like Gecko; compatible; ClaudeBot/1.0; +claudebot@anthropic.com)"
216.73.216.74 - - [14/Aug/2026:07:11:36 -0500] "GET /?h=65716375608 HTTP/1.1" 200 82322 "-" "Mozilla/5.0 AppleWebKit/537.36 (KHTML, like Gecko; compatible; ClaudeBot/1.0; +claudebot@anthropic.com)"
216.73.216.74 - - [14/Aug/2026:07:11:36 -0500] "GET /?f=33407597785 HTTP/1.1" 200 82322 "-" "Mozilla/5.0 AppleWebKit/537.36 (KHTML, like Gecko; compatible; ClaudeBot/1.0; +claudebot@anthropic.com)"
216.73.216.74 - - [14/Aug/2026:07:11:37 -0500] "GET /?m=73485277680 HTTP/1.1" 200 57694 "-" "Mozilla/5.0 AppleWebKit/537.36 (KHTML, like Gecko; compatible; ClaudeBot/1.0; +claudebot@anthropic.com)"
216.73.216.74 - - [14/Aug/2026:07:11:37 -0500] "GET /?c=55351315386 HTTP/1.1" 200 82322 "-" "Mozilla/5.0 AppleWebKit/537.36 (KHTML, like Gecko; compatible; ClaudeBot/1.0; +claudebot@anthropic.com)"
216.73.216.74 - - [14/Aug/2026:07:11:37 -0500] "GET /?p=46122233472 HTTP/1.1" 200 57694 "-" "Mozilla/5.0 AppleWebKit/537.36 (KHTML, like Gecko; compatible; ClaudeBot/1.0; +claudebot@anthropic.com)"
216.73.216.74 - - [14/Aug/2026:07:11:37 -0500] "GET /?l=82824298533 HTTP/1.1" 200 82322 "-" "Mozilla/5.0 AppleWebKit/537.36 (KHTML, like Gecko; compatible; ClaudeBot/1.0; +claudebot@anthropic.com)"
216.73.216.74 - - [14/Aug/2026:07:11:37 -0500] "GET /?n=64785915583 HTTP/1.1" 200 82322 "-" "Mozilla/5.0 AppleWebKit/537.36 (KHTML, like Gecko; compatible; ClaudeBot/1.0; +claudebot@anthropic.com)"
216.73.216.74 - - [14/Aug/2026:07:11:37 -0500] "GET /?e=73125389813 HTTP/1.1" 200 82322 "-" "Mozilla/5.0 AppleWebKit/537.36 (KHTML, like Gecko; compatible; ClaudeBot/1.0; +claudebot@anthropic.com)"
216.73.216.74 - - [14/Aug/2026:07:11:37 -0500] "GET /?b=86273632971 HTTP/1.1" 200 82322 "-" "Mozilla/5.0 AppleWebKit/537.36 (KHTML, like Gecko; compatible; ClaudeBot/1.0; +claudebot@anthropic.com)"
216.73.216.74 - - [14/Aug/2026:07:11:37 -0500] "GET /?c=32295554128 HTTP/1.1" 200 82322 "-" "Mozilla/5.0 AppleWebKit/537.36 (KHTML, like Gecko; compatible; ClaudeBot/1.0; +claudebot@anthropic.com)"
216.73.216.74 - - [14/Aug/2026:07:11:37 -0500] "GET /?z=26329088069 HTTP/1.1" 200 82322 "-" "Mozilla/5.0 AppleWebKit/537.36 (KHTML, like Gecko; compatible; ClaudeBot/1.0; +claudebot@anthropic.com)"
216.73.216.74 - - [14/Aug/2026:07:11:37 -0500] "GET /?j=23950778906 HTTP/1.1" 200 82322 "-" "Mozilla/5.0 AppleWebKit/537.36 (KHTML, like Gecko; compatible; ClaudeBot/1.0; +claudebot@anthropic.com)"
216.73.216.74 - - [14/Aug/2026:07:11:37 -0500] "GET /?f=66268524857 HTTP/1.1" 200 82322 "-" "Mozilla/5.0 AppleWebKit/537.36 (KHTML, like Gecko; compatible; ClaudeBot/1.0; +claudebot@anthropic.com)"
216.73.216.74 - - [14/Aug/2026:07:11:38 -0500] "GET /?r=56388212764 HTTP/1.1" 200 82322 "-" "Mozilla/5.0 AppleWebKit/537.36 (KHTML, like Gecko; compatible; ClaudeBot/1.0; +claudebot@anthropic.com)"
216.73.216.74 - - [14/Aug/2026:07:11:38 -0500] "GET /?l=15416200674 HTTP/1.1" 200 82322 "-" "Mozilla/5.0 AppleWebKit/537.36 (KHTML, like Gecko; compatible; ClaudeBot/1.0; +claudebot@anthropic.com)"
216.73.216.74 - - [14/Aug/2026:07:11:38 -0500] "GET /?x=75778959348 HTTP/1.1" 200 82322 "-" "Mozilla/5.0 AppleWebKit/537.36 (KHTML, like Gecko; compatible; ClaudeBot/1.0; +claudebot@anthropic.com)"
216.73.216.74 - - [14/Aug/2026:07:11:38 -0500] "GET /?k=43686765585 HTTP/1.1" 200 82322 "-" "Mozilla/5.0 AppleWebKit/537.36 (KHTML, like Gecko; compatible; ClaudeBot/1.0; +claudebot@anthropic.com)"
216.73.216.74 - - [14/Aug/2026:07:11:38 -0500] "GET /?i=84489693169 HTTP/1.1" 200 82322 "-" "Mozilla/5.0 AppleWebKit/537.36 (KHTML, like Gecko; compatible; ClaudeBot/1.0; +claudebot@anthropic.com)"
216.73.216.74 - - [14/Aug/2026:07:11:38 -0500] "GET /?w=35608349601 HTTP/1.1" 200 57694 "-" "Mozilla/5.0 AppleWebKit/537.36 (KHTML, like Gecko; compatible; ClaudeBot/1.0; +claudebot@anthropic.com)"
216.73.216.74 - - [14/Aug/2026:07:11:38 -0500] "GET /?n=42409858874 HTTP/1.1" 200 82322 "-" "Mozilla/5.0 AppleWebKit/537.36 (KHTML, like Gecko; compatible; ClaudeBot/1.0; +claudebot@anthropic.com)"
57.141.14.98 - - [14/Aug/2026:07:11:39 -0500] "GET /?t=45798180321 HTTP/1.1" 200 82322 "-" "Mozilla/5.0 (Windows NT 10.0; Win64; x64) AppleWebKit/537.36 (KHTML, like Gecko) Chrome/145.0.0.0 Safari/537.36 (compatible; meta-externalagent/1.1 (+https://developers.facebook.com/docs/sharing/webmasters/crawler))"
57.141.14.99 - - [14/Aug/2026:07:11:41 -0500] "GET /?i=55660367704 HTTP/1.1" 200 82322 "-" "Mozilla/5.0 (X11; Linux x86_64) AppleWebKit/537.36 (KHTML, like Gecko) Chrome/145.0.0.0 Safari/537.36 (compatible; meta-externalagent/1.1 (+https://developers.facebook.com/docs/sharing/webmasters/crawler))"
57.141.14.88 - - [14/Aug/2026:07:11:43 -0500] "GET /comeon-kansspelbelasting-betrouwbaar-spel-platform/ HTTP/1.1" 200 78261 "-" "Mozilla/5.0 (Windows NT 10.0; Win64; x64) AppleWebKit/537.36 (KHTML, like Gecko) Chrome/145.0.0.0 Safari/537.36 (compatible; meta-externalagent/1.1 (+https://developers.facebook.com/docs/sharing/webmasters/crawler))"
154.208.47.199 - - [14/Aug/2026:07:11:45 -0500] "POST /xmlrpc.php HTTP/1.1" 200 6095 "-" "Jetpack by WordPress.com (Jetpack 13.0; WordPress 6.3)"
57.141.14.76 - - [14/Aug/2026:07:11:47 -0500] "GET /?a=64213140520 HTTP/1.1" 200 82322 "-" "Mozilla/5.0 (Windows NT 10.0; Win64; x64) AppleWebKit/537.36 (KHTML, like Gecko) Chrome/145.0.0.0 Safari/537.36 (compatible; meta-externalagent/1.1 (+https://developers.facebook.com/docs/sharing/webmasters/crawler))"
57.141.14.66 - - [14/Aug/2026:07:11:54 -0500] "GET /?a=35150872415 HTTP/1.1" 200 82322 "-" "Mozilla/5.0 (Macintosh; Intel Mac OS X 10_15_7) AppleWebKit/537.36 (KHTML, like Gecko) Chrome/145.0.0.0 Safari/537.36 (compatible; meta-externalagent/1.1 (+https://developers.facebook.com/docs/sharing/webmasters/crawler))"
154.208.47.199 - - [14/Aug/2026:07:11:57 -0500] "POST /xmlrpc.php HTTP/1.1" 200 6095 "-" "Jetpack by WordPress.com (Jetpack 12.5; WordPress 6.4)"
216.73.216.74 - - [14/Aug/2026:07:12:01 -0500] "GET /?a=53271510218 HTTP/1.1" 200 82322 "-" "Mozilla/5.0 AppleWebKit/537.36 (KHTML, like Gecko; compatible; ClaudeBot/1.0; +claudebot@anthropic.com)"
216.73.216.74 - - [14/Aug/2026:07:12:01 -0500] "GET /?w=95447621200 HTTP/1.1" 200 57694 "-" "Mozilla/5.0 AppleWebKit/537.36 (KHTML, like Gecko; compatible; ClaudeBot/1.0; +claudebot@anthropic.com)"
216.73.216.74 - - [14/Aug/2026:07:12:01 -0500] "GET /?r=53777394931 HTTP/1.1" 200 82322 "-" "Mozilla/5.0 AppleWebKit/537.36 (KHTML, like Gecko; compatible; ClaudeBot/1.0; +claudebot@anthropic.com)"
216.73.216.74 - - [14/Aug/2026:07:12:01 -0500] "GET /?m=73297710501 HTTP/1.1" 200 57694 "-" "Mozilla/5.0 AppleWebKit/537.36 (KHTML, like Gecko; compatible; ClaudeBot/1.0; +claudebot@anthropic.com)"
216.73.216.74 - - [14/Aug/2026:07:12:01 -0500] "GET /?l=24455508946 HTTP/1.1" 200 82322 "-" "Mozilla/5.0 AppleWebKit/537.36 (KHTML, like Gecko; compatible; ClaudeBot/1.0; +claudebot@anthropic.com)"
216.73.216.74 - - [14/Aug/2026:07:12:01 -0500] "GET /?k=63770306019 HTTP/1.1" 200 82322 "-" "Mozilla/5.0 AppleWebKit/537.36 (KHTML, like Gecko; compatible; ClaudeBot/1.0; +claudebot@anthropic.com)"
216.73.216.74 - - [14/Aug/2026:07:12:02 -0500] "GET /?p=93777080702 HTTP/1.1" 200 57694 "-" "Mozilla/5.0 AppleWebKit/537.36 (KHTML, like Gecko; compatible; ClaudeBot/1.0; +claudebot@anthropic.com)"
216.73.216.74 - - [14/Aug/2026:07:12:02 -0500] "GET /?r=24196188860 HTTP/1.1" 200 82322 "-" "Mozilla/5.0 AppleWebKit/537.36 (KHTML, like Gecko; compatible; ClaudeBot/1.0; +claudebot@anthropic.com)"
216.73.216.74 - - [14/Aug/2026:07:12:02 -0500] "GET /?u=15653720199 HTTP/1.1" 200 82322 "-" "Mozilla/5.0 AppleWebKit/537.36 (KHTML, like Gecko; compatible; ClaudeBot/1.0; +claudebot@anthropic.com)"
216.73.216.74 - - [14/Aug/2026:07:12:02 -0500] "GET /?n=36193667445 HTTP/1.1" 200 82322 "-" "Mozilla/5.0 AppleWebKit/537.36 (KHTML, like Gecko; compatible; ClaudeBot/1.0; +claudebot@anthropic.com)"
216.73.216.74 - - [14/Aug/2026:07:12:02 -0500] "GET /?y=85358704599 HTTP/1.1" 200 82322 "-" "Mozilla/5.0 AppleWebKit/537.36 (KHTML, like Gecko; compatible; ClaudeBot/1.0; +claudebot@anthropic.com)"
216.73.216.74 - - [14/Aug/2026:07:12:02 -0500] "GET /?k=44599089438 HTTP/1.1" 200 82322 "-" "Mozilla/5.0 AppleWebKit/537.36 (KHTML, like Gecko; compatible; ClaudeBot/1.0; +claudebot@anthropic.com)"
216.73.216.74 - - [14/Aug/2026:07:12:02 -0500] "GET /?l=64877252329 HTTP/1.1" 200 82322 "-" "Mozilla/5.0 AppleWebKit/537.36 (KHTML, like Gecko; compatible; ClaudeBot/1.0; +claudebot@anthropic.com)"
216.73.216.74 - - [14/Aug/2026:07:12:02 -0500] "GET /?d=63817897826 HTTP/1.1" 200 82322 "-" "Mozilla/5.0 AppleWebKit/537.36 (KHTML, like Gecko; compatible; ClaudeBot/1.0; +claudebot@anthropic.com)"
216.73.216.74 - - [14/Aug/2026:07:12:02 -0500] "GET /?f=74225018291 HTTP/1.1" 200 82322 "-" "Mozilla/5.0 AppleWebKit/537.36 (KHTML, like Gecko; compatible; ClaudeBot/1.0; +claudebot@anthropic.com)"
154.208.47.199 - - [14/Aug/2026:07:12:02 -0500] "POST /xmlrpc.php HTTP/1.1" 200 6095 "-" "WordPress.com; https://wordpress.com"
