57.141.14.49 - - [14/Aug/2026:07:43:42 -0500] "GET /?n=35409491461 HTTP/1.1" 200 82322 "-" "Mozilla/5.0 (Windows NT 10.0; Win64; x64) AppleWebKit/537.36 (KHTML, like Gecko) Chrome/145.0.0.0 Safari/537.36 (compatible; meta-externalagent/1.1 (+https://developers.facebook.com/docs/sharing/webmasters/crawler))"
57.141.14.30 - - [14/Aug/2026:07:43:43 -0500] "GET /?a=63512985439 HTTP/1.1" 200 82322 "-" "Mozilla/5.0 (Windows NT 10.0; Win64; x64) AppleWebKit/537.36 (KHTML, like Gecko) Chrome/145.0.0.0 Safari/537.36 Edg/145.0.0.0 (compatible; meta-externalagent/1.1 (+https://developers.facebook.com/docs/sharing/webmasters/crawler))"
45.227.253.162 - - [14/Aug/2026:07:43:48 -0500] "GET /slotsgallery-rigged-ready-for-your-next-big-win/ HTTP/1.1" 200 75027 "-" "Mozilla/5.0 (Windows NT 10.0; Win64; x64; rv:133.0) Gecko/20100101 Firefox/133.0"
57.141.14.110 - - [14/Aug/2026:07:43:49 -0500] "GET /?j=14102959479 HTTP/1.1" 200 82322 "-" "Mozilla/5.0 (Macintosh; Intel Mac OS X 10_15_7) AppleWebKit/537.36 (KHTML, like Gecko) Chrome/145.0.0.0 Safari/537.36 (compatible; meta-externalagent/1.1 (+https://developers.facebook.com/docs/sharing/webmasters/crawler))"
162.214.115.43 - - [14/Aug/2026:07:43:52 -0500] "POST /wp-cron.php?doing_wp_cron=1786711432.3699650764465332031250 HTTP/1.1" 200 - "https://quizena.com.co/wp-cron.php?doing_wp_cron=1786711432.3699650764465332031250" "WordPress/6.0.14; https://quizena.com.co"
45.227.253.162 - - [14/Aug/2026:07:43:52 -0500] "GET /sirwin-verification-pending-secure-your-access-now/ HTTP/1.1" 200 77045 "-" "Mozilla/5.0 (Macintosh; Intel Mac OS X 10_15_7) AppleWebKit/605.1.15 (KHTML, like Gecko) Version/18.0 Safari/605.1.15"
57.141.14.36 - - [14/Aug/2026:07:43:53 -0500] "GET /?f=36125697002 HTTP/1.1" 200 82322 "-" "Mozilla/5.0 (Windows NT 10.0; Win64; x64) AppleWebKit/537.36 (KHTML, like Gecko) Chrome/145.0.0.0 Safari/537.36 (compatible; meta-externalagent/1.1 (+https://developers.facebook.com/docs/sharing/webmasters/crawler))"
57.141.14.48 - - [14/Aug/2026:07:43:54 -0500] "GET /?d=14439663582 HTTP/1.1" 200 82322 "-" "Mozilla/5.0 (Macintosh; Intel Mac OS X 10_15_7) AppleWebKit/537.36 (KHTML, like Gecko) Chrome/145.0.0.0 Safari/537.36 (compatible; meta-externalagent/1.1 (+https://developers.facebook.com/docs/sharing/webmasters/crawler))"
162.214.115.43 - - [14/Aug/2026:07:43:55 -0500] "POST /wp-cron.php?doing_wp_cron=1786711435.6079928874969482421875 HTTP/1.1" 200 - "https://quizena.com.co/wp-cron.php?doing_wp_cron=1786711435.6079928874969482421875" "WordPress/6.0.14; https://quizena.com.co"
57.141.14.108 - - [14/Aug/2026:07:43:55 -0500] "GET /?f=52386406757 HTTP/1.1" 200 82322 "-" "Mozilla/5.0 (X11; Linux x86_64) AppleWebKit/537.36 (KHTML, like Gecko) Chrome/145.0.0.0 Safari/537.36 (compatible; meta-externalagent/1.1 (+https://developers.facebook.com/docs/sharing/webmasters/crawler))"
45.227.253.162 - - [14/Aug/2026:07:43:55 -0500] "GET /shuffle-privacy-policy-secure-your-data-now/ HTTP/1.1" 200 76821 "-" "Mozilla/5.0 (Macintosh; Intel Mac OS X 10_15_7) AppleWebKit/605.1.15 (KHTML, like Gecko) Version/18.0 Safari/605.1.15"
162.214.115.43 - - [14/Aug/2026:07:43:58 -0500] "POST /wp-cron.php?doing_wp_cron=1786711438.5645449161529541015625 HTTP/1.1" 200 - "https://quizena.com.co/wp-cron.php?doing_wp_cron=1786711438.5645449161529541015625" "WordPress/6.0.14; https://quizena.com.co"
45.227.253.162 - - [14/Aug/2026:07:43:58 -0500] "GET /shotz-live-casino-real-money-action-thrills/ HTTP/1.1" 200 75218 "-" "Mozilla/5.0 (Windows NT 10.0; Win64; x64) AppleWebKit/537.36 (KHTML, like Gecko) Chrome/124.0.0.0 Safari/537.36"
162.214.115.43 - - [14/Aug/2026:07:44:01 -0500] "POST /wp-cron.php?doing_wp_cron=1786711441.3370258808135986328125 HTTP/1.1" 200 - "https://quizena.com.co/wp-cron.php?doing_wp_cron=1786711441.3370258808135986328125" "WordPress/6.0.14; https://quizena.com.co"
45.227.253.162 - - [14/Aug/2026:07:44:01 -0500] "GET /get-pub-bonus-codes-now-for-your-next-big-win/ HTTP/1.1" 200 63031 "-" "Mozilla/5.0 (Windows NT 10.0; Win64; x64; rv:133.0) Gecko/20100101 Firefox/133.0"
162.214.115.43 - - [14/Aug/2026:07:44:10 -0500] "POST /wp-cron.php?doing_wp_cron=1786711450.1002039909362792968750 HTTP/1.1" 200 - "https://quizena.com.co/wp-cron.php?doing_wp_cron=1786711450.1002039909362792968750" "WordPress/6.0.14; https://quizena.com.co"
57.141.14.53 - - [14/Aug/2026:07:44:09 -0500] "GET /?s=95869384605 HTTP/1.1" 200 70704 "-" "Mozilla/5.0 (Windows NT 10.0; Win64; x64) AppleWebKit/537.36 (KHTML, like Gecko) Chrome/145.0.0.0 Safari/537.36 (compatible; meta-externalagent/1.1 (+https://developers.facebook.com/docs/sharing/webmasters/crawler))"
45.227.253.162 - - [14/Aug/2026:07:44:10 -0500] "GET /rooli-minimum-withdrawal-low-fees-access-funds/ HTTP/1.1" 200 79087 "-" "Mozilla/5.0 (Macintosh; Intel Mac OS X 10_15_7) AppleWebKit/605.1.15 (KHTML, like Gecko) Version/18.0 Safari/605.1.15"
45.227.253.162 - - [14/Aug/2026:07:44:13 -0500] "GET /shokki-accepted-countries-list-your-shipping-options/ HTTP/1.1" 200 76147 "-" "Mozilla/5.0 (Macintosh; Intel Mac OS X 10_15_7) AppleWebKit/605.1.15 (KHTML, like Gecko) Version/18.0 Safari/605.1.15"
57.141.14.103 - - [14/Aug/2026:07:44:14 -0500] "GET /?p=53948345292 HTTP/1.1" 200 57694 "-" "Mozilla/5.0 (Windows NT 10.0; Win64; x64) AppleWebKit/537.36 (KHTML, like Gecko) Chrome/145.0.0.0 Safari/537.36 (compatible; meta-externalagent/1.1 (+https://developers.facebook.com/docs/sharing/webmasters/crawler))"
162.214.115.43 - - [14/Aug/2026:07:44:16 -0500] "POST /wp-cron.php?doing_wp_cron=1786711456.1390030384063720703125 HTTP/1.1" 200 - "https://quizena.com.co/wp-cron.php?doing_wp_cron=1786711456.1390030384063720703125" "WordPress/6.0.14; https://quizena.com.co"
45.227.253.162 - - [14/Aug/2026:07:44:15 -0500] "GET /shotz-best-slots-fun-play-online-now/ HTTP/1.1" 200 75725 "-" "Mozilla/5.0 (Windows NT 10.0; Win64; x64; rv:133.0) Gecko/20100101 Firefox/133.0"
57.141.14.16 - - [14/Aug/2026:07:44:18 -0500] "GET /?h=84575032267 HTTP/1.1" 200 82322 "-" "Mozilla/5.0 (Windows NT 10.0; Win64; x64) AppleWebKit/537.36 (KHTML, like Gecko) Chrome/145.0.0.0 Safari/537.36 (compatible; meta-externalagent/1.1 (+https://developers.facebook.com/docs/sharing/webmasters/crawler))"
57.141.14.60 - - [14/Aug/2026:07:44:20 -0500] "GET /?p=95575067683 HTTP/1.1" 200 57694 "-" "Mozilla/5.0 (Windows NT 10.0; Win64; x64) AppleWebKit/537.36 (KHTML, like Gecko) Chrome/145.0.0.0 Safari/537.36 (compatible; meta-externalagent/1.1 (+https://developers.facebook.com/docs/sharing/webmasters/crawler))"
162.214.115.43 - - [14/Aug/2026:07:44:25 -0500] "POST /wp-cron.php?doing_wp_cron=1786711465.2706120014190673828125 HTTP/1.1" 200 - "https://quizena.com.co/wp-cron.php?doing_wp_cron=1786711465.2706120014190673828125" "WordPress/6.0.14; https://quizena.com.co"
57.141.14.59 - - [14/Aug/2026:07:44:25 -0500] "GET /?t=43970186006 HTTP/1.1" 200 82322 "-" "Mozilla/5.0 (Windows NT 10.0; Win64; x64) AppleWebKit/537.36 (KHTML, like Gecko) Chrome/145.0.0.0 Safari/537.36 (compatible; meta-externalagent/1.1 (+https://developers.facebook.com/docs/sharing/webmasters/crawler))"
45.227.253.162 - - [14/Aug/2026:07:44:25 -0500] "GET /roobet-proxy-access-reliable-secure-gaming-connection/ HTTP/1.1" 200 92757 "-" "Mozilla/5.0 (Macintosh; Intel Mac OS X 10_15_7) AppleWebKit/605.1.15 (KHTML, like Gecko) Version/18.0 Safari/605.1.15"
57.141.14.24 - - [14/Aug/2026:07:44:25 -0500] "GET /?z=26031550513 HTTP/1.1" 200 82322 "-" "Mozilla/5.0 (Windows NT 10.0; Win64; x64) AppleWebKit/537.36 (KHTML, like Gecko) Chrome/145.0.0.0 Safari/537.36 (compatible; meta-externalagent/1.1 (+https://developers.facebook.com/docs/sharing/webmasters/crawler))"
162.214.115.43 - - [14/Aug/2026:07:44:29 -0500] "POST /wp-cron.php?doing_wp_cron=1786711469.3581869602203369140625 HTTP/1.1" 200 - "https://quizena.com.co/wp-cron.php?doing_wp_cron=1786711469.3581869602203369140625" "WordPress/6.0.14; https://quizena.com.co"
45.227.253.162 - - [14/Aug/2026:07:44:28 -0500] "GET /roobet-crazy-time-excitement-awaits-play-now/ HTTP/1.1" 200 76001 "-" "Mozilla/5.0 (Macintosh; Intel Mac OS X 10_15_7) AppleWebKit/605.1.15 (KHTML, like Gecko) Version/18.0 Safari/605.1.15"
57.141.16.24 - - [14/Aug/2026:07:44:30 -0500] "GET / HTTP/1.1" 200 82322 "-" "facebookexternalhit/1.1 (+http://www.facebook.com/externalhit_uatext.php)"
162.214.115.43 - - [14/Aug/2026:07:44:32 -0500] "POST /wp-cron.php?doing_wp_cron=1786711472.2910659313201904296875 HTTP/1.1" 200 - "https://quizena.com.co/wp-cron.php?doing_wp_cron=1786711472.2910659313201904296875" "WordPress/6.0.14; https://quizena.com.co"
45.227.253.162 - - [14/Aug/2026:07:44:32 -0500] "GET /rolling-slots-privacy-policy-secure-your-data/ HTTP/1.1" 200 78636 "-" "Mozilla/5.0 (Windows NT 10.0; Win64; x64) AppleWebKit/537.36 (KHTML, like Gecko) Chrome/124.0.0.0 Safari/537.36"
57.141.14.15 - - [14/Aug/2026:07:44:33 -0500] "GET /?i=34732298854 HTTP/1.1" 200 82322 "-" "Mozilla/5.0 (Windows NT 10.0; Win64; x64) AppleWebKit/537.36 (KHTML, like Gecko) Chrome/145.0.0.0 Safari/537.36 (compatible; meta-externalagent/1.1 (+https://developers.facebook.com/docs/sharing/webmasters/crawler))"
162.214.115.43 - - [14/Aug/2026:07:44:35 -0500] "POST /wp-cron.php?doing_wp_cron=1786711475.2933139801025390625000 HTTP/1.1" 200 - "https://quizena.com.co/wp-cron.php?doing_wp_cron=1786711475.2933139801025390625000" "WordPress/6.0.14; https://quizena.com.co"
45.227.253.162 - - [14/Aug/2026:07:44:35 -0500] "GET /bracco-esports-achieve-victory-in-gaming/ HTTP/1.1" 200 77203 "-" "Mozilla/5.0 (Windows NT 10.0; Win64; x64) AppleWebKit/537.36 (KHTML, like Gecko) Chrome/124.0.0.0 Safari/537.36"
57.141.14.71 - - [14/Aug/2026:07:44:36 -0500] "GET /?v=85001177657 HTTP/1.1" 200 82322 "-" "Mozilla/5.0 (Windows NT 10.0; Win64; x64) AppleWebKit/537.36 (KHTML, like Gecko) Chrome/145.0.0.0 Safari/537.36 (compatible; meta-externalagent/1.1 (+https://developers.facebook.com/docs/sharing/webmasters/crawler))"
162.214.115.43 - - [14/Aug/2026:07:44:38 -0500] "POST /wp-cron.php?doing_wp_cron=1786711478.9487810134887695312500 HTTP/1.1" 200 - "https://quizena.com.co/wp-cron.php?doing_wp_cron=1786711478.9487810134887695312500" "WordPress/6.0.14; https://quizena.com.co"
45.227.253.162 - - [14/Aug/2026:07:44:37 -0500] "GET /possu-login-secure-access-solutions-for-your-needs/ HTTP/1.1" 200 63304 "-" "Mozilla/5.0 (Windows NT 10.0; Win64; x64; rv:133.0) Gecko/20100101 Firefox/133.0"
162.214.115.43 - - [14/Aug/2026:07:44:41 -0500] "POST /wp-cron.php?doing_wp_cron=1786711481.3163919448852539062500 HTTP/1.1" 200 - "https://quizena.com.co/wp-cron.php?doing_wp_cron=1786711481.3163919448852539062500" "WordPress/6.0.14; https://quizena.com.co"
57.141.14.49 - - [14/Aug/2026:07:44:41 -0500] "GET /?d=54679723560 HTTP/1.1" 200 82322 "-" "Mozilla/5.0 (Windows NT 10.0; Win64; x64) AppleWebKit/537.36 (KHTML, like Gecko) Chrome/145.0.0.0 Safari/537.36 (compatible; meta-externalagent/1.1 (+https://developers.facebook.com/docs/sharing/webmasters/crawler))"
45.227.253.162 - - [14/Aug/2026:07:44:41 -0500] "GET /prank-ecopayz-fun-pay-solutions-for-everyone/ HTTP/1.1" 200 63150 "-" "Mozilla/5.0 (Windows NT 10.0; Win64; x64; rv:133.0) Gecko/20100101 Firefox/133.0"
162.214.115.43 - - [14/Aug/2026:07:44:45 -0500] "POST /wp-cron.php?doing_wp_cron=1786711485.5378770828247070312500 HTTP/1.1" 200 - "https://quizena.com.co/wp-cron.php?doing_wp_cron=1786711485.5378770828247070312500" "WordPress/6.0.14; https://quizena.com.co"
45.227.253.162 - - [14/Aug/2026:07:44:45 -0500] "GET /playbet-android-app-your-betting-companion/ HTTP/1.1" 200 75092 "-" "Mozilla/5.0 (Windows NT 10.0; Win64; x64) AppleWebKit/537.36 (KHTML, like Gecko) Chrome/124.0.0.0 Safari/537.36"
162.214.115.43 - - [14/Aug/2026:07:44:59 -0500] "POST /wp-cron.php?doing_wp_cron=1786711499.5271348953247070312500 HTTP/1.1" 200 - "https://quizena.com.co/wp-cron.php?doing_wp_cron=1786711499.5271348953247070312500" "WordPress/6.0.14; https://quizena.com.co"
45.227.253.162 - - [14/Aug/2026:07:44:58 -0500] "GET /pop-visa-quick-travel-solutions-for-your-next-trip/ HTTP/1.1" 200 89615 "-" "Mozilla/5.0 (Windows NT 10.0; Win64; x64) AppleWebKit/537.36 (KHTML, like Gecko) Chrome/124.0.0.0 Safari/537.36"
45.227.253.162 - - [14/Aug/2026:07:45:02 -0500] "GET /powerplay-cancel-withdrawal-easy-fast-support/ HTTP/1.1" 200 76498 "-" "Mozilla/5.0 (Windows NT 10.0; Win64; x64; rv:133.0) Gecko/20100101 Firefox/133.0"
57.141.14.9 - - [14/Aug/2026:07:45:02 -0500] "GET /?a=24008253628 HTTP/1.1" 200 82322 "-" "Mozilla/5.0 (Windows NT 10.0; Win64; x64) AppleWebKit/537.36 (KHTML, like Gecko) Chrome/145.0.0.0 Safari/537.36 (compatible; meta-externalagent/1.1 (+https://developers.facebook.com/docs/sharing/webmasters/crawler))"
57.141.14.20 - - [14/Aug/2026:07:45:02 -0500] "GET /?n=95673945848 HTTP/1.1" 200 82322 "-" "Mozilla/5.0 (Windows NT 10.0; Win64; x64) AppleWebKit/537.36 (KHTML, like Gecko) Chrome/145.0.0.0 Safari/537.36 (compatible; meta-externalagent/1.1 (+https://developers.facebook.com/docs/sharing/webmasters/crawler))"
162.214.115.43 - - [14/Aug/2026:07:45:05 -0500] "POST /wp-cron.php?doing_wp_cron=1786711505.4624869823455810546875 HTTP/1.1" 200 - "https://quizena.com.co/wp-cron.php?doing_wp_cron=1786711505.4624869823455810546875" "WordPress/6.0.14; https://quizena.com.co"
45.227.253.162 - - [14/Aug/2026:07:45:05 -0500] "GET /playbet-affiliate-program-earn-big-commissions-now/ HTTP/1.1" 200 77595 "-" "Mozilla/5.0 (Macintosh; Intel Mac OS X 10_15_7) AppleWebKit/605.1.15 (KHTML, like Gecko) Version/18.0 Safari/605.1.15"
51.15.217.215 - - [14/Aug/2026:07:45:08 -0500] "GET /robots.txt HTTP/1.1" 200 68 "-" "Python/3.14 aiohttp/3.14.1"
45.227.253.162 - - [14/Aug/2026:07:45:08 -0500] "GET /pigmo-wager-offers-smart-betting-solutions/ HTTP/1.1" 200 78847 "-" "Mozilla/5.0 (Windows NT 10.0; Win64; x64) AppleWebKit/537.36 (KHTML, like Gecko) Chrome/124.0.0.0 Safari/537.36"
51.15.217.215 - - [14/Aug/2026:07:45:09 -0500] "GET /third-darkness-and-second-dry-second-greater/ HTTP/1.1" 200 73726 "-" "Python/3.14 aiohttp/3.14.1"
57.141.14.98 - - [14/Aug/2026:07:45:09 -0500] "GET /?e=12281437747 HTTP/1.1" 200 82322 "-" "Mozilla/5.0 (Windows NT 10.0; Win64; x64) AppleWebKit/537.36 (KHTML, like Gecko) Chrome/145.0.0.0 Safari/537.36 (compatible; meta-externalagent/1.1 (+https://developers.facebook.com/docs/sharing/webmasters/crawler))"
57.141.14.34 - - [14/Aug/2026:07:45:13 -0500] "GET /?h=83907870036 HTTP/1.1" 200 82322 "-" "Mozilla/5.0 (Macintosh; Intel Mac OS X 10_15_7) AppleWebKit/537.36 (KHTML, like Gecko) Chrome/145.0.0.0 Safari/537.36 (compatible; meta-externalagent/1.1 (+https://developers.facebook.com/docs/sharing/webmasters/crawler))"
51.15.217.215 - - [14/Aug/2026:07:45:16 -0500] "GET /robots.txt HTTP/1.1" 200 68 "-" "Python/3.14 aiohttp/3.14.1"
162.214.115.43 - - [14/Aug/2026:07:45:16 -0500] "POST /wp-cron.php?doing_wp_cron=1786711516.5557200908660888671875 HTTP/1.1" 200 - "https://quizena.com.co/wp-cron.php?doing_wp_cron=1786711516.5557200908660888671875" "WordPress/6.0.14; https://quizena.com.co"
57.141.14.105 - - [14/Aug/2026:07:45:16 -0500] "GET /?p=44800465141 HTTP/1.1" 200 57694 "-" "Mozilla/5.0 (Windows NT 10.0; Win64; x64) AppleWebKit/537.36 (KHTML, like Gecko) Chrome/145.0.0.0 Safari/537.36 (compatible; meta-externalagent/1.1 (+https://developers.facebook.com/docs/sharing/webmasters/crawler))"
45.227.253.162 - - [14/Aug/2026:07:45:17 -0500] "GET /paf-credit-card-get-yours-now-easy-payments/ HTTP/1.1" 200 78100 "-" "Mozilla/5.0 (Windows NT 10.0; Win64; x64; rv:133.0) Gecko/20100101 Firefox/133.0"
51.15.217.215 - - [14/Aug/2026:07:45:16 -0500] "GET /a-lesson-in-pant-silhouettes-with-our-design-team/ HTTP/1.1" 200 72977 "-" "Python/3.14 aiohttp/3.14.1"
57.141.14.44 - - [14/Aug/2026:07:45:19 -0500] "GET /?g=72139316540 HTTP/1.1" 200 82322 "-" "Mozilla/5.0 (Windows NT 10.0; Win64; x64) AppleWebKit/537.36 (KHTML, like Gecko) Chrome/145.0.0.0 Safari/537.36 Edg/145.0.0.0 (compatible; meta-externalagent/1.1 (+https://developers.facebook.com/docs/sharing/webmasters/crawler))"
45.227.253.162 - - [14/Aug/2026:07:45:20 -0500] "GET /pelikaani-register-secure-registration-solutions-now/ HTTP/1.1" 200 76212 "-" "Mozilla/5.0 (Windows NT 10.0; Win64; x64) AppleWebKit/537.36 (KHTML, like Gecko) Chrome/124.0.0.0 Safari/537.36"
162.214.115.43 - - [14/Aug/2026:07:45:23 -0500] "POST /wp-cron.php?doing_wp_cron=1786711523.1852929592132568359375 HTTP/1.1" 200 - "https://quizena.com.co/wp-cron.php?doing_wp_cron=1786711523.1852929592132568359375" "WordPress/6.0.14; https://quizena.com.co"
45.227.253.162 - - [14/Aug/2026:07:45:22 -0500] "GET /paratiisi-max-bet-maximum-winnings-available-now/ HTTP/1.1" 200 74111 "-" "Mozilla/5.0 (Windows NT 10.0; Win64; x64) AppleWebKit/537.36 (KHTML, like Gecko) Chrome/124.0.0.0 Safari/537.36"
162.214.115.43 - - [14/Aug/2026:07:45:30 -0500] "POST /wp-cron.php?doing_wp_cron=1786711530.1274619102478027343750 HTTP/1.1" 200 - "https://quizena.com.co/wp-cron.php?doing_wp_cron=1786711530.1274619102478027343750" "WordPress/6.0.14; https://quizena.com.co"
57.141.14.2 - - [14/Aug/2026:07:45:28 -0500] "GET /search/22920181629/feed/rss2/ HTTP/1.1" 200 6856 "-" "Mozilla/5.0 (Windows NT 10.0; Win64; x64) AppleWebKit/537.36 (KHTML, like Gecko) Chrome/145.0.0.0 Safari/537.36 (compatible; meta-externalagent/1.1 (+https://developers.facebook.com/docs/sharing/webmasters/crawler))"
57.141.14.2 - - [14/Aug/2026:07:45:31 -0500] "GET /?p=93988180216 HTTP/1.1" 200 57694 "-" "Mozilla/5.0 (Macintosh; Intel Mac OS X 10_15_7) AppleWebKit/537.36 (KHTML, like Gecko) Chrome/145.0.0.0 Safari/537.36 (compatible; meta-externalagent/1.1 (+https://developers.facebook.com/docs/sharing/webmasters/crawler))"
45.227.253.162 - - [14/Aug/2026:07:45:31 -0500] "GET /paf-poker-excitement-play-now-huge-jackpots/ HTTP/1.1" 200 76876 "-" "Mozilla/5.0 (Windows NT 10.0; Win64; x64; rv:133.0) Gecko/20100101 Firefox/133.0"
162.214.115.43 - - [14/Aug/2026:07:45:35 -0500] "POST /wp-cron.php?doing_wp_cron=1786711535.3135139942169189453125 HTTP/1.1" 200 - "https://quizena.com.co/wp-cron.php?doing_wp_cron=1786711535.3135139942169189453125" "WordPress/6.0.14; https://quizena.com.co"
45.227.253.162 - - [14/Aug/2026:07:45:35 -0500] "GET /otto-net-fast-internet-solutions-for-your-business/ HTTP/1.1" 200 80463 "-" "Mozilla/5.0 (Macintosh; Intel Mac OS X 10_15_7) AppleWebKit/605.1.15 (KHTML, like Gecko) Version/18.0 Safari/605.1.15"
45.227.253.162 - - [14/Aug/2026:07:45:37 -0500] "GET /nucleonbet-casino-play-now-big-wins-await/ HTTP/1.1" 200 72549 "-" "Mozilla/5.0 (Windows NT 10.0; Win64; x64) AppleWebKit/537.36 (KHTML, like Gecko) Chrome/124.0.0.0 Safari/537.36"
57.141.14.17 - - [14/Aug/2026:07:45:40 -0500] "GET /?h=63459399541 HTTP/1.1" 200 82322 "-" "Mozilla/5.0 (Windows NT 10.0; Win64; x64) AppleWebKit/537.36 (KHTML, like Gecko) Chrome/145.0.0.0 Safari/537.36 (compatible; meta-externalagent/1.1 (+https://developers.facebook.com/docs/sharing/webmasters/crawler))"
162.214.115.43 - - [14/Aug/2026:07:45:41 -0500] "POST /wp-cron.php?doing_wp_cron=1786711541.8878669738769531250000 HTTP/1.1" 200 - "https://quizena.com.co/wp-cron.php?doing_wp_cron=1786711541.8878669738769531250000" "WordPress/6.0.14; https://quizena.com.co"
45.227.253.162 - - [14/Aug/2026:07:45:41 -0500] "GET /olympusbet-sign-up-join-betting-action-now/ HTTP/1.1" 200 78201 "-" "Mozilla/5.0 (Windows NT 10.0; Win64; x64) AppleWebKit/537.36 (KHTML, like Gecko) Chrome/124.0.0.0 Safari/537.36"
45.227.253.162 - - [14/Aug/2026:07:45:44 -0500] "GET /get-oshi-active-promo-codes-now-big-savings/ HTTP/1.1" 200 74181 "-" "Mozilla/5.0 (Windows NT 10.0; Win64; x64) AppleWebKit/537.36 (KHTML, like Gecko) Chrome/124.0.0.0 Safari/537.36"
57.141.14.34 - - [14/Aug/2026:07:45:44 -0500] "GET /?t=72398619006 HTTP/1.1" 200 82322 "-" "Mozilla/5.0 (Windows NT 10.0; Win64; x64) AppleWebKit/537.36 (KHTML, like Gecko) Chrome/145.0.0.0 Safari/537.36 (compatible; meta-externalagent/1.1 (+https://developers.facebook.com/docs/sharing/webmasters/crawler))"
162.214.115.43 - - [14/Aug/2026:07:45:47 -0500] "POST /wp-cron.php?doing_wp_cron=1786711547.5748209953308105468750 HTTP/1.1" 200 - "https://quizena.com.co/wp-cron.php?doing_wp_cron=1786711547.5748209953308105468750" "WordPress/6.0.14; https://quizena.com.co"
45.227.253.162 - - [14/Aug/2026:07:45:47 -0500] "GET /nitro-live-chat-powerful-instant-customer-support-solution/ HTTP/1.1" 200 77260 "-" "Mozilla/5.0 (Windows NT 10.0; Win64; x64; rv:133.0) Gecko/20100101 Firefox/133.0"
162.214.115.43 - - [14/Aug/2026:07:45:50 -0500] "POST /wp-cron.php?doing_wp_cron=1786711550.7910749912261962890625 HTTP/1.1" 200 - "https://quizena.com.co/wp-cron.php?doing_wp_cron=1786711550.7910749912261962890625" "WordPress/6.0.14; https://quizena.com.co"
45.227.253.162 - - [14/Aug/2026:07:45:50 -0500] "GET /nopeampi-ndb-fast-solutions-now-available/ HTTP/1.1" 200 77508 "-" "Mozilla/5.0 (Windows NT 10.0; Win64; x64; rv:133.0) Gecko/20100101 Firefox/133.0"
57.141.14.2 - - [14/Aug/2026:07:45:50 -0500] "GET /?t=53328609984 HTTP/1.1" 200 82322 "-" "Mozilla/5.0 (Windows NT 10.0; Win64; x64) AppleWebKit/537.36 (KHTML, like Gecko) Chrome/145.0.0.0 Safari/537.36 (compatible; meta-externalagent/1.1 (+https://developers.facebook.com/docs/sharing/webmasters/crawler))"
57.141.14.33 - - [14/Aug/2026:07:45:52 -0500] "GET /?r=12595407588 HTTP/1.1" 200 82322 "-" "Mozilla/5.0 (Windows NT 10.0; Win64; x64) AppleWebKit/537.36 (KHTML, like Gecko) Chrome/145.0.0.0 Safari/537.36 (compatible; meta-externalagent/1.1 (+https://developers.facebook.com/docs/sharing/webmasters/crawler))"
57.141.14.88 - - [14/Aug/2026:07:45:53 -0500] "GET /?p=85496309653 HTTP/1.1" 200 57694 "-" "Mozilla/5.0 (Windows NT 10.0; Win64; x64) AppleWebKit/537.36 (KHTML, like Gecko) Chrome/145.0.0.0 Safari/537.36 (compatible; meta-externalagent/1.1 (+https://developers.facebook.com/docs/sharing/webmasters/crawler))"
57.141.14.26 - - [14/Aug/2026:07:45:54 -0500] "GET /?s=96174694255 HTTP/1.1" 200 70704 "-" "Mozilla/5.0 (Windows NT 10.0; Win64; x64) AppleWebKit/537.36 (KHTML, like Gecko) Chrome/145.0.0.0 Safari/537.36 (compatible; meta-externalagent/1.1 (+https://developers.facebook.com/docs/sharing/webmasters/crawler))"
57.141.14.2 - - [14/Aug/2026:07:45:55 -0500] "GET /?b=85502710792 HTTP/1.1" 200 82322 "-" "Mozilla/5.0 (Macintosh; Intel Mac OS X 10_15_7) AppleWebKit/537.36 (KHTML, like Gecko) Chrome/145.0.0.0 Safari/537.36 (compatible; meta-externalagent/1.1 (+https://developers.facebook.com/docs/sharing/webmasters/crawler))"
57.141.14.92 - - [14/Aug/2026:07:45:55 -0500] "GET /?l=24263710585 HTTP/1.1" 200 82322 "-" "Mozilla/5.0 (Windows NT 10.0; Win64; x64) AppleWebKit/537.36 (KHTML, like Gecko) Chrome/145.0.0.0 Safari/537.36 (compatible; meta-externalagent/1.1 (+https://developers.facebook.com/docs/sharing/webmasters/crawler))"
57.141.14.79 - - [14/Aug/2026:07:45:56 -0500] "GET /?o=62197876518 HTTP/1.1" 200 82322 "-" "Mozilla/5.0 (Windows NT 10.0; Win64; x64) AppleWebKit/537.36 (KHTML, like Gecko) Chrome/145.0.0.0 Safari/537.36 (compatible; meta-externalagent/1.1 (+https://developers.facebook.com/docs/sharing/webmasters/crawler))"
57.141.14.42 - - [14/Aug/2026:07:45:57 -0500] "GET /?k=75775772525 HTTP/1.1" 200 82322 "-" "Mozilla/5.0 (Macintosh; Intel Mac OS X 10_15_7) AppleWebKit/537.36 (KHTML, like Gecko) Chrome/145.0.0.0 Safari/537.36 (compatible; meta-externalagent/1.1 (+https://developers.facebook.com/docs/sharing/webmasters/crawler))"
57.141.14.17 - - [14/Aug/2026:07:45:58 -0500] "GET /?p=24202735454 HTTP/1.1" 200 57694 "-" "Mozilla/5.0 (Windows NT 10.0; Win64; x64) AppleWebKit/537.36 (KHTML, like Gecko) Chrome/145.0.0.0 Safari/537.36 (compatible; meta-externalagent/1.1 (+https://developers.facebook.com/docs/sharing/webmasters/crawler))"
162.214.115.43 - - [14/Aug/2026:07:45:59 -0500] "POST /wp-cron.php?doing_wp_cron=1786711559.5528249740600585937500 HTTP/1.1" 200 - "https://quizena.com.co/wp-cron.php?doing_wp_cron=1786711559.5528249740600585937500" "WordPress/6.0.14; https://quizena.com.co"
57.141.14.48 - - [14/Aug/2026:07:45:59 -0500] "GET /?p=93824032961 HTTP/1.1" 200 57694 "-" "Mozilla/5.0 (X11; Linux x86_64) AppleWebKit/537.36 (KHTML, like Gecko) Chrome/145.0.0.0 Safari/537.36 (compatible; meta-externalagent/1.1 (+https://developers.facebook.com/docs/sharing/webmasters/crawler))"
45.227.253.162 - - [14/Aug/2026:07:45:59 -0500] "GET /novajackpot-my-account-access-fast-secure-play/ HTTP/1.1" 200 74421 "-" "Mozilla/5.0 (Windows NT 10.0; Win64; x64) AppleWebKit/537.36 (KHTML, like Gecko) Chrome/124.0.0.0 Safari/537.36"
57.141.14.2 - - [14/Aug/2026:07:46:00 -0500] "GET /?p=73796644289 HTTP/1.1" 200 57694 "-" "Mozilla/5.0 (Windows NT 10.0; Win64; x64) AppleWebKit/537.36 (KHTML, like Gecko) Chrome/145.0.0.0 Safari/537.36 (compatible; meta-externalagent/1.1 (+https://developers.facebook.com/docs/sharing/webmasters/crawler))"
57.141.14.82 - - [14/Aug/2026:07:46:01 -0500] "GET /?a=25307087892 HTTP/1.1" 200 82322 "-" "Mozilla/5.0 (Macintosh; Intel Mac OS X 10_15_7) AppleWebKit/537.36 (KHTML, like Gecko) Chrome/145.0.0.0 Safari/537.36 (compatible; meta-externalagent/1.1 (+https://developers.facebook.com/docs/sharing/webmasters/crawler))"
162.214.115.43 - - [14/Aug/2026:07:46:03 -0500] "POST /wp-cron.php?doing_wp_cron=1786711563.5263741016387939453125 HTTP/1.1" 200 - "https://quizena.com.co/wp-cron.php?doing_wp_cron=1786711563.5263741016387939453125" "WordPress/6.0.14; https://quizena.com.co"
45.227.253.162 - - [14/Aug/2026:07:46:02 -0500] "GET /nopein-withdrawal-pending-status-updates-here/ HTTP/1.1" 200 76071 "-" "Mozilla/5.0 (Macintosh; Intel Mac OS X 10_15_7) AppleWebKit/605.1.15 (KHTML, like Gecko) Version/18.0 Safari/605.1.15"
45.227.253.162 - - [14/Aug/2026:07:46:06 -0500] "GET /nitro-astropay-fast-payments-secure-transactions-now/ HTTP/1.1" 200 77156 "-" "Mozilla/5.0 (Windows NT 10.0; Win64; x64; rv:133.0) Gecko/20100101 Firefox/133.0"
45.227.253.162 - - [14/Aug/2026:07:46:08 -0500] "GET /ninja-partners-power-boost-your-business-growth-now/ HTTP/1.1" 200 70281 "-" "Mozilla/5.0 (Windows NT 10.0; Win64; x64) AppleWebKit/537.36 (KHTML, like Gecko) Chrome/124.0.0.0 Safari/537.36"
162.214.115.43 - - [14/Aug/2026:07:46:12 -0500] "POST /wp-cron.php?doing_wp_cron=1786711572.9073479175567626953125 HTTP/1.1" 200 - "https://quizena.com.co/wp-cron.php?doing_wp_cron=1786711572.9073479175567626953125" "WordPress/6.0.14; https://quizena.com.co"
45.227.253.162 - - [14/Aug/2026:07:46:11 -0500] "GET /ninja-free-chips-get-yours-now-limited-time-offer/ HTTP/1.1" 200 63349 "-" "Mozilla/5.0 (Windows NT 10.0; Win64; x64) AppleWebKit/537.36 (KHTML, like Gecko) Chrome/124.0.0.0 Safari/537.36"
57.141.14.56 - - [14/Aug/2026:07:46:18 -0500] "GET /?r=93223246424 HTTP/1.1" 200 82322 "-" "Mozilla/5.0 (Macintosh; Intel Mac OS X 10_15_7) AppleWebKit/537.36 (KHTML, like Gecko) Chrome/145.0.0.0 Safari/537.36 (compatible; meta-externalagent/1.1 (+https://developers.facebook.com/docs/sharing/webmasters/crawler))"
162.214.115.43 - - [14/Aug/2026:07:46:21 -0500] "POST /wp-cron.php?doing_wp_cron=1786711581.4915380477905273437500 HTTP/1.1" 200 - "https://quizena.com.co/wp-cron.php?doing_wp_cron=1786711581.4915380477905273437500" "WordPress/6.0.14; https://quizena.com.co"
57.141.14.32 - - [14/Aug/2026:07:46:21 -0500] "GET /?h=82959771619 HTTP/1.1" 200 82322 "-" "Mozilla/5.0 (Windows NT 10.0; Win64; x64) AppleWebKit/537.36 (KHTML, like Gecko) Chrome/145.0.0.0 Safari/537.36 (compatible; meta-externalagent/1.1 (+https://developers.facebook.com/docs/sharing/webmasters/crawler))"
45.227.253.162 - - [14/Aug/2026:07:46:21 -0500] "GET /monixbet-play-excitement-fun-action-now/ HTTP/1.1" 200 75178 "-" "Mozilla/5.0 (Macintosh; Intel Mac OS X 10_15_7) AppleWebKit/605.1.15 (KHTML, like Gecko) Version/18.0 Safari/605.1.15"
162.214.115.43 - - [14/Aug/2026:07:46:24 -0500] "POST /wp-cron.php?doing_wp_cron=1786711584.5104670524597167968750 HTTP/1.1" 200 - "https://quizena.com.co/wp-cron.php?doing_wp_cron=1786711584.5104670524597167968750" "WordPress/6.0.14; https://quizena.com.co"
57.141.14.96 - - [14/Aug/2026:07:46:24 -0500] "GET /?v=43111954827 HTTP/1.1" 200 82322 "-" "Mozilla/5.0 (Macintosh; Intel Mac OS X 10_15_7) AppleWebKit/537.36 (KHTML, like Gecko) Chrome/145.0.0.0 Safari/537.36 (compatible; meta-externalagent/1.1 (+https://developers.facebook.com/docs/sharing/webmasters/crawler))"
45.227.253.162 - - [14/Aug/2026:07:46:24 -0500] "GET /momang-jackpot-win-big-now-amazing-prizes-await/ HTTP/1.1" 200 74696 "-" "Mozilla/5.0 (Windows NT 10.0; Win64; x64) AppleWebKit/537.36 (KHTML, like Gecko) Chrome/124.0.0.0 Safari/537.36"
162.214.115.43 - - [14/Aug/2026:07:46:27 -0500] "POST /wp-cron.php?doing_wp_cron=1786711587.7913639545440673828125 HTTP/1.1" 200 - "https://quizena.com.co/wp-cron.php?doing_wp_cron=1786711587.7913639545440673828125" "WordPress/6.0.14; https://quizena.com.co"
45.227.253.162 - - [14/Aug/2026:07:46:27 -0500] "GET /monro-reopen-account-get-back-to-trading-now/ HTTP/1.1" 200 75801 "-" "Mozilla/5.0 (Macintosh; Intel Mac OS X 10_15_7) AppleWebKit/605.1.15 (KHTML, like Gecko) Version/18.0 Safari/605.1.15"
57.141.14.26 - - [14/Aug/2026:07:46:28 -0500] "GET /?r=44496104051 HTTP/1.1" 200 82322 "-" "Mozilla/5.0 (Macintosh; Intel Mac OS X 10_15_7) AppleWebKit/537.36 (KHTML, like Gecko) Chrome/145.0.0.0 Safari/537.36 (compatible; meta-externalagent/1.1 (+https://developers.facebook.com/docs/sharing/webmasters/crawler))"
57.141.14.3 - - [14/Aug/2026:07:46:29 -0500] "GET /?o=54393386208 HTTP/1.1" 200 82322 "-" "Mozilla/5.0 (Macintosh; Intel Mac OS X 10_15_7) AppleWebKit/537.36 (KHTML, like Gecko) Chrome/145.0.0.0 Safari/537.36 (compatible; meta-externalagent/1.1 (+https://developers.facebook.com/docs/sharing/webmasters/crawler))"
162.214.115.43 - - [14/Aug/2026:07:46:30 -0500] "POST /wp-cron.php?doing_wp_cron=1786711590.7913899421691894531250 HTTP/1.1" 200 - "https://quizena.com.co/wp-cron.php?doing_wp_cron=1786711590.7913899421691894531250" "WordPress/6.0.14; https://quizena.com.co"
45.227.253.162 - - [14/Aug/2026:07:46:30 -0500] "GET /mirax-legal-solutions-strong-support-for-your-needs/ HTTP/1.1" 200 91744 "-" "Mozilla/5.0 (Windows NT 10.0; Win64; x64; rv:133.0) Gecko/20100101 Firefox/133.0"
57.141.14.78 - - [14/Aug/2026:07:46:33 -0500] "GET /?y=45018357324 HTTP/1.1" 200 82322 "-" "Mozilla/5.0 (Windows NT 10.0; Win64; x64) AppleWebKit/537.36 (KHTML, like Gecko) Chrome/145.0.0.0 Safari/537.36 (compatible; meta-externalagent/1.1 (+https://developers.facebook.com/docs/sharing/webmasters/crawler))"
57.141.14.19 - - [14/Aug/2026:07:46:37 -0500] "GET /?u=15869218685 HTTP/1.1" 200 82322 "-" "Mozilla/5.0 (Macintosh; Intel Mac OS X 10_15_7) AppleWebKit/537.36 (KHTML, like Gecko) Chrome/145.0.0.0 Safari/537.36 (compatible; meta-externalagent/1.1 (+https://developers.facebook.com/docs/sharing/webmasters/crawler))"
57.141.14.34 - - [14/Aug/2026:07:46:37 -0500] "GET /?x=75926798389 HTTP/1.1" 200 82322 "-" "Mozilla/5.0 (Macintosh; Intel Mac OS X 10_15_7) AppleWebKit/537.36 (KHTML, like Gecko) Chrome/145.0.0.0 Safari/537.36 (compatible; meta-externalagent/1.1 (+https://developers.facebook.com/docs/sharing/webmasters/crawler))"
162.214.115.43 - - [14/Aug/2026:07:46:39 -0500] "POST /wp-cron.php?doing_wp_cron=1786711599.5410809516906738281250 HTTP/1.1" 200 - "https://quizena.com.co/wp-cron.php?doing_wp_cron=1786711599.5410809516906738281250" "WordPress/6.0.14; https://quizena.com.co"
57.141.14.44 - - [14/Aug/2026:07:46:39 -0500] "GET /?d=95837621575 HTTP/1.1" 200 82322 "-" "Mozilla/5.0 (X11; Linux x86_64) AppleWebKit/537.36 (KHTML, like Gecko) Chrome/145.0.0.0 Safari/537.36 (compatible; meta-externalagent/1.1 (+https://developers.facebook.com/docs/sharing/webmasters/crawler))"
45.227.253.162 - - [14/Aug/2026:07:46:39 -0500] "GET /needforspin-casino-online-thrills-big-wins/ HTTP/1.1" 200 71442 "-" "Mozilla/5.0 (Windows NT 10.0; Win64; x64; rv:133.0) Gecko/20100101 Firefox/133.0"
57.141.14.51 - - [14/Aug/2026:07:46:40 -0500] "GET /?g=95991449230 HTTP/1.1" 200 82322 "-" "Mozilla/5.0 (Windows NT 10.0; Win64; x64) AppleWebKit/537.36 (KHTML, like Gecko) Chrome/145.0.0.0 Safari/537.36 (compatible; meta-externalagent/1.1 (+https://developers.facebook.com/docs/sharing/webmasters/crawler))"
162.214.115.43 - - [14/Aug/2026:07:46:42 -0500] "POST /wp-cron.php?doing_wp_cron=1786711602.7548599243164062500000 HTTP/1.1" 200 - "https://quizena.com.co/wp-cron.php?doing_wp_cron=1786711602.7548599243164062500000" "WordPress/6.0.14; https://quizena.com.co"
45.227.253.162 - - [14/Aug/2026:07:46:42 -0500] "GET /mirax-crypto-secure-your-future-crypto-investment-today/ HTTP/1.1" 200 80428 "-" "Mozilla/5.0 (Macintosh; Intel Mac OS X 10_15_7) AppleWebKit/605.1.15 (KHTML, like Gecko) Version/18.0 Safari/605.1.15"
162.214.115.43 - - [14/Aug/2026:07:46:46 -0500] "POST /wp-cron.php?doing_wp_cron=1786711606.5825650691986083984375 HTTP/1.1" 200 - "https://quizena.com.co/wp-cron.php?doing_wp_cron=1786711606.5825650691986083984375" "WordPress/6.0.14; https://quizena.com.co"
45.227.253.162 - - [14/Aug/2026:07:46:45 -0500] "GET /metawin-live-chat-boosts-your-sales-now/ HTTP/1.1" 200 76340 "-" "Mozilla/5.0 (Windows NT 10.0; Win64; x64; rv:133.0) Gecko/20100101 Firefox/133.0"
57.141.14.15 - - [14/Aug/2026:07:46:46 -0500] "GET /?f=64228350302 HTTP/1.1" 200 82322 "-" "Mozilla/5.0 (Windows NT 10.0; Win64; x64) AppleWebKit/537.36 (KHTML, like Gecko) Chrome/145.0.0.0 Safari/537.36 (compatible; meta-externalagent/1.1 (+https://developers.facebook.com/docs/sharing/webmasters/crawler))"
57.141.14.111 - - [14/Aug/2026:07:46:47 -0500] "GET /?c=75391581222 HTTP/1.1" 200 82322 "-" "Mozilla/5.0 (Windows NT 10.0; Win64; x64) AppleWebKit/537.36 (KHTML, like Gecko) Chrome/145.0.0.0 Safari/537.36 (compatible; meta-externalagent/1.1 (+https://developers.facebook.com/docs/sharing/webmasters/crawler))"
57.141.14.63 - - [14/Aug/2026:07:46:47 -0500] "GET /?l=42991973675 HTTP/1.1" 200 82322 "-" "Mozilla/5.0 (X11; Linux x86_64) AppleWebKit/537.36 (KHTML, like Gecko) Chrome/145.0.0.0 Safari/537.36 (compatible; meta-externalagent/1.1 (+https://developers.facebook.com/docs/sharing/webmasters/crawler))"
57.141.14.15 - - [14/Aug/2026:07:46:47 -0500] "GET /?c=23849818229 HTTP/1.1" 200 82322 "-" "Mozilla/5.0 (Windows NT 10.0; Win64; x64) AppleWebKit/537.36 (KHTML, like Gecko) Chrome/145.0.0.0 Safari/537.36 (compatible; meta-externalagent/1.1 (+https://developers.facebook.com/docs/sharing/webmasters/crawler))"
57.141.14.107 - - [14/Aug/2026:07:46:54 -0500] "GET /?s=13477497673 HTTP/1.1" 200 70704 "-" "Mozilla/5.0 (Windows NT 10.0; Win64; x64) AppleWebKit/537.36 (KHTML, like Gecko) Chrome/145.0.0.0 Safari/537.36 (compatible; meta-externalagent/1.1 (+https://developers.facebook.com/docs/sharing/webmasters/crawler))"
162.214.115.43 - - [14/Aug/2026:07:46:55 -0500] "POST /wp-cron.php?doing_wp_cron=1786711615.8931350708007812500000 HTTP/1.1" 200 - "https://quizena.com.co/wp-cron.php?doing_wp_cron=1786711615.8931350708007812500000" "WordPress/6.0.14; https://quizena.com.co"
45.227.253.162 - - [14/Aug/2026:07:46:55 -0500] "GET /mirax-tax-smart-solutions-for-business-growth/ HTTP/1.1" 200 75669 "-" "Mozilla/5.0 (Macintosh; Intel Mac OS X 10_15_7) AppleWebKit/605.1.15 (KHTML, like Gecko) Version/18.0 Safari/605.1.15"
162.214.115.43 - - [14/Aug/2026:07:46:58 -0500] "POST /wp-cron.php?doing_wp_cron=1786711618.3029439449310302734375 HTTP/1.1" 200 - "https://quizena.com.co/wp-cron.php?doing_wp_cron=1786711618.3029439449310302734375" "WordPress/6.0.14; https://quizena.com.co"
57.141.14.79 - - [14/Aug/2026:07:46:58 -0500] "GET /?t=55990014923 HTTP/1.1" 200 82322 "-" "Mozilla/5.0 (Windows NT 10.0; Win64; x64) AppleWebKit/537.36 (KHTML, like Gecko) Chrome/145.0.0.0 Safari/537.36 (compatible; meta-externalagent/1.1 (+https://developers.facebook.com/docs/sharing/webmasters/crawler))"
45.227.253.162 - - [14/Aug/2026:07:46:58 -0500] "GET /get-your-speedy-bonus-code-now-for-quick-rewards/ HTTP/1.1" 200 63286 "-" "Mozilla/5.0 (Windows NT 10.0; Win64; x64; rv:133.0) Gecko/20100101 Firefox/133.0"
162.214.115.43 - - [14/Aug/2026:07:47:02 -0500] "POST /wp-cron.php?doing_wp_cron=1786711622.4922320842742919921875 HTTP/1.1" 200 - "https://quizena.com.co/wp-cron.php?doing_wp_cron=1786711622.4922320842742919921875" "WordPress/6.0.14; https://quizena.com.co"
45.227.253.162 - - [14/Aug/2026:07:47:02 -0500] "GET /spinanga-id-verification-secure-identity-check/ HTTP/1.1" 200 77517 "-" "Mozilla/5.0 (Windows NT 10.0; Win64; x64) AppleWebKit/537.36 (KHTML, like Gecko) Chrome/124.0.0.0 Safari/537.36"
162.214.115.43 - - [14/Aug/2026:07:47:05 -0500] "POST /wp-cron.php?doing_wp_cron=1786711625.6552290916442871093750 HTTP/1.1" 200 - "https://quizena.com.co/wp-cron.php?doing_wp_cron=1786711625.6552290916442871093750" "WordPress/6.0.14; https://quizena.com.co"
57.141.14.83 - - [14/Aug/2026:07:47:05 -0500] "GET /?k=12443492340 HTTP/1.1" 200 82322 "-" "Mozilla/5.0 (Macintosh; Intel Mac OS X 10_15_7) AppleWebKit/537.36 (KHTML, like Gecko) Chrome/145.0.0.0 Safari/537.36 (compatible; meta-externalagent/1.1 (+https://developers.facebook.com/docs/sharing/webmasters/crawler))"
57.141.14.68 - - [14/Aug/2026:07:47:09 -0500] "GET /?f=16081449259 HTTP/1.1" 200 82322 "-" "Mozilla/5.0 (Windows NT 10.0; Win64; x64) AppleWebKit/537.36 (KHTML, like Gecko) Chrome/145.0.0.0 Safari/537.36 (compatible; meta-externalagent/1.1 (+https://developers.facebook.com/docs/sharing/webmasters/crawler))"
57.141.14.31 - - [14/Aug/2026:07:47:10 -0500] "GET /?x=83389899728 HTTP/1.1" 200 82322 "-" "Mozilla/5.0 (Macintosh; Intel Mac OS X 10_15_7) AppleWebKit/537.36 (KHTML, like Gecko) Chrome/145.0.0.0 Safari/537.36 (compatible; meta-externalagent/1.1 (+https://developers.facebook.com/docs/sharing/webmasters/crawler))"
45.227.253.162 - - [14/Aug/2026:07:47:11 -0500] "GET /spinanga-live-chat-instant-support-solution-now/ HTTP/1.1" 200 76136 "-" "Mozilla/5.0 (Macintosh; Intel Mac OS X 10_15_7) AppleWebKit/605.1.15 (KHTML, like Gecko) Version/18.0 Safari/605.1.15"
57.141.14.114 - - [14/Aug/2026:07:47:11 -0500] "GET /?x=73467424797 HTTP/1.1" 200 82322 "-" "Mozilla/5.0 (Windows NT 10.0; Win64; x64) AppleWebKit/537.36 (KHTML, like Gecko) Chrome/145.0.0.0 Safari/537.36 (compatible; meta-externalagent/1.1 (+https://developers.facebook.com/docs/sharing/webmasters/crawler))"
162.214.115.43 - - [14/Aug/2026:07:47:14 -0500] "POST /wp-cron.php?doing_wp_cron=1786711634.4857990741729736328125 HTTP/1.1" 200 - "https://quizena.com.co/wp-cron.php?doing_wp_cron=1786711634.4857990741729736328125" "WordPress/6.0.14; https://quizena.com.co"
45.227.253.162 - - [14/Aug/2026:07:47:14 -0500] "GET /spinch-forgot-password-recovery-solution-simple-fix/ HTTP/1.1" 200 70076 "-" "Mozilla/5.0 (Windows NT 10.0; Win64; x64) AppleWebKit/537.36 (KHTML, like Gecko) Chrome/124.0.0.0 Safari/537.36"
57.141.14.76 - - [14/Aug/2026:07:47:15 -0500] "GET /?r=45055970901 HTTP/1.1" 200 82322 "-" "Mozilla/5.0 (Windows NT 10.0; Win64; x64) AppleWebKit/537.36 (KHTML, like Gecko) Chrome/145.0.0.0 Safari/537.36 (compatible; meta-externalagent/1.1 (+https://developers.facebook.com/docs/sharing/webmasters/crawler))"
45.227.253.162 - - [14/Aug/2026:07:47:17 -0500] "GET /lunabets-safe-betting-platform-secure-reliable-play/ HTTP/1.1" 200 86956 "-" "Mozilla/5.0 (Windows NT 10.0; Win64; x64; rv:133.0) Gecko/20100101 Firefox/133.0"
57.141.14.101 - - [14/Aug/2026:07:47:17 -0500] "GET /?v=74289084382 HTTP/1.1" 200 82322 "-" "Mozilla/5.0 (Windows NT 10.0; Win64; x64) AppleWebKit/537.36 (KHTML, like Gecko) Chrome/145.0.0.0 Safari/537.36 (compatible; meta-externalagent/1.1 (+https://developers.facebook.com/docs/sharing/webmasters/crawler))"
57.141.14.9 - - [14/Aug/2026:07:47:17 -0500] "GET /?w=94051192524 HTTP/1.1" 200 57694 "-" "Mozilla/5.0 (Macintosh; Intel Mac OS X 10_15_7) AppleWebKit/537.36 (KHTML, like Gecko) Chrome/145.0.0.0 Safari/537.36 (compatible; meta-externalagent/1.1 (+https://developers.facebook.com/docs/sharing/webmasters/crawler))"
57.141.14.19 - - [14/Aug/2026:07:47:19 -0500] "GET /?v=93229924866 HTTP/1.1" 200 82322 "-" "Mozilla/5.0 (Macintosh; Intel Mac OS X 10_15_7) AppleWebKit/537.36 (KHTML, like Gecko) Chrome/145.0.0.0 Safari/537.36 (compatible; meta-externalagent/1.1 (+https://developers.facebook.com/docs/sharing/webmasters/crawler))"
45.227.253.162 - - [14/Aug/2026:07:47:19 -0500] "GET /metaspins-wagering-requirements-made-simple-now/ HTTP/1.1" 200 71142 "-" "Mozilla/5.0 (Macintosh; Intel Mac OS X 10_15_7) AppleWebKit/605.1.15 (KHTML, like Gecko) Version/18.0 Safari/605.1.15"
57.141.14.9 - - [14/Aug/2026:07:47:24 -0500] "GET /?e=12239652949 HTTP/1.1" 200 82322 "-" "Mozilla/5.0 (Windows NT 10.0; Win64; x64) AppleWebKit/537.36 (KHTML, like Gecko) Chrome/145.0.0.0 Safari/537.36 (compatible; meta-externalagent/1.1 (+https://developers.facebook.com/docs/sharing/webmasters/crawler))"
162.214.115.43 - - [14/Aug/2026:07:47:28 -0500] "POST /wp-cron.php?doing_wp_cron=1786711648.9784400463104248046875 HTTP/1.1" 200 - "https://quizena.com.co/wp-cron.php?doing_wp_cron=1786711648.9784400463104248046875" "WordPress/6.0.14; https://quizena.com.co"
45.227.253.162 - - [14/Aug/2026:07:47:28 -0500] "GET /menace-banking-secure-financial-power-now/ HTTP/1.1" 200 71979 "-" "Mozilla/5.0 (Windows NT 10.0; Win64; x64; rv:133.0) Gecko/20100101 Firefox/133.0"
45.227.253.162 - - [14/Aug/2026:07:47:31 -0500] "GET /menace-blocked-protection-guard-your-security-now/ HTTP/1.1" 200 74980 "-" "Mozilla/5.0 (Windows NT 10.0; Win64; x64; rv:133.0) Gecko/20100101 Firefox/133.0"
45.227.253.162 - - [14/Aug/2026:07:47:34 -0500] "GET /slotrush-wager-amazing-slots-action-now/ HTTP/1.1" 200 63091 "-" "Mozilla/5.0 (Macintosh; Intel Mac OS X 10_15_7) AppleWebKit/605.1.15 (KHTML, like Gecko) Version/18.0 Safari/605.1.15"
45.227.253.162 - - [14/Aug/2026:07:47:36 -0500] "GET /swiper-faq-guide-quick-answers-for-users/ HTTP/1.1" 200 74801 "-" "Mozilla/5.0 (Macintosh; Intel Mac OS X 10_15_7) AppleWebKit/605.1.15 (KHTML, like Gecko) Version/18.0 Safari/605.1.15"
162.214.115.43 - - [14/Aug/2026:07:47:42 -0500] "POST /wp-cron.php?doing_wp_cron=1786711662.8093540668487548828125 HTTP/1.1" 200 - "https://quizena.com.co/wp-cron.php?doing_wp_cron=1786711662.8093540668487548828125" "WordPress/6.0.14; https://quizena.com.co"
57.141.14.11 - - [14/Aug/2026:07:47:42 -0500] "GET /?s=14680706753 HTTP/1.1" 200 70704 "-" "Mozilla/5.0 (Windows NT 10.0; Win64; x64) AppleWebKit/537.36 (KHTML, like Gecko) Chrome/145.0.0.0 Safari/537.36 (compatible; meta-externalagent/1.1 (+https://developers.facebook.com/docs/sharing/webmasters/crawler))"
162.214.115.43 - - [14/Aug/2026:07:47:46 -0500] "POST /wp-cron.php?doing_wp_cron=1786711666.5285921096801757812500 HTTP/1.1" 200 - "https://quizena.com.co/wp-cron.php?doing_wp_cron=1786711666.5285921096801757812500" "WordPress/6.0.14; https://quizena.com.co"
45.227.253.162 - - [14/Aug/2026:07:47:46 -0500] "GET /mega-dice-bitcoin-massive-payouts-high-stakes-play/ HTTP/1.1" 200 76231 "-" "Mozilla/5.0 (Windows NT 10.0; Win64; x64; rv:133.0) Gecko/20100101 Firefox/133.0"
162.214.115.43 - - [14/Aug/2026:07:47:49 -0500] "POST /wp-cron.php?doing_wp_cron=1786711669.3205149173736572265625 HTTP/1.1" 200 - "https://quizena.com.co/wp-cron.php?doing_wp_cron=1786711669.3205149173736572265625" "WordPress/6.0.14; https://quizena.com.co"
45.227.253.162 - - [14/Aug/2026:07:47:49 -0500] "GET /sweetsweep-sports-high-performance-gear-for-athletes/ HTTP/1.1" 200 77280 "-" "Mozilla/5.0 (Windows NT 10.0; Win64; x64) AppleWebKit/537.36 (KHTML, like Gecko) Chrome/124.0.0.0 Safari/537.36"
57.141.14.30 - - [14/Aug/2026:07:47:49 -0500] "GET /?u=15319131501 HTTP/1.1" 200 82322 "-" "Mozilla/5.0 (Windows NT 10.0; Win64; x64) AppleWebKit/537.36 (KHTML, like Gecko) Chrome/145.0.0.0 Safari/537.36 (compatible; meta-externalagent/1.1 (+https://developers.facebook.com/docs/sharing/webmasters/crawler))"
57.141.14.109 - - [14/Aug/2026:07:47:49 -0500] "GET /?p=14102417598 HTTP/1.1" 200 57694 "-" "Mozilla/5.0 (Macintosh; Intel Mac OS X 10_15_7) AppleWebKit/537.36 (KHTML, like Gecko) Chrome/145.0.0.0 Safari/537.36 (compatible; meta-externalagent/1.1 (+https://developers.facebook.com/docs/sharing/webmasters/crawler))"
57.141.14.52 - - [14/Aug/2026:07:47:50 -0500] "GET /?c=82672870452 HTTP/1.1" 200 82322 "-" "Mozilla/5.0 (Windows NT 10.0; Win64; x64) AppleWebKit/537.36 (KHTML, like Gecko) Chrome/145.0.0.0 Safari/537.36 Edg/145.0.0.0 (compatible; meta-externalagent/1.1 (+https://developers.facebook.com/docs/sharing/webmasters/crawler))"
162.214.115.43 - - [14/Aug/2026:07:47:52 -0500] "POST /wp-cron.php?doing_wp_cron=1786711671.9971299171447753906250 HTTP/1.1" 200 - "https://quizena.com.co/wp-cron.php?doing_wp_cron=1786711671.9971299171447753906250" "WordPress/6.0.14; https://quizena.com.co"
45.227.253.162 - - [14/Aug/2026:07:47:51 -0500] "GET /fix-lunubet-deposit-failed-issues-now-secure-your-bets/ HTTP/1.1" 200 69316 "-" "Mozilla/5.0 (Windows NT 10.0; Win64; x64) AppleWebKit/537.36 (KHTML, like Gecko) Chrome/124.0.0.0 Safari/537.36"
57.141.14.106 - - [14/Aug/2026:07:47:52 -0500] "GET /?f=54237180769 HTTP/1.1" 200 82322 "-" "Mozilla/5.0 (Windows NT 10.0; Win64; x64) AppleWebKit/537.36 (KHTML, like Gecko) Chrome/145.0.0.0 Safari/537.36 (compatible; meta-externalagent/1.1 (+https://developers.facebook.com/docs/sharing/webmasters/crawler))"
162.214.115.43 - - [14/Aug/2026:07:47:54 -0500] "POST /wp-cron.php?doing_wp_cron=1786711674.5849940776824951171875 HTTP/1.1" 200 - "https://quizena.com.co/wp-cron.php?doing_wp_cron=1786711674.5849940776824951171875" "WordPress/6.0.14; https://quizena.com.co"
57.141.14.79 - - [14/Aug/2026:07:47:54 -0500] "GET /?u=42822702065 HTTP/1.1" 200 82322 "-" "Mozilla/5.0 (Macintosh; Intel Mac OS X 10_15_7) AppleWebKit/537.36 (KHTML, like Gecko) Chrome/145.0.0.0 Safari/537.36 (compatible; meta-externalagent/1.1 (+https://developers.facebook.com/docs/sharing/webmasters/crawler))"
45.227.253.162 - - [14/Aug/2026:07:47:54 -0500] "GET /slotvibe-player-reviews-honest-opinions-insights/ HTTP/1.1" 200 63276 "-" "Mozilla/5.0 (Windows NT 10.0; Win64; x64; rv:133.0) Gecko/20100101 Firefox/133.0"
162.214.115.43 - - [14/Aug/2026:07:47:57 -0500] "POST /wp-cron.php?doing_wp_cron=1786711677.4543130397796630859375 HTTP/1.1" 200 - "https://quizena.com.co/wp-cron.php?doing_wp_cron=1786711677.4543130397796630859375" "WordPress/6.0.14; https://quizena.com.co"
45.227.253.162 - - [14/Aug/2026:07:47:57 -0500] "GET /lysti-daily-bonus-daily-rewards-for-you-now/ HTTP/1.1" 200 72780 "-" "Mozilla/5.0 (Windows NT 10.0; Win64; x64) AppleWebKit/537.36 (KHTML, like Gecko) Chrome/124.0.0.0 Safari/537.36"
57.141.14.21 - - [14/Aug/2026:07:47:57 -0500] "GET /?k=64774437291 HTTP/1.1" 200 82322 "-" "Mozilla/5.0 (Windows NT 10.0; Win64; x64) AppleWebKit/537.36 (KHTML, like Gecko) Chrome/145.0.0.0 Safari/537.36 (compatible; meta-externalagent/1.1 (+https://developers.facebook.com/docs/sharing/webmasters/crawler))"
162.214.115.43 - - [14/Aug/2026:07:47:59 -0500] "POST /wp-cron.php?doing_wp_cron=1786711679.9055380821228027343750 HTTP/1.1" 200 - "https://quizena.com.co/wp-cron.php?doing_wp_cron=1786711679.9055380821228027343750" "WordPress/6.0.14; https://quizena.com.co"
57.141.14.110 - - [14/Aug/2026:07:47:59 -0500] "GET /?u=74058293467 HTTP/1.1" 200 82322 "-" "Mozilla/5.0 (Windows NT 10.0; Win64; x64) AppleWebKit/537.36 (KHTML, like Gecko) Chrome/145.0.0.0 Safari/537.36 (compatible; meta-externalagent/1.1 (+https://developers.facebook.com/docs/sharing/webmasters/crawler))"
45.227.253.162 - - [14/Aug/2026:07:48:00 -0500] "GET /slotsgem-who-owns-best-casino-slots-now/ HTTP/1.1" 200 77335 "-" "Mozilla/5.0 (Windows NT 10.0; Win64; x64) AppleWebKit/537.36 (KHTML, like Gecko) Chrome/124.0.0.0 Safari/537.36"
162.214.115.43 - - [14/Aug/2026:07:48:05 -0500] "POST /wp-cron.php?doing_wp_cron=1786711685.0267550945281982421875 HTTP/1.1" 200 - "https://quizena.com.co/wp-cron.php?doing_wp_cron=1786711685.0267550945281982421875" "WordPress/6.0.14; https://quizena.com.co"
45.227.253.162 - - [14/Aug/2026:07:48:03 -0500] "GET /fast-magneticslots-verification-time-solutions-now-available/ HTTP/1.1" 200 74427 "-" "Mozilla/5.0 (Windows NT 10.0; Win64; x64; rv:133.0) Gecko/20100101 Firefox/133.0"
162.214.115.43 - - [14/Aug/2026:07:48:07 -0500] "POST /wp-cron.php?doing_wp_cron=1786711687.9800820350646972656250 HTTP/1.1" 200 - "https://quizena.com.co/wp-cron.php?doing_wp_cron=1786711687.9800820350646972656250" "WordPress/6.0.14; https://quizena.com.co"
45.227.253.162 - - [14/Aug/2026:07:48:07 -0500] "GET /slapperzz-trusted-reliable-protection-solutions-now/ HTTP/1.1" 200 106370 "-" "Mozilla/5.0 (Windows NT 10.0; Win64; x64; rv:133.0) Gecko/20100101 Firefox/133.0"
57.141.14.75 - - [14/Aug/2026:07:48:09 -0500] "GET /?i=14178717000 HTTP/1.1" 200 82322 "-" "Mozilla/5.0 (Windows NT 10.0; Win64; x64) AppleWebKit/537.36 (KHTML, like Gecko) Chrome/145.0.0.0 Safari/537.36 (compatible; meta-externalagent/1.1 (+https://developers.facebook.com/docs/sharing/webmasters/crawler))"
162.214.115.43 - - [14/Aug/2026:07:48:11 -0500] "POST /wp-cron.php?doing_wp_cron=1786711691.9000239372253417968750 HTTP/1.1" 200 - "https://quizena.com.co/wp-cron.php?doing_wp_cron=1786711691.9000239372253417968750" "WordPress/6.0.14; https://quizena.com.co"
45.227.253.162 - - [14/Aug/2026:07:48:10 -0500] "GET /get-lumo-promo-codes-now-save-big-on-purchases/ HTTP/1.1" 200 77770 "-" "Mozilla/5.0 (Windows NT 10.0; Win64; x64) AppleWebKit/537.36 (KHTML, like Gecko) Chrome/124.0.0.0 Safari/537.36"
57.141.14.67 - - [14/Aug/2026:07:48:14 -0500] "GET /?r=64820201587 HTTP/1.1" 200 82322 "-" "Mozilla/5.0 (Windows NT 10.0; Win64; x64) AppleWebKit/537.36 (KHTML, like Gecko) Chrome/145.0.0.0 Safari/537.36 (compatible; meta-externalagent/1.1 (+https://developers.facebook.com/docs/sharing/webmasters/crawler))"
45.227.253.162 - - [14/Aug/2026:07:48:14 -0500] "GET /slotsgallery-rigged-ready-for-your-next-big-win/ HTTP/1.1" 200 75027 "-" "Mozilla/5.0 (Windows NT 10.0; Win64; x64) AppleWebKit/537.36 (KHTML, like Gecko) Chrome/124.0.0.0 Safari/537.36"
