57.141.14.110 - - [14/Aug/2026:08:16:29 -0500] "GET /?t=72513022819 HTTP/1.1" 200 82322 "-" "Mozilla/5.0 (X11; Linux x86_64) AppleWebKit/537.36 (KHTML, like Gecko) Chrome/145.0.0.0 Safari/537.36 (compatible; meta-externalagent/1.1 (+https://developers.facebook.com/docs/sharing/webmasters/crawler))"
57.141.14.113 - - [14/Aug/2026:08:16:30 -0500] "GET /?t=95724872752 HTTP/1.1" 200 82322 "-" "Mozilla/5.0 (Macintosh; Intel Mac OS X 10_15_7) AppleWebKit/537.36 (KHTML, like Gecko) Chrome/145.0.0.0 Safari/537.36 (compatible; meta-externalagent/1.1 (+https://developers.facebook.com/docs/sharing/webmasters/crawler))"
179.159.208.168 - - [14/Aug/2026:08:16:34 -0500] "POST /xmlrpc.php HTTP/1.1" 200 6095 "-" "Jetpack by WordPress.com"
103.172.95.24 - - [14/Aug/2026:08:16:34 -0500] "POST /xmlrpc.php HTTP/1.1" 200 6095 "-" "WordPress.com; https://wordpress.com"
57.141.14.66 - - [14/Aug/2026:08:16:35 -0500] "GET /?r=65227519136 HTTP/1.1" 200 82322 "-" "Mozilla/5.0 (Windows NT 10.0; Win64; x64) AppleWebKit/537.36 (KHTML, like Gecko) Chrome/145.0.0.0 Safari/537.36 (compatible; meta-externalagent/1.1 (+https://developers.facebook.com/docs/sharing/webmasters/crawler))"
179.159.208.168 - - [14/Aug/2026:08:16:44 -0500] "POST /xmlrpc.php HTTP/1.1" 200 6095 "-" "Jetpack by WordPress.com"
103.172.95.24 - - [14/Aug/2026:08:16:45 -0500] "POST /xmlrpc.php HTTP/1.1" 200 6095 "-" "WordPress.com; https://wordpress.com"
57.141.14.41 - - [14/Aug/2026:08:16:48 -0500] "GET /?n=65332018908 HTTP/1.1" 200 82322 "-" "Mozilla/5.0 (Windows NT 10.0; Win64; x64) AppleWebKit/537.36 (KHTML, like Gecko) Chrome/145.0.0.0 Safari/537.36 (compatible; meta-externalagent/1.1 (+https://developers.facebook.com/docs/sharing/webmasters/crawler))"
57.141.14.9 - - [14/Aug/2026:08:16:51 -0500] "GET /?n=95475386020 HTTP/1.1" 200 82322 "-" "Mozilla/5.0 (Macintosh; Intel Mac OS X 10_15_7) AppleWebKit/537.36 (KHTML, like Gecko) Chrome/145.0.0.0 Safari/537.36 (compatible; meta-externalagent/1.1 (+https://developers.facebook.com/docs/sharing/webmasters/crawler))"
179.159.208.168 - - [14/Aug/2026:08:16:55 -0500] "POST /xmlrpc.php HTTP/1.1" 200 6095 "-" "Jetpack by WordPress.com"
57.141.14.63 - - [14/Aug/2026:08:16:56 -0500] "GET /?b=42887875115 HTTP/1.1" 200 82322 "-" "Mozilla/5.0 (Windows NT 10.0; Win64; x64) AppleWebKit/537.36 (KHTML, like Gecko) Chrome/145.0.0.0 Safari/537.36 (compatible; meta-externalagent/1.1 (+https://developers.facebook.com/docs/sharing/webmasters/crawler))"
103.172.95.24 - - [14/Aug/2026:08:16:59 -0500] "POST /xmlrpc.php HTTP/1.1" 200 6095 "-" "Jetpack/12.0; WordPress/6.2; http://site22001357.com"
57.141.14.37 - - [14/Aug/2026:08:17:00 -0500] "GET /?s=52989676350 HTTP/1.1" 200 69848 "-" "Mozilla/5.0 (Windows NT 10.0; Win64; x64) AppleWebKit/537.36 (KHTML, like Gecko) Chrome/145.0.0.0 Safari/537.36 (compatible; meta-externalagent/1.1 (+https://developers.facebook.com/docs/sharing/webmasters/crawler))"
57.141.14.78 - - [14/Aug/2026:08:17:01 -0500] "GET /?y=14476602237 HTTP/1.1" 200 82322 "-" "Mozilla/5.0 (Macintosh; Intel Mac OS X 10_15_7) AppleWebKit/537.36 (KHTML, like Gecko) Chrome/145.0.0.0 Safari/537.36 (compatible; meta-externalagent/1.1 (+https://developers.facebook.com/docs/sharing/webmasters/crawler))"
179.159.208.168 - - [14/Aug/2026:08:17:05 -0500] "POST /xmlrpc.php HTTP/1.1" 200 6095 "-" "Jetpack/13.0; WordPress/6.1; http://site21295764.com"
57.141.14.49 - - [14/Aug/2026:08:17:06 -0500] "GET /?i=15424553034 HTTP/1.1" 200 82322 "-" "Mozilla/5.0 (Macintosh; Intel Mac OS X 10_15_7) AppleWebKit/537.36 (KHTML, like Gecko) Chrome/145.0.0.0 Safari/537.36 (compatible; meta-externalagent/1.1 (+https://developers.facebook.com/docs/sharing/webmasters/crawler))"
57.141.14.68 - - [14/Aug/2026:08:17:07 -0500] "GET /?o=33488411491 HTTP/1.1" 200 82322 "-" "Mozilla/5.0 (Windows NT 10.0; Win64; x64) AppleWebKit/537.36 (KHTML, like Gecko) Chrome/145.0.0.0 Safari/537.36 (compatible; meta-externalagent/1.1 (+https://developers.facebook.com/docs/sharing/webmasters/crawler))"
57.141.14.109 - - [14/Aug/2026:08:17:09 -0500] "GET /?j=15187516285 HTTP/1.1" 200 82322 "-" "Mozilla/5.0 (Windows NT 10.0; Win64; x64) AppleWebKit/537.36 (KHTML, like Gecko) Chrome/145.0.0.0 Safari/537.36 (compatible; meta-externalagent/1.1 (+https://developers.facebook.com/docs/sharing/webmasters/crawler))"
103.172.95.24 - - [14/Aug/2026:08:17:10 -0500] "POST /xmlrpc.php HTTP/1.1" 200 6095 "-" "Jetpack by WordPress.com (Jetpack 12.1; WordPress 6.1)"
57.141.14.113 - - [14/Aug/2026:08:17:14 -0500] "GET /?z=26408868520 HTTP/1.1" 200 82322 "-" "Mozilla/5.0 (Windows NT 10.0; Win64; x64) AppleWebKit/537.36 (KHTML, like Gecko) Chrome/145.0.0.0 Safari/537.36 (compatible; meta-externalagent/1.1 (+https://developers.facebook.com/docs/sharing/webmasters/crawler))"
57.141.14.17 - - [14/Aug/2026:08:17:15 -0500] "GET /?u=13939703401 HTTP/1.1" 200 82322 "-" "Mozilla/5.0 (Macintosh; Intel Mac OS X 10_15_7) AppleWebKit/537.36 (KHTML, like Gecko) Chrome/145.0.0.0 Safari/537.36 (compatible; meta-externalagent/1.1 (+https://developers.facebook.com/docs/sharing/webmasters/crawler))"
179.159.208.168 - - [14/Aug/2026:08:17:16 -0500] "POST /xmlrpc.php HTTP/1.1" 200 6095 "-" "Jetpack by WordPress.com"
57.141.14.95 - - [14/Aug/2026:08:17:17 -0500] "GET /?u=32687445531 HTTP/1.1" 200 82322 "-" "Mozilla/5.0 (Windows NT 10.0; Win64; x64) AppleWebKit/537.36 (KHTML, like Gecko) Chrome/145.0.0.0 Safari/537.36 (compatible; meta-externalagent/1.1 (+https://developers.facebook.com/docs/sharing/webmasters/crawler))"
103.172.95.24 - - [14/Aug/2026:08:17:21 -0500] "POST /xmlrpc.php HTTP/1.1" 200 6095 "-" "WordPress.com; https://wordpress.com"
57.141.14.98 - - [14/Aug/2026:08:17:21 -0500] "GET /?f=74266748619 HTTP/1.1" 200 82322 "-" "Mozilla/5.0 (Macintosh; Intel Mac OS X 10_15_7) AppleWebKit/537.36 (KHTML, like Gecko) Chrome/145.0.0.0 Safari/537.36 (compatible; meta-externalagent/1.1 (+https://developers.facebook.com/docs/sharing/webmasters/crawler))"
57.141.14.5 - - [14/Aug/2026:08:17:23 -0500] "GET /?s=95317068588 HTTP/1.1" 200 69848 "-" "Mozilla/5.0 (Macintosh; Intel Mac OS X 10_15_7) AppleWebKit/537.36 (KHTML, like Gecko) Chrome/145.0.0.0 Safari/537.36 (compatible; meta-externalagent/1.1 (+https://developers.facebook.com/docs/sharing/webmasters/crawler))"
57.141.14.37 - - [14/Aug/2026:08:17:24 -0500] "GET /?c=83906680732 HTTP/1.1" 200 82322 "-" "Mozilla/5.0 (Macintosh; Intel Mac OS X 10_15_7) AppleWebKit/537.36 (KHTML, like Gecko) Chrome/145.0.0.0 Safari/537.36 (compatible; meta-externalagent/1.1 (+https://developers.facebook.com/docs/sharing/webmasters/crawler))"
57.141.14.38 - - [14/Aug/2026:08:17:24 -0500] "GET /?v=14760465881 HTTP/1.1" 200 82322 "-" "Mozilla/5.0 (Macintosh; Intel Mac OS X 10_15_7) AppleWebKit/537.36 (KHTML, like Gecko) Chrome/145.0.0.0 Safari/537.36 (compatible; meta-externalagent/1.1 (+https://developers.facebook.com/docs/sharing/webmasters/crawler))"
179.159.208.168 - - [14/Aug/2026:08:17:26 -0500] "POST /xmlrpc.php HTTP/1.1" 200 6095 "-" "Jetpack/12.0; WordPress/6.3; http://site62283160.com"
57.141.14.71 - - [14/Aug/2026:08:17:29 -0500] "GET /?z=35013884236 HTTP/1.1" 200 82322 "-" "Mozilla/5.0 (Windows NT 10.0; Win64; x64) AppleWebKit/537.36 (KHTML, like Gecko) Chrome/145.0.0.0 Safari/537.36 (compatible; meta-externalagent/1.1 (+https://developers.facebook.com/docs/sharing/webmasters/crawler))"
57.141.14.20 - - [14/Aug/2026:08:17:36 -0500] "GET /?f=46157993074 HTTP/1.1" 200 82322 "-" "Mozilla/5.0 (Windows NT 10.0; Win64; x64) AppleWebKit/537.36 (KHTML, like Gecko) Chrome/145.0.0.0 Safari/537.36 (compatible; meta-externalagent/1.1 (+https://developers.facebook.com/docs/sharing/webmasters/crawler))"
179.159.208.168 - - [14/Aug/2026:08:17:37 -0500] "POST /xmlrpc.php HTTP/1.1" 200 6095 "-" "Jetpack by WordPress.com"
103.172.95.24 - - [14/Aug/2026:08:17:39 -0500] "POST /xmlrpc.php HTTP/1.1" 200 6095 "-" "Jetpack/12.0; WordPress/6.3; http://site28631477.com"
57.141.14.97 - - [14/Aug/2026:08:17:39 -0500] "GET /?p=64608134268 HTTP/1.1" 200 57694 "-" "Mozilla/5.0 (Windows NT 10.0; Win64; x64) AppleWebKit/537.36 (KHTML, like Gecko) Chrome/145.0.0.0 Safari/537.36 (compatible; meta-externalagent/1.1 (+https://developers.facebook.com/docs/sharing/webmasters/crawler))"
57.141.14.72 - - [14/Aug/2026:08:17:42 -0500] "GET /?f=34377915631 HTTP/1.1" 200 82322 "-" "Mozilla/5.0 (Macintosh; Intel Mac OS X 10_15_7) AppleWebKit/537.36 (KHTML, like Gecko) Chrome/145.0.0.0 Safari/537.36 (compatible; meta-externalagent/1.1 (+https://developers.facebook.com/docs/sharing/webmasters/crawler))"
57.141.14.96 - - [14/Aug/2026:08:17:43 -0500] "GET /?i=76209799504 HTTP/1.1" 200 82322 "-" "Mozilla/5.0 (X11; Linux x86_64) AppleWebKit/537.36 (KHTML, like Gecko) Chrome/145.0.0.0 Safari/537.36 (compatible; meta-externalagent/1.1 (+https://developers.facebook.com/docs/sharing/webmasters/crawler))"
57.141.14.59 - - [14/Aug/2026:08:17:44 -0500] "GET /?w=23887826722 HTTP/1.1" 200 57694 "-" "Mozilla/5.0 (Windows NT 10.0; Win64; x64) AppleWebKit/537.36 (KHTML, like Gecko) Chrome/145.0.0.0 Safari/537.36 Edg/145.0.0.0 (compatible; meta-externalagent/1.1 (+https://developers.facebook.com/docs/sharing/webmasters/crawler))"
179.159.208.168 - - [14/Aug/2026:08:17:47 -0500] "POST /xmlrpc.php HTTP/1.1" 200 6095 "-" "Jetpack by WordPress.com (Jetpack 13.0; WordPress 6.4)"
103.172.95.24 - - [14/Aug/2026:08:17:50 -0500] "POST /xmlrpc.php HTTP/1.1" 200 6095 "-" "WordPress.com; https://wordpress.com"
89.249.73.130 - - [14/Aug/2026:08:17:50 -0500] "GET /wp-login.php HTTP/1.1" 200 14321 "https://quizena.com.co/" "Mozilla/5.0 (Windows NT 10.0; Win64; x64) AppleWebKit/537.36 (KHTML, like Gecko) Chrome/149.0.0.0 Safari/537.36"
89.249.73.130 - - [14/Aug/2026:08:17:51 -0500] "GET /wp-includes/css/dashicons.min.css?ver=6.0.14 HTTP/1.1" 200 59016 "https://quizena.com.co/wp-login.php" "Mozilla/5.0 (Windows NT 10.0; Win64; x64) AppleWebKit/537.36 (KHTML, like Gecko) Chrome/149.0.0.0 Safari/537.36"
57.141.14.29 - - [14/Aug/2026:08:17:50 -0500] "GET /?d=84753890353 HTTP/1.1" 200 82322 "-" "Mozilla/5.0 (Windows NT 10.0; Win64; x64) AppleWebKit/537.36 (KHTML, like Gecko) Chrome/145.0.0.0 Safari/537.36 (compatible; meta-externalagent/1.1 (+https://developers.facebook.com/docs/sharing/webmasters/crawler))"
89.249.73.130 - - [14/Aug/2026:08:17:51 -0500] "GET /wp-includes/css/buttons.min.css?ver=6.0.14 HTTP/1.1" 200 5854 "https://quizena.com.co/wp-login.php" "Mozilla/5.0 (Windows NT 10.0; Win64; x64) AppleWebKit/537.36 (KHTML, like Gecko) Chrome/149.0.0.0 Safari/537.36"
89.249.73.130 - - [14/Aug/2026:08:17:51 -0500] "GET /wp-admin/css/l10n.min.css?ver=6.0.14 HTTP/1.1" 200 2477 "https://quizena.com.co/wp-login.php" "Mozilla/5.0 (Windows NT 10.0; Win64; x64) AppleWebKit/537.36 (KHTML, like Gecko) Chrome/149.0.0.0 Safari/537.36"
89.249.73.130 - - [14/Aug/2026:08:17:51 -0500] "GET /wp-admin/css/forms.min.css?ver=6.0.14 HTTP/1.1" 200 25438 "https://quizena.com.co/wp-login.php" "Mozilla/5.0 (Windows NT 10.0; Win64; x64) AppleWebKit/537.36 (KHTML, like Gecko) Chrome/149.0.0.0 Safari/537.36"
89.249.73.130 - - [14/Aug/2026:08:17:51 -0500] "GET /wp-admin/css/login.min.css?ver=6.0.14 HTTP/1.1" 200 6315 "https://quizena.com.co/wp-login.php" "Mozilla/5.0 (Windows NT 10.0; Win64; x64) AppleWebKit/537.36 (KHTML, like Gecko) Chrome/149.0.0.0 Safari/537.36"
89.249.73.130 - - [14/Aug/2026:08:17:51 -0500] "GET /wp-includes/js/jquery/jquery-migrate.min.js?ver=3.3.2 HTTP/1.1" 200 11224 "https://quizena.com.co/wp-login.php" "Mozilla/5.0 (Windows NT 10.0; Win64; x64) AppleWebKit/537.36 (KHTML, like Gecko) Chrome/149.0.0.0 Safari/537.36"
89.249.73.130 - - [14/Aug/2026:08:17:51 -0500] "GET /wp-includes/js/zxcvbn-async.min.js?ver=1.0 HTTP/1.1" 200 351 "https://quizena.com.co/wp-login.php" "Mozilla/5.0 (Windows NT 10.0; Win64; x64) AppleWebKit/537.36 (KHTML, like Gecko) Chrome/149.0.0.0 Safari/537.36"
89.249.73.130 - - [14/Aug/2026:08:17:51 -0500] "GET /wp-includes/js/dist/vendor/regenerator-runtime.min.js?ver=0.13.9 HTTP/1.1" 200 6475 "https://quizena.com.co/wp-login.php" "Mozilla/5.0 (Windows NT 10.0; Win64; x64) AppleWebKit/537.36 (KHTML, like Gecko) Chrome/149.0.0.0 Safari/537.36"
89.249.73.130 - - [14/Aug/2026:08:17:51 -0500] "GET /wp-includes/js/dist/vendor/wp-polyfill.min.js?ver=3.15.0 HTTP/1.1" 200 19142 "https://quizena.com.co/wp-login.php" "Mozilla/5.0 (Windows NT 10.0; Win64; x64) AppleWebKit/537.36 (KHTML, like Gecko) Chrome/149.0.0.0 Safari/537.36"
89.249.73.130 - - [14/Aug/2026:08:17:51 -0500] "GET /wp-includes/js/dist/hooks.min.js?ver=7c7c64c1a380ae3538b979fca8879698 HTTP/1.1" 200 4910 "https://quizena.com.co/wp-login.php" "Mozilla/5.0 (Windows NT 10.0; Win64; x64) AppleWebKit/537.36 (KHTML, like Gecko) Chrome/149.0.0.0 Safari/537.36"
89.249.73.130 - - [14/Aug/2026:08:17:51 -0500] "GET /wp-includes/js/wp-util.min.js?ver=6.0.14 HTTP/1.1" 200 1340 "https://quizena.com.co/wp-login.php" "Mozilla/5.0 (Windows NT 10.0; Win64; x64) AppleWebKit/537.36 (KHTML, like Gecko) Chrome/149.0.0.0 Safari/537.36"
89.249.73.130 - - [14/Aug/2026:08:17:51 -0500] "GET /wp-admin/js/user-profile.min.js?ver=6.0.14 HTTP/1.1" 200 6187 "https://quizena.com.co/wp-login.php" "Mozilla/5.0 (Windows NT 10.0; Win64; x64) AppleWebKit/537.36 (KHTML, like Gecko) Chrome/149.0.0.0 Safari/537.36"
89.249.73.130 - - [14/Aug/2026:08:17:51 -0500] "GET /wp-admin/js/password-strength-meter.min.js?ver=6.0.14 HTTP/1.1" 200 1123 "https://quizena.com.co/wp-login.php" "Mozilla/5.0 (Windows NT 10.0; Win64; x64) AppleWebKit/537.36 (KHTML, like Gecko) Chrome/149.0.0.0 Safari/537.36"
89.249.73.130 - - [14/Aug/2026:08:17:51 -0500] "GET /wp-includes/js/jquery/jquery.min.js?ver=3.6.0 HTTP/1.1" 200 89521 "https://quizena.com.co/wp-login.php" "Mozilla/5.0 (Windows NT 10.0; Win64; x64) AppleWebKit/537.36 (KHTML, like Gecko) Chrome/149.0.0.0 Safari/537.36"
89.249.73.130 - - [14/Aug/2026:08:17:51 -0500] "GET /wp-includes/js/dist/i18n.min.js?ver=697b2b06517cf39185c74b01457a19bd HTTP/1.1" 200 10228 "https://quizena.com.co/wp-login.php" "Mozilla/5.0 (Windows NT 10.0; Win64; x64) AppleWebKit/537.36 (KHTML, like Gecko) Chrome/149.0.0.0 Safari/537.36"
89.249.73.130 - - [14/Aug/2026:08:17:51 -0500] "GET /wp-admin/images/wordpress-logo.svg?ver=20131107 HTTP/1.1" 200 1521 "https://quizena.com.co/wp-admin/css/login.min.css?ver=6.0.14" "Mozilla/5.0 (Windows NT 10.0; Win64; x64) AppleWebKit/537.36 (KHTML, like Gecko) Chrome/149.0.0.0 Safari/537.36"
89.249.73.130 - - [14/Aug/2026:08:17:52 -0500] "GET /wp-includes/js/underscore.min.js?ver=1.13.3 HTTP/1.1" 200 18911 "https://quizena.com.co/wp-login.php" "Mozilla/5.0 (Windows NT 10.0; Win64; x64) AppleWebKit/537.36 (KHTML, like Gecko) Chrome/149.0.0.0 Safari/537.36"
57.141.14.112 - - [14/Aug/2026:08:17:52 -0500] "GET /?a=24120283899 HTTP/1.1" 200 82322 "-" "Mozilla/5.0 (Windows NT 10.0; Win64; x64) AppleWebKit/537.36 (KHTML, like Gecko) Chrome/145.0.0.0 Safari/537.36 (compatible; meta-externalagent/1.1 (+https://developers.facebook.com/docs/sharing/webmasters/crawler))"
89.249.73.130 - - [14/Aug/2026:08:17:53 -0500] "GET /wp-content/uploads/2022/07/cropped-My-project-1-192x192.png HTTP/1.1" 200 3675 "https://quizena.com.co/wp-login.php" "Mozilla/5.0 (Windows NT 10.0; Win64; x64) AppleWebKit/537.36 (KHTML, like Gecko) Chrome/149.0.0.0 Safari/537.36"
89.249.73.130 - - [14/Aug/2026:08:17:53 -0500] "GET /wp-includes/js/zxcvbn.min.js HTTP/1.1" 200 822237 "https://quizena.com.co/wp-login.php" "Mozilla/5.0 (Windows NT 10.0; Win64; x64) AppleWebKit/537.36 (KHTML, like Gecko) Chrome/149.0.0.0 Safari/537.36"
89.249.73.130 - - [14/Aug/2026:08:17:54 -0500] "POST /wp-login.php HTTP/1.1" 302 5679 "https://quizena.com.co/wp-login.php" "Mozilla/5.0 (Windows NT 10.0; Win64; x64) AppleWebKit/537.36 (KHTML, like Gecko) Chrome/149.0.0.0 Safari/537.36"
89.249.73.130 - - [14/Aug/2026:08:17:55 -0500] "GET /wp-login.php?redirect_to=https%3A%2F%2Fquizena.com.co%2Fwp-admin%2F&action=confirm_admin_email&wp_lang=es_ES HTTP/1.1" 200 4950 "https://quizena.com.co/wp-login.php" "Mozilla/5.0 (Windows NT 10.0; Win64; x64) AppleWebKit/537.36 (KHTML, like Gecko) Chrome/149.0.0.0 Safari/537.36"
89.249.73.130 - - [14/Aug/2026:08:17:55 -0500] "GET /wp-content/uploads/2022/07/cropped-My-project-1-192x192.png HTTP/1.1" 200 3675 "https://quizena.com.co/wp-login.php?redirect_to=https%3A%2F%2Fquizena.com.co%2Fwp-admin%2F&action=confirm_admin_email&wp_lang=es_ES" "Mozilla/5.0 (Windows NT 10.0; Win64; x64) AppleWebKit/537.36 (KHTML, like Gecko) Chrome/149.0.0.0 Safari/537.36"
57.141.14.94 - - [14/Aug/2026:08:17:55 -0500] "GET /?i=75445599749 HTTP/1.1" 200 82322 "-" "Mozilla/5.0 (Windows NT 10.0; Win64; x64) AppleWebKit/537.36 (KHTML, like Gecko) Chrome/145.0.0.0 Safari/537.36 (compatible; meta-externalagent/1.1 (+https://developers.facebook.com/docs/sharing/webmasters/crawler))"
57.141.14.30 - - [14/Aug/2026:08:17:57 -0500] "GET /?m=24114473374 HTTP/1.1" 200 57694 "-" "Mozilla/5.0 (Windows NT 10.0; Win64; x64) AppleWebKit/537.36 (KHTML, like Gecko) Chrome/145.0.0.0 Safari/537.36 (compatible; meta-externalagent/1.1 (+https://developers.facebook.com/docs/sharing/webmasters/crawler))"
89.249.73.130 - - [14/Aug/2026:08:17:57 -0500] "GET /wp-admin/post-new.php HTTP/1.1" 403 72196 "https://quizena.com.co/" "Mozilla/5.0 (Windows NT 10.0; Win64; x64) AppleWebKit/537.36 (KHTML, like Gecko) Chrome/149.0.0.0 Safari/537.36"
179.159.208.168 - - [14/Aug/2026:08:17:58 -0500] "POST /xmlrpc.php HTTP/1.1" 200 6095 "-" "WordPress.com; https://wordpress.com"
89.249.73.130 - - [14/Aug/2026:08:17:58 -0500] "GET /wp-includes/css/admin-bar.min.css?ver=6.0.14 HTTP/1.1" 200 20282 "https://quizena.com.co/wp-admin/post-new.php" "Mozilla/5.0 (Windows NT 10.0; Win64; x64) AppleWebKit/537.36 (KHTML, like Gecko) Chrome/149.0.0.0 Safari/537.36"
89.249.73.130 - - [14/Aug/2026:08:17:58 -0500] "GET /wp-content/plugins/elementor/assets/lib/eicons/css/elementor-icons.min.css?ver=5.15.0 HTTP/1.1" 200 19128 "https://quizena.com.co/wp-admin/post-new.php" "Mozilla/5.0 (Windows NT 10.0; Win64; x64) AppleWebKit/537.36 (KHTML, like Gecko) Chrome/149.0.0.0 Safari/537.36"
89.249.73.130 - - [14/Aug/2026:08:17:58 -0500] "GET /wp-content/plugins/elementor/assets/css/common.min.css?ver=3.6.7 HTTP/1.1" 200 12272 "https://quizena.com.co/wp-admin/post-new.php" "Mozilla/5.0 (Windows NT 10.0; Win64; x64) AppleWebKit/537.36 (KHTML, like Gecko) Chrome/149.0.0.0 Safari/537.36"
89.249.73.130 - - [14/Aug/2026:08:17:58 -0500] "GET /wp-includes/css/dist/block-library/style.min.css?ver=6.0.14 HTTP/1.1" 200 88932 "https://quizena.com.co/wp-admin/post-new.php" "Mozilla/5.0 (Windows NT 10.0; Win64; x64) AppleWebKit/537.36 (KHTML, like Gecko) Chrome/149.0.0.0 Safari/537.36"
89.249.73.130 - - [14/Aug/2026:08:17:58 -0500] "GET /wp-content/plugins/contact-form-7/includes/css/styles.css?ver=5.6 HTTP/1.1" 200 2731 "https://quizena.com.co/wp-admin/post-new.php" "Mozilla/5.0 (Windows NT 10.0; Win64; x64) AppleWebKit/537.36 (KHTML, like Gecko) Chrome/149.0.0.0 Safari/537.36"
89.249.73.130 - - [14/Aug/2026:08:17:59 -0500] "GET /wp-includes/js/hoverintent-js.min.js?ver=2.2.1 HTTP/1.1" 200 1718 "https://quizena.com.co/wp-admin/post-new.php" "Mozilla/5.0 (Windows NT 10.0; Win64; x64) AppleWebKit/537.36 (KHTML, like Gecko) Chrome/149.0.0.0 Safari/537.36"
89.249.73.130 - - [14/Aug/2026:08:17:58 -0500] "GET /wp-content/themes/razzi/style.css?ver=20220505 HTTP/1.1" 200 328918 "https://quizena.com.co/wp-admin/post-new.php" "Mozilla/5.0 (Windows NT 10.0; Win64; x64) AppleWebKit/537.36 (KHTML, like Gecko) Chrome/149.0.0.0 Safari/537.36"
89.249.73.130 - - [14/Aug/2026:08:17:59 -0500] "GET /wp-includes/js/admin-bar.min.js?ver=6.0.14 HTTP/1.1" 200 3548 "https://quizena.com.co/wp-admin/post-new.php" "Mozilla/5.0 (Windows NT 10.0; Win64; x64) AppleWebKit/537.36 (KHTML, like Gecko) Chrome/149.0.0.0 Safari/537.36"
89.249.73.130 - - [14/Aug/2026:08:17:59 -0500] "GET /wp-content/plugins/contact-form-7/includes/js/index.js?ver=5.6 HTTP/1.1" 200 21821 "https://quizena.com.co/wp-admin/post-new.php" "Mozilla/5.0 (Windows NT 10.0; Win64; x64) AppleWebKit/537.36 (KHTML, like Gecko) Chrome/149.0.0.0 Safari/537.36"
89.249.73.130 - - [14/Aug/2026:08:17:59 -0500] "GET /wp-content/themes/razzi/assets/js/plugins/swiper.min.js?ver=5.3.8 HTTP/1.1" 200 139784 "https://quizena.com.co/wp-admin/post-new.php" "Mozilla/5.0 (Windows NT 10.0; Win64; x64) AppleWebKit/537.36 (KHTML, like Gecko) Chrome/149.0.0.0 Safari/537.36"
89.249.73.130 - - [14/Aug/2026:08:17:59 -0500] "GET /wp-content/themes/razzi/assets/js/plugins/isInViewport.min.js?ver=20201012 HTTP/1.1" 200 2304 "https://quizena.com.co/wp-admin/post-new.php" "Mozilla/5.0 (Windows NT 10.0; Win64; x64) AppleWebKit/537.36 (KHTML, like Gecko) Chrome/149.0.0.0 Safari/537.36"
89.249.73.130 - - [14/Aug/2026:08:17:59 -0500] "GET /wp-includes/js/imagesloaded.min.js?ver=4.1.4 HTTP/1.1" 200 5629 "https://quizena.com.co/wp-admin/post-new.php" "Mozilla/5.0 (Windows NT 10.0; Win64; x64) AppleWebKit/537.36 (KHTML, like Gecko) Chrome/149.0.0.0 Safari/537.36"
89.249.73.130 - - [14/Aug/2026:08:17:59 -0500] "GET /wp-content/themes/razzi/assets/js/plugins/notify.min.js?ver=1.0.0 HTTP/1.1" 200 13780 "https://quizena.com.co/wp-admin/post-new.php" "Mozilla/5.0 (Windows NT 10.0; Win64; x64) AppleWebKit/537.36 (KHTML, like Gecko) Chrome/149.0.0.0 Safari/537.36"
89.249.73.130 - - [14/Aug/2026:08:17:59 -0500] "GET /wp-content/themes/razzi/assets/js/scripts.min.js?ver=20220330 HTTP/1.1" 200 47064 "https://quizena.com.co/wp-admin/post-new.php" "Mozilla/5.0 (Windows NT 10.0; Win64; x64) AppleWebKit/537.36 (KHTML, like Gecko) Chrome/149.0.0.0 Safari/537.36"
89.249.73.130 - - [14/Aug/2026:08:17:59 -0500] "GET /wp-includes/js/jquery/ui/core.min.js?ver=1.13.1 HTTP/1.1" 200 20715 "https://quizena.com.co/wp-admin/post-new.php" "Mozilla/5.0 (Windows NT 10.0; Win64; x64) AppleWebKit/537.36 (KHTML, like Gecko) Chrome/149.0.0.0 Safari/537.36"
89.249.73.130 - - [14/Aug/2026:08:17:59 -0500] "GET /wp-content/uploads/2022/10/nuevo-tamano-logo.png HTTP/1.1" 200 5879 "https://quizena.com.co/wp-admin/post-new.php" "Mozilla/5.0 (Windows NT 10.0; Win64; x64) AppleWebKit/537.36 (KHTML, like Gecko) Chrome/149.0.0.0 Safari/537.36"
89.249.73.130 - - [14/Aug/2026:08:17:59 -0500] "GET /wp-includes/js/jquery/ui/draggable.min.js?ver=1.13.1 HTTP/1.1" 200 18327 "https://quizena.com.co/wp-admin/post-new.php" "Mozilla/5.0 (Windows NT 10.0; Win64; x64) AppleWebKit/537.36 (KHTML, like Gecko) Chrome/149.0.0.0 Safari/537.36"
89.249.73.130 - - [14/Aug/2026:08:17:59 -0500] "GET /wp-includes/js/backbone.min.js?ver=1.4.1 HTTP/1.1" 200 23929 "https://quizena.com.co/wp-admin/post-new.php" "Mozilla/5.0 (Windows NT 10.0; Win64; x64) AppleWebKit/537.36 (KHTML, like Gecko) Chrome/149.0.0.0 Safari/537.36"
89.249.73.130 - - [14/Aug/2026:08:17:59 -0500] "GET /wp-includes/js/jquery/ui/mouse.min.js?ver=1.13.1 HTTP/1.1" 200 3411 "https://quizena.com.co/wp-admin/post-new.php" "Mozilla/5.0 (Windows NT 10.0; Win64; x64) AppleWebKit/537.36 (KHTML, like Gecko) Chrome/149.0.0.0 Safari/537.36"
89.249.73.130 - - [14/Aug/2026:08:17:59 -0500] "GET /wp-content/plugins/elementor/assets/lib/backbone/backbone.marionette.min.js?ver=2.4.5.e1 HTTP/1.1" 200 45156 "https://quizena.com.co/wp-admin/post-new.php" "Mozilla/5.0 (Windows NT 10.0; Win64; x64) AppleWebKit/537.36 (KHTML, like Gecko) Chrome/149.0.0.0 Safari/537.36"
89.249.73.130 - - [14/Aug/2026:08:17:59 -0500] "GET /wp-content/plugins/elementor/assets/lib/backbone/backbone.radio.min.js?ver=1.0.4 HTTP/1.1" 200 3753 "https://quizena.com.co/wp-admin/post-new.php" "Mozilla/5.0 (Windows NT 10.0; Win64; x64) AppleWebKit/537.36 (KHTML, like Gecko) Chrome/149.0.0.0 Safari/537.36"
89.249.73.130 - - [14/Aug/2026:08:17:59 -0500] "GET /wp-content/plugins/elementor/assets/js/common-modules.min.js?ver=3.6.7 HTTP/1.1" 200 105273 "https://quizena.com.co/wp-admin/post-new.php" "Mozilla/5.0 (Windows NT 10.0; Win64; x64) AppleWebKit/537.36 (KHTML, like Gecko) Chrome/149.0.0.0 Safari/537.36"
89.249.73.130 - - [14/Aug/2026:08:17:59 -0500] "GET /wp-content/plugins/elementor/assets/js/web-cli.min.js?ver=3.6.7 HTTP/1.1" 200 165386 "https://quizena.com.co/wp-admin/post-new.php" "Mozilla/5.0 (Windows NT 10.0; Win64; x64) AppleWebKit/537.36 (KHTML, like Gecko) Chrome/149.0.0.0 Safari/537.36"
89.249.73.130 - - [14/Aug/2026:08:17:59 -0500] "GET /wp-content/plugins/elementor/assets/lib/dialog/dialog.min.js?ver=4.9.0 HTTP/1.1" 200 10682 "https://quizena.com.co/wp-admin/post-new.php" "Mozilla/5.0 (Windows NT 10.0; Win64; x64) AppleWebKit/537.36 (KHTML, like Gecko) Chrome/149.0.0.0 Safari/537.36"
89.249.73.130 - - [14/Aug/2026:08:18:00 -0500] "GET /wp-includes/js/api-request.min.js?ver=6.0.14 HTTP/1.1" 200 1023 "https://quizena.com.co/wp-admin/post-new.php" "Mozilla/5.0 (Windows NT 10.0; Win64; x64) AppleWebKit/537.36 (KHTML, like Gecko) Chrome/149.0.0.0 Safari/537.36"
89.249.73.130 - - [14/Aug/2026:08:18:00 -0500] "GET /wp-content/plugins/elementor/assets/js/app-loader.min.js?ver=3.6.7 HTTP/1.1" 200 92339 "https://quizena.com.co/wp-admin/post-new.php" "Mozilla/5.0 (Windows NT 10.0; Win64; x64) AppleWebKit/537.36 (KHTML, like Gecko) Chrome/149.0.0.0 Safari/537.36"
89.249.73.130 - - [14/Aug/2026:08:18:00 -0500] "GET /wp-content/uploads/2020/03/cropped-logoweb.png HTTP/1.1" 200 41612 "https://quizena.com.co/wp-admin/post-new.php" "Mozilla/5.0 (Windows NT 10.0; Win64; x64) AppleWebKit/537.36 (KHTML, like Gecko) Chrome/149.0.0.0 Safari/537.36"
89.249.73.130 - - [14/Aug/2026:08:18:00 -0500] "GET /wp-includes/js/wp-emoji-release.min.js?ver=6.0.14 HTTP/1.1" 200 18617 "https://quizena.com.co/wp-admin/post-new.php" "Mozilla/5.0 (Windows NT 10.0; Win64; x64) AppleWebKit/537.36 (KHTML, like Gecko) Chrome/149.0.0.0 Safari/537.36"
89.249.73.130 - - [14/Aug/2026:08:18:00 -0500] "GET /wp-content/plugins/elementor/assets/js/common.min.js?ver=3.6.7 HTTP/1.1" 200 147726 "https://quizena.com.co/wp-admin/post-new.php" "Mozilla/5.0 (Windows NT 10.0; Win64; x64) AppleWebKit/537.36 (KHTML, like Gecko) Chrome/149.0.0.0 Safari/537.36"
57.141.14.21 - - [14/Aug/2026:08:17:59 -0500] "GET /?i=74032432843 HTTP/1.1" 200 82322 "-" "Mozilla/5.0 (Windows NT 10.0; Win64; x64) AppleWebKit/537.36 (KHTML, like Gecko) Chrome/145.0.0.0 Safari/537.36 (compatible; meta-externalagent/1.1 (+https://developers.facebook.com/docs/sharing/webmasters/crawler))"
89.249.73.130 - - [14/Aug/2026:08:18:00 -0500] "GET /wp-content/uploads/2022/07/cropped-My-project-1-192x192.png HTTP/1.1" 200 3675 "https://quizena.com.co/wp-admin/post-new.php" "Mozilla/5.0 (Windows NT 10.0; Win64; x64) AppleWebKit/537.36 (KHTML, like Gecko) Chrome/149.0.0.0 Safari/537.36"
89.249.73.130 - - [14/Aug/2026:08:18:00 -0500] "GET /wp-content/uploads/2022/06/jewelry-instagram-61.jpg HTTP/1.1" 200 53133 "https://quizena.com.co/wp-admin/post-new.php" "Mozilla/5.0 (Windows NT 10.0; Win64; x64) AppleWebKit/537.36 (KHTML, like Gecko) Chrome/149.0.0.0 Safari/537.36"
89.249.73.130 - - [14/Aug/2026:08:18:01 -0500] "POST /xmlrpc.php HTTP/1.1" 200 654 "https://quizena.com.co/" "Mozilla/5.0 (Windows NT 10.0; Win64; x64) AppleWebKit/537.36 (KHTML, like Gecko) Chrome/122.0.0.0 Safari/537.36"
103.172.95.24 - - [14/Aug/2026:08:18:01 -0500] "POST /xmlrpc.php HTTP/1.1" 200 6095 "-" "Jetpack by WordPress.com"
89.249.73.130 - - [14/Aug/2026:08:18:02 -0500] "POST /xmlrpc.php HTTP/1.1" 200 180 "https://quizena.com.co/" "Mozilla/5.0 (Windows NT 10.0; Win64; x64) AppleWebKit/537.36 (KHTML, like Gecko) Chrome/122.0.0.0 Safari/537.36"
162.214.115.43 - - [14/Aug/2026:08:18:03 -0500] "POST /wp-cron.php?doing_wp_cron=1786713483.8897991180419921875000 HTTP/1.1" 200 - "https://quizena.com.co/wp-cron.php?doing_wp_cron=1786713483.8897991180419921875000" "WordPress/6.0.14; https://quizena.com.co"
89.249.73.130 - - [14/Aug/2026:08:18:03 -0500] "POST /xmlrpc.php HTTP/1.1" 200 7464 "https://quizena.com.co/" "Mozilla/5.0 (Windows NT 10.0; Win64; x64) AppleWebKit/537.36 (KHTML, like Gecko) Chrome/122.0.0.0 Safari/537.36"
57.141.14.103 - - [14/Aug/2026:08:18:04 -0500] "GET /?l=52677564635 HTTP/1.1" 200 82322 "-" "Mozilla/5.0 (Macintosh; Intel Mac OS X 10_15_7) AppleWebKit/537.36 (KHTML, like Gecko) Chrome/145.0.0.0 Safari/537.36 (compatible; meta-externalagent/1.1 (+https://developers.facebook.com/docs/sharing/webmasters/crawler))"
57.141.14.41 - - [14/Aug/2026:08:18:04 -0500] "GET /?b=15149263047 HTTP/1.1" 200 82322 "-" "Mozilla/5.0 (Windows NT 10.0; Win64; x64) AppleWebKit/537.36 (KHTML, like Gecko) Chrome/145.0.0.0 Safari/537.36 (compatible; meta-externalagent/1.1 (+https://developers.facebook.com/docs/sharing/webmasters/crawler))"
57.141.14.111 - - [14/Aug/2026:08:18:07 -0500] "GET /?s=94612685896 HTTP/1.1" 200 69754 "-" "Mozilla/5.0 (Windows NT 10.0; Win64; x64) AppleWebKit/537.36 (KHTML, like Gecko) Chrome/145.0.0.0 Safari/537.36 (compatible; meta-externalagent/1.1 (+https://developers.facebook.com/docs/sharing/webmasters/crawler))"
179.159.208.168 - - [14/Aug/2026:08:18:08 -0500] "POST /xmlrpc.php HTTP/1.1" 200 6095 "-" "Jetpack/12.5; WordPress/6.4; http://site26062572.com"
57.141.14.82 - - [14/Aug/2026:08:18:08 -0500] "GET /?d=44800304710 HTTP/1.1" 200 82322 "-" "Mozilla/5.0 (Macintosh; Intel Mac OS X 10_15_7) AppleWebKit/537.36 (KHTML, like Gecko) Chrome/145.0.0.0 Safari/537.36 (compatible; meta-externalagent/1.1 (+https://developers.facebook.com/docs/sharing/webmasters/crawler))"
57.141.14.98 - - [14/Aug/2026:08:18:10 -0500] "GET /?f=43218551977 HTTP/1.1" 200 82322 "-" "Mozilla/5.0 (Macintosh; Intel Mac OS X 10_15_7) AppleWebKit/537.36 (KHTML, like Gecko) Chrome/145.0.0.0 Safari/537.36 (compatible; meta-externalagent/1.1 (+https://developers.facebook.com/docs/sharing/webmasters/crawler))"
103.172.95.24 - - [14/Aug/2026:08:18:12 -0500] "POST /xmlrpc.php HTTP/1.1" 200 6095 "-" "Jetpack by WordPress.com (Jetpack 12.0; WordPress 6.1)"
57.141.14.114 - - [14/Aug/2026:08:18:18 -0500] "GET /?u=56368334194 HTTP/1.1" 200 82322 "-" "Mozilla/5.0 (Windows NT 10.0; Win64; x64) AppleWebKit/537.36 (KHTML, like Gecko) Chrome/145.0.0.0 Safari/537.36 (compatible; meta-externalagent/1.1 (+https://developers.facebook.com/docs/sharing/webmasters/crawler))"
179.159.208.168 - - [14/Aug/2026:08:18:19 -0500] "POST /xmlrpc.php HTTP/1.1" 200 6095 "-" "WordPress.com; https://wordpress.com"
57.141.14.72 - - [14/Aug/2026:08:18:21 -0500] "GET /?y=72784022135 HTTP/1.1" 200 82322 "-" "Mozilla/5.0 (Windows NT 10.0; Win64; x64) AppleWebKit/537.36 (KHTML, like Gecko) Chrome/145.0.0.0 Safari/537.36 (compatible; meta-externalagent/1.1 (+https://developers.facebook.com/docs/sharing/webmasters/crawler))"
57.141.14.107 - - [14/Aug/2026:08:18:24 -0500] "GET /?v=92123441626 HTTP/1.1" 200 82322 "-" "Mozilla/5.0 (Macintosh; Intel Mac OS X 10_15_7) AppleWebKit/537.36 (KHTML, like Gecko) Chrome/145.0.0.0 Safari/537.36 (compatible; meta-externalagent/1.1 (+https://developers.facebook.com/docs/sharing/webmasters/crawler))"
103.172.95.24 - - [14/Aug/2026:08:18:26 -0500] "POST /xmlrpc.php HTTP/1.1" 200 6095 "-" "Jetpack by WordPress.com (Jetpack 12.1; WordPress 6.1)"
57.141.14.42 - - [14/Aug/2026:08:18:26 -0500] "GET /?b=92200897621 HTTP/1.1" 200 82322 "-" "Mozilla/5.0 (Windows NT 10.0; Win64; x64) AppleWebKit/537.36 (KHTML, like Gecko) Chrome/145.0.0.0 Safari/537.36 Edg/145.0.0.0 (compatible; meta-externalagent/1.1 (+https://developers.facebook.com/docs/sharing/webmasters/crawler))"
57.141.14.84 - - [14/Aug/2026:08:18:27 -0500] "GET /?k=75896733226 HTTP/1.1" 200 82322 "-" "Mozilla/5.0 (Windows NT 10.0; Win64; x64) AppleWebKit/537.36 (KHTML, like Gecko) Chrome/145.0.0.0 Safari/537.36 (compatible; meta-externalagent/1.1 (+https://developers.facebook.com/docs/sharing/webmasters/crawler))"
89.249.73.130 - - [14/Aug/2026:08:18:27 -0500] "GET /play-live-roulette-canada-with-paypal/ HTTP/1.1" 200 66762 "-" "Mozilla/5.0 (Windows NT 10.0; Win64; x64) AppleWebKit/537.36 (KHTML, like Gecko) Chrome/149.0.0.0 Safari/537.36"
89.249.73.130 - - [14/Aug/2026:08:18:28 -0500] "GET /wp-includes/css/dist/block-library/style.min.css?ver=6.0.14 HTTP/1.1" 200 88932 "https://quizena.com.co/play-live-roulette-canada-with-paypal/" "Mozilla/5.0 (Windows NT 10.0; Win64; x64) AppleWebKit/537.36 (KHTML, like Gecko) Chrome/149.0.0.0 Safari/537.36"
89.249.73.130 - - [14/Aug/2026:08:18:29 -0500] "GET /wp-content/plugins/contact-form-7/includes/css/styles.css?ver=5.6 HTTP/1.1" 200 2731 "https://quizena.com.co/play-live-roulette-canada-with-paypal/" "Mozilla/5.0 (Windows NT 10.0; Win64; x64) AppleWebKit/537.36 (KHTML, like Gecko) Chrome/149.0.0.0 Safari/537.36"
89.249.73.130 - - [14/Aug/2026:08:18:29 -0500] "GET /wp-includes/js/jquery/jquery.min.js?ver=3.6.0 HTTP/1.1" 200 89521 "https://quizena.com.co/play-live-roulette-canada-with-paypal/" "Mozilla/5.0 (Windows NT 10.0; Win64; x64) AppleWebKit/537.36 (KHTML, like Gecko) Chrome/149.0.0.0 Safari/537.36"
89.249.73.130 - - [14/Aug/2026:08:18:29 -0500] "GET /wp-includes/js/jquery/jquery-migrate.min.js?ver=3.3.2 HTTP/1.1" 200 11224 "https://quizena.com.co/play-live-roulette-canada-with-paypal/" "Mozilla/5.0 (Windows NT 10.0; Win64; x64) AppleWebKit/537.36 (KHTML, like Gecko) Chrome/149.0.0.0 Safari/537.36"
89.249.73.130 - - [14/Aug/2026:08:18:29 -0500] "GET /wp-includes/js/dist/vendor/regenerator-runtime.min.js?ver=0.13.9 HTTP/1.1" 200 6475 "https://quizena.com.co/play-live-roulette-canada-with-paypal/" "Mozilla/5.0 (Windows NT 10.0; Win64; x64) AppleWebKit/537.36 (KHTML, like Gecko) Chrome/149.0.0.0 Safari/537.36"
89.249.73.130 - - [14/Aug/2026:08:18:29 -0500] "GET /wp-includes/js/dist/vendor/wp-polyfill.min.js?ver=3.15.0 HTTP/1.1" 200 19142 "https://quizena.com.co/play-live-roulette-canada-with-paypal/" "Mozilla/5.0 (Windows NT 10.0; Win64; x64) AppleWebKit/537.36 (KHTML, like Gecko) Chrome/149.0.0.0 Safari/537.36"
57.141.14.79 - - [14/Aug/2026:08:18:29 -0500] "GET /?d=62863761840 HTTP/1.1" 200 82322 "-" "Mozilla/5.0 (Windows NT 10.0; Win64; x64) AppleWebKit/537.36 (KHTML, like Gecko) Chrome/145.0.0.0 Safari/537.36 (compatible; meta-externalagent/1.1 (+https://developers.facebook.com/docs/sharing/webmasters/crawler))"
89.249.73.130 - - [14/Aug/2026:08:18:29 -0500] "GET /wp-content/plugins/contact-form-7/includes/js/index.js?ver=5.6 HTTP/1.1" 200 21821 "https://quizena.com.co/play-live-roulette-canada-with-paypal/" "Mozilla/5.0 (Windows NT 10.0; Win64; x64) AppleWebKit/537.36 (KHTML, like Gecko) Chrome/149.0.0.0 Safari/537.36"
89.249.73.130 - - [14/Aug/2026:08:18:29 -0500] "GET /wp-content/themes/razzi/style.css?ver=20220505 HTTP/1.1" 200 328918 "https://quizena.com.co/play-live-roulette-canada-with-paypal/" "Mozilla/5.0 (Windows NT 10.0; Win64; x64) AppleWebKit/537.36 (KHTML, like Gecko) Chrome/149.0.0.0 Safari/537.36"
179.159.208.168 - - [14/Aug/2026:08:18:29 -0500] "POST /xmlrpc.php HTTP/1.1" 200 6095 "-" "WordPress.com; https://wordpress.com"
89.249.73.130 - - [14/Aug/2026:08:18:29 -0500] "GET /wp-content/themes/razzi/assets/js/plugins/isInViewport.min.js?ver=20201012 HTTP/1.1" 200 2304 "https://quizena.com.co/play-live-roulette-canada-with-paypal/" "Mozilla/5.0 (Windows NT 10.0; Win64; x64) AppleWebKit/537.36 (KHTML, like Gecko) Chrome/149.0.0.0 Safari/537.36"
89.249.73.130 - - [14/Aug/2026:08:18:30 -0500] "GET /wp-content/themes/razzi/assets/js/plugins/swiper.min.js?ver=5.3.8 HTTP/1.1" 200 139784 "https://quizena.com.co/play-live-roulette-canada-with-paypal/" "Mozilla/5.0 (Windows NT 10.0; Win64; x64) AppleWebKit/537.36 (KHTML, like Gecko) Chrome/149.0.0.0 Safari/537.36"
89.249.73.130 - - [14/Aug/2026:08:18:30 -0500] "GET /wp-content/themes/razzi/assets/js/plugins/notify.min.js?ver=1.0.0 HTTP/1.1" 200 13780 "https://quizena.com.co/play-live-roulette-canada-with-paypal/" "Mozilla/5.0 (Windows NT 10.0; Win64; x64) AppleWebKit/537.36 (KHTML, like Gecko) Chrome/149.0.0.0 Safari/537.36"
89.249.73.130 - - [14/Aug/2026:08:18:30 -0500] "GET /wp-includes/js/imagesloaded.min.js?ver=4.1.4 HTTP/1.1" 200 5629 "https://quizena.com.co/play-live-roulette-canada-with-paypal/" "Mozilla/5.0 (Windows NT 10.0; Win64; x64) AppleWebKit/537.36 (KHTML, like Gecko) Chrome/149.0.0.0 Safari/537.36"
89.249.73.130 - - [14/Aug/2026:08:18:30 -0500] "GET /wp-content/themes/razzi/assets/js/scripts.min.js?ver=20220330 HTTP/1.1" 200 47064 "https://quizena.com.co/play-live-roulette-canada-with-paypal/" "Mozilla/5.0 (Windows NT 10.0; Win64; x64) AppleWebKit/537.36 (KHTML, like Gecko) Chrome/149.0.0.0 Safari/537.36"
89.249.73.130 - - [14/Aug/2026:08:18:30 -0500] "GET /wp-content/uploads/2020/03/cropped-logoweb.png HTTP/1.1" 200 41612 "https://quizena.com.co/play-live-roulette-canada-with-paypal/" "Mozilla/5.0 (Windows NT 10.0; Win64; x64) AppleWebKit/537.36 (KHTML, like Gecko) Chrome/149.0.0.0 Safari/537.36"
89.249.73.130 - - [14/Aug/2026:08:18:30 -0500] "GET /wp-includes/js/wp-emoji-release.min.js?ver=6.0.14 HTTP/1.1" 200 18617 "https://quizena.com.co/play-live-roulette-canada-with-paypal/" "Mozilla/5.0 (Windows NT 10.0; Win64; x64) AppleWebKit/537.36 (KHTML, like Gecko) Chrome/149.0.0.0 Safari/537.36"
89.249.73.130 - - [14/Aug/2026:08:18:30 -0500] "GET /wp-content/uploads/2022/10/nuevo-tamano-logo.png HTTP/1.1" 200 5879 "https://quizena.com.co/play-live-roulette-canada-with-paypal/" "Mozilla/5.0 (Windows NT 10.0; Win64; x64) AppleWebKit/537.36 (KHTML, like Gecko) Chrome/149.0.0.0 Safari/537.36"
57.141.14.39 - - [14/Aug/2026:08:18:30 -0500] "GET /?g=62293179252 HTTP/1.1" 200 82322 "-" "Mozilla/5.0 (Windows NT 10.0; Win64; x64) AppleWebKit/537.36 (KHTML, like Gecko) Chrome/145.0.0.0 Safari/537.36 (compatible; meta-externalagent/1.1 (+https://developers.facebook.com/docs/sharing/webmasters/crawler))"
89.249.73.130 - - [14/Aug/2026:08:18:31 -0500] "GET /wp-content/uploads/2022/06/jewelry-instagram-61.jpg HTTP/1.1" 200 53133 "https://quizena.com.co/play-live-roulette-canada-with-paypal/" "Mozilla/5.0 (Windows NT 10.0; Win64; x64) AppleWebKit/537.36 (KHTML, like Gecko) Chrome/149.0.0.0 Safari/537.36"
89.249.73.130 - - [14/Aug/2026:08:18:31 -0500] "GET /wp-content/uploads/2022/07/cropped-My-project-1-192x192.png HTTP/1.1" 200 3675 "https://quizena.com.co/play-live-roulette-canada-with-paypal/" "Mozilla/5.0 (Windows NT 10.0; Win64; x64) AppleWebKit/537.36 (KHTML, like Gecko) Chrome/149.0.0.0 Safari/537.36"
57.141.14.61 - - [14/Aug/2026:08:18:31 -0500] "GET /?t=44022455970 HTTP/1.1" 200 82322 "-" "Mozilla/5.0 (Windows NT 10.0; Win64; x64) AppleWebKit/537.36 (KHTML, like Gecko) Chrome/145.0.0.0 Safari/537.36 (compatible; meta-externalagent/1.1 (+https://developers.facebook.com/docs/sharing/webmasters/crawler))"
57.141.14.16 - - [14/Aug/2026:08:18:33 -0500] "GET /?v=72976394883 HTTP/1.1" 200 82322 "-" "Mozilla/5.0 (Windows NT 10.0; Win64; x64) AppleWebKit/537.36 (KHTML, like Gecko) Chrome/145.0.0.0 Safari/537.36 (compatible; meta-externalagent/1.1 (+https://developers.facebook.com/docs/sharing/webmasters/crawler))"
57.141.14.42 - - [14/Aug/2026:08:18:34 -0500] "GET /?c=54991659158 HTTP/1.1" 200 82322 "-" "Mozilla/5.0 (Windows NT 10.0; Win64; x64) AppleWebKit/537.36 (KHTML, like Gecko) Chrome/145.0.0.0 Safari/537.36 (compatible; meta-externalagent/1.1 (+https://developers.facebook.com/docs/sharing/webmasters/crawler))"
103.172.95.24 - - [14/Aug/2026:08:18:36 -0500] "POST /xmlrpc.php HTTP/1.1" 200 6095 "-" "Jetpack by WordPress.com (Jetpack 12.1; WordPress 6.2)"
57.141.14.48 - - [14/Aug/2026:08:18:38 -0500] "GET /?c=65650629206 HTTP/1.1" 200 82322 "-" "Mozilla/5.0 (Windows NT 10.0; Win64; x64) AppleWebKit/537.36 (KHTML, like Gecko) Chrome/145.0.0.0 Safari/537.36 (compatible; meta-externalagent/1.1 (+https://developers.facebook.com/docs/sharing/webmasters/crawler))"
57.141.14.22 - - [14/Aug/2026:08:18:39 -0500] "GET /?m=54090525776 HTTP/1.1" 200 57694 "-" "Mozilla/5.0 (X11; Linux x86_64) AppleWebKit/537.36 (KHTML, like Gecko) Chrome/145.0.0.0 Safari/537.36 (compatible; meta-externalagent/1.1 (+https://developers.facebook.com/docs/sharing/webmasters/crawler))"
179.159.208.168 - - [14/Aug/2026:08:18:40 -0500] "POST /xmlrpc.php HTTP/1.1" 200 6095 "-" "Jetpack by WordPress.com (Jetpack 13.0; WordPress 6.2)"
57.141.14.106 - - [14/Aug/2026:08:18:46 -0500] "GET /?s=35610677815 HTTP/1.1" 200 69754 "-" "Mozilla/5.0 (Windows NT 10.0; Win64; x64) AppleWebKit/537.36 (KHTML, like Gecko) Chrome/145.0.0.0 Safari/537.36 (compatible; meta-externalagent/1.1 (+https://developers.facebook.com/docs/sharing/webmasters/crawler))"
103.172.95.24 - - [14/Aug/2026:08:18:47 -0500] "POST /xmlrpc.php HTTP/1.1" 200 6095 "-" "Jetpack by WordPress.com"
179.159.208.168 - - [14/Aug/2026:08:18:50 -0500] "POST /xmlrpc.php HTTP/1.1" 200 6095 "-" "Jetpack by WordPress.com (Jetpack 12.5; WordPress 6.2)"
57.141.14.63 - - [14/Aug/2026:08:18:52 -0500] "GET /?s=24973637151 HTTP/1.1" 200 69754 "-" "Mozilla/5.0 (Macintosh; Intel Mac OS X 10_15_7) AppleWebKit/537.36 (KHTML, like Gecko) Chrome/145.0.0.0 Safari/537.36 (compatible; meta-externalagent/1.1 (+https://developers.facebook.com/docs/sharing/webmasters/crawler))"
57.141.14.11 - - [14/Aug/2026:08:18:53 -0500] "GET /?c=82346428071 HTTP/1.1" 200 82322 "-" "Mozilla/5.0 (Windows NT 10.0; Win64; x64) AppleWebKit/537.36 (KHTML, like Gecko) Chrome/145.0.0.0 Safari/537.36 (compatible; meta-externalagent/1.1 (+https://developers.facebook.com/docs/sharing/webmasters/crawler))"
57.141.14.6 - - [14/Aug/2026:08:18:54 -0500] "GET /?s=62246708632 HTTP/1.1" 200 69754 "-" "Mozilla/5.0 (Windows NT 10.0; Win64; x64) AppleWebKit/537.36 (KHTML, like Gecko) Chrome/145.0.0.0 Safari/537.36 (compatible; meta-externalagent/1.1 (+https://developers.facebook.com/docs/sharing/webmasters/crawler))"
57.141.14.103 - - [14/Aug/2026:08:18:59 -0500] "GET /?m=92857978148 HTTP/1.1" 200 57694 "-" "Mozilla/5.0 (Macintosh; Intel Mac OS X 10_15_7) AppleWebKit/537.36 (KHTML, like Gecko) Chrome/145.0.0.0 Safari/537.36 (compatible; meta-externalagent/1.1 (+https://developers.facebook.com/docs/sharing/webmasters/crawler))"
103.172.95.24 - - [14/Aug/2026:08:19:00 -0500] "POST /xmlrpc.php HTTP/1.1" 200 6095 "-" "Jetpack by WordPress.com (Jetpack 13.0; WordPress 6.3)"
57.141.14.99 - - [14/Aug/2026:08:18:59 -0500] "GET /?x=15114667021 HTTP/1.1" 200 82322 "-" "Mozilla/5.0 (Macintosh; Intel Mac OS X 10_15_7) AppleWebKit/537.36 (KHTML, like Gecko) Chrome/145.0.0.0 Safari/537.36 (compatible; meta-externalagent/1.1 (+https://developers.facebook.com/docs/sharing/webmasters/crawler))"
179.159.208.168 - - [14/Aug/2026:08:19:01 -0500] "POST /xmlrpc.php HTTP/1.1" 200 6095 "-" "Jetpack by WordPress.com"
57.141.14.110 - - [14/Aug/2026:08:19:01 -0500] "GET /?n=26412650556 HTTP/1.1" 200 82322 "-" "Mozilla/5.0 (Macintosh; Intel Mac OS X 10_15_7) AppleWebKit/537.36 (KHTML, like Gecko) Chrome/145.0.0.0 Safari/537.36 (compatible; meta-externalagent/1.1 (+https://developers.facebook.com/docs/sharing/webmasters/crawler))"
57.141.14.103 - - [14/Aug/2026:08:19:05 -0500] "GET /?e=33790086240 HTTP/1.1" 200 82322 "-" "Mozilla/5.0 (Macintosh; Intel Mac OS X 10_15_7) AppleWebKit/537.36 (KHTML, like Gecko) Chrome/145.0.0.0 Safari/537.36 (compatible; meta-externalagent/1.1 (+https://developers.facebook.com/docs/sharing/webmasters/crawler))"
57.141.14.9 - - [14/Aug/2026:08:19:09 -0500] "GET /?h=45922392585 HTTP/1.1" 200 82322 "-" "Mozilla/5.0 (Windows NT 10.0; Win64; x64) AppleWebKit/537.36 (KHTML, like Gecko) Chrome/145.0.0.0 Safari/537.36 (compatible; meta-externalagent/1.1 (+https://developers.facebook.com/docs/sharing/webmasters/crawler))"
57.141.14.110 - - [14/Aug/2026:08:19:10 -0500] "GET /?i=45431165744 HTTP/1.1" 200 82322 "-" "Mozilla/5.0 (Windows NT 10.0; Win64; x64) AppleWebKit/537.36 (KHTML, like Gecko) Chrome/145.0.0.0 Safari/537.36 (compatible; meta-externalagent/1.1 (+https://developers.facebook.com/docs/sharing/webmasters/crawler))"
103.172.95.24 - - [14/Aug/2026:08:19:11 -0500] "POST /xmlrpc.php HTTP/1.1" 200 6095 "-" "Jetpack by WordPress.com"
179.159.208.168 - - [14/Aug/2026:08:19:11 -0500] "POST /xmlrpc.php HTTP/1.1" 200 6095 "-" "Jetpack by WordPress.com (Jetpack 12.5; WordPress 6.4)"
57.141.14.102 - - [14/Aug/2026:08:19:11 -0500] "GET /?l=83928952225 HTTP/1.1" 200 82322 "-" "Mozilla/5.0 (Windows NT 10.0; Win64; x64) AppleWebKit/537.36 (KHTML, like Gecko) Chrome/145.0.0.0 Safari/537.36 (compatible; meta-externalagent/1.1 (+https://developers.facebook.com/docs/sharing/webmasters/crawler))"
66.249.79.230 - - [14/Aug/2026:08:19:17 -0500] "GET /?o=84408476586 HTTP/1.1" 200 202734 "-" "Mozilla/5.0 (Linux; Android 6.0.1; Nexus 5X Build/MMB29P) AppleWebKit/537.36 (KHTML, like Gecko) Chrome/150.0.7871.186 Mobile Safari/537.36 (compatible; Googlebot/2.1; +http://www.google.com/bot.html)"
107.152.37.242 - - [14/Aug/2026:08:19:16 -0500] "GET /luckio-video-poker-excitement-play-now/ HTTP/1.1" 200 75692 "https://quizena.com.co/" "Mozilla/5.0 (X11; Linux x86_64; rv:137.0) Gecko/20100101 Firefox/137.0"
107.152.37.242 - - [14/Aug/2026:08:19:18 -0500] "GET /?p=16767 HTTP/1.1" 200 5681 "https://quizena.com.co/luckio-video-poker-excitement-play-now/" "Mozilla/5.0 (X11; Linux x86_64; rv:137.0) Gecko/20100101 Firefox/137.0"
103.172.95.24 - - [14/Aug/2026:08:19:21 -0500] "POST /xmlrpc.php HTTP/1.1" 200 6095 "-" "Jetpack/13.0; WordPress/6.3; http://site29866106.com"
179.159.208.168 - - [14/Aug/2026:08:19:22 -0500] "POST /xmlrpc.php HTTP/1.1" 200 6095 "-" "Jetpack by WordPress.com"
57.141.14.51 - - [14/Aug/2026:08:19:26 -0500] "GET /?j=62547072118 HTTP/1.1" 200 82322 "-" "Mozilla/5.0 (Windows NT 10.0; Win64; x64) AppleWebKit/537.36 (KHTML, like Gecko) Chrome/145.0.0.0 Safari/537.36 (compatible; meta-externalagent/1.1 (+https://developers.facebook.com/docs/sharing/webmasters/crawler))"
57.141.14.72 - - [14/Aug/2026:08:19:27 -0500] "GET /?s=32566035218 HTTP/1.1" 200 69754 "-" "Mozilla/5.0 (Macintosh; Intel Mac OS X 10_15_7) AppleWebKit/537.36 (KHTML, like Gecko) Chrome/145.0.0.0 Safari/537.36 (compatible; meta-externalagent/1.1 (+https://developers.facebook.com/docs/sharing/webmasters/crawler))"
57.141.14.7 - - [14/Aug/2026:08:19:30 -0500] "GET /?r=25648414096 HTTP/1.1" 200 82322 "-" "Mozilla/5.0 (Windows NT 10.0; Win64; x64) AppleWebKit/537.36 (KHTML, like Gecko) Chrome/145.0.0.0 Safari/537.36 (compatible; meta-externalagent/1.1 (+https://developers.facebook.com/docs/sharing/webmasters/crawler))"
179.159.208.168 - - [14/Aug/2026:08:19:32 -0500] "POST /xmlrpc.php HTTP/1.1" 200 6095 "-" "Jetpack by WordPress.com"
103.172.95.24 - - [14/Aug/2026:08:19:32 -0500] "POST /xmlrpc.php HTTP/1.1" 200 6095 "-" "WordPress.com; https://wordpress.com"
57.141.14.79 - - [14/Aug/2026:08:19:33 -0500] "GET /?r=62948476229 HTTP/1.1" 200 82322 "-" "Mozilla/5.0 (Windows NT 10.0; Win64; x64) AppleWebKit/537.36 (KHTML, like Gecko) Chrome/145.0.0.0 Safari/537.36 (compatible; meta-externalagent/1.1 (+https://developers.facebook.com/docs/sharing/webmasters/crawler))"
57.141.14.69 - - [14/Aug/2026:08:19:38 -0500] "GET /?b=95393090021 HTTP/1.1" 200 82322 "-" "Mozilla/5.0 (X11; Linux x86_64) AppleWebKit/537.36 (KHTML, like Gecko) Chrome/145.0.0.0 Safari/537.36 (compatible; meta-externalagent/1.1 (+https://developers.facebook.com/docs/sharing/webmasters/crawler))"
179.159.208.168 - - [14/Aug/2026:08:19:43 -0500] "POST /xmlrpc.php HTTP/1.1" 200 6095 "-" "Jetpack by WordPress.com"
103.172.95.24 - - [14/Aug/2026:08:19:46 -0500] "POST /xmlrpc.php HTTP/1.1" 200 6095 "-" "Jetpack by WordPress.com"
57.141.14.41 - - [14/Aug/2026:08:19:46 -0500] "GET /?l=12169927782 HTTP/1.1" 200 82322 "-" "Mozilla/5.0 (Macintosh; Intel Mac OS X 10_15_7) AppleWebKit/537.36 (KHTML, like Gecko) Chrome/145.0.0.0 Safari/537.36 (compatible; meta-externalagent/1.1 (+https://developers.facebook.com/docs/sharing/webmasters/crawler))"
57.141.14.15 - - [14/Aug/2026:08:19:47 -0500] "GET /?o=14990330152 HTTP/1.1" 200 82322 "-" "Mozilla/5.0 (Windows NT 10.0; Win64; x64) AppleWebKit/537.36 (KHTML, like Gecko) Chrome/145.0.0.0 Safari/537.36 (compatible; meta-externalagent/1.1 (+https://developers.facebook.com/docs/sharing/webmasters/crawler))"
179.159.208.168 - - [14/Aug/2026:08:19:53 -0500] "POST /xmlrpc.php HTTP/1.1" 200 6095 "-" "WordPress.com; https://wordpress.com"
57.141.14.15 - - [14/Aug/2026:08:19:54 -0500] "GET /?l=83661865233 HTTP/1.1" 200 82322 "-" "Mozilla/5.0 (Windows NT 10.0; Win64; x64) AppleWebKit/537.36 (KHTML, like Gecko) Chrome/145.0.0.0 Safari/537.36 (compatible; meta-externalagent/1.1 (+https://developers.facebook.com/docs/sharing/webmasters/crawler))"
103.172.95.24 - - [14/Aug/2026:08:19:56 -0500] "POST /xmlrpc.php HTTP/1.1" 200 6095 "-" "Jetpack by WordPress.com (Jetpack 12.0; WordPress 6.1)"
57.141.14.67 - - [14/Aug/2026:08:19:57 -0500] "GET /?g=45325080557 HTTP/1.1" 200 82322 "-" "Mozilla/5.0 (Macintosh; Intel Mac OS X 10_15_7) AppleWebKit/537.36 (KHTML, like Gecko) Chrome/145.0.0.0 Safari/537.36 (compatible; meta-externalagent/1.1 (+https://developers.facebook.com/docs/sharing/webmasters/crawler))"
179.159.208.168 - - [14/Aug/2026:08:20:03 -0500] "POST /xmlrpc.php HTTP/1.1" 200 6095 "-" "Jetpack by WordPress.com (Jetpack 12.0; WordPress 6.1)"
57.141.14.36 - - [14/Aug/2026:08:20:04 -0500] "GET /?o=93606723774 HTTP/1.1" 200 82322 "-" "Mozilla/5.0 (Windows NT 10.0; Win64; x64) AppleWebKit/537.36 (KHTML, like Gecko) Chrome/145.0.0.0 Safari/537.36 (compatible; meta-externalagent/1.1 (+https://developers.facebook.com/docs/sharing/webmasters/crawler))"
57.141.14.18 - - [14/Aug/2026:08:20:05 -0500] "GET /?i=32751948005 HTTP/1.1" 200 82322 "-" "Mozilla/5.0 (Windows NT 10.0; Win64; x64) AppleWebKit/537.36 (KHTML, like Gecko) Chrome/145.0.0.0 Safari/537.36 (compatible; meta-externalagent/1.1 (+https://developers.facebook.com/docs/sharing/webmasters/crawler))"
103.172.95.24 - - [14/Aug/2026:08:20:07 -0500] "POST /xmlrpc.php HTTP/1.1" 200 6095 "-" "WordPress.com; https://wordpress.com"
57.141.14.80 - - [14/Aug/2026:08:20:07 -0500] "GET /?n=62946908705 HTTP/1.1" 200 82322 "-" "Mozilla/5.0 (Macintosh; Intel Mac OS X 10_15_7) AppleWebKit/537.36 (KHTML, like Gecko) Chrome/145.0.0.0 Safari/537.36 (compatible; meta-externalagent/1.1 (+https://developers.facebook.com/docs/sharing/webmasters/crawler))"
