162.214.115.43 - - [14/Aug/2026:08:44:35 -0500] "POST /wp-cron.php?doing_wp_cron=1786715075.3609080314636230468750 HTTP/1.1" 200 - "https://quizena.com.co/wp-cron.php?doing_wp_cron=1786715075.3609080314636230468750" "WordPress/6.0.14; https://quizena.com.co"
176.126.104.155 - - [14/Aug/2026:08:44:35 -0500] "POST /xmlrpc.php HTTP/1.1" 200 178 "-" "Mozilla/5.0 (Windows NT 10.0; Win64; x64) AppleWebKit/537.36 (KHTML, like Gecko) Chrome/124.0.0.0 Safari/537.36"
45.227.253.162 - - [14/Aug/2026:08:44:35 -0500] "GET /lotusbet-register-access-your-betting-account-now/ HTTP/1.1" 200 63301 "-" "Mozilla/5.0 (Macintosh; Intel Mac OS X 10_15_7) AppleWebKit/605.1.15 (KHTML, like Gecko) Version/18.0 Safari/605.1.15"
176.126.104.155 - - [14/Aug/2026:08:44:37 -0500] "POST /xmlrpc.php HTTP/1.1" 200 10827 "-" "Mozilla/5.0 (Macintosh; Intel Mac OS X 10_15_7) AppleWebKit/605.1.15 (KHTML, like Gecko) Version/18.0 Safari/605.1.15"
176.126.104.155 - - [14/Aug/2026:08:44:37 -0500] "POST /xmlrpc.php HTTP/1.1" 200 178 "-" "Mozilla/5.0 (Macintosh; Intel Mac OS X 10_15_7) AppleWebKit/605.1.15 (KHTML, like Gecko) Version/18.0 Safari/605.1.15"
45.227.253.162 - - [14/Aug/2026:08:44:38 -0500] "GET /spinch-forgot-password-recovery-solution-simple-fix/ HTTP/1.1" 200 70076 "-" "Mozilla/5.0 (Windows NT 10.0; Win64; x64) AppleWebKit/537.36 (KHTML, like Gecko) Chrome/124.0.0.0 Safari/537.36"
57.141.14.82 - - [14/Aug/2026:08:44:39 -0500] "GET /?s=43173967297 HTTP/1.1" 200 69776 "-" "Mozilla/5.0 (Windows NT 10.0; Win64; x64) AppleWebKit/537.36 (KHTML, like Gecko) Chrome/145.0.0.0 Safari/537.36 (compatible; meta-externalagent/1.1 (+https://developers.facebook.com/docs/sharing/webmasters/crawler))"
176.126.104.155 - - [14/Aug/2026:08:44:39 -0500] "POST /xmlrpc.php HTTP/1.1" 200 18385 "-" "Mozilla/5.0 (Windows NT 10.0; Win64; x64; rv:133.0) Gecko/20100101 Firefox/133.0"
176.126.104.155 - - [14/Aug/2026:08:44:41 -0500] "POST /xmlrpc.php HTTP/1.1" 200 178 "-" "Mozilla/5.0 (Windows NT 10.0; Win64; x64) AppleWebKit/537.36 (KHTML, like Gecko) Chrome/124.0.0.0 Safari/537.36"
162.214.115.43 - - [14/Aug/2026:08:44:42 -0500] "POST /wp-cron.php?doing_wp_cron=1786715082.8375849723815917968750 HTTP/1.1" 200 - "https://quizena.com.co/wp-cron.php?doing_wp_cron=1786715082.8375849723815917968750" "WordPress/6.0.14; https://quizena.com.co"
45.227.253.162 - - [14/Aug/2026:08:44:41 -0500] "GET /luckybird-create-account-simple-setup-fast-access/ HTTP/1.1" 200 76854 "-" "Mozilla/5.0 (Windows NT 10.0; Win64; x64) AppleWebKit/537.36 (KHTML, like Gecko) Chrome/124.0.0.0 Safari/537.36"
176.126.104.155 - - [14/Aug/2026:08:44:43 -0500] "POST /xmlrpc.php HTTP/1.1" 200 33068 "-" "Mozilla/5.0 (Windows NT 10.0; Win64; x64; rv:133.0) Gecko/20100101 Firefox/133.0"
176.126.104.155 - - [14/Aug/2026:08:44:44 -0500] "POST /xmlrpc.php HTTP/1.1" 200 178 "-" "Mozilla/5.0 (Macintosh; Intel Mac OS X 10_15_7) AppleWebKit/605.1.15 (KHTML, like Gecko) Version/18.0 Safari/605.1.15"
45.227.253.162 - - [14/Aug/2026:08:44:45 -0500] "GET /lunabets-safe-betting-platform-secure-reliable-play/ HTTP/1.1" 200 86956 "-" "Mozilla/5.0 (Windows NT 10.0; Win64; x64; rv:133.0) Gecko/20100101 Firefox/133.0"
176.126.104.155 - - [14/Aug/2026:08:44:46 -0500] "POST /xmlrpc.php HTTP/1.1" 200 10319 "-" "Mozilla/5.0 (Macintosh; Intel Mac OS X 10_15_7) AppleWebKit/605.1.15 (KHTML, like Gecko) Version/18.0 Safari/605.1.15"
162.214.115.43 - - [14/Aug/2026:08:44:47 -0500] "POST /wp-cron.php?doing_wp_cron=1786715087.8241939544677734375000 HTTP/1.1" 200 - "https://quizena.com.co/wp-cron.php?doing_wp_cron=1786715087.8241939544677734375000" "WordPress/6.0.14; https://quizena.com.co"
176.126.104.155 - - [14/Aug/2026:08:44:47 -0500] "POST /xmlrpc.php HTTP/1.1" 200 178 "-" "Mozilla/5.0 (Macintosh; Intel Mac OS X 10_15_7) AppleWebKit/605.1.15 (KHTML, like Gecko) Version/18.0 Safari/605.1.15"
57.141.14.56 - - [14/Aug/2026:08:44:48 -0500] "GET /?v=25156092167 HTTP/1.1" 200 82322 "-" "Mozilla/5.0 (Macintosh; Intel Mac OS X 10_15_7) AppleWebKit/537.36 (KHTML, like Gecko) Chrome/145.0.0.0 Safari/537.36 (compatible; meta-externalagent/1.1 (+https://developers.facebook.com/docs/sharing/webmasters/crawler))"
57.141.14.17 - - [14/Aug/2026:08:44:49 -0500] "GET /?u=72475280904 HTTP/1.1" 200 82322 "-" "Mozilla/5.0 (Macintosh; Intel Mac OS X 10_15_7) AppleWebKit/537.36 (KHTML, like Gecko) Chrome/145.0.0.0 Safari/537.36 (compatible; meta-externalagent/1.1 (+https://developers.facebook.com/docs/sharing/webmasters/crawler))"
45.227.253.162 - - [14/Aug/2026:08:44:48 -0500] "GET /lonkero-max-deposit-huge-bonuses-await-you-now/ HTTP/1.1" 200 69495 "-" "Mozilla/5.0 (Windows NT 10.0; Win64; x64; rv:133.0) Gecko/20100101 Firefox/133.0"
176.126.104.155 - - [14/Aug/2026:08:44:50 -0500] "POST /xmlrpc.php HTTP/1.1" 200 11769 "-" "Mozilla/5.0 (Macintosh; Intel Mac OS X 10_15_7) AppleWebKit/605.1.15 (KHTML, like Gecko) Version/18.0 Safari/605.1.15"
176.126.104.155 - - [14/Aug/2026:08:44:51 -0500] "POST /xmlrpc.php HTTP/1.1" 200 178 "-" "Mozilla/5.0 (Windows NT 10.0; Win64; x64) AppleWebKit/537.36 (KHTML, like Gecko) Chrome/124.0.0.0 Safari/537.36"
162.214.115.43 - - [14/Aug/2026:08:44:52 -0500] "POST /wp-cron.php?doing_wp_cron=1786715092.3548460006713867187500 HTTP/1.1" 200 - "https://quizena.com.co/wp-cron.php?doing_wp_cron=1786715092.3548460006713867187500" "WordPress/6.0.14; https://quizena.com.co"
45.227.253.162 - - [14/Aug/2026:08:44:52 -0500] "GET /metaspins-wagering-requirements-made-simple-now/ HTTP/1.1" 200 71142 "-" "Mozilla/5.0 (Macintosh; Intel Mac OS X 10_15_7) AppleWebKit/605.1.15 (KHTML, like Gecko) Version/18.0 Safari/605.1.15"
176.126.104.155 - - [14/Aug/2026:08:44:53 -0500] "POST /xmlrpc.php HTTP/1.1" 200 16573 "-" "Mozilla/5.0 (Macintosh; Intel Mac OS X 10_15_7) AppleWebKit/605.1.15 (KHTML, like Gecko) Version/18.0 Safari/605.1.15"
176.126.104.155 - - [14/Aug/2026:08:44:54 -0500] "POST /xmlrpc.php HTTP/1.1" 200 178 "-" "Mozilla/5.0 (Windows NT 10.0; Win64; x64; rv:133.0) Gecko/20100101 Firefox/133.0"
162.214.115.43 - - [14/Aug/2026:08:44:56 -0500] "POST /wp-cron.php?doing_wp_cron=1786715096.3132789134979248046875 HTTP/1.1" 200 - "https://quizena.com.co/wp-cron.php?doing_wp_cron=1786715096.3132789134979248046875" "WordPress/6.0.14; https://quizena.com.co"
45.227.253.162 - - [14/Aug/2026:08:44:55 -0500] "GET /luckio-video-poker-excitement-play-now/ HTTP/1.1" 200 75692 "-" "Mozilla/5.0 (Macintosh; Intel Mac OS X 10_15_7) AppleWebKit/605.1.15 (KHTML, like Gecko) Version/18.0 Safari/605.1.15"
176.126.104.155 - - [14/Aug/2026:08:44:57 -0500] "POST /xmlrpc.php HTTP/1.1" 200 13292 "-" "Mozilla/5.0 (Macintosh; Intel Mac OS X 10_15_7) AppleWebKit/605.1.15 (KHTML, like Gecko) Version/18.0 Safari/605.1.15"
176.126.104.155 - - [14/Aug/2026:08:44:58 -0500] "POST /xmlrpc.php HTTP/1.1" 200 178 "-" "Mozilla/5.0 (Windows NT 10.0; Win64; x64) AppleWebKit/537.36 (KHTML, like Gecko) Chrome/124.0.0.0 Safari/537.36"
162.214.115.43 - - [14/Aug/2026:08:44:59 -0500] "POST /wp-cron.php?doing_wp_cron=1786715099.1776471138000488281250 HTTP/1.1" 200 - "https://quizena.com.co/wp-cron.php?doing_wp_cron=1786715099.1776471138000488281250" "WordPress/6.0.14; https://quizena.com.co"
45.227.253.162 - - [14/Aug/2026:08:44:58 -0500] "GET /menace-banking-secure-financial-power-now/ HTTP/1.1" 200 71979 "-" "Mozilla/5.0 (Windows NT 10.0; Win64; x64; rv:133.0) Gecko/20100101 Firefox/133.0"
176.126.104.155 - - [14/Aug/2026:08:45:00 -0500] "POST /xmlrpc.php HTTP/1.1" 200 12209 "-" "Mozilla/5.0 (Windows NT 10.0; Win64; x64) AppleWebKit/537.36 (KHTML, like Gecko) Chrome/124.0.0.0 Safari/537.36"
176.126.104.155 - - [14/Aug/2026:08:45:01 -0500] "POST /xmlrpc.php HTTP/1.1" 200 178 "-" "Mozilla/5.0 (Windows NT 10.0; Win64; x64) AppleWebKit/537.36 (KHTML, like Gecko) Chrome/124.0.0.0 Safari/537.36"
45.227.253.162 - - [14/Aug/2026:08:45:01 -0500] "GET /boo-email-boost-your-outreach-power-now/ HTTP/1.1" 200 70880 "-" "Mozilla/5.0 (Macintosh; Intel Mac OS X 10_15_7) AppleWebKit/605.1.15 (KHTML, like Gecko) Version/18.0 Safari/605.1.15"
176.126.104.155 - - [14/Aug/2026:08:45:03 -0500] "POST /xmlrpc.php HTTP/1.1" 200 16525 "-" "Mozilla/5.0 (Macintosh; Intel Mac OS X 10_15_7) AppleWebKit/605.1.15 (KHTML, like Gecko) Version/18.0 Safari/605.1.15"
162.214.115.43 - - [14/Aug/2026:08:45:04 -0500] "POST /wp-cron.php?doing_wp_cron=1786715104.1811680793762207031250 HTTP/1.1" 200 - "https://quizena.com.co/wp-cron.php?doing_wp_cron=1786715104.1811680793762207031250" "WordPress/6.0.14; https://quizena.com.co"
176.126.104.155 - - [14/Aug/2026:08:45:04 -0500] "POST /xmlrpc.php HTTP/1.1" 200 178 "-" "Mozilla/5.0 (Windows NT 10.0; Win64; x64) AppleWebKit/537.36 (KHTML, like Gecko) Chrome/124.0.0.0 Safari/537.36"
45.227.253.162 - - [14/Aug/2026:08:45:04 -0500] "GET /menace-blocked-protection-guard-your-security-now/ HTTP/1.1" 200 74980 "-" "Mozilla/5.0 (Windows NT 10.0; Win64; x64; rv:133.0) Gecko/20100101 Firefox/133.0"
176.126.104.155 - - [14/Aug/2026:08:45:05 -0500] "POST /xmlrpc.php HTTP/1.1" 200 3052 "-" "Mozilla/5.0 (Windows NT 10.0; Win64; x64) AppleWebKit/537.36 (KHTML, like Gecko) Chrome/124.0.0.0 Safari/537.36"
176.126.104.155 - - [14/Aug/2026:08:45:06 -0500] "POST /xmlrpc.php HTTP/1.1" 200 178 "-" "Mozilla/5.0 (Macintosh; Intel Mac OS X 10_15_7) AppleWebKit/605.1.15 (KHTML, like Gecko) Version/18.0 Safari/605.1.15"
45.227.253.162 - - [14/Aug/2026:08:45:07 -0500] "GET /live-roulette-days-experience-real-casino-thrills-now/ HTTP/1.1" 200 63275 "-" "Mozilla/5.0 (Windows NT 10.0; Win64; x64; rv:133.0) Gecko/20100101 Firefox/133.0"
57.141.14.55 - - [14/Aug/2026:08:45:08 -0500] "GET /?a=64796285985 HTTP/1.1" 200 82322 "-" "Mozilla/5.0 (Windows NT 10.0; Win64; x64) AppleWebKit/537.36 (KHTML, like Gecko) Chrome/145.0.0.0 Safari/537.36 (compatible; meta-externalagent/1.1 (+https://developers.facebook.com/docs/sharing/webmasters/crawler))"
176.126.104.155 - - [14/Aug/2026:08:45:08 -0500] "POST /xmlrpc.php HTTP/1.1" 200 17454 "-" "Mozilla/5.0 (Macintosh; Intel Mac OS X 10_15_7) AppleWebKit/605.1.15 (KHTML, like Gecko) Version/18.0 Safari/605.1.15"
162.214.115.43 - - [14/Aug/2026:08:45:09 -0500] "POST /wp-cron.php?doing_wp_cron=1786715109.4857439994812011718750 HTTP/1.1" 200 - "https://quizena.com.co/wp-cron.php?doing_wp_cron=1786715109.4857439994812011718750" "WordPress/6.0.14; https://quizena.com.co"
57.141.14.82 - - [14/Aug/2026:08:45:09 -0500] "GET /?x=13145477402 HTTP/1.1" 200 82322 "-" "Mozilla/5.0 (Windows NT 10.0; Win64; x64) AppleWebKit/537.36 (KHTML, like Gecko) Chrome/145.0.0.0 Safari/537.36 (compatible; meta-externalagent/1.1 (+https://developers.facebook.com/docs/sharing/webmasters/crawler))"
57.141.14.5 - - [14/Aug/2026:08:45:09 -0500] "GET /?a=64856601970 HTTP/1.1" 200 82322 "-" "Mozilla/5.0 (Macintosh; Intel Mac OS X 10_15_7) AppleWebKit/537.36 (KHTML, like Gecko) Chrome/145.0.0.0 Safari/537.36 (compatible; meta-externalagent/1.1 (+https://developers.facebook.com/docs/sharing/webmasters/crawler))"
176.126.104.155 - - [14/Aug/2026:08:45:09 -0500] "POST /xmlrpc.php HTTP/1.1" 200 178 "-" "Mozilla/5.0 (Macintosh; Intel Mac OS X 10_15_7) AppleWebKit/605.1.15 (KHTML, like Gecko) Version/18.0 Safari/605.1.15"
45.227.253.162 - - [14/Aug/2026:08:45:10 -0500] "GET /mega-dice-bitcoin-massive-payouts-high-stakes-play/ HTTP/1.1" 200 76231 "-" "Mozilla/5.0 (Macintosh; Intel Mac OS X 10_15_7) AppleWebKit/605.1.15 (KHTML, like Gecko) Version/18.0 Safari/605.1.15"
162.214.115.43 - - [14/Aug/2026:08:45:11 -0500] "POST /wp-cron.php?doing_wp_cron=1786715111.8047230243682861328125 HTTP/1.1" 200 - "https://quizena.com.co/wp-cron.php?doing_wp_cron=1786715111.8047230243682861328125" "WordPress/6.0.14; https://quizena.com.co"
176.126.104.155 - - [14/Aug/2026:08:45:11 -0500] "POST /xmlrpc.php HTTP/1.1" 200 10674 "-" "Mozilla/5.0 (Windows NT 10.0; Win64; x64) AppleWebKit/537.36 (KHTML, like Gecko) Chrome/124.0.0.0 Safari/537.36"
176.126.104.155 - - [14/Aug/2026:08:45:12 -0500] "POST /xmlrpc.php HTTP/1.1" 200 178 "-" "Mozilla/5.0 (Macintosh; Intel Mac OS X 10_15_7) AppleWebKit/605.1.15 (KHTML, like Gecko) Version/18.0 Safari/605.1.15"
57.141.14.12 - - [14/Aug/2026:08:45:12 -0500] "GET /?u=34766408776 HTTP/1.1" 200 82322 "-" "Mozilla/5.0 (Windows NT 10.0; Win64; x64) AppleWebKit/537.36 (KHTML, like Gecko) Chrome/145.0.0.0 Safari/537.36 (compatible; meta-externalagent/1.1 (+https://developers.facebook.com/docs/sharing/webmasters/crawler))"
45.227.253.162 - - [14/Aug/2026:08:45:13 -0500] "GET /quickwin-btc-fast-bitcoin-gains-now/ HTTP/1.1" 200 69917 "-" "Mozilla/5.0 (Windows NT 10.0; Win64; x64) AppleWebKit/537.36 (KHTML, like Gecko) Chrome/124.0.0.0 Safari/537.36"
162.214.115.43 - - [14/Aug/2026:08:45:14 -0500] "POST /wp-cron.php?doing_wp_cron=1786715114.5244140625000000000000 HTTP/1.1" 200 - "https://quizena.com.co/wp-cron.php?doing_wp_cron=1786715114.5244140625000000000000" "WordPress/6.0.14; https://quizena.com.co"
176.126.104.155 - - [14/Aug/2026:08:45:14 -0500] "POST /xmlrpc.php HTTP/1.1" 200 9957 "-" "Mozilla/5.0 (Windows NT 10.0; Win64; x64; rv:133.0) Gecko/20100101 Firefox/133.0"
57.141.14.64 - - [14/Aug/2026:08:45:14 -0500] "GET /?w=83506182487 HTTP/1.1" 200 57694 "-" "Mozilla/5.0 (Macintosh; Intel Mac OS X 10_15_7) AppleWebKit/537.36 (KHTML, like Gecko) Chrome/145.0.0.0 Safari/537.36 (compatible; meta-externalagent/1.1 (+https://developers.facebook.com/docs/sharing/webmasters/crawler))"
176.126.104.155 - - [14/Aug/2026:08:45:15 -0500] "POST /xmlrpc.php HTTP/1.1" 200 178 "-" "Mozilla/5.0 (Windows NT 10.0; Win64; x64; rv:133.0) Gecko/20100101 Firefox/133.0"
162.214.115.43 - - [14/Aug/2026:08:45:16 -0500] "POST /wp-cron.php?doing_wp_cron=1786715116.1480069160461425781250 HTTP/1.1" 200 - "https://quizena.com.co/wp-cron.php?doing_wp_cron=1786715116.1480069160461425781250" "WordPress/6.0.14; https://quizena.com.co"
45.227.253.162 - - [14/Aug/2026:08:45:15 -0500] "GET /fix-lunubet-deposit-failed-issues-now-secure-your-bets/ HTTP/1.1" 200 69316 "-" "Mozilla/5.0 (Windows NT 10.0; Win64; x64; rv:133.0) Gecko/20100101 Firefox/133.0"
176.126.104.155 - - [14/Aug/2026:08:45:17 -0500] "POST /xmlrpc.php HTTP/1.1" 200 18377 "-" "Mozilla/5.0 (Windows NT 10.0; Win64; x64; rv:133.0) Gecko/20100101 Firefox/133.0"
176.126.104.155 - - [14/Aug/2026:08:45:18 -0500] "POST /xmlrpc.php HTTP/1.1" 200 178 "-" "Mozilla/5.0 (Windows NT 10.0; Win64; x64) AppleWebKit/537.36 (KHTML, like Gecko) Chrome/124.0.0.0 Safari/537.36"
162.214.115.43 - - [14/Aug/2026:08:45:18 -0500] "POST /wp-cron.php?doing_wp_cron=1786715118.7649900913238525390625 HTTP/1.1" 200 - "https://quizena.com.co/wp-cron.php?doing_wp_cron=1786715118.7649900913238525390625" "WordPress/6.0.14; https://quizena.com.co"
57.141.14.91 - - [14/Aug/2026:08:45:18 -0500] "GET /?z=24824793097 HTTP/1.1" 200 82322 "-" "Mozilla/5.0 (Macintosh; Intel Mac OS X 10_15_7) AppleWebKit/537.36 (KHTML, like Gecko) Chrome/145.0.0.0 Safari/537.36 (compatible; meta-externalagent/1.1 (+https://developers.facebook.com/docs/sharing/webmasters/crawler))"
45.227.253.162 - - [14/Aug/2026:08:45:18 -0500] "GET /legionbet-fishing-games-fun-action-online/ HTTP/1.1" 200 76955 "-" "Mozilla/5.0 (Windows NT 10.0; Win64; x64) AppleWebKit/537.36 (KHTML, like Gecko) Chrome/124.0.0.0 Safari/537.36"
176.126.104.155 - - [14/Aug/2026:08:45:20 -0500] "POST /xmlrpc.php HTTP/1.1" 200 13795 "-" "Mozilla/5.0 (Windows NT 10.0; Win64; x64) AppleWebKit/537.36 (KHTML, like Gecko) Chrome/124.0.0.0 Safari/537.36"
176.126.104.155 - - [14/Aug/2026:08:45:21 -0500] "POST /xmlrpc.php HTTP/1.1" 200 178 "-" "Mozilla/5.0 (Macintosh; Intel Mac OS X 10_15_7) AppleWebKit/605.1.15 (KHTML, like Gecko) Version/18.0 Safari/605.1.15"
162.214.115.43 - - [14/Aug/2026:08:45:22 -0500] "POST /wp-cron.php?doing_wp_cron=1786715122.0278298854827880859375 HTTP/1.1" 200 - "https://quizena.com.co/wp-cron.php?doing_wp_cron=1786715122.0278298854827880859375" "WordPress/6.0.14; https://quizena.com.co"
45.227.253.162 - - [14/Aug/2026:08:45:21 -0500] "GET /lysti-daily-bonus-daily-rewards-for-you-now/ HTTP/1.1" 200 72780 "-" "Mozilla/5.0 (Macintosh; Intel Mac OS X 10_15_7) AppleWebKit/605.1.15 (KHTML, like Gecko) Version/18.0 Safari/605.1.15"
176.126.104.155 - - [14/Aug/2026:08:45:23 -0500] "POST /xmlrpc.php HTTP/1.1" 200 10760 "-" "Mozilla/5.0 (Windows NT 10.0; Win64; x64; rv:133.0) Gecko/20100101 Firefox/133.0"
176.126.104.155 - - [14/Aug/2026:08:45:23 -0500] "POST /xmlrpc.php HTTP/1.1" 200 178 "-" "Mozilla/5.0 (Macintosh; Intel Mac OS X 10_15_7) AppleWebKit/605.1.15 (KHTML, like Gecko) Version/18.0 Safari/605.1.15"
57.141.14.60 - - [14/Aug/2026:08:45:23 -0500] "GET /?j=85173821394 HTTP/1.1" 200 82322 "-" "Mozilla/5.0 (Macintosh; Intel Mac OS X 10_15_7) AppleWebKit/537.36 (KHTML, like Gecko) Chrome/145.0.0.0 Safari/537.36 (compatible; meta-externalagent/1.1 (+https://developers.facebook.com/docs/sharing/webmasters/crawler))"
162.214.115.43 - - [14/Aug/2026:08:45:24 -0500] "POST /wp-cron.php?doing_wp_cron=1786715124.7349760532379150390625 HTTP/1.1" 200 - "https://quizena.com.co/wp-cron.php?doing_wp_cron=1786715124.7349760532379150390625" "WordPress/6.0.14; https://quizena.com.co"
45.227.253.162 - - [14/Aug/2026:08:45:24 -0500] "GET /legzo-withdrawal-fast-and-secure-payouts-today/ HTTP/1.1" 200 70034 "-" "Mozilla/5.0 (Windows NT 10.0; Win64; x64) AppleWebKit/537.36 (KHTML, like Gecko) Chrome/124.0.0.0 Safari/537.36"
176.126.104.155 - - [14/Aug/2026:08:45:25 -0500] "POST /xmlrpc.php HTTP/1.1" 200 15826 "-" "Mozilla/5.0 (Windows NT 10.0; Win64; x64; rv:133.0) Gecko/20100101 Firefox/133.0"
176.126.104.155 - - [14/Aug/2026:08:45:26 -0500] "POST /xmlrpc.php HTTP/1.1" 200 178 "-" "Mozilla/5.0 (Windows NT 10.0; Win64; x64) AppleWebKit/537.36 (KHTML, like Gecko) Chrome/124.0.0.0 Safari/537.36"
57.141.14.92 - - [14/Aug/2026:08:45:26 -0500] "GET /?d=84583046955 HTTP/1.1" 200 82322 "-" "Mozilla/5.0 (Macintosh; Intel Mac OS X 10_15_7) AppleWebKit/537.36 (KHTML, like Gecko) Chrome/145.0.0.0 Safari/537.36 (compatible; meta-externalagent/1.1 (+https://developers.facebook.com/docs/sharing/webmasters/crawler))"
57.141.14.41 - - [14/Aug/2026:08:45:26 -0500] "GET /?e=86140139070 HTTP/1.1" 200 82322 "-" "Mozilla/5.0 (Macintosh; Intel Mac OS X 10_15_7) AppleWebKit/537.36 (KHTML, like Gecko) Chrome/145.0.0.0 Safari/537.36 (compatible; meta-externalagent/1.1 (+https://developers.facebook.com/docs/sharing/webmasters/crawler))"
57.141.14.82 - - [14/Aug/2026:08:45:28 -0500] "GET /?t=22482945511 HTTP/1.1" 200 82322 "-" "Mozilla/5.0 (Windows NT 10.0; Win64; x64) AppleWebKit/537.36 (KHTML, like Gecko) Chrome/145.0.0.0 Safari/537.36 (compatible; meta-externalagent/1.1 (+https://developers.facebook.com/docs/sharing/webmasters/crawler))"
45.227.253.162 - - [14/Aug/2026:08:45:27 -0500] "GET /fast-magneticslots-verification-time-solutions-now-available/ HTTP/1.1" 200 74427 "-" "Mozilla/5.0 (Windows NT 10.0; Win64; x64; rv:133.0) Gecko/20100101 Firefox/133.0"
176.126.104.155 - - [14/Aug/2026:08:45:29 -0500] "POST /xmlrpc.php HTTP/1.1" 200 18540 "-" "Mozilla/5.0 (Windows NT 10.0; Win64; x64) AppleWebKit/537.36 (KHTML, like Gecko) Chrome/124.0.0.0 Safari/537.36"
176.126.104.155 - - [14/Aug/2026:08:45:30 -0500] "POST /xmlrpc.php HTTP/1.1" 200 178 "-" "Mozilla/5.0 (Windows NT 10.0; Win64; x64; rv:133.0) Gecko/20100101 Firefox/133.0"
57.141.16.97 - - [14/Aug/2026:08:45:31 -0500] "GET / HTTP/1.1" 200 82322 "-" "facebookexternalhit/1.1 (+http://www.facebook.com/externalhit_uatext.php)"
45.227.253.162 - - [14/Aug/2026:08:45:31 -0500] "GET /lataamo-providers-solutions-for-your-needs/ HTTP/1.1" 200 77356 "-" "Mozilla/5.0 (Macintosh; Intel Mac OS X 10_15_7) AppleWebKit/605.1.15 (KHTML, like Gecko) Version/18.0 Safari/605.1.15"
57.141.14.74 - - [14/Aug/2026:08:45:32 -0500] "GET /?p=64410599234 HTTP/1.1" 200 57694 "-" "Mozilla/5.0 (Windows NT 10.0; Win64; x64) AppleWebKit/537.36 (KHTML, like Gecko) Chrome/145.0.0.0 Safari/537.36 (compatible; meta-externalagent/1.1 (+https://developers.facebook.com/docs/sharing/webmasters/crawler))"
176.126.104.155 - - [14/Aug/2026:08:45:33 -0500] "POST /xmlrpc.php HTTP/1.1" 200 19804 "-" "Mozilla/5.0 (Windows NT 10.0; Win64; x64) AppleWebKit/537.36 (KHTML, like Gecko) Chrome/124.0.0.0 Safari/537.36"
162.214.115.43 - - [14/Aug/2026:08:45:34 -0500] "POST /wp-cron.php?doing_wp_cron=1786715134.6372969150543212890625 HTTP/1.1" 200 - "https://quizena.com.co/wp-cron.php?doing_wp_cron=1786715134.6372969150543212890625" "WordPress/6.0.14; https://quizena.com.co"
176.126.104.155 - - [14/Aug/2026:08:45:34 -0500] "POST /xmlrpc.php HTTP/1.1" 200 178 "-" "Mozilla/5.0 (Windows NT 10.0; Win64; x64) AppleWebKit/537.36 (KHTML, like Gecko) Chrome/124.0.0.0 Safari/537.36"
45.227.253.162 - - [14/Aug/2026:08:45:35 -0500] "GET /get-lumo-promo-codes-now-save-big-on-purchases/ HTTP/1.1" 200 77770 "-" "Mozilla/5.0 (Windows NT 10.0; Win64; x64; rv:133.0) Gecko/20100101 Firefox/133.0"
176.126.104.155 - - [14/Aug/2026:08:45:37 -0500] "POST /xmlrpc.php HTTP/1.1" 200 36558 "-" "Mozilla/5.0 (Windows NT 10.0; Win64; x64; rv:133.0) Gecko/20100101 Firefox/133.0"
176.126.104.155 - - [14/Aug/2026:08:45:38 -0500] "POST /xmlrpc.php HTTP/1.1" 200 178 "-" "Mozilla/5.0 (Windows NT 10.0; Win64; x64) AppleWebKit/537.36 (KHTML, like Gecko) Chrome/124.0.0.0 Safari/537.36"
162.214.115.43 - - [14/Aug/2026:08:45:39 -0500] "POST /wp-cron.php?doing_wp_cron=1786715139.4256200790405273437500 HTTP/1.1" 200 - "https://quizena.com.co/wp-cron.php?doing_wp_cron=1786715139.4256200790405273437500" "WordPress/6.0.14; https://quizena.com.co"
45.227.253.162 - - [14/Aug/2026:08:45:39 -0500] "GET /lilibet-cashout-limit-get-your-best-bet-now/ HTTP/1.1" 200 90380 "-" "Mozilla/5.0 (Windows NT 10.0; Win64; x64; rv:133.0) Gecko/20100101 Firefox/133.0"
57.141.14.92 - - [14/Aug/2026:08:45:39 -0500] "GET /?h=62543222339 HTTP/1.1" 200 82322 "-" "Mozilla/5.0 (Windows NT 10.0; Win64; x64) AppleWebKit/537.36 (KHTML, like Gecko) Chrome/145.0.0.0 Safari/537.36 (compatible; meta-externalagent/1.1 (+https://developers.facebook.com/docs/sharing/webmasters/crawler))"
176.126.104.155 - - [14/Aug/2026:08:45:40 -0500] "POST /xmlrpc.php HTTP/1.1" 200 19816 "-" "Mozilla/5.0 (Macintosh; Intel Mac OS X 10_15_7) AppleWebKit/605.1.15 (KHTML, like Gecko) Version/18.0 Safari/605.1.15"
176.126.104.155 - - [14/Aug/2026:08:45:41 -0500] "POST /xmlrpc.php HTTP/1.1" 200 178 "-" "Mozilla/5.0 (Macintosh; Intel Mac OS X 10_15_7) AppleWebKit/605.1.15 (KHTML, like Gecko) Version/18.0 Safari/605.1.15"
45.227.253.162 - - [14/Aug/2026:08:45:42 -0500] "GET /lemon-online-casino-play-big-wins-now/ HTTP/1.1" 200 77755 "-" "Mozilla/5.0 (Macintosh; Intel Mac OS X 10_15_7) AppleWebKit/605.1.15 (KHTML, like Gecko) Version/18.0 Safari/605.1.15"
176.126.104.155 - - [14/Aug/2026:08:45:43 -0500] "POST /xmlrpc.php HTTP/1.1" 200 15947 "-" "Mozilla/5.0 (Windows NT 10.0; Win64; x64; rv:133.0) Gecko/20100101 Firefox/133.0"
176.126.104.155 - - [14/Aug/2026:08:45:44 -0500] "POST /xmlrpc.php HTTP/1.1" 200 178 "-" "Mozilla/5.0 (Windows NT 10.0; Win64; x64) AppleWebKit/537.36 (KHTML, like Gecko) Chrome/124.0.0.0 Safari/537.36"
45.227.253.162 - - [14/Aug/2026:08:45:45 -0500] "GET /maria-responsible-gaming-play-safely-with-maria/ HTTP/1.1" 200 74356 "-" "Mozilla/5.0 (Windows NT 10.0; Win64; x64; rv:133.0) Gecko/20100101 Firefox/133.0"
176.126.104.155 - - [14/Aug/2026:08:45:47 -0500] "POST /xmlrpc.php HTTP/1.1" 200 15467 "-" "Mozilla/5.0 (Windows NT 10.0; Win64; x64; rv:133.0) Gecko/20100101 Firefox/133.0"
57.141.14.61 - - [14/Aug/2026:08:45:47 -0500] "GET /?k=23846979921 HTTP/1.1" 200 82322 "-" "Mozilla/5.0 (X11; Linux x86_64) AppleWebKit/537.36 (KHTML, like Gecko) Chrome/145.0.0.0 Safari/537.36 (compatible; meta-externalagent/1.1 (+https://developers.facebook.com/docs/sharing/webmasters/crawler))"
176.126.104.155 - - [14/Aug/2026:08:45:48 -0500] "POST /xmlrpc.php HTTP/1.1" 200 178 "-" "Mozilla/5.0 (Windows NT 10.0; Win64; x64; rv:133.0) Gecko/20100101 Firefox/133.0"
45.227.253.162 - - [14/Aug/2026:08:45:49 -0500] "GET /kingmaker-poker-master-your-poker-destiny-today/ HTTP/1.1" 200 74330 "-" "Mozilla/5.0 (Windows NT 10.0; Win64; x64; rv:133.0) Gecko/20100101 Firefox/133.0"
176.126.104.155 - - [14/Aug/2026:08:45:50 -0500] "POST /xmlrpc.php HTTP/1.1" 200 17484 "-" "Mozilla/5.0 (Windows NT 10.0; Win64; x64; rv:133.0) Gecko/20100101 Firefox/133.0"
176.126.104.155 - - [14/Aug/2026:08:45:51 -0500] "POST /xmlrpc.php HTTP/1.1" 200 178 "-" "Mozilla/5.0 (Windows NT 10.0; Win64; x64) AppleWebKit/537.36 (KHTML, like Gecko) Chrome/124.0.0.0 Safari/537.36"
45.227.253.162 - - [14/Aug/2026:08:45:51 -0500] "GET /mbit-casino-app-play-now-real-money-gaming/ HTTP/1.1" 200 76287 "-" "Mozilla/5.0 (Windows NT 10.0; Win64; x64; rv:133.0) Gecko/20100101 Firefox/133.0"
176.126.104.155 - - [14/Aug/2026:08:45:53 -0500] "POST /xmlrpc.php HTTP/1.1" 200 11451 "-" "Mozilla/5.0 (Macintosh; Intel Mac OS X 10_15_7) AppleWebKit/605.1.15 (KHTML, like Gecko) Version/18.0 Safari/605.1.15"
57.141.14.20 - - [14/Aug/2026:08:45:53 -0500] "GET /?d=86053314512 HTTP/1.1" 200 82322 "-" "Mozilla/5.0 (Macintosh; Intel Mac OS X 10_15_7) AppleWebKit/537.36 (KHTML, like Gecko) Chrome/145.0.0.0 Safari/537.36 (compatible; meta-externalagent/1.1 (+https://developers.facebook.com/docs/sharing/webmasters/crawler))"
176.126.104.155 - - [14/Aug/2026:08:45:53 -0500] "POST /xmlrpc.php HTTP/1.1" 200 178 "-" "Mozilla/5.0 (Windows NT 10.0; Win64; x64; rv:133.0) Gecko/20100101 Firefox/133.0"
57.141.14.45 - - [14/Aug/2026:08:45:54 -0500] "GET /?s=54031080014 HTTP/1.1" 200 69776 "-" "Mozilla/5.0 (Windows NT 10.0; Win64; x64) AppleWebKit/537.36 (KHTML, like Gecko) Chrome/145.0.0.0 Safari/537.36 (compatible; meta-externalagent/1.1 (+https://developers.facebook.com/docs/sharing/webmasters/crawler))"
45.227.253.162 - - [14/Aug/2026:08:45:54 -0500] "GET /klub28-suspended-premium-experience-now-available/ HTTP/1.1" 200 70447 "-" "Mozilla/5.0 (Windows NT 10.0; Win64; x64; rv:133.0) Gecko/20100101 Firefox/133.0"
176.126.104.155 - - [14/Aug/2026:08:45:55 -0500] "POST /xmlrpc.php HTTP/1.1" 200 15696 "-" "Mozilla/5.0 (Macintosh; Intel Mac OS X 10_15_7) AppleWebKit/605.1.15 (KHTML, like Gecko) Version/18.0 Safari/605.1.15"
176.126.104.155 - - [14/Aug/2026:08:45:56 -0500] "POST /xmlrpc.php HTTP/1.1" 200 178 "-" "Mozilla/5.0 (Windows NT 10.0; Win64; x64; rv:133.0) Gecko/20100101 Firefox/133.0"
162.214.115.43 - - [14/Aug/2026:08:45:57 -0500] "POST /wp-cron.php?doing_wp_cron=1786715157.8241560459136962890625 HTTP/1.1" 200 - "https://quizena.com.co/wp-cron.php?doing_wp_cron=1786715157.8241560459136962890625" "WordPress/6.0.14; https://quizena.com.co"
45.227.253.162 - - [14/Aug/2026:08:45:57 -0500] "GET /lyllo-popular-games-fun-excitement/ HTTP/1.1" 200 74093 "-" "Mozilla/5.0 (Macintosh; Intel Mac OS X 10_15_7) AppleWebKit/605.1.15 (KHTML, like Gecko) Version/18.0 Safari/605.1.15"
176.126.104.155 - - [14/Aug/2026:08:45:58 -0500] "POST /xmlrpc.php HTTP/1.1" 200 17607 "-" "Mozilla/5.0 (Windows NT 10.0; Win64; x64; rv:133.0) Gecko/20100101 Firefox/133.0"
176.126.104.155 - - [14/Aug/2026:08:45:59 -0500] "POST /xmlrpc.php HTTP/1.1" 200 178 "-" "Mozilla/5.0 (Windows NT 10.0; Win64; x64; rv:133.0) Gecko/20100101 Firefox/133.0"
45.227.253.162 - - [14/Aug/2026:08:46:00 -0500] "GET /lapilanders-blackjack-aces-play-now/ HTTP/1.1" 200 75960 "-" "Mozilla/5.0 (Windows NT 10.0; Win64; x64) AppleWebKit/537.36 (KHTML, like Gecko) Chrome/124.0.0.0 Safari/537.36"
43.250.173.61 - - [14/Aug/2026:08:46:00 -0500] "GET /index.php?rest_route=/wp/v2/posts&per_page=100&_fields=id%2Ccomment_status&page=1 HTTP/1.1" 200 9486 "https://mail.quizena.com.co" "Mozilla/5.0 (Windows NT 10.0; Win64; x64) AppleWebKit/537.36 (KHTML, like Gecko) Chrome/135.0.0.0 Safari/537.36"
176.126.104.155 - - [14/Aug/2026:08:46:01 -0500] "POST /xmlrpc.php HTTP/1.1" 200 21615 "-" "Mozilla/5.0 (Windows NT 10.0; Win64; x64) AppleWebKit/537.36 (KHTML, like Gecko) Chrome/124.0.0.0 Safari/537.36"
176.126.104.155 - - [14/Aug/2026:08:46:02 -0500] "POST /xmlrpc.php HTTP/1.1" 200 178 "-" "Mozilla/5.0 (Windows NT 10.0; Win64; x64; rv:133.0) Gecko/20100101 Firefox/133.0"
57.141.14.106 - - [14/Aug/2026:08:46:03 -0500] "GET /?w=84186262770 HTTP/1.1" 200 57694 "-" "Mozilla/5.0 (Windows NT 10.0; Win64; x64) AppleWebKit/537.36 (KHTML, like Gecko) Chrome/145.0.0.0 Safari/537.36 (compatible; meta-externalagent/1.1 (+https://developers.facebook.com/docs/sharing/webmasters/crawler))"
45.227.253.162 - - [14/Aug/2026:08:46:03 -0500] "GET /spinra-promotions-your-marketing-growth-partner/ HTTP/1.1" 200 79218 "-" "Mozilla/5.0 (Windows NT 10.0; Win64; x64; rv:133.0) Gecko/20100101 Firefox/133.0"
176.126.104.155 - - [14/Aug/2026:08:46:05 -0500] "POST /xmlrpc.php HTTP/1.1" 200 20890 "-" "Mozilla/5.0 (Windows NT 10.0; Win64; x64) AppleWebKit/537.36 (KHTML, like Gecko) Chrome/124.0.0.0 Safari/537.36"
176.126.104.155 - - [14/Aug/2026:08:46:06 -0500] "POST /xmlrpc.php HTTP/1.1" 200 178 "-" "Mozilla/5.0 (Macintosh; Intel Mac OS X 10_15_7) AppleWebKit/605.1.15 (KHTML, like Gecko) Version/18.0 Safari/605.1.15"
57.141.14.106 - - [14/Aug/2026:08:46:07 -0500] "GET /?v=52383568651 HTTP/1.1" 200 82322 "-" "Mozilla/5.0 (Macintosh; Intel Mac OS X 10_15_7) AppleWebKit/537.36 (KHTML, like Gecko) Chrome/145.0.0.0 Safari/537.36 (compatible; meta-externalagent/1.1 (+https://developers.facebook.com/docs/sharing/webmasters/crawler))"
45.227.253.162 - - [14/Aug/2026:08:46:07 -0500] "GET /katsubet-bonus-code-offers-best-rewards-now/ HTTP/1.1" 200 79369 "-" "Mozilla/5.0 (Macintosh; Intel Mac OS X 10_15_7) AppleWebKit/605.1.15 (KHTML, like Gecko) Version/18.0 Safari/605.1.15"
162.214.115.43 - - [14/Aug/2026:08:46:08 -0500] "POST /wp-cron.php?doing_wp_cron=1786715168.9678249359130859375000 HTTP/1.1" 200 - "https://quizena.com.co/wp-cron.php?doing_wp_cron=1786715168.9678249359130859375000" "WordPress/6.0.14; https://quizena.com.co"
176.126.104.155 - - [14/Aug/2026:08:46:08 -0500] "POST /xmlrpc.php HTTP/1.1" 200 2797 "-" "Mozilla/5.0 (Windows NT 10.0; Win64; x64) AppleWebKit/537.36 (KHTML, like Gecko) Chrome/124.0.0.0 Safari/537.36"
176.126.104.155 - - [14/Aug/2026:08:46:09 -0500] "POST /xmlrpc.php HTTP/1.1" 200 178 "-" "Mozilla/5.0 (Macintosh; Intel Mac OS X 10_15_7) AppleWebKit/605.1.15 (KHTML, like Gecko) Version/18.0 Safari/605.1.15"
45.227.253.162 - - [14/Aug/2026:08:46:10 -0500] "GET /lumi-max-bet-superior-betting-experience-now/ HTTP/1.1" 200 63025 "-" "Mozilla/5.0 (Windows NT 10.0; Win64; x64) AppleWebKit/537.36 (KHTML, like Gecko) Chrome/124.0.0.0 Safari/537.36"
162.214.115.43 - - [14/Aug/2026:08:46:10 -0500] "POST /wp-cron.php?doing_wp_cron=1786715170.7750198841094970703125 HTTP/1.1" 200 - "https://quizena.com.co/wp-cron.php?doing_wp_cron=1786715170.7750198841094970703125" "WordPress/6.0.14; https://quizena.com.co"
57.141.14.30 - - [14/Aug/2026:08:46:10 -0500] "GET /?g=14422117109 HTTP/1.1" 200 82322 "-" "Mozilla/5.0 (Windows NT 10.0; Win64; x64) AppleWebKit/537.36 (KHTML, like Gecko) Chrome/145.0.0.0 Safari/537.36 Edg/145.0.0.0 (compatible; meta-externalagent/1.1 (+https://developers.facebook.com/docs/sharing/webmasters/crawler))"
57.141.14.31 - - [14/Aug/2026:08:46:10 -0500] "GET /?g=46265756300 HTTP/1.1" 200 82322 "-" "Mozilla/5.0 (Windows NT 10.0; Win64; x64) AppleWebKit/537.36 (KHTML, like Gecko) Chrome/145.0.0.0 Safari/537.36 (compatible; meta-externalagent/1.1 (+https://developers.facebook.com/docs/sharing/webmasters/crawler))"
57.141.14.103 - - [14/Aug/2026:08:46:10 -0500] "GET /?t=82570224284 HTTP/1.1" 200 82322 "-" "Mozilla/5.0 (Windows NT 10.0; Win64; x64) AppleWebKit/537.36 (KHTML, like Gecko) Chrome/145.0.0.0 Safari/537.36 (compatible; meta-externalagent/1.1 (+https://developers.facebook.com/docs/sharing/webmasters/crawler))"
176.126.104.155 - - [14/Aug/2026:08:46:11 -0500] "POST /xmlrpc.php HTTP/1.1" 200 19153 "-" "Mozilla/5.0 (Macintosh; Intel Mac OS X 10_15_7) AppleWebKit/605.1.15 (KHTML, like Gecko) Version/18.0 Safari/605.1.15"
176.126.104.155 - - [14/Aug/2026:08:46:12 -0500] "POST /xmlrpc.php HTTP/1.1" 200 178 "-" "Mozilla/5.0 (Windows NT 10.0; Win64; x64; rv:133.0) Gecko/20100101 Firefox/133.0"
162.214.115.43 - - [14/Aug/2026:08:46:13 -0500] "POST /wp-cron.php?doing_wp_cron=1786715173.4213600158691406250000 HTTP/1.1" 200 - "https://quizena.com.co/wp-cron.php?doing_wp_cron=1786715173.4213600158691406250000" "WordPress/6.0.14; https://quizena.com.co"
57.141.14.41 - - [14/Aug/2026:08:46:13 -0500] "GET /?i=34208084611 HTTP/1.1" 200 82322 "-" "Mozilla/5.0 (X11; Linux x86_64) AppleWebKit/537.36 (KHTML, like Gecko) Chrome/145.0.0.0 Safari/537.36 (compatible; meta-externalagent/1.1 (+https://developers.facebook.com/docs/sharing/webmasters/crawler))"
45.227.253.162 - - [14/Aug/2026:08:46:13 -0500] "GET /kingmaker-astropay-secure-fast-payments-solution/ HTTP/1.1" 200 77099 "-" "Mozilla/5.0 (Macintosh; Intel Mac OS X 10_15_7) AppleWebKit/605.1.15 (KHTML, like Gecko) Version/18.0 Safari/605.1.15"
57.141.14.79 - - [14/Aug/2026:08:46:13 -0500] "GET /?b=92769802511 HTTP/1.1" 200 82322 "-" "Mozilla/5.0 (Windows NT 10.0; Win64; x64) AppleWebKit/537.36 (KHTML, like Gecko) Chrome/145.0.0.0 Safari/537.36 (compatible; meta-externalagent/1.1 (+https://developers.facebook.com/docs/sharing/webmasters/crawler))"
176.126.104.155 - - [14/Aug/2026:08:46:14 -0500] "POST /xmlrpc.php HTTP/1.1" 200 17933 "-" "Mozilla/5.0 (Windows NT 10.0; Win64; x64) AppleWebKit/537.36 (KHTML, like Gecko) Chrome/124.0.0.0 Safari/537.36"
176.126.104.155 - - [14/Aug/2026:08:46:15 -0500] "POST /xmlrpc.php HTTP/1.1" 200 178 "-" "Mozilla/5.0 (Macintosh; Intel Mac OS X 10_15_7) AppleWebKit/605.1.15 (KHTML, like Gecko) Version/18.0 Safari/605.1.15"
162.214.115.43 - - [14/Aug/2026:08:46:16 -0500] "POST /wp-cron.php?doing_wp_cron=1786715176.5308020114898681640625 HTTP/1.1" 200 - "https://quizena.com.co/wp-cron.php?doing_wp_cron=1786715176.5308020114898681640625" "WordPress/6.0.14; https://quizena.com.co"
45.227.253.162 - - [14/Aug/2026:08:46:16 -0500] "GET /rainbet-official-best-online-betting-experience-now/ HTTP/1.1" 200 76861 "-" "Mozilla/5.0 (Windows NT 10.0; Win64; x64) AppleWebKit/537.36 (KHTML, like Gecko) Chrome/124.0.0.0 Safari/537.36"
176.126.104.155 - - [14/Aug/2026:08:46:17 -0500] "POST /xmlrpc.php HTTP/1.1" 200 2817 "-" "Mozilla/5.0 (Windows NT 10.0; Win64; x64; rv:133.0) Gecko/20100101 Firefox/133.0"
57.141.14.109 - - [14/Aug/2026:08:46:17 -0500] "GET /?y=23880019915 HTTP/1.1" 200 82322 "-" "Mozilla/5.0 (Macintosh; Intel Mac OS X 10_15_7) AppleWebKit/537.36 (KHTML, like Gecko) Chrome/145.0.0.0 Safari/537.36 (compatible; meta-externalagent/1.1 (+https://developers.facebook.com/docs/sharing/webmasters/crawler))"
176.126.104.155 - - [14/Aug/2026:08:46:18 -0500] "POST /xmlrpc.php HTTP/1.1" 200 178 "-" "Mozilla/5.0 (Macintosh; Intel Mac OS X 10_15_7) AppleWebKit/605.1.15 (KHTML, like Gecko) Version/18.0 Safari/605.1.15"
162.214.115.43 - - [14/Aug/2026:08:46:19 -0500] "POST /wp-cron.php?doing_wp_cron=1786715179.2720639705657958984375 HTTP/1.1" 200 - "https://quizena.com.co/wp-cron.php?doing_wp_cron=1786715179.2720639705657958984375" "WordPress/6.0.14; https://quizena.com.co"
45.227.253.162 - - [14/Aug/2026:08:46:19 -0500] "GET /kingmaker-crypto-casino-big-wins-fast-payouts/ HTTP/1.1" 200 63060 "-" "Mozilla/5.0 (Macintosh; Intel Mac OS X 10_15_7) AppleWebKit/605.1.15 (KHTML, like Gecko) Version/18.0 Safari/605.1.15"
176.126.104.155 - - [14/Aug/2026:08:46:20 -0500] "POST /xmlrpc.php HTTP/1.1" 200 20578 "-" "Mozilla/5.0 (Windows NT 10.0; Win64; x64; rv:133.0) Gecko/20100101 Firefox/133.0"
176.126.104.155 - - [14/Aug/2026:08:46:21 -0500] "POST /xmlrpc.php HTTP/1.1" 200 178 "-" "Mozilla/5.0 (Windows NT 10.0; Win64; x64; rv:133.0) Gecko/20100101 Firefox/133.0"
162.214.115.43 - - [14/Aug/2026:08:46:22 -0500] "POST /wp-cron.php?doing_wp_cron=1786715182.3242108821868896484375 HTTP/1.1" 200 - "https://quizena.com.co/wp-cron.php?doing_wp_cron=1786715182.3242108821868896484375" "WordPress/6.0.14; https://quizena.com.co"
45.227.253.162 - - [14/Aug/2026:08:46:22 -0500] "GET /rainbet-pragmatic-play-action-betting-now/ HTTP/1.1" 200 78411 "-" "Mozilla/5.0 (Windows NT 10.0; Win64; x64) AppleWebKit/537.36 (KHTML, like Gecko) Chrome/124.0.0.0 Safari/537.36"
57.141.14.12 - - [14/Aug/2026:08:46:22 -0500] "GET /?j=15524125455 HTTP/1.1" 200 82322 "-" "Mozilla/5.0 (Macintosh; Intel Mac OS X 10_15_7) AppleWebKit/537.36 (KHTML, like Gecko) Chrome/145.0.0.0 Safari/537.36 (compatible; meta-externalagent/1.1 (+https://developers.facebook.com/docs/sharing/webmasters/crawler))"
57.141.14.29 - - [14/Aug/2026:08:46:22 -0500] "GET /?h=33154452823 HTTP/1.1" 200 82322 "-" "Mozilla/5.0 (Windows NT 10.0; Win64; x64) AppleWebKit/537.36 (KHTML, like Gecko) Chrome/145.0.0.0 Safari/537.36 (compatible; meta-externalagent/1.1 (+https://developers.facebook.com/docs/sharing/webmasters/crawler))"
176.126.104.155 - - [14/Aug/2026:08:46:23 -0500] "POST /xmlrpc.php HTTP/1.1" 200 17335 "-" "Mozilla/5.0 (Windows NT 10.0; Win64; x64; rv:133.0) Gecko/20100101 Firefox/133.0"
57.141.14.91 - - [14/Aug/2026:08:46:23 -0500] "GET /?e=72726329311 HTTP/1.1" 200 82322 "-" "Mozilla/5.0 (Macintosh; Intel Mac OS X 10_15_7) AppleWebKit/537.36 (KHTML, like Gecko) Chrome/145.0.0.0 Safari/537.36 (compatible; meta-externalagent/1.1 (+https://developers.facebook.com/docs/sharing/webmasters/crawler))"
176.126.104.155 - - [14/Aug/2026:08:46:24 -0500] "POST /xmlrpc.php HTTP/1.1" 200 178 "-" "Mozilla/5.0 (Windows NT 10.0; Win64; x64) AppleWebKit/537.36 (KHTML, like Gecko) Chrome/124.0.0.0 Safari/537.36"
162.214.115.43 - - [14/Aug/2026:08:46:25 -0500] "POST /wp-cron.php?doing_wp_cron=1786715185.3996410369873046875000 HTTP/1.1" 200 - "https://quizena.com.co/wp-cron.php?doing_wp_cron=1786715185.3996410369873046875000" "WordPress/6.0.14; https://quizena.com.co"
45.227.253.162 - - [14/Aug/2026:08:46:25 -0500] "GET /kingmaker-address-power-your-crypto-investments-now/ HTTP/1.1" 200 76072 "-" "Mozilla/5.0 (Macintosh; Intel Mac OS X 10_15_7) AppleWebKit/605.1.15 (KHTML, like Gecko) Version/18.0 Safari/605.1.15"
176.126.104.155 - - [14/Aug/2026:08:46:26 -0500] "POST /xmlrpc.php HTTP/1.1" 200 14199 "-" "Mozilla/5.0 (Windows NT 10.0; Win64; x64) AppleWebKit/537.36 (KHTML, like Gecko) Chrome/124.0.0.0 Safari/537.36"
57.141.14.85 - - [14/Aug/2026:08:46:26 -0500] "GET /?s=13466719735 HTTP/1.1" 200 69776 "-" "Mozilla/5.0 (Windows NT 10.0; Win64; x64) AppleWebKit/537.36 (KHTML, like Gecko) Chrome/145.0.0.0 Safari/537.36 (compatible; meta-externalagent/1.1 (+https://developers.facebook.com/docs/sharing/webmasters/crawler))"
176.126.104.155 - - [14/Aug/2026:08:46:27 -0500] "POST /xmlrpc.php HTTP/1.1" 200 178 "-" "Mozilla/5.0 (Macintosh; Intel Mac OS X 10_15_7) AppleWebKit/605.1.15 (KHTML, like Gecko) Version/18.0 Safari/605.1.15"
162.214.115.43 - - [14/Aug/2026:08:46:28 -0500] "POST /wp-cron.php?doing_wp_cron=1786715188.1339240074157714843750 HTTP/1.1" 200 - "https://quizena.com.co/wp-cron.php?doing_wp_cron=1786715188.1339240074157714843750" "WordPress/6.0.14; https://quizena.com.co"
45.227.253.162 - - [14/Aug/2026:08:46:27 -0500] "GET /rakoo-official-genuine-products-shop-now/ HTTP/1.1" 200 73509 "-" "Mozilla/5.0 (Macintosh; Intel Mac OS X 10_15_7) AppleWebKit/605.1.15 (KHTML, like Gecko) Version/18.0 Safari/605.1.15"
176.126.104.155 - - [14/Aug/2026:08:46:29 -0500] "POST /xmlrpc.php HTTP/1.1" 200 15339 "-" "Mozilla/5.0 (Windows NT 10.0; Win64; x64) AppleWebKit/537.36 (KHTML, like Gecko) Chrome/124.0.0.0 Safari/537.36"
176.126.104.155 - - [14/Aug/2026:08:46:30 -0500] "POST /xmlrpc.php HTTP/1.1" 200 178 "-" "Mozilla/5.0 (Windows NT 10.0; Win64; x64) AppleWebKit/537.36 (KHTML, like Gecko) Chrome/124.0.0.0 Safari/537.36"
45.227.253.162 - - [14/Aug/2026:08:46:30 -0500] "GET /katsubet-bug-gain-advantage-now/ HTTP/1.1" 200 74361 "-" "Mozilla/5.0 (Macintosh; Intel Mac OS X 10_15_7) AppleWebKit/605.1.15 (KHTML, like Gecko) Version/18.0 Safari/605.1.15"
57.141.14.24 - - [14/Aug/2026:08:46:31 -0500] "GET /?l=35790437642 HTTP/1.1" 200 82322 "-" "Mozilla/5.0 (Windows NT 10.0; Win64; x64) AppleWebKit/537.36 (KHTML, like Gecko) Chrome/145.0.0.0 Safari/537.36 (compatible; meta-externalagent/1.1 (+https://developers.facebook.com/docs/sharing/webmasters/crawler))"
176.126.104.155 - - [14/Aug/2026:08:46:32 -0500] "POST /xmlrpc.php HTTP/1.1" 200 17125 "-" "Mozilla/5.0 (Windows NT 10.0; Win64; x64; rv:133.0) Gecko/20100101 Firefox/133.0"
176.126.104.155 - - [14/Aug/2026:08:46:33 -0500] "POST /xmlrpc.php HTTP/1.1" 200 178 "-" "Mozilla/5.0 (Macintosh; Intel Mac OS X 10_15_7) AppleWebKit/605.1.15 (KHTML, like Gecko) Version/18.0 Safari/605.1.15"
45.227.253.162 - - [14/Aug/2026:08:46:33 -0500] "GET /rakebit-payment-options-secure-your-transactions-now/ HTTP/1.1" 200 76267 "-" "Mozilla/5.0 (Macintosh; Intel Mac OS X 10_15_7) AppleWebKit/605.1.15 (KHTML, like Gecko) Version/18.0 Safari/605.1.15"
176.126.104.155 - - [14/Aug/2026:08:46:34 -0500] "POST /xmlrpc.php HTTP/1.1" 200 19854 "-" "Mozilla/5.0 (Macintosh; Intel Mac OS X 10_15_7) AppleWebKit/605.1.15 (KHTML, like Gecko) Version/18.0 Safari/605.1.15"
176.126.104.155 - - [14/Aug/2026:08:46:36 -0500] "POST /xmlrpc.php HTTP/1.1" 200 178 "-" "Mozilla/5.0 (Macintosh; Intel Mac OS X 10_15_7) AppleWebKit/605.1.15 (KHTML, like Gecko) Version/18.0 Safari/605.1.15"
45.227.253.162 - - [14/Aug/2026:08:46:36 -0500] "GET /justbit-plinko-fun-instant-wins-exciting-play/ HTTP/1.1" 200 77732 "-" "Mozilla/5.0 (Windows NT 10.0; Win64; x64) AppleWebKit/537.36 (KHTML, like Gecko) Chrome/124.0.0.0 Safari/537.36"
176.126.104.155 - - [14/Aug/2026:08:46:38 -0500] "POST /xmlrpc.php HTTP/1.1" 200 16923 "-" "Mozilla/5.0 (Windows NT 10.0; Win64; x64) AppleWebKit/537.36 (KHTML, like Gecko) Chrome/124.0.0.0 Safari/537.36"
162.214.115.43 - - [14/Aug/2026:08:46:40 -0500] "POST /wp-cron.php?doing_wp_cron=1786715200.1955399513244628906250 HTTP/1.1" 200 - "https://quizena.com.co/wp-cron.php?doing_wp_cron=1786715200.1955399513244628906250" "WordPress/6.0.14; https://quizena.com.co"
176.126.104.155 - - [14/Aug/2026:08:46:40 -0500] "POST /xmlrpc.php HTTP/1.1" 200 178 "-" "Mozilla/5.0 (Windows NT 10.0; Win64; x64) AppleWebKit/537.36 (KHTML, like Gecko) Chrome/124.0.0.0 Safari/537.36"
57.141.14.59 - - [14/Aug/2026:08:46:40 -0500] "GET /?j=94467636465 HTTP/1.1" 200 82322 "-" "Mozilla/5.0 (Windows NT 10.0; Win64; x64) AppleWebKit/537.36 (KHTML, like Gecko) Chrome/145.0.0.0 Safari/537.36 (compatible; meta-externalagent/1.1 (+https://developers.facebook.com/docs/sharing/webmasters/crawler))"
45.227.253.162 - - [14/Aug/2026:08:46:40 -0500] "GET /reload-jackpot-big-wins-await-you-now/ HTTP/1.1" 200 75870 "-" "Mozilla/5.0 (Macintosh; Intel Mac OS X 10_15_7) AppleWebKit/605.1.15 (KHTML, like Gecko) Version/18.0 Safari/605.1.15"
176.126.104.155 - - [14/Aug/2026:08:46:41 -0500] "POST /xmlrpc.php HTTP/1.1" 200 2963 "-" "Mozilla/5.0 (Windows NT 10.0; Win64; x64; rv:133.0) Gecko/20100101 Firefox/133.0"
176.126.104.155 - - [14/Aug/2026:08:46:42 -0500] "POST /xmlrpc.php HTTP/1.1" 200 178 "-" "Mozilla/5.0 (Macintosh; Intel Mac OS X 10_15_7) AppleWebKit/605.1.15 (KHTML, like Gecko) Version/18.0 Safari/605.1.15"
57.141.14.11 - - [14/Aug/2026:08:46:43 -0500] "GET /?j=82254394935 HTTP/1.1" 200 82322 "-" "Mozilla/5.0 (Windows NT 10.0; Win64; x64) AppleWebKit/537.36 (KHTML, like Gecko) Chrome/145.0.0.0 Safari/537.36 (compatible; meta-externalagent/1.1 (+https://developers.facebook.com/docs/sharing/webmasters/crawler))"
45.227.253.162 - - [14/Aug/2026:08:46:43 -0500] "GET /jalla-roulette-excitement-high-stakes-casino-play/ HTTP/1.1" 200 63170 "-" "Mozilla/5.0 (Windows NT 10.0; Win64; x64; rv:133.0) Gecko/20100101 Firefox/133.0"
176.126.104.155 - - [14/Aug/2026:08:46:44 -0500] "POST /xmlrpc.php HTTP/1.1" 200 17326 "-" "Mozilla/5.0 (Macintosh; Intel Mac OS X 10_15_7) AppleWebKit/605.1.15 (KHTML, like Gecko) Version/18.0 Safari/605.1.15"
176.126.104.155 - - [14/Aug/2026:08:46:45 -0500] "POST /xmlrpc.php HTTP/1.1" 200 178 "-" "Mozilla/5.0 (Windows NT 10.0; Win64; x64) AppleWebKit/537.36 (KHTML, like Gecko) Chrome/124.0.0.0 Safari/537.36"
45.227.253.162 - - [14/Aug/2026:08:46:46 -0500] "GET /get-your-razed-withdrawal-pending-funds-now/ HTTP/1.1" 200 75819 "-" "Mozilla/5.0 (Windows NT 10.0; Win64; x64) AppleWebKit/537.36 (KHTML, like Gecko) Chrome/124.0.0.0 Safari/537.36"
57.141.14.36 - - [14/Aug/2026:08:46:46 -0500] "GET /?o=74962256077 HTTP/1.1" 200 82322 "-" "Mozilla/5.0 (Windows NT 10.0; Win64; x64) AppleWebKit/537.36 (KHTML, like Gecko) Chrome/145.0.0.0 Safari/537.36 (compatible; meta-externalagent/1.1 (+https://developers.facebook.com/docs/sharing/webmasters/crawler))"
57.141.14.19 - - [14/Aug/2026:08:46:46 -0500] "GET /?c=95168843601 HTTP/1.1" 200 82322 "-" "Mozilla/5.0 (Windows NT 10.0; Win64; x64) AppleWebKit/537.36 (KHTML, like Gecko) Chrome/145.0.0.0 Safari/537.36 (compatible; meta-externalagent/1.1 (+https://developers.facebook.com/docs/sharing/webmasters/crawler))"
176.126.104.155 - - [14/Aug/2026:08:46:47 -0500] "POST /xmlrpc.php HTTP/1.1" 200 18016 "-" "Mozilla/5.0 (Windows NT 10.0; Win64; x64; rv:133.0) Gecko/20100101 Firefox/133.0"
176.126.104.155 - - [14/Aug/2026:08:46:48 -0500] "POST /xmlrpc.php HTTP/1.1" 200 178 "-" "Mozilla/5.0 (Windows NT 10.0; Win64; x64) AppleWebKit/537.36 (KHTML, like Gecko) Chrome/124.0.0.0 Safari/537.36"
45.227.253.162 - - [14/Aug/2026:08:46:49 -0500] "GET /jackbit-reload-bonus-claim-your-extra-bets-now/ HTTP/1.1" 200 76987 "-" "Mozilla/5.0 (Macintosh; Intel Mac OS X 10_15_7) AppleWebKit/605.1.15 (KHTML, like Gecko) Version/18.0 Safari/605.1.15"
176.126.104.155 - - [14/Aug/2026:08:46:50 -0500] "POST /xmlrpc.php HTTP/1.1" 200 16832 "-" "Mozilla/5.0 (Windows NT 10.0; Win64; x64; rv:133.0) Gecko/20100101 Firefox/133.0"
176.126.104.155 - - [14/Aug/2026:08:46:51 -0500] "POST /xmlrpc.php HTTP/1.1" 200 178 "-" "Mozilla/5.0 (Windows NT 10.0; Win64; x64) AppleWebKit/537.36 (KHTML, like Gecko) Chrome/124.0.0.0 Safari/537.36"
45.227.253.162 - - [14/Aug/2026:08:46:52 -0500] "GET /rapid-password-reset-fast-secure-access-now/ HTTP/1.1" 200 75504 "-" "Mozilla/5.0 (Windows NT 10.0; Win64; x64; rv:133.0) Gecko/20100101 Firefox/133.0"
176.126.104.155 - - [14/Aug/2026:08:46:53 -0500] "POST /xmlrpc.php HTTP/1.1" 200 43293 "-" "Mozilla/5.0 (Windows NT 10.0; Win64; x64; rv:133.0) Gecko/20100101 Firefox/133.0"
57.141.14.38 - - [14/Aug/2026:08:46:54 -0500] "GET /?x=43139631353 HTTP/1.1" 200 82322 "-" "Mozilla/5.0 (X11; Linux x86_64) AppleWebKit/537.36 (KHTML, like Gecko) Chrome/145.0.0.0 Safari/537.36 (compatible; meta-externalagent/1.1 (+https://developers.facebook.com/docs/sharing/webmasters/crawler))"
176.126.104.155 - - [14/Aug/2026:08:46:54 -0500] "POST /xmlrpc.php HTTP/1.1" 200 178 "-" "Mozilla/5.0 (Windows NT 10.0; Win64; x64) AppleWebKit/537.36 (KHTML, like Gecko) Chrome/124.0.0.0 Safari/537.36"
57.141.14.9 - - [14/Aug/2026:08:46:55 -0500] "GET /?z=74684352255 HTTP/1.1" 200 82322 "-" "Mozilla/5.0 (Windows NT 10.0; Win64; x64) AppleWebKit/537.36 (KHTML, like Gecko) Chrome/145.0.0.0 Safari/537.36 (compatible; meta-externalagent/1.1 (+https://developers.facebook.com/docs/sharing/webmasters/crawler))"
45.227.253.162 - - [14/Aug/2026:08:46:55 -0500] "GET /gransino-documents-official-access-solutions/ HTTP/1.1" 200 77803 "-" "Mozilla/5.0 (Windows NT 10.0; Win64; x64) AppleWebKit/537.36 (KHTML, like Gecko) Chrome/124.0.0.0 Safari/537.36"
176.126.104.155 - - [14/Aug/2026:08:46:56 -0500] "POST /xmlrpc.php HTTP/1.1" 200 19881 "-" "Mozilla/5.0 (Macintosh; Intel Mac OS X 10_15_7) AppleWebKit/605.1.15 (KHTML, like Gecko) Version/18.0 Safari/605.1.15"
216.73.216.74 - - [14/Aug/2026:08:46:56 -0500] "GET /robots.txt HTTP/1.1" 200 68 "-" "Mozilla/5.0 AppleWebKit/537.36 (KHTML, like Gecko; compatible; ClaudeBot/1.0; +claudebot@anthropic.com)"
216.73.216.74 - - [14/Aug/2026:08:46:56 -0500] "GET /sitemap.xml HTTP/1.1" 200 142235 "-" "Mozilla/5.0 AppleWebKit/537.36 (KHTML, like Gecko; compatible; ClaudeBot/1.0; +claudebot@anthropic.com)"
176.126.104.155 - - [14/Aug/2026:08:46:57 -0500] "POST /xmlrpc.php HTTP/1.1" 200 178 "-" "Mozilla/5.0 (Windows NT 10.0; Win64; x64; rv:133.0) Gecko/20100101 Firefox/133.0"
57.141.14.103 - - [14/Aug/2026:08:46:57 -0500] "GET /?r=65707158598 HTTP/1.1" 200 82322 "-" "Mozilla/5.0 (Windows NT 10.0; Win64; x64) AppleWebKit/537.36 (KHTML, like Gecko) Chrome/145.0.0.0 Safari/537.36 (compatible; meta-externalagent/1.1 (+https://developers.facebook.com/docs/sharing/webmasters/crawler))"
45.227.253.162 - - [14/Aug/2026:08:46:58 -0500] "GET /richprize-wire-transfer-secure-fast-money-movement/ HTTP/1.1" 200 79122 "-" "Mozilla/5.0 (Macintosh; Intel Mac OS X 10_15_7) AppleWebKit/605.1.15 (KHTML, like Gecko) Version/18.0 Safari/605.1.15"
162.214.115.43 - - [14/Aug/2026:08:46:59 -0500] "POST /wp-cron.php?doing_wp_cron=1786715219.6793200969696044921875 HTTP/1.1" 200 - "https://quizena.com.co/wp-cron.php?doing_wp_cron=1786715219.6793200969696044921875" "WordPress/6.0.14; https://quizena.com.co"
176.126.104.155 - - [14/Aug/2026:08:46:59 -0500] "POST /xmlrpc.php HTTP/1.1" 200 27191 "-" "Mozilla/5.0 (Windows NT 10.0; Win64; x64) AppleWebKit/537.36 (KHTML, like Gecko) Chrome/124.0.0.0 Safari/537.36"
66.249.79.230 - - [14/Aug/2026:08:47:00 -0500] "GET /?k=65285731027 HTTP/1.1" 200 199695 "-" "Mozilla/5.0 (Linux; Android 6.0.1; Nexus 5X Build/MMB29P) AppleWebKit/537.36 (KHTML, like Gecko) Chrome/150.0.7871.186 Mobile Safari/537.36 (compatible; Googlebot/2.1; +http://www.google.com/bot.html)"
176.126.104.155 - - [14/Aug/2026:08:47:00 -0500] "POST /xmlrpc.php HTTP/1.1" 200 178 "-" "Mozilla/5.0 (Windows NT 10.0; Win64; x64; rv:133.0) Gecko/20100101 Firefox/133.0"
45.227.253.162 - - [14/Aug/2026:08:47:01 -0500] "GET /get-100-happy-free-spins-now-for-fun/ HTTP/1.1" 200 63218 "-" "Mozilla/5.0 (Macintosh; Intel Mac OS X 10_15_7) AppleWebKit/605.1.15 (KHTML, like Gecko) Version/18.0 Safari/605.1.15"
57.141.14.36 - - [14/Aug/2026:08:47:01 -0500] "GET /?u=26226023821 HTTP/1.1" 200 82322 "-" "Mozilla/5.0 (Windows NT 10.0; Win64; x64) AppleWebKit/537.36 (KHTML, like Gecko) Chrome/145.0.0.0 Safari/537.36 (compatible; meta-externalagent/1.1 (+https://developers.facebook.com/docs/sharing/webmasters/crawler))"
