162.214.115.43 - - [14/Aug/2026:08:42:09 -0500] "POST /wp-cron.php?doing_wp_cron=1786714929.3676400184631347656250 HTTP/1.1" 200 - "https://quizena.com.co/wp-cron.php?doing_wp_cron=1786714929.3676400184631347656250" "WordPress/6.0.14; https://quizena.com.co"
45.227.253.162 - - [14/Aug/2026:08:42:08 -0500] "GET /spinra-promotions-your-marketing-growth-partner/ HTTP/1.1" 200 79218 "-" "Mozilla/5.0 (Windows NT 10.0; Win64; x64) AppleWebKit/537.36 (KHTML, like Gecko) Chrome/124.0.0.0 Safari/537.36"
176.126.104.155 - - [14/Aug/2026:08:42:10 -0500] "POST /xmlrpc.php HTTP/1.1" 200 18061 "-" "Mozilla/5.0 (Windows NT 10.0; Win64; x64) AppleWebKit/537.36 (KHTML, like Gecko) Chrome/124.0.0.0 Safari/537.36"
176.126.104.155 - - [14/Aug/2026:08:42:11 -0500] "POST /xmlrpc.php HTTP/1.1" 200 178 "-" "Mozilla/5.0 (Macintosh; Intel Mac OS X 10_15_7) AppleWebKit/605.1.15 (KHTML, like Gecko) Version/18.0 Safari/605.1.15"
57.141.14.28 - - [14/Aug/2026:08:42:11 -0500] "GET /?x=83534471598 HTTP/1.1" 200 82322 "-" "Mozilla/5.0 (Macintosh; Intel Mac OS X 10_15_7) AppleWebKit/537.36 (KHTML, like Gecko) Chrome/145.0.0.0 Safari/537.36 (compatible; meta-externalagent/1.1 (+https://developers.facebook.com/docs/sharing/webmasters/crawler))"
162.214.115.43 - - [14/Aug/2026:08:42:12 -0500] "POST /wp-cron.php?doing_wp_cron=1786714932.5694360733032226562500 HTTP/1.1" 200 - "https://quizena.com.co/wp-cron.php?doing_wp_cron=1786714932.5694360733032226562500" "WordPress/6.0.14; https://quizena.com.co"
45.227.253.162 - - [14/Aug/2026:08:42:12 -0500] "GET /paf-poker-excitement-play-now-huge-jackpots/ HTTP/1.1" 200 76876 "-" "Mozilla/5.0 (Windows NT 10.0; Win64; x64; rv:133.0) Gecko/20100101 Firefox/133.0"
57.141.14.101 - - [14/Aug/2026:08:42:13 -0500] "GET /?v=72590201410 HTTP/1.1" 200 82322 "-" "Mozilla/5.0 (Windows NT 10.0; Win64; x64) AppleWebKit/537.36 (KHTML, like Gecko) Chrome/145.0.0.0 Safari/537.36 (compatible; meta-externalagent/1.1 (+https://developers.facebook.com/docs/sharing/webmasters/crawler))"
176.126.104.155 - - [14/Aug/2026:08:42:13 -0500] "POST /xmlrpc.php HTTP/1.1" 200 2797 "-" "Mozilla/5.0 (Windows NT 10.0; Win64; x64; rv:133.0) Gecko/20100101 Firefox/133.0"
176.126.104.155 - - [14/Aug/2026:08:42:14 -0500] "POST /xmlrpc.php HTTP/1.1" 200 178 "-" "Mozilla/5.0 (Windows NT 10.0; Win64; x64) AppleWebKit/537.36 (KHTML, like Gecko) Chrome/124.0.0.0 Safari/537.36"
162.214.115.43 - - [14/Aug/2026:08:42:15 -0500] "POST /wp-cron.php?doing_wp_cron=1786714935.1995909214019775390625 HTTP/1.1" 200 - "https://quizena.com.co/wp-cron.php?doing_wp_cron=1786714935.1995909214019775390625" "WordPress/6.0.14; https://quizena.com.co"
57.141.14.41 - - [14/Aug/2026:08:42:14 -0500] "GET /?n=65422111706 HTTP/1.1" 200 82322 "-" "Mozilla/5.0 (Windows NT 10.0; Win64; x64) AppleWebKit/537.36 (KHTML, like Gecko) Chrome/145.0.0.0 Safari/537.36 (compatible; meta-externalagent/1.1 (+https://developers.facebook.com/docs/sharing/webmasters/crawler))"
45.227.253.162 - - [14/Aug/2026:08:42:15 -0500] "GET /lumi-max-bet-superior-betting-experience-now/ HTTP/1.1" 200 63025 "-" "Mozilla/5.0 (Windows NT 10.0; Win64; x64) AppleWebKit/537.36 (KHTML, like Gecko) Chrome/124.0.0.0 Safari/537.36"
176.126.104.155 - - [14/Aug/2026:08:42:16 -0500] "POST /xmlrpc.php HTTP/1.1" 200 23162 "-" "Mozilla/5.0 (Windows NT 10.0; Win64; x64; rv:133.0) Gecko/20100101 Firefox/133.0"
176.126.104.155 - - [14/Aug/2026:08:42:17 -0500] "POST /xmlrpc.php HTTP/1.1" 200 178 "-" "Mozilla/5.0 (Macintosh; Intel Mac OS X 10_15_7) AppleWebKit/605.1.15 (KHTML, like Gecko) Version/18.0 Safari/605.1.15"
162.214.115.43 - - [14/Aug/2026:08:42:18 -0500] "POST /wp-cron.php?doing_wp_cron=1786714938.4313929080963134765625 HTTP/1.1" 200 - "https://quizena.com.co/wp-cron.php?doing_wp_cron=1786714938.4313929080963134765625" "WordPress/6.0.14; https://quizena.com.co"
45.227.253.162 - - [14/Aug/2026:08:42:18 -0500] "GET /otto-net-fast-internet-solutions-for-your-business/ HTTP/1.1" 200 80463 "-" "Mozilla/5.0 (Windows NT 10.0; Win64; x64) AppleWebKit/537.36 (KHTML, like Gecko) Chrome/124.0.0.0 Safari/537.36"
57.141.14.45 - - [14/Aug/2026:08:42:18 -0500] "GET /?o=73180014108 HTTP/1.1" 200 82322 "-" "Mozilla/5.0 (Windows NT 10.0; Win64; x64) AppleWebKit/537.36 (KHTML, like Gecko) Chrome/145.0.0.0 Safari/537.36 Edg/145.0.0.0 (compatible; meta-externalagent/1.1 (+https://developers.facebook.com/docs/sharing/webmasters/crawler))"
176.126.104.155 - - [14/Aug/2026:08:42:19 -0500] "POST /xmlrpc.php HTTP/1.1" 200 17933 "-" "Mozilla/5.0 (Windows NT 10.0; Win64; x64) AppleWebKit/537.36 (KHTML, like Gecko) Chrome/124.0.0.0 Safari/537.36"
176.126.104.155 - - [14/Aug/2026:08:42:20 -0500] "POST /xmlrpc.php HTTP/1.1" 200 178 "-" "Mozilla/5.0 (Macintosh; Intel Mac OS X 10_15_7) AppleWebKit/605.1.15 (KHTML, like Gecko) Version/18.0 Safari/605.1.15"
162.214.115.43 - - [14/Aug/2026:08:42:21 -0500] "POST /wp-cron.php?doing_wp_cron=1786714941.5035669803619384765625 HTTP/1.1" 200 - "https://quizena.com.co/wp-cron.php?doing_wp_cron=1786714941.5035669803619384765625" "WordPress/6.0.14; https://quizena.com.co"
45.227.253.162 - - [14/Aug/2026:08:42:21 -0500] "GET /rainbet-official-best-online-betting-experience-now/ HTTP/1.1" 200 76861 "-" "Mozilla/5.0 (Macintosh; Intel Mac OS X 10_15_7) AppleWebKit/605.1.15 (KHTML, like Gecko) Version/18.0 Safari/605.1.15"
176.126.104.155 - - [14/Aug/2026:08:42:22 -0500] "POST /xmlrpc.php HTTP/1.1" 200 13578 "-" "Mozilla/5.0 (Windows NT 10.0; Win64; x64) AppleWebKit/537.36 (KHTML, like Gecko) Chrome/124.0.0.0 Safari/537.36"
176.126.104.155 - - [14/Aug/2026:08:42:23 -0500] "POST /xmlrpc.php HTTP/1.1" 200 178 "-" "Mozilla/5.0 (Windows NT 10.0; Win64; x64) AppleWebKit/537.36 (KHTML, like Gecko) Chrome/124.0.0.0 Safari/537.36"
162.214.115.43 - - [14/Aug/2026:08:42:25 -0500] "POST /wp-cron.php?doing_wp_cron=1786714945.1503689289093017578125 HTTP/1.1" 200 - "https://quizena.com.co/wp-cron.php?doing_wp_cron=1786714945.1503689289093017578125" "WordPress/6.0.14; https://quizena.com.co"
45.227.253.162 - - [14/Aug/2026:08:42:23 -0500] "GET /nucleonbet-casino-play-now-big-wins-await/ HTTP/1.1" 200 72549 "-" "Mozilla/5.0 (Macintosh; Intel Mac OS X 10_15_7) AppleWebKit/605.1.15 (KHTML, like Gecko) Version/18.0 Safari/605.1.15"
176.126.104.155 - - [14/Aug/2026:08:42:26 -0500] "POST /xmlrpc.php HTTP/1.1" 200 20578 "-" "Mozilla/5.0 (Macintosh; Intel Mac OS X 10_15_7) AppleWebKit/605.1.15 (KHTML, like Gecko) Version/18.0 Safari/605.1.15"
176.126.104.155 - - [14/Aug/2026:08:42:27 -0500] "POST /xmlrpc.php HTTP/1.1" 200 178 "-" "Mozilla/5.0 (Windows NT 10.0; Win64; x64; rv:133.0) Gecko/20100101 Firefox/133.0"
162.214.115.43 - - [14/Aug/2026:08:42:28 -0500] "POST /wp-cron.php?doing_wp_cron=1786714948.1989641189575195312500 HTTP/1.1" 200 - "https://quizena.com.co/wp-cron.php?doing_wp_cron=1786714948.1989641189575195312500" "WordPress/6.0.14; https://quizena.com.co"
45.227.253.162 - - [14/Aug/2026:08:42:27 -0500] "GET /rainbet-pragmatic-play-action-betting-now/ HTTP/1.1" 200 78411 "-" "Mozilla/5.0 (Windows NT 10.0; Win64; x64) AppleWebKit/537.36 (KHTML, like Gecko) Chrome/124.0.0.0 Safari/537.36"
176.126.104.155 - - [14/Aug/2026:08:42:29 -0500] "POST /xmlrpc.php HTTP/1.1" 200 20489 "-" "Mozilla/5.0 (Windows NT 10.0; Win64; x64) AppleWebKit/537.36 (KHTML, like Gecko) Chrome/124.0.0.0 Safari/537.36"
176.126.104.155 - - [14/Aug/2026:08:42:30 -0500] "POST /xmlrpc.php HTTP/1.1" 200 178 "-" "Mozilla/5.0 (Windows NT 10.0; Win64; x64; rv:133.0) Gecko/20100101 Firefox/133.0"
57.141.14.114 - - [14/Aug/2026:08:42:30 -0500] "GET /?e=52566178243 HTTP/1.1" 200 82322 "-" "Mozilla/5.0 (Macintosh; Intel Mac OS X 10_15_7) AppleWebKit/537.36 (KHTML, like Gecko) Chrome/145.0.0.0 Safari/537.36 (compatible; meta-externalagent/1.1 (+https://developers.facebook.com/docs/sharing/webmasters/crawler))"
162.214.115.43 - - [14/Aug/2026:08:42:31 -0500] "POST /wp-cron.php?doing_wp_cron=1786714951.2411129474639892578125 HTTP/1.1" 200 - "https://quizena.com.co/wp-cron.php?doing_wp_cron=1786714951.2411129474639892578125" "WordPress/6.0.14; https://quizena.com.co"
45.227.253.162 - - [14/Aug/2026:08:42:31 -0500] "GET /olympusbet-sign-up-join-betting-action-now/ HTTP/1.1" 200 78201 "-" "Mozilla/5.0 (Windows NT 10.0; Win64; x64) AppleWebKit/537.36 (KHTML, like Gecko) Chrome/124.0.0.0 Safari/537.36"
57.141.14.92 - - [14/Aug/2026:08:42:31 -0500] "GET /?n=92761797728 HTTP/1.1" 200 82322 "-" "Mozilla/5.0 (Windows NT 10.0; Win64; x64) AppleWebKit/537.36 (KHTML, like Gecko) Chrome/145.0.0.0 Safari/537.36 (compatible; meta-externalagent/1.1 (+https://developers.facebook.com/docs/sharing/webmasters/crawler))"
176.126.104.155 - - [14/Aug/2026:08:42:32 -0500] "POST /xmlrpc.php HTTP/1.1" 200 14199 "-" "Mozilla/5.0 (Macintosh; Intel Mac OS X 10_15_7) AppleWebKit/605.1.15 (KHTML, like Gecko) Version/18.0 Safari/605.1.15"
176.126.104.155 - - [14/Aug/2026:08:42:33 -0500] "POST /xmlrpc.php HTTP/1.1" 200 178 "-" "Mozilla/5.0 (Windows NT 10.0; Win64; x64) AppleWebKit/537.36 (KHTML, like Gecko) Chrome/124.0.0.0 Safari/537.36"
162.214.115.43 - - [14/Aug/2026:08:42:33 -0500] "POST /wp-cron.php?doing_wp_cron=1786714953.5459229946136474609375 HTTP/1.1" 200 - "https://quizena.com.co/wp-cron.php?doing_wp_cron=1786714953.5459229946136474609375" "WordPress/6.0.14; https://quizena.com.co"
57.141.14.36 - - [14/Aug/2026:08:42:33 -0500] "GET /?j=24866403563 HTTP/1.1" 200 82322 "-" "Mozilla/5.0 (Windows NT 10.0; Win64; x64) AppleWebKit/537.36 (KHTML, like Gecko) Chrome/145.0.0.0 Safari/537.36 (compatible; meta-externalagent/1.1 (+https://developers.facebook.com/docs/sharing/webmasters/crawler))"
45.227.253.162 - - [14/Aug/2026:08:42:33 -0500] "GET /rakoo-official-genuine-products-shop-now/ HTTP/1.1" 200 73509 "-" "Mozilla/5.0 (Windows NT 10.0; Win64; x64) AppleWebKit/537.36 (KHTML, like Gecko) Chrome/124.0.0.0 Safari/537.36"
176.126.104.155 - - [14/Aug/2026:08:42:34 -0500] "POST /xmlrpc.php HTTP/1.1" 200 15037 "-" "Mozilla/5.0 (Windows NT 10.0; Win64; x64; rv:133.0) Gecko/20100101 Firefox/133.0"
57.141.14.2 - - [14/Aug/2026:08:42:35 -0500] "GET /?w=33078252303 HTTP/1.1" 200 57694 "-" "Mozilla/5.0 (Macintosh; Intel Mac OS X 10_15_7) AppleWebKit/537.36 (KHTML, like Gecko) Chrome/145.0.0.0 Safari/537.36 (compatible; meta-externalagent/1.1 (+https://developers.facebook.com/docs/sharing/webmasters/crawler))"
176.126.104.155 - - [14/Aug/2026:08:42:35 -0500] "POST /xmlrpc.php HTTP/1.1" 200 178 "-" "Mozilla/5.0 (Windows NT 10.0; Win64; x64; rv:133.0) Gecko/20100101 Firefox/133.0"
45.227.253.162 - - [14/Aug/2026:08:42:36 -0500] "GET /get-oshi-active-promo-codes-now-big-savings/ HTTP/1.1" 200 74181 "-" "Mozilla/5.0 (Windows NT 10.0; Win64; x64) AppleWebKit/537.36 (KHTML, like Gecko) Chrome/124.0.0.0 Safari/537.36"
176.126.104.155 - - [14/Aug/2026:08:42:37 -0500] "POST /xmlrpc.php HTTP/1.1" 200 17125 "-" "Mozilla/5.0 (Windows NT 10.0; Win64; x64; rv:133.0) Gecko/20100101 Firefox/133.0"
176.126.104.155 - - [14/Aug/2026:08:42:38 -0500] "POST /xmlrpc.php HTTP/1.1" 200 178 "-" "Mozilla/5.0 (Macintosh; Intel Mac OS X 10_15_7) AppleWebKit/605.1.15 (KHTML, like Gecko) Version/18.0 Safari/605.1.15"
57.141.14.102 - - [14/Aug/2026:08:42:39 -0500] "GET /?o=13248078100 HTTP/1.1" 200 82322 "-" "Mozilla/5.0 (Windows NT 10.0; Win64; x64) AppleWebKit/537.36 (KHTML, like Gecko) Chrome/145.0.0.0 Safari/537.36 (compatible; meta-externalagent/1.1 (+https://developers.facebook.com/docs/sharing/webmasters/crawler))"
45.227.253.162 - - [14/Aug/2026:08:42:39 -0500] "GET /rakebit-payment-options-secure-your-transactions-now/ HTTP/1.1" 200 76267 "-" "Mozilla/5.0 (Windows NT 10.0; Win64; x64) AppleWebKit/537.36 (KHTML, like Gecko) Chrome/124.0.0.0 Safari/537.36"
57.141.14.41 - - [14/Aug/2026:08:42:40 -0500] "GET /?c=12731786484 HTTP/1.1" 200 82322 "-" "Mozilla/5.0 (Windows NT 10.0; Win64; x64) AppleWebKit/537.36 (KHTML, like Gecko) Chrome/145.0.0.0 Safari/537.36 (compatible; meta-externalagent/1.1 (+https://developers.facebook.com/docs/sharing/webmasters/crawler))"
176.126.104.155 - - [14/Aug/2026:08:42:40 -0500] "POST /xmlrpc.php HTTP/1.1" 200 18445 "-" "Mozilla/5.0 (Windows NT 10.0; Win64; x64) AppleWebKit/537.36 (KHTML, like Gecko) Chrome/124.0.0.0 Safari/537.36"
176.126.104.155 - - [14/Aug/2026:08:42:41 -0500] "POST /xmlrpc.php HTTP/1.1" 200 178 "-" "Mozilla/5.0 (Windows NT 10.0; Win64; x64) AppleWebKit/537.36 (KHTML, like Gecko) Chrome/124.0.0.0 Safari/537.36"
45.227.253.162 - - [14/Aug/2026:08:42:42 -0500] "GET /nitro-live-chat-powerful-instant-customer-support-solution/ HTTP/1.1" 200 77260 "-" "Mozilla/5.0 (Windows NT 10.0; Win64; x64) AppleWebKit/537.36 (KHTML, like Gecko) Chrome/124.0.0.0 Safari/537.36"
162.214.115.43 - - [14/Aug/2026:08:42:43 -0500] "POST /wp-cron.php?doing_wp_cron=1786714963.8118269443511962890625 HTTP/1.1" 200 - "https://quizena.com.co/wp-cron.php?doing_wp_cron=1786714963.8118269443511962890625" "WordPress/6.0.14; https://quizena.com.co"
176.126.104.155 - - [14/Aug/2026:08:42:43 -0500] "POST /xmlrpc.php HTTP/1.1" 200 16923 "-" "Mozilla/5.0 (Windows NT 10.0; Win64; x64) AppleWebKit/537.36 (KHTML, like Gecko) Chrome/124.0.0.0 Safari/537.36"
176.126.104.155 - - [14/Aug/2026:08:42:44 -0500] "POST /xmlrpc.php HTTP/1.1" 200 178 "-" "Mozilla/5.0 (Windows NT 10.0; Win64; x64) AppleWebKit/537.36 (KHTML, like Gecko) Chrome/124.0.0.0 Safari/537.36"
45.227.253.162 - - [14/Aug/2026:08:42:45 -0500] "GET /reload-jackpot-big-wins-await-you-now/ HTTP/1.1" 200 75870 "-" "Mozilla/5.0 (Windows NT 10.0; Win64; x64; rv:133.0) Gecko/20100101 Firefox/133.0"
176.126.104.155 - - [14/Aug/2026:08:42:46 -0500] "POST /xmlrpc.php HTTP/1.1" 200 19178 "-" "Mozilla/5.0 (Windows NT 10.0; Win64; x64) AppleWebKit/537.36 (KHTML, like Gecko) Chrome/124.0.0.0 Safari/537.36"
57.141.14.73 - - [14/Aug/2026:08:42:46 -0500] "GET /?a=13823939116 HTTP/1.1" 200 82322 "-" "Mozilla/5.0 (Macintosh; Intel Mac OS X 10_15_7) AppleWebKit/537.36 (KHTML, like Gecko) Chrome/145.0.0.0 Safari/537.36 (compatible; meta-externalagent/1.1 (+https://developers.facebook.com/docs/sharing/webmasters/crawler))"
162.214.115.43 - - [14/Aug/2026:08:42:47 -0500] "POST /wp-cron.php?doing_wp_cron=1786714967.8510200977325439453125 HTTP/1.1" 200 - "https://quizena.com.co/wp-cron.php?doing_wp_cron=1786714967.8510200977325439453125" "WordPress/6.0.14; https://quizena.com.co"
176.126.104.155 - - [14/Aug/2026:08:42:47 -0500] "POST /xmlrpc.php HTTP/1.1" 200 178 "-" "Mozilla/5.0 (Windows NT 10.0; Win64; x64) AppleWebKit/537.36 (KHTML, like Gecko) Chrome/124.0.0.0 Safari/537.36"
57.141.14.22 - - [14/Aug/2026:08:42:47 -0500] "GET /?k=25655856185 HTTP/1.1" 200 82322 "-" "Mozilla/5.0 (Windows NT 10.0; Win64; x64) AppleWebKit/537.36 (KHTML, like Gecko) Chrome/145.0.0.0 Safari/537.36 (compatible; meta-externalagent/1.1 (+https://developers.facebook.com/docs/sharing/webmasters/crawler))"
45.227.253.162 - - [14/Aug/2026:08:42:48 -0500] "GET /nopeampi-ndb-fast-solutions-now-available/ HTTP/1.1" 200 77508 "-" "Mozilla/5.0 (Macintosh; Intel Mac OS X 10_15_7) AppleWebKit/605.1.15 (KHTML, like Gecko) Version/18.0 Safari/605.1.15"
176.126.104.155 - - [14/Aug/2026:08:42:49 -0500] "POST /xmlrpc.php HTTP/1.1" 200 17326 "-" "Mozilla/5.0 (Windows NT 10.0; Win64; x64; rv:133.0) Gecko/20100101 Firefox/133.0"
176.126.104.155 - - [14/Aug/2026:08:42:50 -0500] "POST /xmlrpc.php HTTP/1.1" 200 178 "-" "Mozilla/5.0 (Windows NT 10.0; Win64; x64; rv:133.0) Gecko/20100101 Firefox/133.0"
45.227.253.162 - - [14/Aug/2026:08:42:51 -0500] "GET /get-your-razed-withdrawal-pending-funds-now/ HTTP/1.1" 200 75819 "-" "Mozilla/5.0 (Windows NT 10.0; Win64; x64; rv:133.0) Gecko/20100101 Firefox/133.0"
162.214.115.43 - - [14/Aug/2026:08:42:52 -0500] "POST /wp-cron.php?doing_wp_cron=1786714972.7957239151000976562500 HTTP/1.1" 200 - "https://quizena.com.co/wp-cron.php?doing_wp_cron=1786714972.7957239151000976562500" "WordPress/6.0.14; https://quizena.com.co"
176.126.104.155 - - [14/Aug/2026:08:42:52 -0500] "POST /xmlrpc.php HTTP/1.1" 200 15705 "-" "Mozilla/5.0 (Windows NT 10.0; Win64; x64; rv:133.0) Gecko/20100101 Firefox/133.0"
176.126.104.155 - - [14/Aug/2026:08:42:53 -0500] "POST /xmlrpc.php HTTP/1.1" 200 178 "-" "Mozilla/5.0 (Windows NT 10.0; Win64; x64; rv:133.0) Gecko/20100101 Firefox/133.0"
45.227.253.162 - - [14/Aug/2026:08:42:54 -0500] "GET /novajackpot-my-account-access-fast-secure-play/ HTTP/1.1" 200 74421 "-" "Mozilla/5.0 (Windows NT 10.0; Win64; x64; rv:133.0) Gecko/20100101 Firefox/133.0"
176.126.104.155 - - [14/Aug/2026:08:42:55 -0500] "POST /xmlrpc.php HTTP/1.1" 200 16832 "-" "Mozilla/5.0 (Windows NT 10.0; Win64; x64; rv:133.0) Gecko/20100101 Firefox/133.0"
176.126.104.155 - - [14/Aug/2026:08:42:56 -0500] "POST /xmlrpc.php HTTP/1.1" 200 178 "-" "Mozilla/5.0 (Macintosh; Intel Mac OS X 10_15_7) AppleWebKit/605.1.15 (KHTML, like Gecko) Version/18.0 Safari/605.1.15"
45.227.253.162 - - [14/Aug/2026:08:42:57 -0500] "GET /rapid-password-reset-fast-secure-access-now/ HTTP/1.1" 200 75504 "-" "Mozilla/5.0 (Macintosh; Intel Mac OS X 10_15_7) AppleWebKit/605.1.15 (KHTML, like Gecko) Version/18.0 Safari/605.1.15"
57.141.14.63 - - [14/Aug/2026:08:42:58 -0500] "GET /?s=42466470271 HTTP/1.1" 200 69776 "-" "Mozilla/5.0 (Windows NT 10.0; Win64; x64) AppleWebKit/537.36 (KHTML, like Gecko) Chrome/145.0.0.0 Safari/537.36 (compatible; meta-externalagent/1.1 (+https://developers.facebook.com/docs/sharing/webmasters/crawler))"
176.126.104.155 - - [14/Aug/2026:08:42:58 -0500] "POST /xmlrpc.php HTTP/1.1" 200 17930 "-" "Mozilla/5.0 (Windows NT 10.0; Win64; x64) AppleWebKit/537.36 (KHTML, like Gecko) Chrome/124.0.0.0 Safari/537.36"
162.214.115.43 - - [14/Aug/2026:08:42:59 -0500] "POST /wp-cron.php?doing_wp_cron=1786714979.8760080337524414062500 HTTP/1.1" 200 - "https://quizena.com.co/wp-cron.php?doing_wp_cron=1786714979.8760080337524414062500" "WordPress/6.0.14; https://quizena.com.co"
176.126.104.155 - - [14/Aug/2026:08:42:59 -0500] "POST /xmlrpc.php HTTP/1.1" 200 178 "-" "Mozilla/5.0 (Macintosh; Intel Mac OS X 10_15_7) AppleWebKit/605.1.15 (KHTML, like Gecko) Version/18.0 Safari/605.1.15"
57.141.14.41 - - [14/Aug/2026:08:43:00 -0500] "GET /?u=53122804409 HTTP/1.1" 200 82322 "-" "Mozilla/5.0 (Macintosh; Intel Mac OS X 10_15_7) AppleWebKit/537.36 (KHTML, like Gecko) Chrome/145.0.0.0 Safari/537.36 (compatible; meta-externalagent/1.1 (+https://developers.facebook.com/docs/sharing/webmasters/crawler))"
57.141.14.16 - - [14/Aug/2026:08:43:01 -0500] "GET /?s=56358883848 HTTP/1.1" 200 69776 "-" "Mozilla/5.0 (Windows NT 10.0; Win64; x64) AppleWebKit/537.36 (KHTML, like Gecko) Chrome/145.0.0.0 Safari/537.36 (compatible; meta-externalagent/1.1 (+https://developers.facebook.com/docs/sharing/webmasters/crawler))"
45.227.253.162 - - [14/Aug/2026:08:43:00 -0500] "GET /nopein-withdrawal-pending-status-updates-here/ HTTP/1.1" 200 76071 "-" "Mozilla/5.0 (Macintosh; Intel Mac OS X 10_15_7) AppleWebKit/605.1.15 (KHTML, like Gecko) Version/18.0 Safari/605.1.15"
176.126.104.155 - - [14/Aug/2026:08:43:02 -0500] "POST /xmlrpc.php HTTP/1.1" 200 19881 "-" "Mozilla/5.0 (Macintosh; Intel Mac OS X 10_15_7) AppleWebKit/605.1.15 (KHTML, like Gecko) Version/18.0 Safari/605.1.15"
176.126.104.155 - - [14/Aug/2026:08:43:03 -0500] "POST /xmlrpc.php HTTP/1.1" 200 178 "-" "Mozilla/5.0 (Windows NT 10.0; Win64; x64; rv:133.0) Gecko/20100101 Firefox/133.0"
45.227.253.162 - - [14/Aug/2026:08:43:04 -0500] "GET /richprize-wire-transfer-secure-fast-money-movement/ HTTP/1.1" 200 79122 "-" "Mozilla/5.0 (Windows NT 10.0; Win64; x64) AppleWebKit/537.36 (KHTML, like Gecko) Chrome/124.0.0.0 Safari/537.36"
176.126.104.155 - - [14/Aug/2026:08:43:05 -0500] "POST /xmlrpc.php HTTP/1.1" 200 18719 "-" "Mozilla/5.0 (Windows NT 10.0; Win64; x64) AppleWebKit/537.36 (KHTML, like Gecko) Chrome/124.0.0.0 Safari/537.36"
176.126.104.155 - - [14/Aug/2026:08:43:07 -0500] "POST /xmlrpc.php HTTP/1.1" 200 178 "-" "Mozilla/5.0 (Macintosh; Intel Mac OS X 10_15_7) AppleWebKit/605.1.15 (KHTML, like Gecko) Version/18.0 Safari/605.1.15"
57.141.14.79 - - [14/Aug/2026:08:43:07 -0500] "GET /?v=73386587362 HTTP/1.1" 200 82322 "-" "Mozilla/5.0 (Windows NT 10.0; Win64; x64) AppleWebKit/537.36 (KHTML, like Gecko) Chrome/145.0.0.0 Safari/537.36 (compatible; meta-externalagent/1.1 (+https://developers.facebook.com/docs/sharing/webmasters/crawler))"
45.227.253.162 - - [14/Aug/2026:08:43:07 -0500] "GET /nitro-astropay-fast-payments-secure-transactions-now/ HTTP/1.1" 200 77156 "-" "Mozilla/5.0 (Macintosh; Intel Mac OS X 10_15_7) AppleWebKit/605.1.15 (KHTML, like Gecko) Version/18.0 Safari/605.1.15"
57.141.4.52 - - [14/Aug/2026:08:43:08 -0500] "GET / HTTP/1.1" 200 82322 "-" "facebookexternalhit/1.1 (+http://www.facebook.com/externalhit_uatext.php)"
176.126.104.155 - - [14/Aug/2026:08:43:08 -0500] "POST /xmlrpc.php HTTP/1.1" 200 22783 "-" "Mozilla/5.0 (Macintosh; Intel Mac OS X 10_15_7) AppleWebKit/605.1.15 (KHTML, like Gecko) Version/18.0 Safari/605.1.15"
176.126.104.155 - - [14/Aug/2026:08:43:10 -0500] "POST /xmlrpc.php HTTP/1.1" 200 178 "-" "Mozilla/5.0 (Windows NT 10.0; Win64; x64) AppleWebKit/537.36 (KHTML, like Gecko) Chrome/124.0.0.0 Safari/537.36"
57.141.14.41 - - [14/Aug/2026:08:43:10 -0500] "GET /?f=55426742621 HTTP/1.1" 200 82322 "-" "Mozilla/5.0 (Windows NT 10.0; Win64; x64) AppleWebKit/537.36 (KHTML, like Gecko) Chrome/145.0.0.0 Safari/537.36 (compatible; meta-externalagent/1.1 (+https://developers.facebook.com/docs/sharing/webmasters/crawler))"
45.227.253.162 - - [14/Aug/2026:08:43:10 -0500] "GET /rendwex-monopoly-live-real-money-fun/ HTTP/1.1" 200 80569 "-" "Mozilla/5.0 (Windows NT 10.0; Win64; x64) AppleWebKit/537.36 (KHTML, like Gecko) Chrome/124.0.0.0 Safari/537.36"
176.126.104.155 - - [14/Aug/2026:08:43:12 -0500] "POST /xmlrpc.php HTTP/1.1" 200 11095 "-" "Mozilla/5.0 (Windows NT 10.0; Win64; x64) AppleWebKit/537.36 (KHTML, like Gecko) Chrome/124.0.0.0 Safari/537.36"
176.126.104.155 - - [14/Aug/2026:08:43:12 -0500] "POST /xmlrpc.php HTTP/1.1" 200 178 "-" "Mozilla/5.0 (Windows NT 10.0; Win64; x64; rv:133.0) Gecko/20100101 Firefox/133.0"
45.227.253.162 - - [14/Aug/2026:08:43:13 -0500] "GET /ninja-partners-power-boost-your-business-growth-now/ HTTP/1.1" 200 70281 "-" "Mozilla/5.0 (Windows NT 10.0; Win64; x64) AppleWebKit/537.36 (KHTML, like Gecko) Chrome/124.0.0.0 Safari/537.36"
176.126.104.155 - - [14/Aug/2026:08:43:14 -0500] "POST /xmlrpc.php HTTP/1.1" 200 19425 "-" "Mozilla/5.0 (Windows NT 10.0; Win64; x64) AppleWebKit/537.36 (KHTML, like Gecko) Chrome/124.0.0.0 Safari/537.36"
176.126.104.155 - - [14/Aug/2026:08:43:15 -0500] "POST /xmlrpc.php HTTP/1.1" 200 178 "-" "Mozilla/5.0 (Windows NT 10.0; Win64; x64; rv:133.0) Gecko/20100101 Firefox/133.0"
162.214.115.43 - - [14/Aug/2026:08:43:16 -0500] "POST /wp-cron.php?doing_wp_cron=1786714996.5657279491424560546875 HTTP/1.1" 200 - "https://quizena.com.co/wp-cron.php?doing_wp_cron=1786714996.5657279491424560546875" "WordPress/6.0.14; https://quizena.com.co"
57.141.14.42 - - [14/Aug/2026:08:43:16 -0500] "GET /?w=34375696130 HTTP/1.1" 200 57694 "-" "Mozilla/5.0 (Windows NT 10.0; Win64; x64) AppleWebKit/537.36 (KHTML, like Gecko) Chrome/145.0.0.0 Safari/537.36 (compatible; meta-externalagent/1.1 (+https://developers.facebook.com/docs/sharing/webmasters/crawler))"
45.227.253.162 - - [14/Aug/2026:08:43:16 -0500] "GET /get-your-rollbit-curacao-license-now/ HTTP/1.1" 200 77111 "-" "Mozilla/5.0 (Windows NT 10.0; Win64; x64) AppleWebKit/537.36 (KHTML, like Gecko) Chrome/124.0.0.0 Safari/537.36"
176.126.104.155 - - [14/Aug/2026:08:43:18 -0500] "POST /xmlrpc.php HTTP/1.1" 200 19273 "-" "Mozilla/5.0 (Windows NT 10.0; Win64; x64; rv:133.0) Gecko/20100101 Firefox/133.0"
57.141.14.44 - - [14/Aug/2026:08:43:19 -0500] "GET /?x=73770071306 HTTP/1.1" 200 82322 "-" "Mozilla/5.0 (Windows NT 10.0; Win64; x64) AppleWebKit/537.36 (KHTML, like Gecko) Chrome/145.0.0.0 Safari/537.36 (compatible; meta-externalagent/1.1 (+https://developers.facebook.com/docs/sharing/webmasters/crawler))"
176.126.104.155 - - [14/Aug/2026:08:43:19 -0500] "POST /xmlrpc.php HTTP/1.1" 200 178 "-" "Mozilla/5.0 (Macintosh; Intel Mac OS X 10_15_7) AppleWebKit/605.1.15 (KHTML, like Gecko) Version/18.0 Safari/605.1.15"
45.227.253.162 - - [14/Aug/2026:08:43:20 -0500] "GET /verde-proxy-fast-reliable-proxy-solutions-for-business/ HTTP/1.1" 200 77930 "-" "Mozilla/5.0 (Windows NT 10.0; Win64; x64) AppleWebKit/537.36 (KHTML, like Gecko) Chrome/124.0.0.0 Safari/537.36"
176.126.104.155 - - [14/Aug/2026:08:43:21 -0500] "POST /xmlrpc.php HTTP/1.1" 200 3160 "-" "Mozilla/5.0 (Windows NT 10.0; Win64; x64) AppleWebKit/537.36 (KHTML, like Gecko) Chrome/124.0.0.0 Safari/537.36"
176.126.104.155 - - [14/Aug/2026:08:43:22 -0500] "POST /xmlrpc.php HTTP/1.1" 200 178 "-" "Mozilla/5.0 (Windows NT 10.0; Win64; x64) AppleWebKit/537.36 (KHTML, like Gecko) Chrome/124.0.0.0 Safari/537.36"
45.227.253.162 - - [14/Aug/2026:08:43:23 -0500] "GET /ninja-free-chips-get-yours-now-limited-time-offer/ HTTP/1.1" 200 63349 "-" "Mozilla/5.0 (Windows NT 10.0; Win64; x64; rv:133.0) Gecko/20100101 Firefox/133.0"
57.141.14.85 - - [14/Aug/2026:08:43:24 -0500] "GET /?x=53676993318 HTTP/1.1" 200 82322 "-" "Mozilla/5.0 (X11; Linux x86_64) AppleWebKit/537.36 (KHTML, like Gecko) Chrome/145.0.0.0 Safari/537.36 (compatible; meta-externalagent/1.1 (+https://developers.facebook.com/docs/sharing/webmasters/crawler))"
176.126.104.155 - - [14/Aug/2026:08:43:25 -0500] "POST /xmlrpc.php HTTP/1.1" 200 9983 "-" "Mozilla/5.0 (Macintosh; Intel Mac OS X 10_15_7) AppleWebKit/605.1.15 (KHTML, like Gecko) Version/18.0 Safari/605.1.15"
176.126.104.155 - - [14/Aug/2026:08:43:26 -0500] "POST /xmlrpc.php HTTP/1.1" 200 178 "-" "Mozilla/5.0 (Windows NT 10.0; Win64; x64) AppleWebKit/537.36 (KHTML, like Gecko) Chrome/124.0.0.0 Safari/537.36"
45.227.253.162 - - [14/Aug/2026:08:43:26 -0500] "GET /luckyreels-safe-play-experience-guaranteed/ HTTP/1.1" 200 69200 "-" "Mozilla/5.0 (Macintosh; Intel Mac OS X 10_15_7) AppleWebKit/605.1.15 (KHTML, like Gecko) Version/18.0 Safari/605.1.15"
176.126.104.155 - - [14/Aug/2026:08:43:28 -0500] "POST /xmlrpc.php HTTP/1.1" 200 17099 "-" "Mozilla/5.0 (Macintosh; Intel Mac OS X 10_15_7) AppleWebKit/605.1.15 (KHTML, like Gecko) Version/18.0 Safari/605.1.15"
57.141.14.111 - - [14/Aug/2026:08:43:27 -0500] "GET /?i=95970947893 HTTP/1.1" 200 82322 "-" "Mozilla/5.0 (Macintosh; Intel Mac OS X 10_15_7) AppleWebKit/537.36 (KHTML, like Gecko) Chrome/145.0.0.0 Safari/537.36 (compatible; meta-externalagent/1.1 (+https://developers.facebook.com/docs/sharing/webmasters/crawler))"
162.214.115.43 - - [14/Aug/2026:08:43:29 -0500] "POST /wp-cron.php?doing_wp_cron=1786715009.2726171016693115234375 HTTP/1.1" 200 - "https://quizena.com.co/wp-cron.php?doing_wp_cron=1786715009.2726171016693115234375" "WordPress/6.0.14; https://quizena.com.co"
176.126.104.155 - - [14/Aug/2026:08:43:29 -0500] "POST /xmlrpc.php HTTP/1.1" 200 178 "-" "Mozilla/5.0 (Macintosh; Intel Mac OS X 10_15_7) AppleWebKit/605.1.15 (KHTML, like Gecko) Version/18.0 Safari/605.1.15"
45.227.253.162 - - [14/Aug/2026:08:43:29 -0500] "GET /monixbet-play-excitement-fun-action-now/ HTTP/1.1" 200 75178 "-" "Mozilla/5.0 (Macintosh; Intel Mac OS X 10_15_7) AppleWebKit/605.1.15 (KHTML, like Gecko) Version/18.0 Safari/605.1.15"
176.126.104.155 - - [14/Aug/2026:08:43:31 -0500] "POST /xmlrpc.php HTTP/1.1" 200 17010 "-" "Mozilla/5.0 (Macintosh; Intel Mac OS X 10_15_7) AppleWebKit/605.1.15 (KHTML, like Gecko) Version/18.0 Safari/605.1.15"
57.141.14.16 - - [14/Aug/2026:08:43:31 -0500] "GET /?g=92516120637 HTTP/1.1" 200 82322 "-" "Mozilla/5.0 (Windows NT 10.0; Win64; x64) AppleWebKit/537.36 (KHTML, like Gecko) Chrome/145.0.0.0 Safari/537.36 (compatible; meta-externalagent/1.1 (+https://developers.facebook.com/docs/sharing/webmasters/crawler))"
176.126.104.155 - - [14/Aug/2026:08:43:32 -0500] "POST /xmlrpc.php HTTP/1.1" 200 178 "-" "Mozilla/5.0 (Windows NT 10.0; Win64; x64; rv:133.0) Gecko/20100101 Firefox/133.0"
45.227.253.162 - - [14/Aug/2026:08:43:32 -0500] "GET /luckydays-legit-real-rewards-verified-today/ HTTP/1.1" 200 75633 "-" "Mozilla/5.0 (Windows NT 10.0; Win64; x64) AppleWebKit/537.36 (KHTML, like Gecko) Chrome/124.0.0.0 Safari/537.36"
176.126.104.155 - - [14/Aug/2026:08:43:34 -0500] "POST /xmlrpc.php HTTP/1.1" 200 15706 "-" "Mozilla/5.0 (Windows NT 10.0; Win64; x64; rv:133.0) Gecko/20100101 Firefox/133.0"
162.214.115.43 - - [14/Aug/2026:08:43:36 -0500] "POST /wp-cron.php?doing_wp_cron=1786715016.2008209228515625000000 HTTP/1.1" 200 - "https://quizena.com.co/wp-cron.php?doing_wp_cron=1786715016.2008209228515625000000" "WordPress/6.0.14; https://quizena.com.co"
176.126.104.155 - - [14/Aug/2026:08:43:36 -0500] "POST /xmlrpc.php HTTP/1.1" 200 178 "-" "Mozilla/5.0 (Windows NT 10.0; Win64; x64) AppleWebKit/537.36 (KHTML, like Gecko) Chrome/124.0.0.0 Safari/537.36"
45.227.253.162 - - [14/Aug/2026:08:43:36 -0500] "GET /momang-jackpot-win-big-now-amazing-prizes-await/ HTTP/1.1" 200 74696 "-" "Mozilla/5.0 (Macintosh; Intel Mac OS X 10_15_7) AppleWebKit/605.1.15 (KHTML, like Gecko) Version/18.0 Safari/605.1.15"
57.141.14.99 - - [14/Aug/2026:08:43:37 -0500] "GET /?i=36320685018 HTTP/1.1" 200 82322 "-" "Mozilla/5.0 (Windows NT 10.0; Win64; x64) AppleWebKit/537.36 (KHTML, like Gecko) Chrome/145.0.0.0 Safari/537.36 (compatible; meta-externalagent/1.1 (+https://developers.facebook.com/docs/sharing/webmasters/crawler))"
176.126.104.155 - - [14/Aug/2026:08:43:37 -0500] "POST /xmlrpc.php HTTP/1.1" 200 15143 "-" "Mozilla/5.0 (Macintosh; Intel Mac OS X 10_15_7) AppleWebKit/605.1.15 (KHTML, like Gecko) Version/18.0 Safari/605.1.15"
176.126.104.155 - - [14/Aug/2026:08:43:38 -0500] "POST /xmlrpc.php HTTP/1.1" 200 178 "-" "Mozilla/5.0 (Windows NT 10.0; Win64; x64) AppleWebKit/537.36 (KHTML, like Gecko) Chrome/124.0.0.0 Safari/537.36"
162.214.115.43 - - [14/Aug/2026:08:43:39 -0500] "POST /wp-cron.php?doing_wp_cron=1786715019.8456180095672607421875 HTTP/1.1" 200 - "https://quizena.com.co/wp-cron.php?doing_wp_cron=1786715019.8456180095672607421875" "WordPress/6.0.14; https://quizena.com.co"
45.227.253.162 - - [14/Aug/2026:08:43:39 -0500] "GET /puppybet-bypass-block-solution-guaranteed-access/ HTTP/1.1" 200 73823 "-" "Mozilla/5.0 (Windows NT 10.0; Win64; x64) AppleWebKit/537.36 (KHTML, like Gecko) Chrome/124.0.0.0 Safari/537.36"
176.126.104.155 - - [14/Aug/2026:08:43:40 -0500] "POST /xmlrpc.php HTTP/1.1" 200 17477 "-" "Mozilla/5.0 (Macintosh; Intel Mac OS X 10_15_7) AppleWebKit/605.1.15 (KHTML, like Gecko) Version/18.0 Safari/605.1.15"
57.141.14.91 - - [14/Aug/2026:08:43:40 -0500] "GET /search/33381575142/feed/rss2/ HTTP/1.1" 200 6856 "-" "Mozilla/5.0 (Macintosh; Intel Mac OS X 10_15_7) AppleWebKit/537.36 (KHTML, like Gecko) Chrome/145.0.0.0 Safari/537.36 (compatible; meta-externalagent/1.1 (+https://developers.facebook.com/docs/sharing/webmasters/crawler))"
176.126.104.155 - - [14/Aug/2026:08:43:41 -0500] "POST /xmlrpc.php HTTP/1.1" 200 178 "-" "Mozilla/5.0 (Macintosh; Intel Mac OS X 10_15_7) AppleWebKit/605.1.15 (KHTML, like Gecko) Version/18.0 Safari/605.1.15"
162.214.115.43 - - [14/Aug/2026:08:43:42 -0500] "POST /wp-cron.php?doing_wp_cron=1786715022.8010089397430419921875 HTTP/1.1" 200 - "https://quizena.com.co/wp-cron.php?doing_wp_cron=1786715022.8010089397430419921875" "WordPress/6.0.14; https://quizena.com.co"
45.227.253.162 - - [14/Aug/2026:08:43:42 -0500] "GET /monro-reopen-account-get-back-to-trading-now/ HTTP/1.1" 200 75801 "-" "Mozilla/5.0 (Windows NT 10.0; Win64; x64) AppleWebKit/537.36 (KHTML, like Gecko) Chrome/124.0.0.0 Safari/537.36"
57.141.14.20 - - [14/Aug/2026:08:43:43 -0500] "GET /?m=83150076499 HTTP/1.1" 200 57694 "-" "Mozilla/5.0 (Windows NT 10.0; Win64; x64) AppleWebKit/537.36 (KHTML, like Gecko) Chrome/145.0.0.0 Safari/537.36 (compatible; meta-externalagent/1.1 (+https://developers.facebook.com/docs/sharing/webmasters/crawler))"
176.126.104.155 - - [14/Aug/2026:08:43:43 -0500] "POST /xmlrpc.php HTTP/1.1" 200 18311 "-" "Mozilla/5.0 (Windows NT 10.0; Win64; x64) AppleWebKit/537.36 (KHTML, like Gecko) Chrome/124.0.0.0 Safari/537.36"
176.126.104.155 - - [14/Aug/2026:08:43:44 -0500] "POST /xmlrpc.php HTTP/1.1" 200 178 "-" "Mozilla/5.0 (Windows NT 10.0; Win64; x64) AppleWebKit/537.36 (KHTML, like Gecko) Chrome/124.0.0.0 Safari/537.36"
162.214.115.43 - - [14/Aug/2026:08:43:45 -0500] "POST /wp-cron.php?doing_wp_cron=1786715025.2402939796447753906250 HTTP/1.1" 200 - "https://quizena.com.co/wp-cron.php?doing_wp_cron=1786715025.2402939796447753906250" "WordPress/6.0.14; https://quizena.com.co"
57.141.14.36 - - [14/Aug/2026:08:43:45 -0500] "GET /?j=14532726855 HTTP/1.1" 200 82322 "-" "Mozilla/5.0 (Macintosh; Intel Mac OS X 10_15_7) AppleWebKit/537.36 (KHTML, like Gecko) Chrome/145.0.0.0 Safari/537.36 (compatible; meta-externalagent/1.1 (+https://developers.facebook.com/docs/sharing/webmasters/crawler))"
45.227.253.162 - - [14/Aug/2026:08:43:45 -0500] "GET /punkz-delete-account-service-fast-removal/ HTTP/1.1" 200 76711 "-" "Mozilla/5.0 (Windows NT 10.0; Win64; x64; rv:133.0) Gecko/20100101 Firefox/133.0"
176.126.104.155 - - [14/Aug/2026:08:43:46 -0500] "POST /xmlrpc.php HTTP/1.1" 200 38528 "-" "Mozilla/5.0 (Windows NT 10.0; Win64; x64; rv:133.0) Gecko/20100101 Firefox/133.0"
176.126.104.155 - - [14/Aug/2026:08:43:47 -0500] "POST /xmlrpc.php HTTP/1.1" 200 178 "-" "Mozilla/5.0 (Macintosh; Intel Mac OS X 10_15_7) AppleWebKit/605.1.15 (KHTML, like Gecko) Version/18.0 Safari/605.1.15"
162.214.115.43 - - [14/Aug/2026:08:43:48 -0500] "POST /wp-cron.php?doing_wp_cron=1786715028.9465301036834716796875 HTTP/1.1" 200 - "https://quizena.com.co/wp-cron.php?doing_wp_cron=1786715028.9465301036834716796875" "WordPress/6.0.14; https://quizena.com.co"
45.227.253.162 - - [14/Aug/2026:08:43:48 -0500] "GET /mirax-legal-solutions-strong-support-for-your-needs/ HTTP/1.1" 200 91744 "-" "Mozilla/5.0 (Windows NT 10.0; Win64; x64; rv:133.0) Gecko/20100101 Firefox/133.0"
176.126.104.155 - - [14/Aug/2026:08:43:49 -0500] "POST /xmlrpc.php HTTP/1.1" 200 18635 "-" "Mozilla/5.0 (Windows NT 10.0; Win64; x64; rv:133.0) Gecko/20100101 Firefox/133.0"
176.126.104.155 - - [14/Aug/2026:08:43:51 -0500] "POST /xmlrpc.php HTTP/1.1" 200 178 "-" "Mozilla/5.0 (Macintosh; Intel Mac OS X 10_15_7) AppleWebKit/605.1.15 (KHTML, like Gecko) Version/18.0 Safari/605.1.15"
45.227.253.162 - - [14/Aug/2026:08:43:51 -0500] "GET /pumpit-astropay-power-secure-payments-now/ HTTP/1.1" 200 76916 "-" "Mozilla/5.0 (Macintosh; Intel Mac OS X 10_15_7) AppleWebKit/605.1.15 (KHTML, like Gecko) Version/18.0 Safari/605.1.15"
167.100.106.30 - - [14/Aug/2026:08:43:52 -0500] "GET /wp-admin/maint/env-check.php HTTP/1.1" 200 24614 "-" "-"
176.126.104.155 - - [14/Aug/2026:08:43:53 -0500] "POST /xmlrpc.php HTTP/1.1" 200 12438 "-" "Mozilla/5.0 (Windows NT 10.0; Win64; x64; rv:133.0) Gecko/20100101 Firefox/133.0"
176.126.104.155 - - [14/Aug/2026:08:43:53 -0500] "POST /xmlrpc.php HTTP/1.1" 200 178 "-" "Mozilla/5.0 (Windows NT 10.0; Win64; x64; rv:133.0) Gecko/20100101 Firefox/133.0"
167.100.106.30 - - [14/Aug/2026:08:43:53 -0500] "GET /wp-content/upgrade/debug-compat.php HTTP/1.1" 200 57694 "-" "-"
45.227.253.162 - - [14/Aug/2026:08:43:54 -0500] "GET /needforspin-casino-online-thrills-big-wins/ HTTP/1.1" 200 71442 "-" "Mozilla/5.0 (Windows NT 10.0; Win64; x64) AppleWebKit/537.36 (KHTML, like Gecko) Chrome/124.0.0.0 Safari/537.36"
162.214.115.43 - - [14/Aug/2026:08:43:55 -0500] "POST /wp-cron.php?doing_wp_cron=1786715035.9302160739898681640625 HTTP/1.1" 200 - "https://quizena.com.co/wp-cron.php?doing_wp_cron=1786715035.9302160739898681640625" "WordPress/6.0.14; https://quizena.com.co"
176.126.104.155 - - [14/Aug/2026:08:43:55 -0500] "POST /xmlrpc.php HTTP/1.1" 200 42121 "-" "Mozilla/5.0 (Windows NT 10.0; Win64; x64; rv:133.0) Gecko/20100101 Firefox/133.0"
176.126.104.155 - - [14/Aug/2026:08:43:56 -0500] "POST /xmlrpc.php HTTP/1.1" 200 178 "-" "Mozilla/5.0 (Macintosh; Intel Mac OS X 10_15_7) AppleWebKit/605.1.15 (KHTML, like Gecko) Version/18.0 Safari/605.1.15"
57.141.14.8 - - [14/Aug/2026:08:43:56 -0500] "GET /?k=65603468074 HTTP/1.1" 200 82322 "-" "Mozilla/5.0 (Windows NT 10.0; Win64; x64) AppleWebKit/537.36 (KHTML, like Gecko) Chrome/145.0.0.0 Safari/537.36 (compatible; meta-externalagent/1.1 (+https://developers.facebook.com/docs/sharing/webmasters/crawler))"
45.227.253.162 - - [14/Aug/2026:08:43:57 -0500] "GET /qzinobet-live-dealer-real-casino-action-now/ HTTP/1.1" 200 93776 "-" "Mozilla/5.0 (Macintosh; Intel Mac OS X 10_15_7) AppleWebKit/605.1.15 (KHTML, like Gecko) Version/18.0 Safari/605.1.15"
66.249.79.229 - - [14/Aug/2026:08:43:58 -0500] "GET /?t=33725846227 HTTP/1.1" 200 205311 "-" "Mozilla/5.0 (Linux; Android 6.0.1; Nexus 5X Build/MMB29P) AppleWebKit/537.36 (KHTML, like Gecko) Chrome/151.0.7922.137 Mobile Safari/537.36 (compatible; Googlebot/2.1; +http://www.google.com/bot.html)"
176.126.104.155 - - [14/Aug/2026:08:43:58 -0500] "POST /xmlrpc.php HTTP/1.1" 200 22506 "-" "Mozilla/5.0 (Macintosh; Intel Mac OS X 10_15_7) AppleWebKit/605.1.15 (KHTML, like Gecko) Version/18.0 Safari/605.1.15"
162.214.115.43 - - [14/Aug/2026:08:43:59 -0500] "POST /wp-cron.php?doing_wp_cron=1786715039.9837820529937744140625 HTTP/1.1" 200 - "https://quizena.com.co/wp-cron.php?doing_wp_cron=1786715039.9837820529937744140625" "WordPress/6.0.14; https://quizena.com.co"
57.141.14.38 - - [14/Aug/2026:08:43:59 -0500] "GET /?z=32286427263 HTTP/1.1" 200 82322 "-" "Mozilla/5.0 (Macintosh; Intel Mac OS X 10_15_7) AppleWebKit/537.36 (KHTML, like Gecko) Chrome/145.0.0.0 Safari/537.36 (compatible; meta-externalagent/1.1 (+https://developers.facebook.com/docs/sharing/webmasters/crawler))"
176.126.104.155 - - [14/Aug/2026:08:44:00 -0500] "POST /xmlrpc.php HTTP/1.1" 200 178 "-" "Mozilla/5.0 (Macintosh; Intel Mac OS X 10_15_7) AppleWebKit/605.1.15 (KHTML, like Gecko) Version/18.0 Safari/605.1.15"
45.227.253.162 - - [14/Aug/2026:08:44:00 -0500] "GET /mirax-crypto-secure-your-future-crypto-investment-today/ HTTP/1.1" 200 80428 "-" "Mozilla/5.0 (Macintosh; Intel Mac OS X 10_15_7) AppleWebKit/605.1.15 (KHTML, like Gecko) Version/18.0 Safari/605.1.15"
57.141.14.41 - - [14/Aug/2026:08:44:01 -0500] "GET /?r=45967870427 HTTP/1.1" 200 82322 "-" "Mozilla/5.0 (Windows NT 10.0; Win64; x64) AppleWebKit/537.36 (KHTML, like Gecko) Chrome/145.0.0.0 Safari/537.36 (compatible; meta-externalagent/1.1 (+https://developers.facebook.com/docs/sharing/webmasters/crawler))"
176.126.104.155 - - [14/Aug/2026:08:44:02 -0500] "POST /xmlrpc.php HTTP/1.1" 200 17561 "-" "Mozilla/5.0 (Macintosh; Intel Mac OS X 10_15_7) AppleWebKit/605.1.15 (KHTML, like Gecko) Version/18.0 Safari/605.1.15"
57.141.14.80 - - [14/Aug/2026:08:44:02 -0500] "GET /?y=53098443681 HTTP/1.1" 200 82322 "-" "Mozilla/5.0 (Macintosh; Intel Mac OS X 10_15_7) AppleWebKit/537.36 (KHTML, like Gecko) Chrome/145.0.0.0 Safari/537.36 (compatible; meta-externalagent/1.1 (+https://developers.facebook.com/docs/sharing/webmasters/crawler))"
176.126.104.155 - - [14/Aug/2026:08:44:03 -0500] "POST /xmlrpc.php HTTP/1.1" 200 178 "-" "Mozilla/5.0 (Windows NT 10.0; Win64; x64; rv:133.0) Gecko/20100101 Firefox/133.0"
162.214.115.43 - - [14/Aug/2026:08:44:04 -0500] "POST /wp-cron.php?doing_wp_cron=1786715044.0899870395660400390625 HTTP/1.1" 200 - "https://quizena.com.co/wp-cron.php?doing_wp_cron=1786715044.0899870395660400390625" "WordPress/6.0.14; https://quizena.com.co"
45.227.253.162 - - [14/Aug/2026:08:44:03 -0500] "GET /luckywins-netent-wins-big-today-try-now/ HTTP/1.1" 200 76364 "-" "Mozilla/5.0 (Windows NT 10.0; Win64; x64) AppleWebKit/537.36 (KHTML, like Gecko) Chrome/124.0.0.0 Safari/537.36"
176.126.104.155 - - [14/Aug/2026:08:44:05 -0500] "POST /xmlrpc.php HTTP/1.1" 200 17723 "-" "Mozilla/5.0 (Windows NT 10.0; Win64; x64) AppleWebKit/537.36 (KHTML, like Gecko) Chrome/124.0.0.0 Safari/537.36"
176.126.104.155 - - [14/Aug/2026:08:44:06 -0500] "POST /xmlrpc.php HTTP/1.1" 200 178 "-" "Mozilla/5.0 (Windows NT 10.0; Win64; x64; rv:133.0) Gecko/20100101 Firefox/133.0"
162.214.115.43 - - [14/Aug/2026:08:44:07 -0500] "POST /wp-cron.php?doing_wp_cron=1786715047.7860679626464843750000 HTTP/1.1" 200 - "https://quizena.com.co/wp-cron.php?doing_wp_cron=1786715047.7860679626464843750000" "WordPress/6.0.14; https://quizena.com.co"
45.227.253.162 - - [14/Aug/2026:08:44:06 -0500] "GET /metawin-live-chat-boosts-your-sales-now/ HTTP/1.1" 200 76340 "-" "Mozilla/5.0 (Windows NT 10.0; Win64; x64) AppleWebKit/537.36 (KHTML, like Gecko) Chrome/124.0.0.0 Safari/537.36"
176.126.104.155 - - [14/Aug/2026:08:44:08 -0500] "POST /xmlrpc.php HTTP/1.1" 200 16951 "-" "Mozilla/5.0 (Windows NT 10.0; Win64; x64; rv:133.0) Gecko/20100101 Firefox/133.0"
57.141.14.41 - - [14/Aug/2026:08:44:09 -0500] "GET /?h=72579693132 HTTP/1.1" 200 82322 "-" "Mozilla/5.0 (Macintosh; Intel Mac OS X 10_15_7) AppleWebKit/537.36 (KHTML, like Gecko) Chrome/145.0.0.0 Safari/537.36 (compatible; meta-externalagent/1.1 (+https://developers.facebook.com/docs/sharing/webmasters/crawler))"
176.126.104.155 - - [14/Aug/2026:08:44:09 -0500] "POST /xmlrpc.php HTTP/1.1" 200 178 "-" "Mozilla/5.0 (Macintosh; Intel Mac OS X 10_15_7) AppleWebKit/605.1.15 (KHTML, like Gecko) Version/18.0 Safari/605.1.15"
45.227.253.162 - - [14/Aug/2026:08:44:10 -0500] "GET /get-lucky-free-money-now-instant-cash-rewards-awaits/ HTTP/1.1" 200 75180 "-" "Mozilla/5.0 (Windows NT 10.0; Win64; x64; rv:133.0) Gecko/20100101 Firefox/133.0"
176.126.104.155 - - [14/Aug/2026:08:44:11 -0500] "POST /xmlrpc.php HTTP/1.1" 200 16550 "-" "Mozilla/5.0 (Windows NT 10.0; Win64; x64) AppleWebKit/537.36 (KHTML, like Gecko) Chrome/124.0.0.0 Safari/537.36"
176.126.104.155 - - [14/Aug/2026:08:44:12 -0500] "POST /xmlrpc.php HTTP/1.1" 200 178 "-" "Mozilla/5.0 (Windows NT 10.0; Win64; x64; rv:133.0) Gecko/20100101 Firefox/133.0"
45.227.253.162 - - [14/Aug/2026:08:44:13 -0500] "GET /mirax-tax-smart-solutions-for-business-growth/ HTTP/1.1" 200 75669 "-" "Mozilla/5.0 (Windows NT 10.0; Win64; x64; rv:133.0) Gecko/20100101 Firefox/133.0"
162.214.115.43 - - [14/Aug/2026:08:44:14 -0500] "POST /wp-cron.php?doing_wp_cron=1786715054.2192289829254150390625 HTTP/1.1" 200 - "https://quizena.com.co/wp-cron.php?doing_wp_cron=1786715054.2192289829254150390625" "WordPress/6.0.14; https://quizena.com.co"
57.141.14.2 - - [14/Aug/2026:08:44:13 -0500] "GET /?b=43746308821 HTTP/1.1" 200 82322 "-" "Mozilla/5.0 (X11; Linux x86_64) AppleWebKit/537.36 (KHTML, like Gecko) Chrome/145.0.0.0 Safari/537.36 (compatible; meta-externalagent/1.1 (+https://developers.facebook.com/docs/sharing/webmasters/crawler))"
176.126.104.155 - - [14/Aug/2026:08:44:14 -0500] "POST /xmlrpc.php HTTP/1.1" 200 18053 "-" "Mozilla/5.0 (Windows NT 10.0; Win64; x64; rv:133.0) Gecko/20100101 Firefox/133.0"
176.126.104.155 - - [14/Aug/2026:08:44:15 -0500] "POST /xmlrpc.php HTTP/1.1" 200 178 "-" "Mozilla/5.0 (Windows NT 10.0; Win64; x64) AppleWebKit/537.36 (KHTML, like Gecko) Chrome/124.0.0.0 Safari/537.36"
162.214.115.43 - - [14/Aug/2026:08:44:16 -0500] "POST /wp-cron.php?doing_wp_cron=1786715056.8348829746246337890625 HTTP/1.1" 200 - "https://quizena.com.co/wp-cron.php?doing_wp_cron=1786715056.8348829746246337890625" "WordPress/6.0.14; https://quizena.com.co"
45.227.253.162 - - [14/Aug/2026:08:44:16 -0500] "GET /lucky-block-allowed-countries-list-for-your-games/ HTTP/1.1" 200 76984 "-" "Mozilla/5.0 (Macintosh; Intel Mac OS X 10_15_7) AppleWebKit/605.1.15 (KHTML, like Gecko) Version/18.0 Safari/605.1.15"
176.126.104.155 - - [14/Aug/2026:08:44:17 -0500] "POST /xmlrpc.php HTTP/1.1" 200 3130 "-" "Mozilla/5.0 (Macintosh; Intel Mac OS X 10_15_7) AppleWebKit/605.1.15 (KHTML, like Gecko) Version/18.0 Safari/605.1.15"
176.126.104.155 - - [14/Aug/2026:08:44:18 -0500] "POST /xmlrpc.php HTTP/1.1" 200 178 "-" "Mozilla/5.0 (Windows NT 10.0; Win64; x64) AppleWebKit/537.36 (KHTML, like Gecko) Chrome/124.0.0.0 Safari/537.36"
162.214.115.43 - - [14/Aug/2026:08:44:19 -0500] "POST /wp-cron.php?doing_wp_cron=1786715059.5761649608612060546875 HTTP/1.1" 200 - "https://quizena.com.co/wp-cron.php?doing_wp_cron=1786715059.5761649608612060546875" "WordPress/6.0.14; https://quizena.com.co"
57.141.14.3 - - [14/Aug/2026:08:44:19 -0500] "GET /?i=95921194708 HTTP/1.1" 200 82322 "-" "Mozilla/5.0 (Macintosh; Intel Mac OS X 10_15_7) AppleWebKit/537.36 (KHTML, like Gecko) Chrome/145.0.0.0 Safari/537.36 (compatible; meta-externalagent/1.1 (+https://developers.facebook.com/docs/sharing/webmasters/crawler))"
45.227.253.162 - - [14/Aug/2026:08:44:19 -0500] "GET /get-your-speedy-bonus-code-now-for-quick-rewards/ HTTP/1.1" 200 63286 "-" "Mozilla/5.0 (Macintosh; Intel Mac OS X 10_15_7) AppleWebKit/605.1.15 (KHTML, like Gecko) Version/18.0 Safari/605.1.15"
57.141.14.42 - - [14/Aug/2026:08:44:20 -0500] "GET /?r=74270593816 HTTP/1.1" 200 82322 "-" "Mozilla/5.0 (Windows NT 10.0; Win64; x64) AppleWebKit/537.36 (KHTML, like Gecko) Chrome/145.0.0.0 Safari/537.36 (compatible; meta-externalagent/1.1 (+https://developers.facebook.com/docs/sharing/webmasters/crawler))"
176.126.104.155 - - [14/Aug/2026:08:44:21 -0500] "POST /xmlrpc.php HTTP/1.1" 200 18652 "-" "Mozilla/5.0 (Windows NT 10.0; Win64; x64) AppleWebKit/537.36 (KHTML, like Gecko) Chrome/124.0.0.0 Safari/537.36"
176.126.104.155 - - [14/Aug/2026:08:44:22 -0500] "POST /xmlrpc.php HTTP/1.1" 200 178 "-" "Mozilla/5.0 (Windows NT 10.0; Win64; x64; rv:133.0) Gecko/20100101 Firefox/133.0"
162.214.115.43 - - [14/Aug/2026:08:44:24 -0500] "POST /wp-cron.php?doing_wp_cron=1786715064.4423880577087402343750 HTTP/1.1" 200 - "https://quizena.com.co/wp-cron.php?doing_wp_cron=1786715064.4423880577087402343750" "WordPress/6.0.14; https://quizena.com.co"
45.227.253.162 - - [14/Aug/2026:08:44:23 -0500] "GET /instant-skrill-payments-fast-transfers-now-available/ HTTP/1.1" 200 76648 "-" "Mozilla/5.0 (Macintosh; Intel Mac OS X 10_15_7) AppleWebKit/605.1.15 (KHTML, like Gecko) Version/18.0 Safari/605.1.15"
57.141.14.9 - - [14/Aug/2026:08:44:24 -0500] "GET /?t=22856779680 HTTP/1.1" 200 82322 "-" "Mozilla/5.0 (Windows NT 10.0; Win64; x64) AppleWebKit/537.36 (KHTML, like Gecko) Chrome/145.0.0.0 Safari/537.36 (compatible; meta-externalagent/1.1 (+https://developers.facebook.com/docs/sharing/webmasters/crawler))"
176.126.104.155 - - [14/Aug/2026:08:44:25 -0500] "POST /xmlrpc.php HTTP/1.1" 200 19240 "-" "Mozilla/5.0 (Windows NT 10.0; Win64; x64) AppleWebKit/537.36 (KHTML, like Gecko) Chrome/124.0.0.0 Safari/537.36"
57.141.14.85 - - [14/Aug/2026:08:44:25 -0500] "GET /?h=42341006509 HTTP/1.1" 200 82322 "-" "Mozilla/5.0 (Macintosh; Intel Mac OS X 10_15_7) AppleWebKit/537.36 (KHTML, like Gecko) Chrome/145.0.0.0 Safari/537.36 (compatible; meta-externalagent/1.1 (+https://developers.facebook.com/docs/sharing/webmasters/crawler))"
176.126.104.155 - - [14/Aug/2026:08:44:26 -0500] "POST /xmlrpc.php HTTP/1.1" 200 178 "-" "Mozilla/5.0 (Macintosh; Intel Mac OS X 10_15_7) AppleWebKit/605.1.15 (KHTML, like Gecko) Version/18.0 Safari/605.1.15"
162.214.115.43 - - [14/Aug/2026:08:44:27 -0500] "POST /wp-cron.php?doing_wp_cron=1786715067.4339969158172607421875 HTTP/1.1" 200 - "https://quizena.com.co/wp-cron.php?doing_wp_cron=1786715067.4339969158172607421875" "WordPress/6.0.14; https://quizena.com.co"
45.227.253.162 - - [14/Aug/2026:08:44:27 -0500] "GET /spinanga-id-verification-secure-identity-check/ HTTP/1.1" 200 77517 "-" "Mozilla/5.0 (Windows NT 10.0; Win64; x64) AppleWebKit/537.36 (KHTML, like Gecko) Chrome/124.0.0.0 Safari/537.36"
57.141.14.39 - - [14/Aug/2026:08:44:27 -0500] "GET /search/15697302761/feed/rss2/ HTTP/1.1" 200 6856 "-" "Mozilla/5.0 (Macintosh; Intel Mac OS X 10_15_7) AppleWebKit/537.36 (KHTML, like Gecko) Chrome/145.0.0.0 Safari/537.36 (compatible; meta-externalagent/1.1 (+https://developers.facebook.com/docs/sharing/webmasters/crawler))"
176.126.104.155 - - [14/Aug/2026:08:44:28 -0500] "POST /xmlrpc.php HTTP/1.1" 200 16323 "-" "Mozilla/5.0 (Macintosh; Intel Mac OS X 10_15_7) AppleWebKit/605.1.15 (KHTML, like Gecko) Version/18.0 Safari/605.1.15"
57.141.14.78 - - [14/Aug/2026:08:44:28 -0500] "GET /?y=34454925167 HTTP/1.1" 200 82322 "-" "Mozilla/5.0 (Windows NT 10.0; Win64; x64) AppleWebKit/537.36 (KHTML, like Gecko) Chrome/144.0.0.0 Safari/537.36 Edg/144.0.0.0 (compatible; meta-externalagent/1.1 (+https://developers.facebook.com/docs/sharing/webmasters/crawler))"
176.126.104.155 - - [14/Aug/2026:08:44:29 -0500] "POST /xmlrpc.php HTTP/1.1" 200 178 "-" "Mozilla/5.0 (Windows NT 10.0; Win64; x64) AppleWebKit/537.36 (KHTML, like Gecko) Chrome/124.0.0.0 Safari/537.36"
57.141.14.41 - - [14/Aug/2026:08:44:29 -0500] "GET /?u=54532087946 HTTP/1.1" 200 82322 "-" "Mozilla/5.0 (Windows NT 10.0; Win64; x64) AppleWebKit/537.36 (KHTML, like Gecko) Chrome/145.0.0.0 Safari/537.36 (compatible; meta-externalagent/1.1 (+https://developers.facebook.com/docs/sharing/webmasters/crawler))"
45.227.253.162 - - [14/Aug/2026:08:44:30 -0500] "GET /vegasino-ecopayz-secure-fast-payments-solution/ HTTP/1.1" 200 75522 "-" "Mozilla/5.0 (Windows NT 10.0; Win64; x64) AppleWebKit/537.36 (KHTML, like Gecko) Chrome/124.0.0.0 Safari/537.36"
176.126.104.155 - - [14/Aug/2026:08:44:31 -0500] "POST /xmlrpc.php HTTP/1.1" 200 17588 "-" "Mozilla/5.0 (Windows NT 10.0; Win64; x64) AppleWebKit/537.36 (KHTML, like Gecko) Chrome/124.0.0.0 Safari/537.36"
57.141.14.89 - - [14/Aug/2026:08:44:32 -0500] "GET /?h=24818429005 HTTP/1.1" 200 82322 "-" "Mozilla/5.0 (Windows NT 10.0; Win64; x64) AppleWebKit/537.36 (KHTML, like Gecko) Chrome/145.0.0.0 Safari/537.36 (compatible; meta-externalagent/1.1 (+https://developers.facebook.com/docs/sharing/webmasters/crawler))"
176.126.104.155 - - [14/Aug/2026:08:44:32 -0500] "POST /xmlrpc.php HTTP/1.1" 200 178 "-" "Mozilla/5.0 (Windows NT 10.0; Win64; x64; rv:133.0) Gecko/20100101 Firefox/133.0"
45.227.253.162 - - [14/Aug/2026:08:44:33 -0500] "GET /spinanga-live-chat-instant-support-solution-now/ HTTP/1.1" 200 76136 "-" "Mozilla/5.0 (Windows NT 10.0; Win64; x64) AppleWebKit/537.36 (KHTML, like Gecko) Chrome/124.0.0.0 Safari/537.36"
176.126.104.155 - - [14/Aug/2026:08:44:34 -0500] "POST /xmlrpc.php HTTP/1.1" 200 3132 "-" "Mozilla/5.0 (Windows NT 10.0; Win64; x64) AppleWebKit/537.36 (KHTML, like Gecko) Chrome/124.0.0.0 Safari/537.36"
