45.227.253.162 - - [14/Aug/2026:07:51:13 -0500] "GET /lotusbet-register-access-your-betting-account-now/ HTTP/1.1" 200 63301 "-" "Mozilla/5.0 (Windows NT 10.0; Win64; x64) AppleWebKit/537.36 (KHTML, like Gecko) Chrome/124.0.0.0 Safari/537.36"
45.227.253.162 - - [14/Aug/2026:07:51:16 -0500] "GET /nitro-live-chat-powerful-instant-customer-support-solution/ HTTP/1.1" 200 77260 "-" "Mozilla/5.0 (Macintosh; Intel Mac OS X 10_15_7) AppleWebKit/605.1.15 (KHTML, like Gecko) Version/18.0 Safari/605.1.15"
162.214.115.43 - - [14/Aug/2026:07:51:20 -0500] "POST /wp-cron.php?doing_wp_cron=1786711880.4712319374084472656250 HTTP/1.1" 200 - "https://quizena.com.co/wp-cron.php?doing_wp_cron=1786711880.4712319374084472656250" "WordPress/6.0.14; https://quizena.com.co"
45.227.253.162 - - [14/Aug/2026:07:51:19 -0500] "GET /luckybird-create-account-simple-setup-fast-access/ HTTP/1.1" 200 76854 "-" "Mozilla/5.0 (Macintosh; Intel Mac OS X 10_15_7) AppleWebKit/605.1.15 (KHTML, like Gecko) Version/18.0 Safari/605.1.15"
57.141.14.39 - - [14/Aug/2026:07:51:20 -0500] "GET /search/22121184045/feed/rss2/ HTTP/1.1" 200 6856 "-" "Mozilla/5.0 (Windows NT 10.0; Win64; x64) AppleWebKit/537.36 (KHTML, like Gecko) Chrome/145.0.0.0 Safari/537.36 (compatible; meta-externalagent/1.1 (+https://developers.facebook.com/docs/sharing/webmasters/crawler))"
57.141.14.69 - - [14/Aug/2026:07:51:21 -0500] "GET /?g=35081704460 HTTP/1.1" 200 82322 "-" "Mozilla/5.0 (X11; Linux x86_64) AppleWebKit/537.36 (KHTML, like Gecko) Chrome/145.0.0.0 Safari/537.36 (compatible; meta-externalagent/1.1 (+https://developers.facebook.com/docs/sharing/webmasters/crawler))"
162.214.115.43 - - [14/Aug/2026:07:51:23 -0500] "POST /wp-cron.php?doing_wp_cron=1786711883.2353401184082031250000 HTTP/1.1" 200 - "https://quizena.com.co/wp-cron.php?doing_wp_cron=1786711883.2353401184082031250000" "WordPress/6.0.14; https://quizena.com.co"
45.227.253.162 - - [14/Aug/2026:07:51:23 -0500] "GET /nopeampi-ndb-fast-solutions-now-available/ HTTP/1.1" 200 77508 "-" "Mozilla/5.0 (Windows NT 10.0; Win64; x64; rv:133.0) Gecko/20100101 Firefox/133.0"
57.141.14.83 - - [14/Aug/2026:07:51:24 -0500] "GET /?l=96287294621 HTTP/1.1" 200 82322 "-" "Mozilla/5.0 (Windows NT 10.0; Win64; x64) AppleWebKit/537.36 (KHTML, like Gecko) Chrome/145.0.0.0 Safari/537.36 (compatible; meta-externalagent/1.1 (+https://developers.facebook.com/docs/sharing/webmasters/crawler))"
162.214.115.43 - - [14/Aug/2026:07:51:26 -0500] "POST /wp-cron.php?doing_wp_cron=1786711886.6935899257659912109375 HTTP/1.1" 200 - "https://quizena.com.co/wp-cron.php?doing_wp_cron=1786711886.6935899257659912109375" "WordPress/6.0.14; https://quizena.com.co"
45.227.253.162 - - [14/Aug/2026:07:51:25 -0500] "GET /lonkero-max-deposit-huge-bonuses-await-you-now/ HTTP/1.1" 200 69495 "-" "Mozilla/5.0 (Windows NT 10.0; Win64; x64) AppleWebKit/537.36 (KHTML, like Gecko) Chrome/124.0.0.0 Safari/537.36"
57.141.14.11 - - [14/Aug/2026:07:51:28 -0500] "GET /?h=55355225997 HTTP/1.1" 200 82322 "-" "Mozilla/5.0 (Windows NT 10.0; Win64; x64) AppleWebKit/537.36 (KHTML, like Gecko) Chrome/145.0.0.0 Safari/537.36 (compatible; meta-externalagent/1.1 (+https://developers.facebook.com/docs/sharing/webmasters/crawler))"
162.214.115.43 - - [14/Aug/2026:07:51:29 -0500] "POST /wp-cron.php?doing_wp_cron=1786711889.4076380729675292968750 HTTP/1.1" 200 - "https://quizena.com.co/wp-cron.php?doing_wp_cron=1786711889.4076380729675292968750" "WordPress/6.0.14; https://quizena.com.co"
45.227.253.162 - - [14/Aug/2026:07:51:29 -0500] "GET /novajackpot-my-account-access-fast-secure-play/ HTTP/1.1" 200 74421 "-" "Mozilla/5.0 (Windows NT 10.0; Win64; x64; rv:133.0) Gecko/20100101 Firefox/133.0"
162.214.115.43 - - [14/Aug/2026:07:51:33 -0500] "POST /wp-cron.php?doing_wp_cron=1786711893.0151638984680175781250 HTTP/1.1" 200 - "https://quizena.com.co/wp-cron.php?doing_wp_cron=1786711893.0151638984680175781250" "WordPress/6.0.14; https://quizena.com.co"
45.227.253.162 - - [14/Aug/2026:07:51:32 -0500] "GET /luckio-video-poker-excitement-play-now/ HTTP/1.1" 200 75692 "-" "Mozilla/5.0 (Windows NT 10.0; Win64; x64; rv:133.0) Gecko/20100101 Firefox/133.0"
57.141.14.76 - - [14/Aug/2026:07:51:33 -0500] "GET /?r=83752989455 HTTP/1.1" 200 82322 "-" "Mozilla/5.0 (Windows NT 10.0; Win64; x64) AppleWebKit/537.36 (KHTML, like Gecko) Chrome/145.0.0.0 Safari/537.36 (compatible; meta-externalagent/1.1 (+https://developers.facebook.com/docs/sharing/webmasters/crawler))"
57.141.14.85 - - [14/Aug/2026:07:51:35 -0500] "GET /?a=72430259425 HTTP/1.1" 200 82322 "-" "Mozilla/5.0 (Windows NT 10.0; Win64; x64) AppleWebKit/537.36 (KHTML, like Gecko) Chrome/145.0.0.0 Safari/537.36 (compatible; meta-externalagent/1.1 (+https://developers.facebook.com/docs/sharing/webmasters/crawler))"
45.227.253.162 - - [14/Aug/2026:07:51:35 -0500] "GET /nopein-withdrawal-pending-status-updates-here/ HTTP/1.1" 200 76071 "-" "Mozilla/5.0 (Windows NT 10.0; Win64; x64; rv:133.0) Gecko/20100101 Firefox/133.0"
45.227.253.162 - - [14/Aug/2026:07:51:39 -0500] "GET /boo-email-boost-your-outreach-power-now/ HTTP/1.1" 200 70880 "-" "Mozilla/5.0 (Macintosh; Intel Mac OS X 10_15_7) AppleWebKit/605.1.15 (KHTML, like Gecko) Version/18.0 Safari/605.1.15"
45.227.253.162 - - [14/Aug/2026:07:51:41 -0500] "GET /nitro-astropay-fast-payments-secure-transactions-now/ HTTP/1.1" 200 77156 "-" "Mozilla/5.0 (Windows NT 10.0; Win64; x64) AppleWebKit/537.36 (KHTML, like Gecko) Chrome/124.0.0.0 Safari/537.36"
57.141.14.63 - - [14/Aug/2026:07:51:42 -0500] "GET /?u=55240040435 HTTP/1.1" 200 82322 "-" "Mozilla/5.0 (Windows NT 10.0; Win64; x64) AppleWebKit/537.36 (KHTML, like Gecko) Chrome/145.0.0.0 Safari/537.36 (compatible; meta-externalagent/1.1 (+https://developers.facebook.com/docs/sharing/webmasters/crawler))"
57.141.14.77 - - [14/Aug/2026:07:51:44 -0500] "GET /?c=83674991063 HTTP/1.1" 200 82322 "-" "Mozilla/5.0 (Windows NT 10.0; Win64; x64) AppleWebKit/537.36 (KHTML, like Gecko) Chrome/145.0.0.0 Safari/537.36 Edg/145.0.0.0 (compatible; meta-externalagent/1.1 (+https://developers.facebook.com/docs/sharing/webmasters/crawler))"
45.227.253.162 - - [14/Aug/2026:07:51:44 -0500] "GET /live-roulette-days-experience-real-casino-thrills-now/ HTTP/1.1" 200 63275 "-" "Mozilla/5.0 (Macintosh; Intel Mac OS X 10_15_7) AppleWebKit/605.1.15 (KHTML, like Gecko) Version/18.0 Safari/605.1.15"
57.141.14.73 - - [14/Aug/2026:07:51:45 -0500] "GET /?c=32965331408 HTTP/1.1" 200 82322 "-" "Mozilla/5.0 (Windows NT 10.0; Win64; x64) AppleWebKit/537.36 (KHTML, like Gecko) Chrome/145.0.0.0 Safari/537.36 (compatible; meta-externalagent/1.1 (+https://developers.facebook.com/docs/sharing/webmasters/crawler))"
45.227.253.162 - - [14/Aug/2026:07:51:47 -0500] "GET /ninja-partners-power-boost-your-business-growth-now/ HTTP/1.1" 200 70281 "-" "Mozilla/5.0 (Macintosh; Intel Mac OS X 10_15_7) AppleWebKit/605.1.15 (KHTML, like Gecko) Version/18.0 Safari/605.1.15"
57.141.14.24 - - [14/Aug/2026:07:51:48 -0500] "GET /?m=23092882549 HTTP/1.1" 200 57694 "-" "Mozilla/5.0 (Windows NT 10.0; Win64; x64) AppleWebKit/537.36 (KHTML, like Gecko) Chrome/145.0.0.0 Safari/537.36 (compatible; meta-externalagent/1.1 (+https://developers.facebook.com/docs/sharing/webmasters/crawler))"
45.227.253.162 - - [14/Aug/2026:07:51:49 -0500] "GET /quickwin-btc-fast-bitcoin-gains-now/ HTTP/1.1" 200 69917 "-" "Mozilla/5.0 (Windows NT 10.0; Win64; x64; rv:133.0) Gecko/20100101 Firefox/133.0"
162.214.115.43 - - [14/Aug/2026:07:51:53 -0500] "POST /wp-cron.php?doing_wp_cron=1786711913.6272640228271484375000 HTTP/1.1" 200 - "https://quizena.com.co/wp-cron.php?doing_wp_cron=1786711913.6272640228271484375000" "WordPress/6.0.14; https://quizena.com.co"
45.227.253.162 - - [14/Aug/2026:07:51:52 -0500] "GET /ninja-free-chips-get-yours-now-limited-time-offer/ HTTP/1.1" 200 63349 "-" "Mozilla/5.0 (Windows NT 10.0; Win64; x64) AppleWebKit/537.36 (KHTML, like Gecko) Chrome/124.0.0.0 Safari/537.36"
162.214.115.43 - - [14/Aug/2026:07:51:56 -0500] "POST /wp-cron.php?doing_wp_cron=1786711916.5847299098968505859375 HTTP/1.1" 200 - "https://quizena.com.co/wp-cron.php?doing_wp_cron=1786711916.5847299098968505859375" "WordPress/6.0.14; https://quizena.com.co"
5.253.204.82 - - [14/Aug/2026:07:51:56 -0500] "GET /wp-login.php HTTP/1.1" 200 14321 "https://quizena.com.co/" "Mozilla/5.0 (Windows NT 10.0; Win64; x64) AppleWebKit/537.36 (KHTML, like Gecko) Chrome/149.0.0.0 Safari/537.36"
45.227.253.162 - - [14/Aug/2026:07:51:56 -0500] "GET /legionbet-fishing-games-fun-action-online/ HTTP/1.1" 200 76955 "-" "Mozilla/5.0 (Macintosh; Intel Mac OS X 10_15_7) AppleWebKit/605.1.15 (KHTML, like Gecko) Version/18.0 Safari/605.1.15"
5.253.204.82 - - [14/Aug/2026:07:51:56 -0500] "GET /wp-includes/css/buttons.min.css?ver=6.0.14 HTTP/1.1" 200 5854 "https://quizena.com.co/wp-login.php" "Mozilla/5.0 (Windows NT 10.0; Win64; x64) AppleWebKit/537.36 (KHTML, like Gecko) Chrome/149.0.0.0 Safari/537.36"
5.253.204.82 - - [14/Aug/2026:07:51:56 -0500] "GET /wp-includes/css/dashicons.min.css?ver=6.0.14 HTTP/1.1" 200 59016 "https://quizena.com.co/wp-login.php" "Mozilla/5.0 (Windows NT 10.0; Win64; x64) AppleWebKit/537.36 (KHTML, like Gecko) Chrome/149.0.0.0 Safari/537.36"
5.253.204.82 - - [14/Aug/2026:07:51:56 -0500] "GET /wp-admin/css/forms.min.css?ver=6.0.14 HTTP/1.1" 200 25438 "https://quizena.com.co/wp-login.php" "Mozilla/5.0 (Windows NT 10.0; Win64; x64) AppleWebKit/537.36 (KHTML, like Gecko) Chrome/149.0.0.0 Safari/537.36"
5.253.204.82 - - [14/Aug/2026:07:51:57 -0500] "GET /wp-admin/css/login.min.css?ver=6.0.14 HTTP/1.1" 200 6315 "https://quizena.com.co/wp-login.php" "Mozilla/5.0 (Windows NT 10.0; Win64; x64) AppleWebKit/537.36 (KHTML, like Gecko) Chrome/149.0.0.0 Safari/537.36"
5.253.204.82 - - [14/Aug/2026:07:51:57 -0500] "GET /wp-admin/css/l10n.min.css?ver=6.0.14 HTTP/1.1" 200 2477 "https://quizena.com.co/wp-login.php" "Mozilla/5.0 (Windows NT 10.0; Win64; x64) AppleWebKit/537.36 (KHTML, like Gecko) Chrome/149.0.0.0 Safari/537.36"
5.253.204.82 - - [14/Aug/2026:07:51:57 -0500] "GET /wp-includes/js/jquery/jquery-migrate.min.js?ver=3.3.2 HTTP/1.1" 200 11224 "https://quizena.com.co/wp-login.php" "Mozilla/5.0 (Windows NT 10.0; Win64; x64) AppleWebKit/537.36 (KHTML, like Gecko) Chrome/149.0.0.0 Safari/537.36"
5.253.204.82 - - [14/Aug/2026:07:51:57 -0500] "GET /wp-includes/js/zxcvbn-async.min.js?ver=1.0 HTTP/1.1" 200 351 "https://quizena.com.co/wp-login.php" "Mozilla/5.0 (Windows NT 10.0; Win64; x64) AppleWebKit/537.36 (KHTML, like Gecko) Chrome/149.0.0.0 Safari/537.36"
5.253.204.82 - - [14/Aug/2026:07:51:57 -0500] "GET /wp-includes/js/dist/vendor/regenerator-runtime.min.js?ver=0.13.9 HTTP/1.1" 200 6475 "https://quizena.com.co/wp-login.php" "Mozilla/5.0 (Windows NT 10.0; Win64; x64) AppleWebKit/537.36 (KHTML, like Gecko) Chrome/149.0.0.0 Safari/537.36"
5.253.204.82 - - [14/Aug/2026:07:51:57 -0500] "GET /wp-includes/js/dist/vendor/wp-polyfill.min.js?ver=3.15.0 HTTP/1.1" 200 19142 "https://quizena.com.co/wp-login.php" "Mozilla/5.0 (Windows NT 10.0; Win64; x64) AppleWebKit/537.36 (KHTML, like Gecko) Chrome/149.0.0.0 Safari/537.36"
5.253.204.82 - - [14/Aug/2026:07:51:57 -0500] "GET /wp-includes/js/underscore.min.js?ver=1.13.3 HTTP/1.1" 200 18911 "https://quizena.com.co/wp-login.php" "Mozilla/5.0 (Windows NT 10.0; Win64; x64) AppleWebKit/537.36 (KHTML, like Gecko) Chrome/149.0.0.0 Safari/537.36"
5.253.204.82 - - [14/Aug/2026:07:51:57 -0500] "GET /wp-includes/js/dist/hooks.min.js?ver=7c7c64c1a380ae3538b979fca8879698 HTTP/1.1" 200 4910 "https://quizena.com.co/wp-login.php" "Mozilla/5.0 (Windows NT 10.0; Win64; x64) AppleWebKit/537.36 (KHTML, like Gecko) Chrome/149.0.0.0 Safari/537.36"
5.253.204.82 - - [14/Aug/2026:07:51:57 -0500] "GET /wp-includes/js/dist/i18n.min.js?ver=697b2b06517cf39185c74b01457a19bd HTTP/1.1" 200 10228 "https://quizena.com.co/wp-login.php" "Mozilla/5.0 (Windows NT 10.0; Win64; x64) AppleWebKit/537.36 (KHTML, like Gecko) Chrome/149.0.0.0 Safari/537.36"
5.253.204.82 - - [14/Aug/2026:07:51:57 -0500] "GET /wp-includes/js/jquery/jquery.min.js?ver=3.6.0 HTTP/1.1" 200 89521 "https://quizena.com.co/wp-login.php" "Mozilla/5.0 (Windows NT 10.0; Win64; x64) AppleWebKit/537.36 (KHTML, like Gecko) Chrome/149.0.0.0 Safari/537.36"
5.253.204.82 - - [14/Aug/2026:07:51:57 -0500] "GET /wp-admin/js/user-profile.min.js?ver=6.0.14 HTTP/1.1" 200 6187 "https://quizena.com.co/wp-login.php" "Mozilla/5.0 (Windows NT 10.0; Win64; x64) AppleWebKit/537.36 (KHTML, like Gecko) Chrome/149.0.0.0 Safari/537.36"
5.253.204.82 - - [14/Aug/2026:07:51:57 -0500] "GET /wp-includes/js/wp-util.min.js?ver=6.0.14 HTTP/1.1" 200 1340 "https://quizena.com.co/wp-login.php" "Mozilla/5.0 (Windows NT 10.0; Win64; x64) AppleWebKit/537.36 (KHTML, like Gecko) Chrome/149.0.0.0 Safari/537.36"
5.253.204.82 - - [14/Aug/2026:07:51:57 -0500] "GET /wp-admin/js/password-strength-meter.min.js?ver=6.0.14 HTTP/1.1" 200 1123 "https://quizena.com.co/wp-login.php" "Mozilla/5.0 (Windows NT 10.0; Win64; x64) AppleWebKit/537.36 (KHTML, like Gecko) Chrome/149.0.0.0 Safari/537.36"
5.253.204.82 - - [14/Aug/2026:07:51:57 -0500] "GET /wp-admin/images/wordpress-logo.svg?ver=20131107 HTTP/1.1" 200 1521 "https://quizena.com.co/wp-admin/css/login.min.css?ver=6.0.14" "Mozilla/5.0 (Windows NT 10.0; Win64; x64) AppleWebKit/537.36 (KHTML, like Gecko) Chrome/149.0.0.0 Safari/537.36"
5.253.204.82 - - [14/Aug/2026:07:51:58 -0500] "GET /wp-content/uploads/2022/07/cropped-My-project-1-192x192.png HTTP/1.1" 200 3675 "https://quizena.com.co/wp-login.php" "Mozilla/5.0 (Windows NT 10.0; Win64; x64) AppleWebKit/537.36 (KHTML, like Gecko) Chrome/149.0.0.0 Safari/537.36"
57.141.6.8 - - [14/Aug/2026:07:51:57 -0500] "GET / HTTP/1.1" 200 82322 "-" "facebookexternalhit/1.1 (+http://www.facebook.com/externalhit_uatext.php)"
5.253.204.82 - - [14/Aug/2026:07:51:58 -0500] "GET /wp-includes/js/zxcvbn.min.js HTTP/1.1" 200 822237 "https://quizena.com.co/wp-login.php" "Mozilla/5.0 (Windows NT 10.0; Win64; x64) AppleWebKit/537.36 (KHTML, like Gecko) Chrome/149.0.0.0 Safari/537.36"
57.141.14.84 - - [14/Aug/2026:07:51:58 -0500] "GET /?d=24808283643 HTTP/1.1" 200 82322 "-" "Mozilla/5.0 (Macintosh; Intel Mac OS X 10_15_7) AppleWebKit/537.36 (KHTML, like Gecko) Chrome/145.0.0.0 Safari/537.36 (compatible; meta-externalagent/1.1 (+https://developers.facebook.com/docs/sharing/webmasters/crawler))"
45.227.253.162 - - [14/Aug/2026:07:51:59 -0500] "GET /monixbet-play-excitement-fun-action-now/ HTTP/1.1" 200 75178 "-" "Mozilla/5.0 (Windows NT 10.0; Win64; x64; rv:133.0) Gecko/20100101 Firefox/133.0"
57.141.14.91 - - [14/Aug/2026:07:51:59 -0500] "GET /?y=82444550700 HTTP/1.1" 200 82322 "-" "Mozilla/5.0 (Windows NT 10.0; Win64; x64) AppleWebKit/537.36 (KHTML, like Gecko) Chrome/145.0.0.0 Safari/537.36 (compatible; meta-externalagent/1.1 (+https://developers.facebook.com/docs/sharing/webmasters/crawler))"
57.141.14.5 - - [14/Aug/2026:07:52:00 -0500] "GET /?r=95179014734 HTTP/1.1" 200 82322 "-" "Mozilla/5.0 (Macintosh; Intel Mac OS X 10_15_7) AppleWebKit/537.36 (KHTML, like Gecko) Chrome/145.0.0.0 Safari/537.36 (compatible; meta-externalagent/1.1 (+https://developers.facebook.com/docs/sharing/webmasters/crawler))"
162.214.115.43 - - [14/Aug/2026:07:52:02 -0500] "POST /wp-cron.php?doing_wp_cron=1786711922.0806429386138916015625 HTTP/1.1" 200 - "https://quizena.com.co/wp-cron.php?doing_wp_cron=1786711922.0806429386138916015625" "WordPress/6.0.14; https://quizena.com.co"
45.227.253.162 - - [14/Aug/2026:07:52:01 -0500] "GET /legzo-withdrawal-fast-and-secure-payouts-today/ HTTP/1.1" 200 70034 "-" "Mozilla/5.0 (Macintosh; Intel Mac OS X 10_15_7) AppleWebKit/605.1.15 (KHTML, like Gecko) Version/18.0 Safari/605.1.15"
57.141.14.98 - - [14/Aug/2026:07:52:02 -0500] "GET /?v=93429396296 HTTP/1.1" 200 82322 "-" "Mozilla/5.0 (Windows NT 10.0; Win64; x64) AppleWebKit/537.36 (KHTML, like Gecko) Chrome/145.0.0.0 Safari/537.36 (compatible; meta-externalagent/1.1 (+https://developers.facebook.com/docs/sharing/webmasters/crawler))"
5.253.204.82 - - [14/Aug/2026:07:52:02 -0500] "POST /wp-login.php HTTP/1.1" 302 5679 "https://quizena.com.co/wp-login.php" "Mozilla/5.0 (Windows NT 10.0; Win64; x64) AppleWebKit/537.36 (KHTML, like Gecko) Chrome/149.0.0.0 Safari/537.36"
5.253.204.82 - - [14/Aug/2026:07:52:03 -0500] "GET /wp-login.php?redirect_to=https%3A%2F%2Fquizena.com.co%2Fwp-admin%2F&action=confirm_admin_email&wp_lang=es_ES HTTP/1.1" 200 4950 "https://quizena.com.co/wp-login.php" "Mozilla/5.0 (Windows NT 10.0; Win64; x64) AppleWebKit/537.36 (KHTML, like Gecko) Chrome/149.0.0.0 Safari/537.36"
5.253.204.82 - - [14/Aug/2026:07:52:03 -0500] "GET /wp-content/uploads/2022/07/cropped-My-project-1-192x192.png HTTP/1.1" 200 3675 "https://quizena.com.co/wp-login.php?redirect_to=https%3A%2F%2Fquizena.com.co%2Fwp-admin%2F&action=confirm_admin_email&wp_lang=es_ES" "Mozilla/5.0 (Windows NT 10.0; Win64; x64) AppleWebKit/537.36 (KHTML, like Gecko) Chrome/149.0.0.0 Safari/537.36"
45.227.253.162 - - [14/Aug/2026:07:52:04 -0500] "GET /momang-jackpot-win-big-now-amazing-prizes-await/ HTTP/1.1" 200 74696 "-" "Mozilla/5.0 (Windows NT 10.0; Win64; x64; rv:133.0) Gecko/20100101 Firefox/133.0"
5.253.204.82 - - [14/Aug/2026:07:52:05 -0500] "GET /wp-admin/post-new.php HTTP/1.1" 403 72196 "https://quizena.com.co/" "Mozilla/5.0 (Windows NT 10.0; Win64; x64) AppleWebKit/537.36 (KHTML, like Gecko) Chrome/149.0.0.0 Safari/537.36"
5.253.204.82 - - [14/Aug/2026:07:52:06 -0500] "GET /wp-includes/css/admin-bar.min.css?ver=6.0.14 HTTP/1.1" 200 20282 "https://quizena.com.co/wp-admin/post-new.php" "Mozilla/5.0 (Windows NT 10.0; Win64; x64) AppleWebKit/537.36 (KHTML, like Gecko) Chrome/149.0.0.0 Safari/537.36"
5.253.204.82 - - [14/Aug/2026:07:52:06 -0500] "GET /wp-content/plugins/elementor/assets/lib/eicons/css/elementor-icons.min.css?ver=5.15.0 HTTP/1.1" 200 19128 "https://quizena.com.co/wp-admin/post-new.php" "Mozilla/5.0 (Windows NT 10.0; Win64; x64) AppleWebKit/537.36 (KHTML, like Gecko) Chrome/149.0.0.0 Safari/537.36"
5.253.204.82 - - [14/Aug/2026:07:52:06 -0500] "GET /wp-content/plugins/contact-form-7/includes/css/styles.css?ver=5.6 HTTP/1.1" 200 2731 "https://quizena.com.co/wp-admin/post-new.php" "Mozilla/5.0 (Windows NT 10.0; Win64; x64) AppleWebKit/537.36 (KHTML, like Gecko) Chrome/149.0.0.0 Safari/537.36"
5.253.204.82 - - [14/Aug/2026:07:52:06 -0500] "GET /wp-content/plugins/elementor/assets/css/common.min.css?ver=3.6.7 HTTP/1.1" 200 12272 "https://quizena.com.co/wp-admin/post-new.php" "Mozilla/5.0 (Windows NT 10.0; Win64; x64) AppleWebKit/537.36 (KHTML, like Gecko) Chrome/149.0.0.0 Safari/537.36"
5.253.204.82 - - [14/Aug/2026:07:52:06 -0500] "GET /wp-includes/css/dist/block-library/style.min.css?ver=6.0.14 HTTP/1.1" 200 88932 "https://quizena.com.co/wp-admin/post-new.php" "Mozilla/5.0 (Windows NT 10.0; Win64; x64) AppleWebKit/537.36 (KHTML, like Gecko) Chrome/149.0.0.0 Safari/537.36"
5.253.204.82 - - [14/Aug/2026:07:52:06 -0500] "GET /wp-content/themes/razzi/style.css?ver=20220505 HTTP/1.1" 200 328918 "https://quizena.com.co/wp-admin/post-new.php" "Mozilla/5.0 (Windows NT 10.0; Win64; x64) AppleWebKit/537.36 (KHTML, like Gecko) Chrome/149.0.0.0 Safari/537.36"
5.253.204.82 - - [14/Aug/2026:07:52:06 -0500] "GET /wp-includes/js/hoverintent-js.min.js?ver=2.2.1 HTTP/1.1" 200 1718 "https://quizena.com.co/wp-admin/post-new.php" "Mozilla/5.0 (Windows NT 10.0; Win64; x64) AppleWebKit/537.36 (KHTML, like Gecko) Chrome/149.0.0.0 Safari/537.36"
5.253.204.82 - - [14/Aug/2026:07:52:07 -0500] "GET /wp-includes/js/admin-bar.min.js?ver=6.0.14 HTTP/1.1" 200 3548 "https://quizena.com.co/wp-admin/post-new.php" "Mozilla/5.0 (Windows NT 10.0; Win64; x64) AppleWebKit/537.36 (KHTML, like Gecko) Chrome/149.0.0.0 Safari/537.36"
5.253.204.82 - - [14/Aug/2026:07:52:07 -0500] "GET /wp-content/plugins/contact-form-7/includes/js/index.js?ver=5.6 HTTP/1.1" 200 21821 "https://quizena.com.co/wp-admin/post-new.php" "Mozilla/5.0 (Windows NT 10.0; Win64; x64) AppleWebKit/537.36 (KHTML, like Gecko) Chrome/149.0.0.0 Safari/537.36"
5.253.204.82 - - [14/Aug/2026:07:52:07 -0500] "GET /wp-content/themes/razzi/assets/js/plugins/isInViewport.min.js?ver=20201012 HTTP/1.1" 200 2304 "https://quizena.com.co/wp-admin/post-new.php" "Mozilla/5.0 (Windows NT 10.0; Win64; x64) AppleWebKit/537.36 (KHTML, like Gecko) Chrome/149.0.0.0 Safari/537.36"
5.253.204.82 - - [14/Aug/2026:07:52:07 -0500] "GET /wp-content/themes/razzi/assets/js/plugins/notify.min.js?ver=1.0.0 HTTP/1.1" 200 13780 "https://quizena.com.co/wp-admin/post-new.php" "Mozilla/5.0 (Windows NT 10.0; Win64; x64) AppleWebKit/537.36 (KHTML, like Gecko) Chrome/149.0.0.0 Safari/537.36"
5.253.204.82 - - [14/Aug/2026:07:52:07 -0500] "GET /wp-content/themes/razzi/assets/js/scripts.min.js?ver=20220330 HTTP/1.1" 200 47064 "https://quizena.com.co/wp-admin/post-new.php" "Mozilla/5.0 (Windows NT 10.0; Win64; x64) AppleWebKit/537.36 (KHTML, like Gecko) Chrome/149.0.0.0 Safari/537.36"
5.253.204.82 - - [14/Aug/2026:07:52:07 -0500] "GET /wp-includes/js/imagesloaded.min.js?ver=4.1.4 HTTP/1.1" 200 5629 "https://quizena.com.co/wp-admin/post-new.php" "Mozilla/5.0 (Windows NT 10.0; Win64; x64) AppleWebKit/537.36 (KHTML, like Gecko) Chrome/149.0.0.0 Safari/537.36"
5.253.204.82 - - [14/Aug/2026:07:52:07 -0500] "GET /wp-content/uploads/2022/10/nuevo-tamano-logo.png HTTP/1.1" 200 5879 "https://quizena.com.co/wp-admin/post-new.php" "Mozilla/5.0 (Windows NT 10.0; Win64; x64) AppleWebKit/537.36 (KHTML, like Gecko) Chrome/149.0.0.0 Safari/537.36"
5.253.204.82 - - [14/Aug/2026:07:52:07 -0500] "GET /wp-includes/js/jquery/ui/core.min.js?ver=1.13.1 HTTP/1.1" 200 20715 "https://quizena.com.co/wp-admin/post-new.php" "Mozilla/5.0 (Windows NT 10.0; Win64; x64) AppleWebKit/537.36 (KHTML, like Gecko) Chrome/149.0.0.0 Safari/537.36"
5.253.204.82 - - [14/Aug/2026:07:52:07 -0500] "GET /wp-includes/js/jquery/ui/mouse.min.js?ver=1.13.1 HTTP/1.1" 200 3411 "https://quizena.com.co/wp-admin/post-new.php" "Mozilla/5.0 (Windows NT 10.0; Win64; x64) AppleWebKit/537.36 (KHTML, like Gecko) Chrome/149.0.0.0 Safari/537.36"
5.253.204.82 - - [14/Aug/2026:07:52:07 -0500] "GET /wp-includes/js/jquery/ui/draggable.min.js?ver=1.13.1 HTTP/1.1" 200 18327 "https://quizena.com.co/wp-admin/post-new.php" "Mozilla/5.0 (Windows NT 10.0; Win64; x64) AppleWebKit/537.36 (KHTML, like Gecko) Chrome/149.0.0.0 Safari/537.36"
5.253.204.82 - - [14/Aug/2026:07:52:07 -0500] "GET /wp-content/themes/razzi/assets/js/plugins/swiper.min.js?ver=5.3.8 HTTP/1.1" 200 139784 "https://quizena.com.co/wp-admin/post-new.php" "Mozilla/5.0 (Windows NT 10.0; Win64; x64) AppleWebKit/537.36 (KHTML, like Gecko) Chrome/149.0.0.0 Safari/537.36"
5.253.204.82 - - [14/Aug/2026:07:52:07 -0500] "GET /wp-includes/js/backbone.min.js?ver=1.4.1 HTTP/1.1" 200 23929 "https://quizena.com.co/wp-admin/post-new.php" "Mozilla/5.0 (Windows NT 10.0; Win64; x64) AppleWebKit/537.36 (KHTML, like Gecko) Chrome/149.0.0.0 Safari/537.36"
5.253.204.82 - - [14/Aug/2026:07:52:07 -0500] "GET /wp-content/plugins/elementor/assets/lib/backbone/backbone.marionette.min.js?ver=2.4.5.e1 HTTP/1.1" 200 45156 "https://quizena.com.co/wp-admin/post-new.php" "Mozilla/5.0 (Windows NT 10.0; Win64; x64) AppleWebKit/537.36 (KHTML, like Gecko) Chrome/149.0.0.0 Safari/537.36"
5.253.204.82 - - [14/Aug/2026:07:52:07 -0500] "GET /wp-content/plugins/elementor/assets/lib/backbone/backbone.radio.min.js?ver=1.0.4 HTTP/1.1" 200 3753 "https://quizena.com.co/wp-admin/post-new.php" "Mozilla/5.0 (Windows NT 10.0; Win64; x64) AppleWebKit/537.36 (KHTML, like Gecko) Chrome/149.0.0.0 Safari/537.36"
57.141.14.38 - - [14/Aug/2026:07:52:07 -0500] "GET /?m=24111851082 HTTP/1.1" 200 57694 "-" "Mozilla/5.0 (Macintosh; Intel Mac OS X 10_15_7) AppleWebKit/537.36 (KHTML, like Gecko) Chrome/145.0.0.0 Safari/537.36 (compatible; meta-externalagent/1.1 (+https://developers.facebook.com/docs/sharing/webmasters/crawler))"
5.253.204.82 - - [14/Aug/2026:07:52:07 -0500] "GET /wp-content/plugins/elementor/assets/js/common-modules.min.js?ver=3.6.7 HTTP/1.1" 200 105273 "https://quizena.com.co/wp-admin/post-new.php" "Mozilla/5.0 (Windows NT 10.0; Win64; x64) AppleWebKit/537.36 (KHTML, like Gecko) Chrome/149.0.0.0 Safari/537.36"
5.253.204.82 - - [14/Aug/2026:07:52:07 -0500] "GET /wp-includes/js/api-request.min.js?ver=6.0.14 HTTP/1.1" 200 1023 "https://quizena.com.co/wp-admin/post-new.php" "Mozilla/5.0 (Windows NT 10.0; Win64; x64) AppleWebKit/537.36 (KHTML, like Gecko) Chrome/149.0.0.0 Safari/537.36"
5.253.204.82 - - [14/Aug/2026:07:52:07 -0500] "GET /wp-content/plugins/elementor/assets/lib/dialog/dialog.min.js?ver=4.9.0 HTTP/1.1" 200 10682 "https://quizena.com.co/wp-admin/post-new.php" "Mozilla/5.0 (Windows NT 10.0; Win64; x64) AppleWebKit/537.36 (KHTML, like Gecko) Chrome/149.0.0.0 Safari/537.36"
5.253.204.82 - - [14/Aug/2026:07:52:07 -0500] "GET /wp-content/plugins/elementor/assets/js/common.min.js?ver=3.6.7 HTTP/1.1" 200 147726 "https://quizena.com.co/wp-admin/post-new.php" "Mozilla/5.0 (Windows NT 10.0; Win64; x64) AppleWebKit/537.36 (KHTML, like Gecko) Chrome/149.0.0.0 Safari/537.36"
5.253.204.82 - - [14/Aug/2026:07:52:07 -0500] "GET /wp-content/plugins/elementor/assets/js/app-loader.min.js?ver=3.6.7 HTTP/1.1" 200 92339 "https://quizena.com.co/wp-admin/post-new.php" "Mozilla/5.0 (Windows NT 10.0; Win64; x64) AppleWebKit/537.36 (KHTML, like Gecko) Chrome/149.0.0.0 Safari/537.36"
5.253.204.82 - - [14/Aug/2026:07:52:07 -0500] "GET /wp-content/plugins/elementor/assets/js/web-cli.min.js?ver=3.6.7 HTTP/1.1" 200 165386 "https://quizena.com.co/wp-admin/post-new.php" "Mozilla/5.0 (Windows NT 10.0; Win64; x64) AppleWebKit/537.36 (KHTML, like Gecko) Chrome/149.0.0.0 Safari/537.36"
5.253.204.82 - - [14/Aug/2026:07:52:07 -0500] "GET /wp-includes/js/wp-emoji-release.min.js?ver=6.0.14 HTTP/1.1" 200 18617 "https://quizena.com.co/wp-admin/post-new.php" "Mozilla/5.0 (Windows NT 10.0; Win64; x64) AppleWebKit/537.36 (KHTML, like Gecko) Chrome/149.0.0.0 Safari/537.36"
5.253.204.82 - - [14/Aug/2026:07:52:07 -0500] "GET /wp-content/uploads/2020/03/cropped-logoweb.png HTTP/1.1" 200 41612 "https://quizena.com.co/wp-admin/post-new.php" "Mozilla/5.0 (Windows NT 10.0; Win64; x64) AppleWebKit/537.36 (KHTML, like Gecko) Chrome/149.0.0.0 Safari/537.36"
5.253.204.82 - - [14/Aug/2026:07:52:08 -0500] "GET /wp-content/uploads/2022/07/cropped-My-project-1-192x192.png HTTP/1.1" 200 3675 "https://quizena.com.co/wp-admin/post-new.php" "Mozilla/5.0 (Windows NT 10.0; Win64; x64) AppleWebKit/537.36 (KHTML, like Gecko) Chrome/149.0.0.0 Safari/537.36"
5.253.204.82 - - [14/Aug/2026:07:52:08 -0500] "GET /wp-content/uploads/2022/06/jewelry-instagram-61.jpg HTTP/1.1" 200 53133 "https://quizena.com.co/wp-admin/post-new.php" "Mozilla/5.0 (Windows NT 10.0; Win64; x64) AppleWebKit/537.36 (KHTML, like Gecko) Chrome/149.0.0.0 Safari/537.36"
45.227.253.162 - - [14/Aug/2026:07:52:07 -0500] "GET /lataamo-providers-solutions-for-your-needs/ HTTP/1.1" 200 77356 "-" "Mozilla/5.0 (Windows NT 10.0; Win64; x64; rv:133.0) Gecko/20100101 Firefox/133.0"
5.253.204.82 - - [14/Aug/2026:07:52:08 -0500] "POST /xmlrpc.php HTTP/1.1" 200 654 "https://quizena.com.co/" "Mozilla/5.0 (Windows NT 10.0; Win64; x64) AppleWebKit/537.36 (KHTML, like Gecko) Chrome/122.0.0.0 Safari/537.36"
5.253.204.82 - - [14/Aug/2026:07:52:09 -0500] "POST /xmlrpc.php HTTP/1.1" 200 180 "https://quizena.com.co/" "Mozilla/5.0 (Windows NT 10.0; Win64; x64) AppleWebKit/537.36 (KHTML, like Gecko) Chrome/122.0.0.0 Safari/537.36"
5.253.204.82 - - [14/Aug/2026:07:52:11 -0500] "POST /xmlrpc.php HTTP/1.1" 200 7719 "https://quizena.com.co/" "Mozilla/5.0 (Windows NT 10.0; Win64; x64) AppleWebKit/537.36 (KHTML, like Gecko) Chrome/122.0.0.0 Safari/537.36"
57.141.14.107 - - [14/Aug/2026:07:52:10 -0500] "GET /?e=73961894580 HTTP/1.1" 200 82322 "-" "Mozilla/5.0 (Windows NT 10.0; Win64; x64) AppleWebKit/537.36 (KHTML, like Gecko) Chrome/145.0.0.0 Safari/537.36 (compatible; meta-externalagent/1.1 (+https://developers.facebook.com/docs/sharing/webmasters/crawler))"
45.227.253.162 - - [14/Aug/2026:07:52:11 -0500] "GET /monro-reopen-account-get-back-to-trading-now/ HTTP/1.1" 200 75801 "-" "Mozilla/5.0 (Windows NT 10.0; Win64; x64) AppleWebKit/537.36 (KHTML, like Gecko) Chrome/124.0.0.0 Safari/537.36"
57.141.14.67 - - [14/Aug/2026:07:52:11 -0500] "GET /?a=52518056702 HTTP/1.1" 200 82322 "-" "Mozilla/5.0 (Macintosh; Intel Mac OS X 10_15_7) AppleWebKit/537.36 (KHTML, like Gecko) Chrome/145.0.0.0 Safari/537.36 (compatible; meta-externalagent/1.1 (+https://developers.facebook.com/docs/sharing/webmasters/crawler))"
57.141.14.52 - - [14/Aug/2026:07:52:12 -0500] "GET /?u=32784358748 HTTP/1.1" 200 82322 "-" "Mozilla/5.0 (Macintosh; Intel Mac OS X 10_15_7) AppleWebKit/537.36 (KHTML, like Gecko) Chrome/145.0.0.0 Safari/537.36 (compatible; meta-externalagent/1.1 (+https://developers.facebook.com/docs/sharing/webmasters/crawler))"
45.227.253.162 - - [14/Aug/2026:07:52:14 -0500] "GET /lilibet-cashout-limit-get-your-best-bet-now/ HTTP/1.1" 200 90380 "-" "Mozilla/5.0 (Windows NT 10.0; Win64; x64) AppleWebKit/537.36 (KHTML, like Gecko) Chrome/124.0.0.0 Safari/537.36"
5.253.204.82 - - [14/Aug/2026:07:52:13 -0500] "GET /advanced-roulette-for-experts-uk-for-mobile-a-complete-guide/ HTTP/1.1" 200 68588 "-" "Mozilla/5.0 (Windows NT 10.0; Win64; x64) AppleWebKit/537.36 (KHTML, like Gecko) Chrome/149.0.0.0 Safari/537.36"
5.253.204.82 - - [14/Aug/2026:07:52:15 -0500] "GET /wp-includes/css/dist/block-library/style.min.css?ver=6.0.14 HTTP/1.1" 200 88932 "https://quizena.com.co/advanced-roulette-for-experts-uk-for-mobile-a-complete-guide/" "Mozilla/5.0 (Windows NT 10.0; Win64; x64) AppleWebKit/537.36 (KHTML, like Gecko) Chrome/149.0.0.0 Safari/537.36"
5.253.204.82 - - [14/Aug/2026:07:52:15 -0500] "GET /wp-content/plugins/contact-form-7/includes/css/styles.css?ver=5.6 HTTP/1.1" 200 2731 "https://quizena.com.co/advanced-roulette-for-experts-uk-for-mobile-a-complete-guide/" "Mozilla/5.0 (Windows NT 10.0; Win64; x64) AppleWebKit/537.36 (KHTML, like Gecko) Chrome/149.0.0.0 Safari/537.36"
5.253.204.82 - - [14/Aug/2026:07:52:15 -0500] "GET /wp-includes/js/jquery/jquery-migrate.min.js?ver=3.3.2 HTTP/1.1" 200 11224 "https://quizena.com.co/advanced-roulette-for-experts-uk-for-mobile-a-complete-guide/" "Mozilla/5.0 (Windows NT 10.0; Win64; x64) AppleWebKit/537.36 (KHTML, like Gecko) Chrome/149.0.0.0 Safari/537.36"
5.253.204.82 - - [14/Aug/2026:07:52:15 -0500] "GET /wp-includes/js/jquery/jquery.min.js?ver=3.6.0 HTTP/1.1" 200 89521 "https://quizena.com.co/advanced-roulette-for-experts-uk-for-mobile-a-complete-guide/" "Mozilla/5.0 (Windows NT 10.0; Win64; x64) AppleWebKit/537.36 (KHTML, like Gecko) Chrome/149.0.0.0 Safari/537.36"
5.253.204.82 - - [14/Aug/2026:07:52:15 -0500] "GET /wp-content/themes/razzi/style.css?ver=20220505 HTTP/1.1" 200 328918 "https://quizena.com.co/advanced-roulette-for-experts-uk-for-mobile-a-complete-guide/" "Mozilla/5.0 (Windows NT 10.0; Win64; x64) AppleWebKit/537.36 (KHTML, like Gecko) Chrome/149.0.0.0 Safari/537.36"
5.253.204.82 - - [14/Aug/2026:07:52:16 -0500] "GET /wp-includes/js/dist/vendor/regenerator-runtime.min.js?ver=0.13.9 HTTP/1.1" 200 6475 "https://quizena.com.co/advanced-roulette-for-experts-uk-for-mobile-a-complete-guide/" "Mozilla/5.0 (Windows NT 10.0; Win64; x64) AppleWebKit/537.36 (KHTML, like Gecko) Chrome/149.0.0.0 Safari/537.36"
5.253.204.82 - - [14/Aug/2026:07:52:16 -0500] "GET /wp-includes/js/dist/vendor/wp-polyfill.min.js?ver=3.15.0 HTTP/1.1" 200 19142 "https://quizena.com.co/advanced-roulette-for-experts-uk-for-mobile-a-complete-guide/" "Mozilla/5.0 (Windows NT 10.0; Win64; x64) AppleWebKit/537.36 (KHTML, like Gecko) Chrome/149.0.0.0 Safari/537.36"
5.253.204.82 - - [14/Aug/2026:07:52:16 -0500] "GET /wp-content/plugins/contact-form-7/includes/js/index.js?ver=5.6 HTTP/1.1" 200 21821 "https://quizena.com.co/advanced-roulette-for-experts-uk-for-mobile-a-complete-guide/" "Mozilla/5.0 (Windows NT 10.0; Win64; x64) AppleWebKit/537.36 (KHTML, like Gecko) Chrome/149.0.0.0 Safari/537.36"
5.253.204.82 - - [14/Aug/2026:07:52:16 -0500] "GET /wp-content/themes/razzi/assets/js/plugins/isInViewport.min.js?ver=20201012 HTTP/1.1" 200 2304 "https://quizena.com.co/advanced-roulette-for-experts-uk-for-mobile-a-complete-guide/" "Mozilla/5.0 (Windows NT 10.0; Win64; x64) AppleWebKit/537.36 (KHTML, like Gecko) Chrome/149.0.0.0 Safari/537.36"
5.253.204.82 - - [14/Aug/2026:07:52:16 -0500] "GET /wp-content/themes/razzi/assets/js/plugins/notify.min.js?ver=1.0.0 HTTP/1.1" 200 13780 "https://quizena.com.co/advanced-roulette-for-experts-uk-for-mobile-a-complete-guide/" "Mozilla/5.0 (Windows NT 10.0; Win64; x64) AppleWebKit/537.36 (KHTML, like Gecko) Chrome/149.0.0.0 Safari/537.36"
5.253.204.82 - - [14/Aug/2026:07:52:16 -0500] "GET /wp-content/uploads/2020/03/cropped-logoweb.png HTTP/1.1" 200 41612 "https://quizena.com.co/advanced-roulette-for-experts-uk-for-mobile-a-complete-guide/" "Mozilla/5.0 (Windows NT 10.0; Win64; x64) AppleWebKit/537.36 (KHTML, like Gecko) Chrome/149.0.0.0 Safari/537.36"
5.253.204.82 - - [14/Aug/2026:07:52:16 -0500] "GET /wp-content/uploads/2022/10/nuevo-tamano-logo.png HTTP/1.1" 200 5879 "https://quizena.com.co/advanced-roulette-for-experts-uk-for-mobile-a-complete-guide/" "Mozilla/5.0 (Windows NT 10.0; Win64; x64) AppleWebKit/537.36 (KHTML, like Gecko) Chrome/149.0.0.0 Safari/537.36"
5.253.204.82 - - [14/Aug/2026:07:52:16 -0500] "GET /wp-includes/js/wp-emoji-release.min.js?ver=6.0.14 HTTP/1.1" 200 18617 "https://quizena.com.co/advanced-roulette-for-experts-uk-for-mobile-a-complete-guide/" "Mozilla/5.0 (Windows NT 10.0; Win64; x64) AppleWebKit/537.36 (KHTML, like Gecko) Chrome/149.0.0.0 Safari/537.36"
5.253.204.82 - - [14/Aug/2026:07:52:16 -0500] "GET /wp-content/themes/razzi/assets/js/scripts.min.js?ver=20220330 HTTP/1.1" 200 47064 "https://quizena.com.co/advanced-roulette-for-experts-uk-for-mobile-a-complete-guide/" "Mozilla/5.0 (Windows NT 10.0; Win64; x64) AppleWebKit/537.36 (KHTML, like Gecko) Chrome/149.0.0.0 Safari/537.36"
5.253.204.82 - - [14/Aug/2026:07:52:16 -0500] "GET /wp-includes/js/imagesloaded.min.js?ver=4.1.4 HTTP/1.1" 200 5629 "https://quizena.com.co/advanced-roulette-for-experts-uk-for-mobile-a-complete-guide/" "Mozilla/5.0 (Windows NT 10.0; Win64; x64) AppleWebKit/537.36 (KHTML, like Gecko) Chrome/149.0.0.0 Safari/537.36"
5.253.204.82 - - [14/Aug/2026:07:52:16 -0500] "GET /wp-content/themes/razzi/assets/js/plugins/swiper.min.js?ver=5.3.8 HTTP/1.1" 200 139784 "https://quizena.com.co/advanced-roulette-for-experts-uk-for-mobile-a-complete-guide/" "Mozilla/5.0 (Windows NT 10.0; Win64; x64) AppleWebKit/537.36 (KHTML, like Gecko) Chrome/149.0.0.0 Safari/537.36"
5.253.204.82 - - [14/Aug/2026:07:52:17 -0500] "GET /wp-content/uploads/2022/06/jewelry-instagram-61.jpg HTTP/1.1" 200 53133 "https://quizena.com.co/advanced-roulette-for-experts-uk-for-mobile-a-complete-guide/" "Mozilla/5.0 (Windows NT 10.0; Win64; x64) AppleWebKit/537.36 (KHTML, like Gecko) Chrome/149.0.0.0 Safari/537.36"
45.227.253.162 - - [14/Aug/2026:07:52:17 -0500] "GET /mirax-legal-solutions-strong-support-for-your-needs/ HTTP/1.1" 200 91744 "-" "Mozilla/5.0 (Windows NT 10.0; Win64; x64) AppleWebKit/537.36 (KHTML, like Gecko) Chrome/124.0.0.0 Safari/537.36"
5.253.204.82 - - [14/Aug/2026:07:52:17 -0500] "GET /wp-content/uploads/2022/07/cropped-My-project-1-192x192.png HTTP/1.1" 200 3675 "https://quizena.com.co/advanced-roulette-for-experts-uk-for-mobile-a-complete-guide/" "Mozilla/5.0 (Windows NT 10.0; Win64; x64) AppleWebKit/537.36 (KHTML, like Gecko) Chrome/149.0.0.0 Safari/537.36"
45.227.253.162 - - [14/Aug/2026:07:52:19 -0500] "GET /lemon-online-casino-play-big-wins-now/ HTTP/1.1" 200 77755 "-" "Mozilla/5.0 (Windows NT 10.0; Win64; x64; rv:133.0) Gecko/20100101 Firefox/133.0"
57.141.14.28 - - [14/Aug/2026:07:52:21 -0500] "GET /?j=64501340607 HTTP/1.1" 200 82322 "-" "Mozilla/5.0 (Windows NT 10.0; Win64; x64) AppleWebKit/537.36 (KHTML, like Gecko) Chrome/145.0.0.0 Safari/537.36 (compatible; meta-externalagent/1.1 (+https://developers.facebook.com/docs/sharing/webmasters/crawler))"
45.227.253.162 - - [14/Aug/2026:07:52:22 -0500] "GET /kingmaker-poker-master-your-poker-destiny-today/ HTTP/1.1" 200 74330 "-" "Mozilla/5.0 (Windows NT 10.0; Win64; x64; rv:133.0) Gecko/20100101 Firefox/133.0"
45.227.253.162 - - [14/Aug/2026:07:52:25 -0500] "GET /needforspin-casino-online-thrills-big-wins/ HTTP/1.1" 200 71442 "-" "Mozilla/5.0 (Macintosh; Intel Mac OS X 10_15_7) AppleWebKit/605.1.15 (KHTML, like Gecko) Version/18.0 Safari/605.1.15"
57.141.14.34 - - [14/Aug/2026:07:52:27 -0500] "GET /?k=32523564769 HTTP/1.1" 200 82322 "-" "Mozilla/5.0 (Windows NT 10.0; Win64; x64) AppleWebKit/537.36 (KHTML, like Gecko) Chrome/145.0.0.0 Safari/537.36 (compatible; meta-externalagent/1.1 (+https://developers.facebook.com/docs/sharing/webmasters/crawler))"
57.141.14.101 - - [14/Aug/2026:07:52:27 -0500] "GET /?k=33128704606 HTTP/1.1" 200 82322 "-" "Mozilla/5.0 (Windows NT 10.0; Win64; x64) AppleWebKit/537.36 (KHTML, like Gecko) Chrome/145.0.0.0 Safari/537.36 (compatible; meta-externalagent/1.1 (+https://developers.facebook.com/docs/sharing/webmasters/crawler))"
45.227.253.162 - - [14/Aug/2026:07:52:27 -0500] "GET /klub28-suspended-premium-experience-now-available/ HTTP/1.1" 200 70447 "-" "Mozilla/5.0 (Macintosh; Intel Mac OS X 10_15_7) AppleWebKit/605.1.15 (KHTML, like Gecko) Version/18.0 Safari/605.1.15"
57.141.14.95 - - [14/Aug/2026:07:52:30 -0500] "GET /?m=85103393636 HTTP/1.1" 200 57694 "-" "Mozilla/5.0 (Windows NT 10.0; Win64; x64) AppleWebKit/537.36 (KHTML, like Gecko) Chrome/145.0.0.0 Safari/537.36 (compatible; meta-externalagent/1.1 (+https://developers.facebook.com/docs/sharing/webmasters/crawler))"
45.227.253.162 - - [14/Aug/2026:07:52:30 -0500] "GET /mirax-crypto-secure-your-future-crypto-investment-today/ HTTP/1.1" 200 80428 "-" "Mozilla/5.0 (Macintosh; Intel Mac OS X 10_15_7) AppleWebKit/605.1.15 (KHTML, like Gecko) Version/18.0 Safari/605.1.15"
45.227.253.162 - - [14/Aug/2026:07:52:33 -0500] "GET /lapilanders-blackjack-aces-play-now/ HTTP/1.1" 200 75960 "-" "Mozilla/5.0 (Windows NT 10.0; Win64; x64; rv:133.0) Gecko/20100101 Firefox/133.0"
45.227.253.162 - - [14/Aug/2026:07:52:36 -0500] "GET /metawin-live-chat-boosts-your-sales-now/ HTTP/1.1" 200 76340 "-" "Mozilla/5.0 (Windows NT 10.0; Win64; x64) AppleWebKit/537.36 (KHTML, like Gecko) Chrome/124.0.0.0 Safari/537.36"
57.141.14.78 - - [14/Aug/2026:07:52:38 -0500] "GET /?n=65957131342 HTTP/1.1" 200 82322 "-" "Mozilla/5.0 (Windows NT 10.0; Win64; x64) AppleWebKit/537.36 (KHTML, like Gecko) Chrome/145.0.0.0 Safari/537.36 (compatible; meta-externalagent/1.1 (+https://developers.facebook.com/docs/sharing/webmasters/crawler))"
45.227.253.162 - - [14/Aug/2026:07:52:39 -0500] "GET /katsubet-bonus-code-offers-best-rewards-now/ HTTP/1.1" 200 79369 "-" "Mozilla/5.0 (Windows NT 10.0; Win64; x64) AppleWebKit/537.36 (KHTML, like Gecko) Chrome/124.0.0.0 Safari/537.36"
45.227.253.162 - - [14/Aug/2026:07:52:42 -0500] "GET /mirax-tax-smart-solutions-for-business-growth/ HTTP/1.1" 200 75669 "-" "Mozilla/5.0 (Windows NT 10.0; Win64; x64; rv:133.0) Gecko/20100101 Firefox/133.0"
45.227.253.162 - - [14/Aug/2026:07:52:45 -0500] "GET /kingmaker-astropay-secure-fast-payments-solution/ HTTP/1.1" 200 77099 "-" "Mozilla/5.0 (Macintosh; Intel Mac OS X 10_15_7) AppleWebKit/605.1.15 (KHTML, like Gecko) Version/18.0 Safari/605.1.15"
57.141.14.92 - - [14/Aug/2026:07:52:48 -0500] "GET /?d=94383666117 HTTP/1.1" 200 82322 "-" "Mozilla/5.0 (Windows NT 10.0; Win64; x64) AppleWebKit/537.36 (KHTML, like Gecko) Chrome/145.0.0.0 Safari/537.36 Edg/145.0.0.0 (compatible; meta-externalagent/1.1 (+https://developers.facebook.com/docs/sharing/webmasters/crawler))"
45.227.253.162 - - [14/Aug/2026:07:52:48 -0500] "GET /get-your-speedy-bonus-code-now-for-quick-rewards/ HTTP/1.1" 200 63286 "-" "Mozilla/5.0 (Macintosh; Intel Mac OS X 10_15_7) AppleWebKit/605.1.15 (KHTML, like Gecko) Version/18.0 Safari/605.1.15"
45.227.253.162 - - [14/Aug/2026:07:52:51 -0500] "GET /kingmaker-crypto-casino-big-wins-fast-payouts/ HTTP/1.1" 200 63060 "-" "Mozilla/5.0 (Macintosh; Intel Mac OS X 10_15_7) AppleWebKit/605.1.15 (KHTML, like Gecko) Version/18.0 Safari/605.1.15"
45.227.253.162 - - [14/Aug/2026:07:52:54 -0500] "GET /spinanga-id-verification-secure-identity-check/ HTTP/1.1" 200 77517 "-" "Mozilla/5.0 (Macintosh; Intel Mac OS X 10_15_7) AppleWebKit/605.1.15 (KHTML, like Gecko) Version/18.0 Safari/605.1.15"
45.227.253.162 - - [14/Aug/2026:07:52:57 -0500] "GET /kingmaker-address-power-your-crypto-investments-now/ HTTP/1.1" 200 76072 "-" "Mozilla/5.0 (Macintosh; Intel Mac OS X 10_15_7) AppleWebKit/605.1.15 (KHTML, like Gecko) Version/18.0 Safari/605.1.15"
57.141.14.75 - - [14/Aug/2026:07:52:58 -0500] "GET /?r=83752989455 HTTP/1.1" 200 82322 "-" "Mozilla/5.0 (Windows NT 10.0; Win64; x64) AppleWebKit/537.36 (KHTML, like Gecko) Chrome/145.0.0.0 Safari/537.36 (compatible; meta-externalagent/1.1 (+https://developers.facebook.com/docs/sharing/webmasters/crawler))"
57.141.14.27 - - [14/Aug/2026:07:52:59 -0500] "GET /?j=14857316160 HTTP/1.1" 200 82322 "-" "Mozilla/5.0 (Macintosh; Intel Mac OS X 10_15_7) AppleWebKit/537.36 (KHTML, like Gecko) Chrome/145.0.0.0 Safari/537.36 (compatible; meta-externalagent/1.1 (+https://developers.facebook.com/docs/sharing/webmasters/crawler))"
45.227.253.162 - - [14/Aug/2026:07:53:00 -0500] "GET /spinanga-live-chat-instant-support-solution-now/ HTTP/1.1" 200 76136 "-" "Mozilla/5.0 (Windows NT 10.0; Win64; x64; rv:133.0) Gecko/20100101 Firefox/133.0"
45.227.253.162 - - [14/Aug/2026:07:53:03 -0500] "GET /katsubet-bug-gain-advantage-now/ HTTP/1.1" 200 74361 "-" "Mozilla/5.0 (Windows NT 10.0; Win64; x64) AppleWebKit/537.36 (KHTML, like Gecko) Chrome/124.0.0.0 Safari/537.36"
57.141.14.6 - - [14/Aug/2026:07:53:03 -0500] "GET /?n=94199847562 HTTP/1.1" 200 82322 "-" "Mozilla/5.0 (Macintosh; Intel Mac OS X 10_15_7) AppleWebKit/537.36 (KHTML, like Gecko) Chrome/145.0.0.0 Safari/537.36 (compatible; meta-externalagent/1.1 (+https://developers.facebook.com/docs/sharing/webmasters/crawler))"
57.141.14.14 - - [14/Aug/2026:07:53:04 -0500] "GET /?i=72294498976 HTTP/1.1" 200 82322 "-" "Mozilla/5.0 (X11; Linux x86_64) AppleWebKit/537.36 (KHTML, like Gecko) Chrome/145.0.0.0 Safari/537.36 (compatible; meta-externalagent/1.1 (+https://developers.facebook.com/docs/sharing/webmasters/crawler))"
45.227.253.162 - - [14/Aug/2026:07:53:05 -0500] "GET /justbit-plinko-fun-instant-wins-exciting-play/ HTTP/1.1" 200 77732 "-" "Mozilla/5.0 (Windows NT 10.0; Win64; x64; rv:133.0) Gecko/20100101 Firefox/133.0"
45.227.253.162 - - [14/Aug/2026:07:53:09 -0500] "GET /spinch-forgot-password-recovery-solution-simple-fix/ HTTP/1.1" 200 70076 "-" "Mozilla/5.0 (Windows NT 10.0; Win64; x64) AppleWebKit/537.36 (KHTML, like Gecko) Chrome/124.0.0.0 Safari/537.36"
57.141.14.72 - - [14/Aug/2026:07:53:10 -0500] "GET /?h=64311358783 HTTP/1.1" 200 82322 "-" "Mozilla/5.0 (Macintosh; Intel Mac OS X 10_15_7) AppleWebKit/537.36 (KHTML, like Gecko) Chrome/145.0.0.0 Safari/537.36 (compatible; meta-externalagent/1.1 (+https://developers.facebook.com/docs/sharing/webmasters/crawler))"
45.227.253.162 - - [14/Aug/2026:07:53:12 -0500] "GET /jalla-roulette-excitement-high-stakes-casino-play/ HTTP/1.1" 200 63170 "-" "Mozilla/5.0 (Windows NT 10.0; Win64; x64; rv:133.0) Gecko/20100101 Firefox/133.0"
45.227.253.162 - - [14/Aug/2026:07:53:14 -0500] "GET /lunabets-safe-betting-platform-secure-reliable-play/ HTTP/1.1" 200 86956 "-" "Mozilla/5.0 (Windows NT 10.0; Win64; x64; rv:133.0) Gecko/20100101 Firefox/133.0"
57.141.14.99 - - [14/Aug/2026:07:53:16 -0500] "GET /?f=45500168080 HTTP/1.1" 200 82322 "-" "Mozilla/5.0 (Windows NT 10.0; Win64; x64) AppleWebKit/537.36 (KHTML, like Gecko) Chrome/145.0.0.0 Safari/537.36 (compatible; meta-externalagent/1.1 (+https://developers.facebook.com/docs/sharing/webmasters/crawler))"
57.141.14.32 - - [14/Aug/2026:07:53:16 -0500] "GET /?a=62435344525 HTTP/1.1" 200 82322 "-" "Mozilla/5.0 (Windows NT 10.0; Win64; x64) AppleWebKit/537.36 (KHTML, like Gecko) Chrome/145.0.0.0 Safari/537.36 (compatible; meta-externalagent/1.1 (+https://developers.facebook.com/docs/sharing/webmasters/crawler))"
45.227.253.162 - - [14/Aug/2026:07:53:17 -0500] "GET /jackbit-reload-bonus-claim-your-extra-bets-now/ HTTP/1.1" 200 76987 "-" "Mozilla/5.0 (Windows NT 10.0; Win64; x64) AppleWebKit/537.36 (KHTML, like Gecko) Chrome/124.0.0.0 Safari/537.36"
45.227.253.162 - - [14/Aug/2026:07:53:20 -0500] "GET /metaspins-wagering-requirements-made-simple-now/ HTTP/1.1" 200 71142 "-" "Mozilla/5.0 (Macintosh; Intel Mac OS X 10_15_7) AppleWebKit/605.1.15 (KHTML, like Gecko) Version/18.0 Safari/605.1.15"
57.141.14.19 - - [14/Aug/2026:07:53:23 -0500] "GET /?p=66066817023 HTTP/1.1" 200 57694 "-" "Mozilla/5.0 (Windows NT 10.0; Win64; x64) AppleWebKit/537.36 (KHTML, like Gecko) Chrome/145.0.0.0 Safari/537.36 (compatible; meta-externalagent/1.1 (+https://developers.facebook.com/docs/sharing/webmasters/crawler))"
57.141.14.96 - - [14/Aug/2026:07:53:26 -0500] "GET /?a=65041917053 HTTP/1.1" 200 82322 "-" "Mozilla/5.0 (X11; Linux x86_64) AppleWebKit/537.36 (KHTML, like Gecko) Chrome/145.0.0.0 Safari/537.36 (compatible; meta-externalagent/1.1 (+https://developers.facebook.com/docs/sharing/webmasters/crawler))"
57.141.14.12 - - [14/Aug/2026:07:53:27 -0500] "GET /?v=84103622821 HTTP/1.1" 200 82322 "-" "Mozilla/5.0 (X11; Linux x86_64) AppleWebKit/537.36 (KHTML, like Gecko) Chrome/145.0.0.0 Safari/537.36 (compatible; meta-externalagent/1.1 (+https://developers.facebook.com/docs/sharing/webmasters/crawler))"
57.141.14.9 - - [14/Aug/2026:07:53:31 -0500] "GET /?b=66225858560 HTTP/1.1" 200 82322 "-" "Mozilla/5.0 (Windows NT 10.0; Win64; x64) AppleWebKit/537.36 (KHTML, like Gecko) Chrome/145.0.0.0 Safari/537.36 (compatible; meta-externalagent/1.1 (+https://developers.facebook.com/docs/sharing/webmasters/crawler))"
162.214.115.43 - - [14/Aug/2026:07:53:35 -0500] "POST /wp-cron.php?doing_wp_cron=1786712015.9499189853668212890625 HTTP/1.1" 200 - "https://quizena.com.co/wp-cron.php?doing_wp_cron=1786712015.9499189853668212890625" "WordPress/6.0.14; https://quizena.com.co"
57.141.14.27 - - [14/Aug/2026:07:53:35 -0500] "GET /?w=54155677082 HTTP/1.1" 200 57694 "-" "Mozilla/5.0 (Macintosh; Intel Mac OS X 10_15_7) AppleWebKit/537.36 (KHTML, like Gecko) Chrome/145.0.0.0 Safari/537.36 (compatible; meta-externalagent/1.1 (+https://developers.facebook.com/docs/sharing/webmasters/crawler))"
57.141.24.82 - - [14/Aug/2026:07:53:41 -0500] "GET / HTTP/1.1" 200 82322 "-" "facebookexternalhit/1.1 (+http://www.facebook.com/externalhit_uatext.php)"
57.141.14.109 - - [14/Aug/2026:07:53:46 -0500] "GET /?e=72927687664 HTTP/1.1" 200 82322 "-" "Mozilla/5.0 (Macintosh; Intel Mac OS X 10_15_7) AppleWebKit/537.36 (KHTML, like Gecko) Chrome/145.0.0.0 Safari/537.36 (compatible; meta-externalagent/1.1 (+https://developers.facebook.com/docs/sharing/webmasters/crawler))"
57.141.14.44 - - [14/Aug/2026:07:53:53 -0500] "GET /?g=95256813005 HTTP/1.1" 200 82322 "-" "Mozilla/5.0 (Windows NT 10.0; Win64; x64) AppleWebKit/537.36 (KHTML, like Gecko) Chrome/145.0.0.0 Safari/537.36 (compatible; meta-externalagent/1.1 (+https://developers.facebook.com/docs/sharing/webmasters/crawler))"
57.141.14.32 - - [14/Aug/2026:07:53:55 -0500] "GET /?p=46353288281 HTTP/1.1" 200 57694 "-" "Mozilla/5.0 (Windows NT 10.0; Win64; x64) AppleWebKit/537.36 (KHTML, like Gecko) Chrome/145.0.0.0 Safari/537.36 (compatible; meta-externalagent/1.1 (+https://developers.facebook.com/docs/sharing/webmasters/crawler))"
57.141.14.52 - - [14/Aug/2026:07:53:59 -0500] "GET /?v=33877931102 HTTP/1.1" 200 82322 "-" "Mozilla/5.0 (Windows NT 10.0; Win64; x64) AppleWebKit/537.36 (KHTML, like Gecko) Chrome/145.0.0.0 Safari/537.36 (compatible; meta-externalagent/1.1 (+https://developers.facebook.com/docs/sharing/webmasters/crawler))"
57.141.14.106 - - [14/Aug/2026:07:54:04 -0500] "GET /?e=35091780450 HTTP/1.1" 200 82322 "-" "Mozilla/5.0 (Windows NT 10.0; Win64; x64) AppleWebKit/537.36 (KHTML, like Gecko) Chrome/145.0.0.0 Safari/537.36 (compatible; meta-externalagent/1.1 (+https://developers.facebook.com/docs/sharing/webmasters/crawler))"
57.141.14.20 - - [14/Aug/2026:07:54:10 -0500] "GET /?w=53448947890 HTTP/1.1" 200 57694 "-" "Mozilla/5.0 (Macintosh; Intel Mac OS X 10_15_7) AppleWebKit/537.36 (KHTML, like Gecko) Chrome/145.0.0.0 Safari/537.36 (compatible; meta-externalagent/1.1 (+https://developers.facebook.com/docs/sharing/webmasters/crawler))"
57.141.14.33 - - [14/Aug/2026:07:54:12 -0500] "GET /?p=76275260623 HTTP/1.1" 200 57694 "-" "Mozilla/5.0 (Windows NT 10.0; Win64; x64) AppleWebKit/537.36 (KHTML, like Gecko) Chrome/145.0.0.0 Safari/537.36 (compatible; meta-externalagent/1.1 (+https://developers.facebook.com/docs/sharing/webmasters/crawler))"
57.141.14.94 - - [14/Aug/2026:07:54:19 -0500] "GET /?l=64508409018 HTTP/1.1" 200 82322 "-" "Mozilla/5.0 (Macintosh; Intel Mac OS X 10_15_7) AppleWebKit/537.36 (KHTML, like Gecko) Chrome/145.0.0.0 Safari/537.36 (compatible; meta-externalagent/1.1 (+https://developers.facebook.com/docs/sharing/webmasters/crawler))"
57.141.14.73 - - [14/Aug/2026:07:54:39 -0500] "GET /?p=52788990630 HTTP/1.1" 200 57694 "-" "Mozilla/5.0 (Windows NT 10.0; Win64; x64) AppleWebKit/537.36 (KHTML, like Gecko) Chrome/145.0.0.0 Safari/537.36 (compatible; meta-externalagent/1.1 (+https://developers.facebook.com/docs/sharing/webmasters/crawler))"
57.141.14.99 - - [14/Aug/2026:07:54:40 -0500] "GET /?s=53829205081 HTTP/1.1" 200 70380 "-" "Mozilla/5.0 (Windows NT 10.0; Win64; x64) AppleWebKit/537.36 (KHTML, like Gecko) Chrome/145.0.0.0 Safari/537.36 (compatible; meta-externalagent/1.1 (+https://developers.facebook.com/docs/sharing/webmasters/crawler))"
57.141.14.80 - - [14/Aug/2026:07:54:41 -0500] "GET /?t=45155584529 HTTP/1.1" 200 82322 "-" "Mozilla/5.0 (Windows NT 10.0; Win64; x64) AppleWebKit/537.36 (KHTML, like Gecko) Chrome/145.0.0.0 Safari/537.36 (compatible; meta-externalagent/1.1 (+https://developers.facebook.com/docs/sharing/webmasters/crawler))"
