57.141.14.62 - - [14/Aug/2026:08:36:58 -0500] "GET /?p=94079669081 HTTP/1.1" 200 57694 "-" "Mozilla/5.0 (Windows NT 10.0; Win64; x64) AppleWebKit/537.36 (KHTML, like Gecko) Chrome/145.0.0.0 Safari/537.36 (compatible; meta-externalagent/1.1 (+https://developers.facebook.com/docs/sharing/webmasters/crawler))"
57.141.14.33 - - [14/Aug/2026:08:37:00 -0500] "GET /?u=52947675603 HTTP/1.1" 200 82322 "-" "Mozilla/5.0 (Windows NT 10.0; Win64; x64) AppleWebKit/537.36 (KHTML, like Gecko) Chrome/145.0.0.0 Safari/537.36 (compatible; meta-externalagent/1.1 (+https://developers.facebook.com/docs/sharing/webmasters/crawler))"
176.126.104.155 - - [14/Aug/2026:08:37:06 -0500] "GET / HTTP/1.1" 200 82322 "-" "Mozilla/5.0 (Windows NT 10.0; Win64; x64; rv:133.0) Gecko/20100101 Firefox/133.0"
176.126.104.155 - - [14/Aug/2026:08:37:07 -0500] "POST /xmlrpc.php HTTP/1.1" 200 2786 "-" "Mozilla/5.0 (Windows NT 10.0; Win64; x64) AppleWebKit/537.36 (KHTML, like Gecko) Chrome/124.0.0.0 Safari/537.36"
176.126.104.155 - - [14/Aug/2026:08:37:08 -0500] "POST /xmlrpc.php HTTP/1.1" 200 178 "-" "Mozilla/5.0 (Windows NT 10.0; Win64; x64; rv:133.0) Gecko/20100101 Firefox/133.0"
162.214.115.43 - - [14/Aug/2026:08:37:09 -0500] "POST /wp-cron.php?doing_wp_cron=1786714629.9028260707855224609375 HTTP/1.1" 200 - "https://quizena.com.co/wp-cron.php?doing_wp_cron=1786714629.9028260707855224609375" "WordPress/6.0.14; https://quizena.com.co"
45.227.253.162 - - [14/Aug/2026:08:37:09 -0500] "GET /slotrush-wager-amazing-slots-action-now/ HTTP/1.1" 200 63091 "-" "Mozilla/5.0 (Macintosh; Intel Mac OS X 10_15_7) AppleWebKit/605.1.15 (KHTML, like Gecko) Version/18.0 Safari/605.1.15"
176.126.104.155 - - [14/Aug/2026:08:37:11 -0500] "POST /xmlrpc.php HTTP/1.1" 200 16081 "-" "Mozilla/5.0 (Windows NT 10.0; Win64; x64) AppleWebKit/537.36 (KHTML, like Gecko) Chrome/124.0.0.0 Safari/537.36"
57.141.14.40 - - [14/Aug/2026:08:37:11 -0500] "GET /?y=56191989931 HTTP/1.1" 200 82322 "-" "Mozilla/5.0 (Windows NT 10.0; Win64; x64) AppleWebKit/537.36 (KHTML, like Gecko) Chrome/145.0.0.0 Safari/537.36 (compatible; meta-externalagent/1.1 (+https://developers.facebook.com/docs/sharing/webmasters/crawler))"
176.126.104.155 - - [14/Aug/2026:08:37:12 -0500] "POST /xmlrpc.php HTTP/1.1" 200 178 "-" "Mozilla/5.0 (Macintosh; Intel Mac OS X 10_15_7) AppleWebKit/605.1.15 (KHTML, like Gecko) Version/18.0 Safari/605.1.15"
162.214.115.43 - - [14/Aug/2026:08:37:13 -0500] "POST /wp-cron.php?doing_wp_cron=1786714633.4046440124511718750000 HTTP/1.1" 200 - "https://quizena.com.co/wp-cron.php?doing_wp_cron=1786714633.4046440124511718750000" "WordPress/6.0.14; https://quizena.com.co"
45.227.253.162 - - [14/Aug/2026:08:37:13 -0500] "GET /swiper-faq-guide-quick-answers-for-users/ HTTP/1.1" 200 74801 "-" "Mozilla/5.0 (Macintosh; Intel Mac OS X 10_15_7) AppleWebKit/605.1.15 (KHTML, like Gecko) Version/18.0 Safari/605.1.15"
176.126.104.155 - - [14/Aug/2026:08:37:14 -0500] "POST /xmlrpc.php HTTP/1.1" 200 19057 "-" "Mozilla/5.0 (Windows NT 10.0; Win64; x64) AppleWebKit/537.36 (KHTML, like Gecko) Chrome/124.0.0.0 Safari/537.36"
176.126.104.155 - - [14/Aug/2026:08:37:15 -0500] "POST /xmlrpc.php HTTP/1.1" 200 178 "-" "Mozilla/5.0 (Windows NT 10.0; Win64; x64; rv:133.0) Gecko/20100101 Firefox/133.0"
162.214.115.43 - - [14/Aug/2026:08:37:16 -0500] "POST /wp-cron.php?doing_wp_cron=1786714636.5033199787139892578125 HTTP/1.1" 200 - "https://quizena.com.co/wp-cron.php?doing_wp_cron=1786714636.5033199787139892578125" "WordPress/6.0.14; https://quizena.com.co"
45.227.253.162 - - [14/Aug/2026:08:37:16 -0500] "GET /sweetsweep-sports-high-performance-gear-for-athletes/ HTTP/1.1" 200 77280 "-" "Mozilla/5.0 (Macintosh; Intel Mac OS X 10_15_7) AppleWebKit/605.1.15 (KHTML, like Gecko) Version/18.0 Safari/605.1.15"
57.141.14.98 - - [14/Aug/2026:08:37:16 -0500] "GET /?m=92637502299 HTTP/1.1" 200 57694 "-" "Mozilla/5.0 (Macintosh; Intel Mac OS X 10_15_7) AppleWebKit/537.36 (KHTML, like Gecko) Chrome/145.0.0.0 Safari/537.36 (compatible; meta-externalagent/1.1 (+https://developers.facebook.com/docs/sharing/webmasters/crawler))"
176.126.104.155 - - [14/Aug/2026:08:37:17 -0500] "POST /xmlrpc.php HTTP/1.1" 200 3038 "-" "Mozilla/5.0 (Macintosh; Intel Mac OS X 10_15_7) AppleWebKit/605.1.15 (KHTML, like Gecko) Version/18.0 Safari/605.1.15"
57.141.14.75 - - [14/Aug/2026:08:37:18 -0500] "GET /?l=22723309270 HTTP/1.1" 200 82322 "-" "Mozilla/5.0 (Windows NT 10.0; Win64; x64) AppleWebKit/537.36 (KHTML, like Gecko) Chrome/145.0.0.0 Safari/537.36 (compatible; meta-externalagent/1.1 (+https://developers.facebook.com/docs/sharing/webmasters/crawler))"
176.126.104.155 - - [14/Aug/2026:08:37:18 -0500] "POST /xmlrpc.php HTTP/1.1" 200 178 "-" "Mozilla/5.0 (Windows NT 10.0; Win64; x64; rv:133.0) Gecko/20100101 Firefox/133.0"
162.214.115.43 - - [14/Aug/2026:08:37:19 -0500] "POST /wp-cron.php?doing_wp_cron=1786714639.5626060962677001953125 HTTP/1.1" 200 - "https://quizena.com.co/wp-cron.php?doing_wp_cron=1786714639.5626060962677001953125" "WordPress/6.0.14; https://quizena.com.co"
45.227.253.162 - - [14/Aug/2026:08:37:19 -0500] "GET /slotvibe-player-reviews-honest-opinions-insights/ HTTP/1.1" 200 63276 "-" "Mozilla/5.0 (Macintosh; Intel Mac OS X 10_15_7) AppleWebKit/605.1.15 (KHTML, like Gecko) Version/18.0 Safari/605.1.15"
176.126.104.155 - - [14/Aug/2026:08:37:20 -0500] "POST /xmlrpc.php HTTP/1.1" 200 18904 "-" "Mozilla/5.0 (Windows NT 10.0; Win64; x64; rv:133.0) Gecko/20100101 Firefox/133.0"
57.141.14.86 - - [14/Aug/2026:08:37:21 -0500] "GET /?e=32563317624 HTTP/1.1" 200 82322 "-" "Mozilla/5.0 (Windows NT 10.0; Win64; x64) AppleWebKit/537.36 (KHTML, like Gecko) Chrome/145.0.0.0 Safari/537.36 Edg/145.0.0.0 (compatible; meta-externalagent/1.1 (+https://developers.facebook.com/docs/sharing/webmasters/crawler))"
176.126.104.155 - - [14/Aug/2026:08:37:21 -0500] "POST /xmlrpc.php HTTP/1.1" 200 178 "-" "Mozilla/5.0 (Macintosh; Intel Mac OS X 10_15_7) AppleWebKit/605.1.15 (KHTML, like Gecko) Version/18.0 Safari/605.1.15"
162.214.115.43 - - [14/Aug/2026:08:37:23 -0500] "POST /wp-cron.php?doing_wp_cron=1786714643.6620628833770751953125 HTTP/1.1" 200 - "https://quizena.com.co/wp-cron.php?doing_wp_cron=1786714643.6620628833770751953125" "WordPress/6.0.14; https://quizena.com.co"
45.227.253.162 - - [14/Aug/2026:08:37:22 -0500] "GET /slotsgem-who-owns-best-casino-slots-now/ HTTP/1.1" 200 77335 "-" "Mozilla/5.0 (Macintosh; Intel Mac OS X 10_15_7) AppleWebKit/605.1.15 (KHTML, like Gecko) Version/18.0 Safari/605.1.15"
57.141.14.80 - - [14/Aug/2026:08:37:23 -0500] "GET /?u=75996533278 HTTP/1.1" 200 82322 "-" "Mozilla/5.0 (Windows NT 10.0; Win64; x64) AppleWebKit/537.36 (KHTML, like Gecko) Chrome/145.0.0.0 Safari/537.36 (compatible; meta-externalagent/1.1 (+https://developers.facebook.com/docs/sharing/webmasters/crawler))"
176.126.104.155 - - [14/Aug/2026:08:37:24 -0500] "POST /xmlrpc.php HTTP/1.1" 200 59407 "-" "Mozilla/5.0 (Windows NT 10.0; Win64; x64; rv:133.0) Gecko/20100101 Firefox/133.0"
176.126.104.155 - - [14/Aug/2026:08:37:26 -0500] "POST /xmlrpc.php HTTP/1.1" 200 178 "-" "Mozilla/5.0 (Windows NT 10.0; Win64; x64) AppleWebKit/537.36 (KHTML, like Gecko) Chrome/124.0.0.0 Safari/537.36"
162.214.115.43 - - [14/Aug/2026:08:37:27 -0500] "POST /wp-cron.php?doing_wp_cron=1786714647.1502580642700195312500 HTTP/1.1" 200 - "https://quizena.com.co/wp-cron.php?doing_wp_cron=1786714647.1502580642700195312500" "WordPress/6.0.14; https://quizena.com.co"
45.227.253.162 - - [14/Aug/2026:08:37:26 -0500] "GET /slapperzz-trusted-reliable-protection-solutions-now/ HTTP/1.1" 200 106370 "-" "Mozilla/5.0 (Macintosh; Intel Mac OS X 10_15_7) AppleWebKit/605.1.15 (KHTML, like Gecko) Version/18.0 Safari/605.1.15"
57.141.14.5 - - [14/Aug/2026:08:37:27 -0500] "GET /?e=32537311247 HTTP/1.1" 200 82322 "-" "Mozilla/5.0 (Windows NT 10.0; Win64; x64) AppleWebKit/537.36 (KHTML, like Gecko) Chrome/145.0.0.0 Safari/537.36 (compatible; meta-externalagent/1.1 (+https://developers.facebook.com/docs/sharing/webmasters/crawler))"
176.126.104.155 - - [14/Aug/2026:08:37:28 -0500] "POST /xmlrpc.php HTTP/1.1" 200 16888 "-" "Mozilla/5.0 (Windows NT 10.0; Win64; x64; rv:133.0) Gecko/20100101 Firefox/133.0"
176.126.104.155 - - [14/Aug/2026:08:37:29 -0500] "POST /xmlrpc.php HTTP/1.1" 200 178 "-" "Mozilla/5.0 (Windows NT 10.0; Win64; x64; rv:133.0) Gecko/20100101 Firefox/133.0"
162.214.115.43 - - [14/Aug/2026:08:37:29 -0500] "POST /wp-cron.php?doing_wp_cron=1786714649.7729620933532714843750 HTTP/1.1" 200 - "https://quizena.com.co/wp-cron.php?doing_wp_cron=1786714649.7729620933532714843750" "WordPress/6.0.14; https://quizena.com.co"
57.141.14.113 - - [14/Aug/2026:08:37:29 -0500] "GET /?u=43802862035 HTTP/1.1" 200 82322 "-" "Mozilla/5.0 (Macintosh; Intel Mac OS X 10_15_7) AppleWebKit/537.36 (KHTML, like Gecko) Chrome/145.0.0.0 Safari/537.36 (compatible; meta-externalagent/1.1 (+https://developers.facebook.com/docs/sharing/webmasters/crawler))"
45.227.253.162 - - [14/Aug/2026:08:37:30 -0500] "GET /slotsgallery-rigged-ready-for-your-next-big-win/ HTTP/1.1" 200 75027 "-" "Mozilla/5.0 (Windows NT 10.0; Win64; x64; rv:133.0) Gecko/20100101 Firefox/133.0"
176.126.104.155 - - [14/Aug/2026:08:37:32 -0500] "POST /xmlrpc.php HTTP/1.1" 200 18569 "-" "Mozilla/5.0 (Windows NT 10.0; Win64; x64; rv:133.0) Gecko/20100101 Firefox/133.0"
176.126.104.155 - - [14/Aug/2026:08:37:33 -0500] "POST /xmlrpc.php HTTP/1.1" 200 178 "-" "Mozilla/5.0 (Macintosh; Intel Mac OS X 10_15_7) AppleWebKit/605.1.15 (KHTML, like Gecko) Version/18.0 Safari/605.1.15"
162.214.115.43 - - [14/Aug/2026:08:37:34 -0500] "POST /wp-cron.php?doing_wp_cron=1786714654.4957849979400634765625 HTTP/1.1" 200 - "https://quizena.com.co/wp-cron.php?doing_wp_cron=1786714654.4957849979400634765625" "WordPress/6.0.14; https://quizena.com.co"
45.227.253.162 - - [14/Aug/2026:08:37:34 -0500] "GET /sirwin-verification-pending-secure-your-access-now/ HTTP/1.1" 200 77045 "-" "Mozilla/5.0 (Macintosh; Intel Mac OS X 10_15_7) AppleWebKit/605.1.15 (KHTML, like Gecko) Version/18.0 Safari/605.1.15"
176.126.104.155 - - [14/Aug/2026:08:37:35 -0500] "POST /xmlrpc.php HTTP/1.1" 200 17709 "-" "Mozilla/5.0 (Windows NT 10.0; Win64; x64) AppleWebKit/537.36 (KHTML, like Gecko) Chrome/124.0.0.0 Safari/537.36"
176.126.104.155 - - [14/Aug/2026:08:37:36 -0500] "POST /xmlrpc.php HTTP/1.1" 200 178 "-" "Mozilla/5.0 (Macintosh; Intel Mac OS X 10_15_7) AppleWebKit/605.1.15 (KHTML, like Gecko) Version/18.0 Safari/605.1.15"
162.214.115.43 - - [14/Aug/2026:08:37:37 -0500] "POST /wp-cron.php?doing_wp_cron=1786714657.6265799999237060546875 HTTP/1.1" 200 - "https://quizena.com.co/wp-cron.php?doing_wp_cron=1786714657.6265799999237060546875" "WordPress/6.0.14; https://quizena.com.co"
45.227.253.162 - - [14/Aug/2026:08:37:37 -0500] "GET /shuffle-privacy-policy-secure-your-data-now/ HTTP/1.1" 200 76821 "-" "Mozilla/5.0 (Windows NT 10.0; Win64; x64) AppleWebKit/537.36 (KHTML, like Gecko) Chrome/124.0.0.0 Safari/537.36"
176.126.104.155 - - [14/Aug/2026:08:37:38 -0500] "POST /xmlrpc.php HTTP/1.1" 200 16241 "-" "Mozilla/5.0 (Windows NT 10.0; Win64; x64; rv:133.0) Gecko/20100101 Firefox/133.0"
57.141.14.52 - - [14/Aug/2026:08:37:39 -0500] "GET /?z=44943237136 HTTP/1.1" 200 82322 "-" "Mozilla/5.0 (Macintosh; Intel Mac OS X 10_15_7) AppleWebKit/537.36 (KHTML, like Gecko) Chrome/145.0.0.0 Safari/537.36 (compatible; meta-externalagent/1.1 (+https://developers.facebook.com/docs/sharing/webmasters/crawler))"
176.126.104.155 - - [14/Aug/2026:08:37:39 -0500] "POST /xmlrpc.php HTTP/1.1" 200 178 "-" "Mozilla/5.0 (Macintosh; Intel Mac OS X 10_15_7) AppleWebKit/605.1.15 (KHTML, like Gecko) Version/18.0 Safari/605.1.15"
162.214.115.43 - - [14/Aug/2026:08:37:40 -0500] "POST /wp-cron.php?doing_wp_cron=1786714660.6287128925323486328125 HTTP/1.1" 200 - "https://quizena.com.co/wp-cron.php?doing_wp_cron=1786714660.6287128925323486328125" "WordPress/6.0.14; https://quizena.com.co"
45.227.253.162 - - [14/Aug/2026:08:37:40 -0500] "GET /shotz-live-casino-real-money-action-thrills/ HTTP/1.1" 200 75218 "-" "Mozilla/5.0 (Windows NT 10.0; Win64; x64; rv:133.0) Gecko/20100101 Firefox/133.0"
176.126.104.155 - - [14/Aug/2026:08:37:41 -0500] "POST /xmlrpc.php HTTP/1.1" 200 2803 "-" "Mozilla/5.0 (Windows NT 10.0; Win64; x64) AppleWebKit/537.36 (KHTML, like Gecko) Chrome/124.0.0.0 Safari/537.36"
176.126.104.155 - - [14/Aug/2026:08:37:42 -0500] "POST /xmlrpc.php HTTP/1.1" 200 178 "-" "Mozilla/5.0 (Windows NT 10.0; Win64; x64; rv:133.0) Gecko/20100101 Firefox/133.0"
162.214.115.43 - - [14/Aug/2026:08:37:43 -0500] "POST /wp-cron.php?doing_wp_cron=1786714663.3697979450225830078125 HTTP/1.1" 200 - "https://quizena.com.co/wp-cron.php?doing_wp_cron=1786714663.3697979450225830078125" "WordPress/6.0.14; https://quizena.com.co"
45.227.253.162 - - [14/Aug/2026:08:37:43 -0500] "GET /get-pub-bonus-codes-now-for-your-next-big-win/ HTTP/1.1" 200 63031 "-" "Mozilla/5.0 (Windows NT 10.0; Win64; x64; rv:133.0) Gecko/20100101 Firefox/133.0"
176.126.104.155 - - [14/Aug/2026:08:37:44 -0500] "POST /xmlrpc.php HTTP/1.1" 200 20395 "-" "Mozilla/5.0 (Windows NT 10.0; Win64; x64; rv:133.0) Gecko/20100101 Firefox/133.0"
66.249.79.229 - - [14/Aug/2026:08:37:45 -0500] "GET /?s=24752526026 HTTP/1.1" 200 203194 "-" "Mozilla/5.0 (Linux; Android 6.0.1; Nexus 5X Build/MMB29P) AppleWebKit/537.36 (KHTML, like Gecko) Chrome/150.0.7871.186 Mobile Safari/537.36 (compatible; Googlebot/2.1; +http://www.google.com/bot.html)"
57.141.14.109 - - [14/Aug/2026:08:37:45 -0500] "GET /?g=95590080701 HTTP/1.1" 200 82322 "-" "Mozilla/5.0 (Windows NT 10.0; Win64; x64) AppleWebKit/537.36 (KHTML, like Gecko) Chrome/145.0.0.0 Safari/537.36 (compatible; meta-externalagent/1.1 (+https://developers.facebook.com/docs/sharing/webmasters/crawler))"
176.126.104.155 - - [14/Aug/2026:08:37:45 -0500] "POST /xmlrpc.php HTTP/1.1" 200 178 "-" "Mozilla/5.0 (Macintosh; Intel Mac OS X 10_15_7) AppleWebKit/605.1.15 (KHTML, like Gecko) Version/18.0 Safari/605.1.15"
162.214.115.43 - - [14/Aug/2026:08:37:46 -0500] "POST /wp-cron.php?doing_wp_cron=1786714666.8983309268951416015625 HTTP/1.1" 200 - "https://quizena.com.co/wp-cron.php?doing_wp_cron=1786714666.8983309268951416015625" "WordPress/6.0.14; https://quizena.com.co"
45.227.253.162 - - [14/Aug/2026:08:37:46 -0500] "GET /rooli-minimum-withdrawal-low-fees-access-funds/ HTTP/1.1" 200 79087 "-" "Mozilla/5.0 (Macintosh; Intel Mac OS X 10_15_7) AppleWebKit/605.1.15 (KHTML, like Gecko) Version/18.0 Safari/605.1.15"
176.126.104.155 - - [14/Aug/2026:08:37:47 -0500] "POST /xmlrpc.php HTTP/1.1" 200 17514 "-" "Mozilla/5.0 (Windows NT 10.0; Win64; x64) AppleWebKit/537.36 (KHTML, like Gecko) Chrome/124.0.0.0 Safari/537.36"
176.126.104.155 - - [14/Aug/2026:08:37:49 -0500] "POST /xmlrpc.php HTTP/1.1" 200 178 "-" "Mozilla/5.0 (Macintosh; Intel Mac OS X 10_15_7) AppleWebKit/605.1.15 (KHTML, like Gecko) Version/18.0 Safari/605.1.15"
45.227.253.162 - - [14/Aug/2026:08:37:49 -0500] "GET /shokki-accepted-countries-list-your-shipping-options/ HTTP/1.1" 200 76147 "-" "Mozilla/5.0 (Macintosh; Intel Mac OS X 10_15_7) AppleWebKit/605.1.15 (KHTML, like Gecko) Version/18.0 Safari/605.1.15"
176.126.104.155 - - [14/Aug/2026:08:37:50 -0500] "POST /xmlrpc.php HTTP/1.1" 200 16858 "-" "Mozilla/5.0 (Windows NT 10.0; Win64; x64; rv:133.0) Gecko/20100101 Firefox/133.0"
176.126.104.155 - - [14/Aug/2026:08:37:52 -0500] "POST /xmlrpc.php HTTP/1.1" 200 178 "-" "Mozilla/5.0 (Macintosh; Intel Mac OS X 10_15_7) AppleWebKit/605.1.15 (KHTML, like Gecko) Version/18.0 Safari/605.1.15"
162.214.115.43 - - [14/Aug/2026:08:37:53 -0500] "POST /wp-cron.php?doing_wp_cron=1786714673.3132810592651367187500 HTTP/1.1" 200 - "https://quizena.com.co/wp-cron.php?doing_wp_cron=1786714673.3132810592651367187500" "WordPress/6.0.14; https://quizena.com.co"
45.227.253.162 - - [14/Aug/2026:08:37:53 -0500] "GET /shotz-best-slots-fun-play-online-now/ HTTP/1.1" 200 75725 "-" "Mozilla/5.0 (Macintosh; Intel Mac OS X 10_15_7) AppleWebKit/605.1.15 (KHTML, like Gecko) Version/18.0 Safari/605.1.15"
57.141.14.41 - - [14/Aug/2026:08:37:53 -0500] "GET /?g=83598381921 HTTP/1.1" 200 82322 "-" "Mozilla/5.0 (X11; Linux x86_64) AppleWebKit/537.36 (KHTML, like Gecko) Chrome/145.0.0.0 Safari/537.36 (compatible; meta-externalagent/1.1 (+https://developers.facebook.com/docs/sharing/webmasters/crawler))"
176.126.104.155 - - [14/Aug/2026:08:37:54 -0500] "POST /xmlrpc.php HTTP/1.1" 200 40228 "-" "Mozilla/5.0 (Windows NT 10.0; Win64; x64) AppleWebKit/537.36 (KHTML, like Gecko) Chrome/124.0.0.0 Safari/537.36"
57.141.14.76 - - [14/Aug/2026:08:37:54 -0500] "GET /?h=53000426418 HTTP/1.1" 200 82322 "-" "Mozilla/5.0 (Windows NT 10.0; Win64; x64) AppleWebKit/537.36 (KHTML, like Gecko) Chrome/145.0.0.0 Safari/537.36 (compatible; meta-externalagent/1.1 (+https://developers.facebook.com/docs/sharing/webmasters/crawler))"
176.126.104.155 - - [14/Aug/2026:08:37:55 -0500] "POST /xmlrpc.php HTTP/1.1" 200 178 "-" "Mozilla/5.0 (Macintosh; Intel Mac OS X 10_15_7) AppleWebKit/605.1.15 (KHTML, like Gecko) Version/18.0 Safari/605.1.15"
57.141.14.41 - - [14/Aug/2026:08:37:56 -0500] "GET /?z=64261964549 HTTP/1.1" 200 82322 "-" "Mozilla/5.0 (Windows NT 10.0; Win64; x64) AppleWebKit/537.36 (KHTML, like Gecko) Chrome/145.0.0.0 Safari/537.36 (compatible; meta-externalagent/1.1 (+https://developers.facebook.com/docs/sharing/webmasters/crawler))"
45.227.253.162 - - [14/Aug/2026:08:37:56 -0500] "GET /roobet-proxy-access-reliable-secure-gaming-connection/ HTTP/1.1" 200 92757 "-" "Mozilla/5.0 (Macintosh; Intel Mac OS X 10_15_7) AppleWebKit/605.1.15 (KHTML, like Gecko) Version/18.0 Safari/605.1.15"
57.141.14.38 - - [14/Aug/2026:08:37:56 -0500] "GET /?r=15506960845 HTTP/1.1" 200 82322 "-" "Mozilla/5.0 (Windows NT 10.0; Win64; x64) AppleWebKit/537.36 (KHTML, like Gecko) Chrome/145.0.0.0 Safari/537.36 (compatible; meta-externalagent/1.1 (+https://developers.facebook.com/docs/sharing/webmasters/crawler))"
176.126.104.155 - - [14/Aug/2026:08:37:57 -0500] "POST /xmlrpc.php HTTP/1.1" 200 17216 "-" "Mozilla/5.0 (Windows NT 10.0; Win64; x64; rv:133.0) Gecko/20100101 Firefox/133.0"
176.126.104.155 - - [14/Aug/2026:08:37:58 -0500] "POST /xmlrpc.php HTTP/1.1" 200 178 "-" "Mozilla/5.0 (Macintosh; Intel Mac OS X 10_15_7) AppleWebKit/605.1.15 (KHTML, like Gecko) Version/18.0 Safari/605.1.15"
162.214.115.43 - - [14/Aug/2026:08:38:00 -0500] "POST /wp-cron.php?doing_wp_cron=1786714680.1871418952941894531250 HTTP/1.1" 200 - "https://quizena.com.co/wp-cron.php?doing_wp_cron=1786714680.1871418952941894531250" "WordPress/6.0.14; https://quizena.com.co"
45.227.253.162 - - [14/Aug/2026:08:37:59 -0500] "GET /roobet-crazy-time-excitement-awaits-play-now/ HTTP/1.1" 200 76001 "-" "Mozilla/5.0 (Windows NT 10.0; Win64; x64) AppleWebKit/537.36 (KHTML, like Gecko) Chrome/124.0.0.0 Safari/537.36"
176.126.104.155 - - [14/Aug/2026:08:38:01 -0500] "POST /xmlrpc.php HTTP/1.1" 200 20244 "-" "Mozilla/5.0 (Macintosh; Intel Mac OS X 10_15_7) AppleWebKit/605.1.15 (KHTML, like Gecko) Version/18.0 Safari/605.1.15"
176.126.104.155 - - [14/Aug/2026:08:38:02 -0500] "POST /xmlrpc.php HTTP/1.1" 200 178 "-" "Mozilla/5.0 (Macintosh; Intel Mac OS X 10_15_7) AppleWebKit/605.1.15 (KHTML, like Gecko) Version/18.0 Safari/605.1.15"
45.227.253.162 - - [14/Aug/2026:08:38:03 -0500] "GET /rolling-slots-privacy-policy-secure-your-data/ HTTP/1.1" 200 78636 "-" "Mozilla/5.0 (Macintosh; Intel Mac OS X 10_15_7) AppleWebKit/605.1.15 (KHTML, like Gecko) Version/18.0 Safari/605.1.15"
176.126.104.155 - - [14/Aug/2026:08:38:04 -0500] "POST /xmlrpc.php HTTP/1.1" 200 18782 "-" "Mozilla/5.0 (Windows NT 10.0; Win64; x64; rv:133.0) Gecko/20100101 Firefox/133.0"
176.126.104.155 - - [14/Aug/2026:08:38:05 -0500] "POST /xmlrpc.php HTTP/1.1" 200 178 "-" "Mozilla/5.0 (Windows NT 10.0; Win64; x64) AppleWebKit/537.36 (KHTML, like Gecko) Chrome/124.0.0.0 Safari/537.36"
162.214.115.43 - - [14/Aug/2026:08:38:06 -0500] "POST /wp-cron.php?doing_wp_cron=1786714686.4105389118194580078125 HTTP/1.1" 200 - "https://quizena.com.co/wp-cron.php?doing_wp_cron=1786714686.4105389118194580078125" "WordPress/6.0.14; https://quizena.com.co"
45.227.253.162 - - [14/Aug/2026:08:38:06 -0500] "GET /bracco-esports-achieve-victory-in-gaming/ HTTP/1.1" 200 77203 "-" "Mozilla/5.0 (Macintosh; Intel Mac OS X 10_15_7) AppleWebKit/605.1.15 (KHTML, like Gecko) Version/18.0 Safari/605.1.15"
176.126.104.155 - - [14/Aug/2026:08:38:07 -0500] "POST /xmlrpc.php HTTP/1.1" 200 3146 "-" "Mozilla/5.0 (Windows NT 10.0; Win64; x64; rv:133.0) Gecko/20100101 Firefox/133.0"
57.141.14.15 - - [14/Aug/2026:08:38:07 -0500] "GET /?x=22762233633 HTTP/1.1" 200 82322 "-" "Mozilla/5.0 (Macintosh; Intel Mac OS X 10_15_7) AppleWebKit/537.36 (KHTML, like Gecko) Chrome/145.0.0.0 Safari/537.36 (compatible; meta-externalagent/1.1 (+https://developers.facebook.com/docs/sharing/webmasters/crawler))"
57.141.14.73 - - [14/Aug/2026:08:38:07 -0500] "GET /?y=74145238950 HTTP/1.1" 200 82322 "-" "Mozilla/5.0 (Windows NT 10.0; Win64; x64) AppleWebKit/537.36 (KHTML, like Gecko) Chrome/145.0.0.0 Safari/537.36 (compatible; meta-externalagent/1.1 (+https://developers.facebook.com/docs/sharing/webmasters/crawler))"
176.126.104.155 - - [14/Aug/2026:08:38:08 -0500] "POST /xmlrpc.php HTTP/1.1" 200 178 "-" "Mozilla/5.0 (Macintosh; Intel Mac OS X 10_15_7) AppleWebKit/605.1.15 (KHTML, like Gecko) Version/18.0 Safari/605.1.15"
162.214.115.43 - - [14/Aug/2026:08:38:10 -0500] "POST /wp-cron.php?doing_wp_cron=1786714690.1065640449523925781250 HTTP/1.1" 200 - "https://quizena.com.co/wp-cron.php?doing_wp_cron=1786714690.1065640449523925781250" "WordPress/6.0.14; https://quizena.com.co"
45.227.253.162 - - [14/Aug/2026:08:38:08 -0500] "GET /possu-login-secure-access-solutions-for-your-needs/ HTTP/1.1" 200 63304 "-" "Mozilla/5.0 (Macintosh; Intel Mac OS X 10_15_7) AppleWebKit/605.1.15 (KHTML, like Gecko) Version/18.0 Safari/605.1.15"
57.141.14.96 - - [14/Aug/2026:08:38:10 -0500] "GET /?x=13240590375 HTTP/1.1" 200 82322 "-" "Mozilla/5.0 (Windows NT 10.0; Win64; x64) AppleWebKit/537.36 (KHTML, like Gecko) Chrome/145.0.0.0 Safari/537.36 (compatible; meta-externalagent/1.1 (+https://developers.facebook.com/docs/sharing/webmasters/crawler))"
176.126.104.155 - - [14/Aug/2026:08:38:11 -0500] "POST /xmlrpc.php HTTP/1.1" 200 2962 "-" "Mozilla/5.0 (Macintosh; Intel Mac OS X 10_15_7) AppleWebKit/605.1.15 (KHTML, like Gecko) Version/18.0 Safari/605.1.15"
176.126.104.155 - - [14/Aug/2026:08:38:11 -0500] "POST /xmlrpc.php HTTP/1.1" 200 178 "-" "Mozilla/5.0 (Windows NT 10.0; Win64; x64; rv:133.0) Gecko/20100101 Firefox/133.0"
162.214.115.43 - - [14/Aug/2026:08:38:13 -0500] "POST /wp-cron.php?doing_wp_cron=1786714693.6211268901824951171875 HTTP/1.1" 200 - "https://quizena.com.co/wp-cron.php?doing_wp_cron=1786714693.6211268901824951171875" "WordPress/6.0.14; https://quizena.com.co"
45.227.253.162 - - [14/Aug/2026:08:38:12 -0500] "GET /prank-ecopayz-fun-pay-solutions-for-everyone/ HTTP/1.1" 200 63150 "-" "Mozilla/5.0 (Windows NT 10.0; Win64; x64; rv:133.0) Gecko/20100101 Firefox/133.0"
176.126.104.155 - - [14/Aug/2026:08:38:14 -0500] "POST /xmlrpc.php HTTP/1.1" 200 16196 "-" "Mozilla/5.0 (Windows NT 10.0; Win64; x64) AppleWebKit/537.36 (KHTML, like Gecko) Chrome/124.0.0.0 Safari/537.36"
176.126.104.155 - - [14/Aug/2026:08:38:15 -0500] "POST /xmlrpc.php HTTP/1.1" 200 178 "-" "Mozilla/5.0 (Macintosh; Intel Mac OS X 10_15_7) AppleWebKit/605.1.15 (KHTML, like Gecko) Version/18.0 Safari/605.1.15"
162.214.115.43 - - [14/Aug/2026:08:38:16 -0500] "POST /wp-cron.php?doing_wp_cron=1786714696.4155631065368652343750 HTTP/1.1" 200 - "https://quizena.com.co/wp-cron.php?doing_wp_cron=1786714696.4155631065368652343750" "WordPress/6.0.14; https://quizena.com.co"
57.141.14.66 - - [14/Aug/2026:08:38:16 -0500] "GET /?w=55032963269 HTTP/1.1" 200 57694 "-" "Mozilla/5.0 (Windows NT 10.0; Win64; x64) AppleWebKit/537.36 (KHTML, like Gecko) Chrome/145.0.0.0 Safari/537.36 (compatible; meta-externalagent/1.1 (+https://developers.facebook.com/docs/sharing/webmasters/crawler))"
45.227.253.162 - - [14/Aug/2026:08:38:16 -0500] "GET /playbet-android-app-your-betting-companion/ HTTP/1.1" 200 75092 "-" "Mozilla/5.0 (Windows NT 10.0; Win64; x64; rv:133.0) Gecko/20100101 Firefox/133.0"
176.126.104.155 - - [14/Aug/2026:08:38:17 -0500] "POST /xmlrpc.php HTTP/1.1" 200 35740 "-" "Mozilla/5.0 (Windows NT 10.0; Win64; x64; rv:133.0) Gecko/20100101 Firefox/133.0"
176.126.104.155 - - [14/Aug/2026:08:38:18 -0500] "POST /xmlrpc.php HTTP/1.1" 200 178 "-" "Mozilla/5.0 (Windows NT 10.0; Win64; x64; rv:133.0) Gecko/20100101 Firefox/133.0"
57.141.10.53 - - [14/Aug/2026:08:38:18 -0500] "GET / HTTP/1.1" 200 82322 "-" "facebookexternalhit/1.1 (+http://www.facebook.com/externalhit_uatext.php)"
162.214.115.43 - - [14/Aug/2026:08:38:20 -0500] "POST /wp-cron.php?doing_wp_cron=1786714700.1597900390625000000000 HTTP/1.1" 200 - "https://quizena.com.co/wp-cron.php?doing_wp_cron=1786714700.1597900390625000000000" "WordPress/6.0.14; https://quizena.com.co"
57.141.14.101 - - [14/Aug/2026:08:38:19 -0500] "GET /?v=74293871114 HTTP/1.1" 200 82322 "-" "Mozilla/5.0 (Macintosh; Intel Mac OS X 10_15_7) AppleWebKit/537.36 (KHTML, like Gecko) Chrome/145.0.0.0 Safari/537.36 (compatible; meta-externalagent/1.1 (+https://developers.facebook.com/docs/sharing/webmasters/crawler))"
57.141.14.45 - - [14/Aug/2026:08:38:20 -0500] "GET /?i=75609918993 HTTP/1.1" 200 82322 "-" "Mozilla/5.0 (Windows NT 10.0; Win64; x64) AppleWebKit/537.36 (KHTML, like Gecko) Chrome/145.0.0.0 Safari/537.36 (compatible; meta-externalagent/1.1 (+https://developers.facebook.com/docs/sharing/webmasters/crawler))"
45.227.253.162 - - [14/Aug/2026:08:38:19 -0500] "GET /pop-visa-quick-travel-solutions-for-your-next-trip/ HTTP/1.1" 200 89615 "-" "Mozilla/5.0 (Windows NT 10.0; Win64; x64; rv:133.0) Gecko/20100101 Firefox/133.0"
57.141.14.78 - - [14/Aug/2026:08:38:21 -0500] "GET /wp-content/plugins/elementor/assets/lib/waypoints/waypoints.min.js?ver=4.0.2 HTTP/1.1" 200 12198 "https://quizena.com.co/?i=75609918993" "Mozilla/5.0 (Windows NT 10.0; Win64; x64) AppleWebKit/537.36 (KHTML, like Gecko) Chrome/145.0.0.0 Safari/537.36 (compatible; meta-externalagent/1.1 (+https://developers.facebook.com/docs/sharing/webmasters/crawler))"
176.126.104.155 - - [14/Aug/2026:08:38:21 -0500] "POST /xmlrpc.php HTTP/1.1" 200 17852 "-" "Mozilla/5.0 (Windows NT 10.0; Win64; x64; rv:133.0) Gecko/20100101 Firefox/133.0"
176.126.104.155 - - [14/Aug/2026:08:38:23 -0500] "POST /xmlrpc.php HTTP/1.1" 200 178 "-" "Mozilla/5.0 (Windows NT 10.0; Win64; x64; rv:133.0) Gecko/20100101 Firefox/133.0"
162.214.115.43 - - [14/Aug/2026:08:38:23 -0500] "POST /wp-cron.php?doing_wp_cron=1786714703.9691870212554931640625 HTTP/1.1" 200 - "https://quizena.com.co/wp-cron.php?doing_wp_cron=1786714703.9691870212554931640625" "WordPress/6.0.14; https://quizena.com.co"
45.227.253.162 - - [14/Aug/2026:08:38:23 -0500] "GET /powerplay-cancel-withdrawal-easy-fast-support/ HTTP/1.1" 200 76498 "-" "Mozilla/5.0 (Macintosh; Intel Mac OS X 10_15_7) AppleWebKit/605.1.15 (KHTML, like Gecko) Version/18.0 Safari/605.1.15"
176.126.104.155 - - [14/Aug/2026:08:38:24 -0500] "POST /xmlrpc.php HTTP/1.1" 200 18539 "-" "Mozilla/5.0 (Macintosh; Intel Mac OS X 10_15_7) AppleWebKit/605.1.15 (KHTML, like Gecko) Version/18.0 Safari/605.1.15"
176.126.104.155 - - [14/Aug/2026:08:38:26 -0500] "POST /xmlrpc.php HTTP/1.1" 200 178 "-" "Mozilla/5.0 (Windows NT 10.0; Win64; x64; rv:133.0) Gecko/20100101 Firefox/133.0"
162.214.115.43 - - [14/Aug/2026:08:38:27 -0500] "POST /wp-cron.php?doing_wp_cron=1786714707.0948309898376464843750 HTTP/1.1" 200 - "https://quizena.com.co/wp-cron.php?doing_wp_cron=1786714707.0948309898376464843750" "WordPress/6.0.14; https://quizena.com.co"
45.227.253.162 - - [14/Aug/2026:08:38:26 -0500] "GET /playbet-affiliate-program-earn-big-commissions-now/ HTTP/1.1" 200 77595 "-" "Mozilla/5.0 (Windows NT 10.0; Win64; x64; rv:133.0) Gecko/20100101 Firefox/133.0"
57.141.14.72 - - [14/Aug/2026:08:38:27 -0500] "GET /?f=14533391255 HTTP/1.1" 200 82322 "-" "Mozilla/5.0 (Macintosh; Intel Mac OS X 10_15_7) AppleWebKit/537.36 (KHTML, like Gecko) Chrome/145.0.0.0 Safari/537.36 (compatible; meta-externalagent/1.1 (+https://developers.facebook.com/docs/sharing/webmasters/crawler))"
176.126.104.155 - - [14/Aug/2026:08:38:28 -0500] "POST /xmlrpc.php HTTP/1.1" 200 20285 "-" "Mozilla/5.0 (Windows NT 10.0; Win64; x64; rv:133.0) Gecko/20100101 Firefox/133.0"
176.126.104.155 - - [14/Aug/2026:08:38:29 -0500] "POST /xmlrpc.php HTTP/1.1" 200 178 "-" "Mozilla/5.0 (Windows NT 10.0; Win64; x64; rv:133.0) Gecko/20100101 Firefox/133.0"
45.227.253.162 - - [14/Aug/2026:08:38:29 -0500] "GET /pigmo-wager-offers-smart-betting-solutions/ HTTP/1.1" 200 78847 "-" "Mozilla/5.0 (Windows NT 10.0; Win64; x64; rv:133.0) Gecko/20100101 Firefox/133.0"
176.126.104.155 - - [14/Aug/2026:08:38:32 -0500] "POST /xmlrpc.php HTTP/1.1" 200 19216 "-" "Mozilla/5.0 (Macintosh; Intel Mac OS X 10_15_7) AppleWebKit/605.1.15 (KHTML, like Gecko) Version/18.0 Safari/605.1.15"
57.141.14.92 - - [14/Aug/2026:08:38:32 -0500] "GET /?w=62655919853 HTTP/1.1" 200 57694 "-" "Mozilla/5.0 (Macintosh; Intel Mac OS X 10_15_7) AppleWebKit/537.36 (KHTML, like Gecko) Chrome/145.0.0.0 Safari/537.36 (compatible; meta-externalagent/1.1 (+https://developers.facebook.com/docs/sharing/webmasters/crawler))"
176.126.104.155 - - [14/Aug/2026:08:38:33 -0500] "POST /xmlrpc.php HTTP/1.1" 200 178 "-" "Mozilla/5.0 (Macintosh; Intel Mac OS X 10_15_7) AppleWebKit/605.1.15 (KHTML, like Gecko) Version/18.0 Safari/605.1.15"
45.227.253.162 - - [14/Aug/2026:08:38:33 -0500] "GET /paf-credit-card-get-yours-now-easy-payments/ HTTP/1.1" 200 78100 "-" "Mozilla/5.0 (Windows NT 10.0; Win64; x64; rv:133.0) Gecko/20100101 Firefox/133.0"
176.126.104.155 - - [14/Aug/2026:08:38:35 -0500] "POST /xmlrpc.php HTTP/1.1" 200 17408 "-" "Mozilla/5.0 (Macintosh; Intel Mac OS X 10_15_7) AppleWebKit/605.1.15 (KHTML, like Gecko) Version/18.0 Safari/605.1.15"
176.126.104.155 - - [14/Aug/2026:08:38:36 -0500] "POST /xmlrpc.php HTTP/1.1" 200 178 "-" "Mozilla/5.0 (Windows NT 10.0; Win64; x64; rv:133.0) Gecko/20100101 Firefox/133.0"
45.227.253.162 - - [14/Aug/2026:08:38:36 -0500] "GET /pelikaani-register-secure-registration-solutions-now/ HTTP/1.1" 200 76212 "-" "Mozilla/5.0 (Windows NT 10.0; Win64; x64; rv:133.0) Gecko/20100101 Firefox/133.0"
162.214.115.43 - - [14/Aug/2026:08:38:38 -0500] "POST /wp-cron.php?doing_wp_cron=1786714718.3253819942474365234375 HTTP/1.1" 200 - "https://quizena.com.co/wp-cron.php?doing_wp_cron=1786714718.3253819942474365234375" "WordPress/6.0.14; https://quizena.com.co"
176.126.104.155 - - [14/Aug/2026:08:38:38 -0500] "POST /xmlrpc.php HTTP/1.1" 200 14968 "-" "Mozilla/5.0 (Windows NT 10.0; Win64; x64; rv:133.0) Gecko/20100101 Firefox/133.0"
176.126.104.155 - - [14/Aug/2026:08:38:39 -0500] "POST /xmlrpc.php HTTP/1.1" 200 178 "-" "Mozilla/5.0 (Macintosh; Intel Mac OS X 10_15_7) AppleWebKit/605.1.15 (KHTML, like Gecko) Version/18.0 Safari/605.1.15"
57.141.14.39 - - [14/Aug/2026:08:38:39 -0500] "GET /?e=55124350305 HTTP/1.1" 200 82322 "-" "Mozilla/5.0 (Windows NT 10.0; Win64; x64) AppleWebKit/537.36 (KHTML, like Gecko) Chrome/145.0.0.0 Safari/537.36 (compatible; meta-externalagent/1.1 (+https://developers.facebook.com/docs/sharing/webmasters/crawler))"
45.227.253.162 - - [14/Aug/2026:08:38:39 -0500] "GET /paratiisi-max-bet-maximum-winnings-available-now/ HTTP/1.1" 200 74111 "-" "Mozilla/5.0 (Macintosh; Intel Mac OS X 10_15_7) AppleWebKit/605.1.15 (KHTML, like Gecko) Version/18.0 Safari/605.1.15"
57.141.14.73 - - [14/Aug/2026:08:38:40 -0500] "GET /?z=64064133929 HTTP/1.1" 200 82322 "-" "Mozilla/5.0 (Windows NT 10.0; Win64; x64) AppleWebKit/537.36 (KHTML, like Gecko) Chrome/145.0.0.0 Safari/537.36 (compatible; meta-externalagent/1.1 (+https://developers.facebook.com/docs/sharing/webmasters/crawler))"
176.126.104.155 - - [14/Aug/2026:08:38:41 -0500] "POST /xmlrpc.php HTTP/1.1" 200 18061 "-" "Mozilla/5.0 (Macintosh; Intel Mac OS X 10_15_7) AppleWebKit/605.1.15 (KHTML, like Gecko) Version/18.0 Safari/605.1.15"
57.141.14.75 - - [14/Aug/2026:08:38:41 -0500] "GET /?c=42205587911 HTTP/1.1" 200 82322 "-" "Mozilla/5.0 (Windows NT 10.0; Win64; x64) AppleWebKit/537.36 (KHTML, like Gecko) Chrome/145.0.0.0 Safari/537.36 (compatible; meta-externalagent/1.1 (+https://developers.facebook.com/docs/sharing/webmasters/crawler))"
176.126.104.155 - - [14/Aug/2026:08:38:42 -0500] "POST /xmlrpc.php HTTP/1.1" 200 178 "-" "Mozilla/5.0 (Windows NT 10.0; Win64; x64) AppleWebKit/537.36 (KHTML, like Gecko) Chrome/124.0.0.0 Safari/537.36"
45.227.253.162 - - [14/Aug/2026:08:38:42 -0500] "GET /paf-poker-excitement-play-now-huge-jackpots/ HTTP/1.1" 200 76876 "-" "Mozilla/5.0 (Windows NT 10.0; Win64; x64) AppleWebKit/537.36 (KHTML, like Gecko) Chrome/124.0.0.0 Safari/537.36"
176.126.104.155 - - [14/Aug/2026:08:38:44 -0500] "POST /xmlrpc.php HTTP/1.1" 200 23162 "-" "Mozilla/5.0 (Windows NT 10.0; Win64; x64) AppleWebKit/537.36 (KHTML, like Gecko) Chrome/124.0.0.0 Safari/537.36"
176.126.104.155 - - [14/Aug/2026:08:38:45 -0500] "POST /xmlrpc.php HTTP/1.1" 200 178 "-" "Mozilla/5.0 (Windows NT 10.0; Win64; x64) AppleWebKit/537.36 (KHTML, like Gecko) Chrome/124.0.0.0 Safari/537.36"
45.227.253.162 - - [14/Aug/2026:08:38:46 -0500] "GET /otto-net-fast-internet-solutions-for-your-business/ HTTP/1.1" 200 80463 "-" "Mozilla/5.0 (Windows NT 10.0; Win64; x64; rv:133.0) Gecko/20100101 Firefox/133.0"
57.141.14.78 - - [14/Aug/2026:08:38:46 -0500] "GET /?o=54768458268 HTTP/1.1" 200 82322 "-" "Mozilla/5.0 (Windows NT 10.0; Win64; x64) AppleWebKit/537.36 (KHTML, like Gecko) Chrome/145.0.0.0 Safari/537.36 (compatible; meta-externalagent/1.1 (+https://developers.facebook.com/docs/sharing/webmasters/crawler))"
176.126.104.155 - - [14/Aug/2026:08:38:47 -0500] "POST /xmlrpc.php HTTP/1.1" 200 13578 "-" "Mozilla/5.0 (Macintosh; Intel Mac OS X 10_15_7) AppleWebKit/605.1.15 (KHTML, like Gecko) Version/18.0 Safari/605.1.15"
176.126.104.155 - - [14/Aug/2026:08:38:48 -0500] "POST /xmlrpc.php HTTP/1.1" 200 178 "-" "Mozilla/5.0 (Windows NT 10.0; Win64; x64) AppleWebKit/537.36 (KHTML, like Gecko) Chrome/124.0.0.0 Safari/537.36"
162.214.115.43 - - [14/Aug/2026:08:38:50 -0500] "POST /wp-cron.php?doing_wp_cron=1786714730.0336930751800537109375 HTTP/1.1" 200 - "https://quizena.com.co/wp-cron.php?doing_wp_cron=1786714730.0336930751800537109375" "WordPress/6.0.14; https://quizena.com.co"
45.227.253.162 - - [14/Aug/2026:08:38:48 -0500] "GET /nucleonbet-casino-play-now-big-wins-await/ HTTP/1.1" 200 72549 "-" "Mozilla/5.0 (Macintosh; Intel Mac OS X 10_15_7) AppleWebKit/605.1.15 (KHTML, like Gecko) Version/18.0 Safari/605.1.15"
176.126.104.155 - - [14/Aug/2026:08:38:51 -0500] "POST /xmlrpc.php HTTP/1.1" 200 20489 "-" "Mozilla/5.0 (Macintosh; Intel Mac OS X 10_15_7) AppleWebKit/605.1.15 (KHTML, like Gecko) Version/18.0 Safari/605.1.15"
176.126.104.155 - - [14/Aug/2026:08:38:52 -0500] "POST /xmlrpc.php HTTP/1.1" 200 178 "-" "Mozilla/5.0 (Windows NT 10.0; Win64; x64; rv:133.0) Gecko/20100101 Firefox/133.0"
45.227.253.162 - - [14/Aug/2026:08:38:52 -0500] "GET /olympusbet-sign-up-join-betting-action-now/ HTTP/1.1" 200 78201 "-" "Mozilla/5.0 (Windows NT 10.0; Win64; x64; rv:133.0) Gecko/20100101 Firefox/133.0"
176.126.104.155 - - [14/Aug/2026:08:38:54 -0500] "POST /xmlrpc.php HTTP/1.1" 200 15037 "-" "Mozilla/5.0 (Windows NT 10.0; Win64; x64) AppleWebKit/537.36 (KHTML, like Gecko) Chrome/124.0.0.0 Safari/537.36"
162.214.115.43 - - [14/Aug/2026:08:38:55 -0500] "POST /wp-cron.php?doing_wp_cron=1786714735.1882228851318359375000 HTTP/1.1" 200 - "https://quizena.com.co/wp-cron.php?doing_wp_cron=1786714735.1882228851318359375000" "WordPress/6.0.14; https://quizena.com.co"
176.126.104.155 - - [14/Aug/2026:08:38:55 -0500] "POST /xmlrpc.php HTTP/1.1" 200 178 "-" "Mozilla/5.0 (Windows NT 10.0; Win64; x64) AppleWebKit/537.36 (KHTML, like Gecko) Chrome/124.0.0.0 Safari/537.36"
45.227.253.162 - - [14/Aug/2026:08:38:55 -0500] "GET /get-oshi-active-promo-codes-now-big-savings/ HTTP/1.1" 200 74181 "-" "Mozilla/5.0 (Macintosh; Intel Mac OS X 10_15_7) AppleWebKit/605.1.15 (KHTML, like Gecko) Version/18.0 Safari/605.1.15"
176.126.104.155 - - [14/Aug/2026:08:38:57 -0500] "POST /xmlrpc.php HTTP/1.1" 200 18445 "-" "Mozilla/5.0 (Windows NT 10.0; Win64; x64) AppleWebKit/537.36 (KHTML, like Gecko) Chrome/124.0.0.0 Safari/537.36"
176.126.104.155 - - [14/Aug/2026:08:38:58 -0500] "POST /xmlrpc.php HTTP/1.1" 200 178 "-" "Mozilla/5.0 (Windows NT 10.0; Win64; x64; rv:133.0) Gecko/20100101 Firefox/133.0"
162.214.115.43 - - [14/Aug/2026:08:38:59 -0500] "POST /wp-cron.php?doing_wp_cron=1786714739.0747890472412109375000 HTTP/1.1" 200 - "https://quizena.com.co/wp-cron.php?doing_wp_cron=1786714739.0747890472412109375000" "WordPress/6.0.14; https://quizena.com.co"
45.227.253.162 - - [14/Aug/2026:08:38:58 -0500] "GET /nitro-live-chat-powerful-instant-customer-support-solution/ HTTP/1.1" 200 77260 "-" "Mozilla/5.0 (Windows NT 10.0; Win64; x64; rv:133.0) Gecko/20100101 Firefox/133.0"
176.126.104.155 - - [14/Aug/2026:08:39:00 -0500] "POST /xmlrpc.php HTTP/1.1" 200 19178 "-" "Mozilla/5.0 (Windows NT 10.0; Win64; x64; rv:133.0) Gecko/20100101 Firefox/133.0"
57.141.14.7 - - [14/Aug/2026:08:39:00 -0500] "GET /?w=82757752947 HTTP/1.1" 200 57694 "-" "Mozilla/5.0 (Windows NT 10.0; Win64; x64) AppleWebKit/537.36 (KHTML, like Gecko) Chrome/145.0.0.0 Safari/537.36 (compatible; meta-externalagent/1.1 (+https://developers.facebook.com/docs/sharing/webmasters/crawler))"
176.126.104.155 - - [14/Aug/2026:08:39:01 -0500] "POST /xmlrpc.php HTTP/1.1" 200 178 "-" "Mozilla/5.0 (Windows NT 10.0; Win64; x64; rv:133.0) Gecko/20100101 Firefox/133.0"
162.214.115.43 - - [14/Aug/2026:08:39:02 -0500] "POST /wp-cron.php?doing_wp_cron=1786714742.0202260017395019531250 HTTP/1.1" 200 - "https://quizena.com.co/wp-cron.php?doing_wp_cron=1786714742.0202260017395019531250" "WordPress/6.0.14; https://quizena.com.co"
57.141.14.13 - - [14/Aug/2026:08:39:01 -0500] "GET /?r=52597699841 HTTP/1.1" 200 82322 "-" "Mozilla/5.0 (Macintosh; Intel Mac OS X 10_15_7) AppleWebKit/537.36 (KHTML, like Gecko) Chrome/145.0.0.0 Safari/537.36 (compatible; meta-externalagent/1.1 (+https://developers.facebook.com/docs/sharing/webmasters/crawler))"
45.227.253.162 - - [14/Aug/2026:08:39:02 -0500] "GET /nopeampi-ndb-fast-solutions-now-available/ HTTP/1.1" 200 77508 "-" "Mozilla/5.0 (Windows NT 10.0; Win64; x64) AppleWebKit/537.36 (KHTML, like Gecko) Chrome/124.0.0.0 Safari/537.36"
176.126.104.155 - - [14/Aug/2026:08:39:03 -0500] "POST /xmlrpc.php HTTP/1.1" 200 15705 "-" "Mozilla/5.0 (Windows NT 10.0; Win64; x64) AppleWebKit/537.36 (KHTML, like Gecko) Chrome/124.0.0.0 Safari/537.36"
176.126.104.155 - - [14/Aug/2026:08:39:04 -0500] "POST /xmlrpc.php HTTP/1.1" 200 178 "-" "Mozilla/5.0 (Windows NT 10.0; Win64; x64; rv:133.0) Gecko/20100101 Firefox/133.0"
162.214.115.43 - - [14/Aug/2026:08:39:05 -0500] "POST /wp-cron.php?doing_wp_cron=1786714745.3734610080718994140625 HTTP/1.1" 200 - "https://quizena.com.co/wp-cron.php?doing_wp_cron=1786714745.3734610080718994140625" "WordPress/6.0.14; https://quizena.com.co"
45.227.253.162 - - [14/Aug/2026:08:39:05 -0500] "GET /novajackpot-my-account-access-fast-secure-play/ HTTP/1.1" 200 74421 "-" "Mozilla/5.0 (Macintosh; Intel Mac OS X 10_15_7) AppleWebKit/605.1.15 (KHTML, like Gecko) Version/18.0 Safari/605.1.15"
176.126.104.155 - - [14/Aug/2026:08:39:06 -0500] "POST /xmlrpc.php HTTP/1.1" 200 17930 "-" "Mozilla/5.0 (Macintosh; Intel Mac OS X 10_15_7) AppleWebKit/605.1.15 (KHTML, like Gecko) Version/18.0 Safari/605.1.15"
176.126.104.155 - - [14/Aug/2026:08:39:07 -0500] "POST /xmlrpc.php HTTP/1.1" 200 178 "-" "Mozilla/5.0 (Windows NT 10.0; Win64; x64) AppleWebKit/537.36 (KHTML, like Gecko) Chrome/124.0.0.0 Safari/537.36"
162.214.115.43 - - [14/Aug/2026:08:39:09 -0500] "POST /wp-cron.php?doing_wp_cron=1786714749.2300639152526855468750 HTTP/1.1" 200 - "https://quizena.com.co/wp-cron.php?doing_wp_cron=1786714749.2300639152526855468750" "WordPress/6.0.14; https://quizena.com.co"
45.227.253.162 - - [14/Aug/2026:08:39:08 -0500] "GET /nopein-withdrawal-pending-status-updates-here/ HTTP/1.1" 200 76071 "-" "Mozilla/5.0 (Windows NT 10.0; Win64; x64; rv:133.0) Gecko/20100101 Firefox/133.0"
176.126.104.155 - - [14/Aug/2026:08:39:10 -0500] "POST /xmlrpc.php HTTP/1.1" 200 2786 "-" "Mozilla/5.0 (Windows NT 10.0; Win64; x64) AppleWebKit/537.36 (KHTML, like Gecko) Chrome/124.0.0.0 Safari/537.36"
176.126.104.155 - - [14/Aug/2026:08:39:11 -0500] "POST /xmlrpc.php HTTP/1.1" 200 178 "-" "Mozilla/5.0 (Macintosh; Intel Mac OS X 10_15_7) AppleWebKit/605.1.15 (KHTML, like Gecko) Version/18.0 Safari/605.1.15"
45.227.253.162 - - [14/Aug/2026:08:39:11 -0500] "GET /slotrush-wager-amazing-slots-action-now/ HTTP/1.1" 200 63091 "-" "Mozilla/5.0 (Windows NT 10.0; Win64; x64; rv:133.0) Gecko/20100101 Firefox/133.0"
176.126.104.155 - - [14/Aug/2026:08:39:13 -0500] "POST /xmlrpc.php HTTP/1.1" 200 18719 "-" "Mozilla/5.0 (Windows NT 10.0; Win64; x64) AppleWebKit/537.36 (KHTML, like Gecko) Chrome/124.0.0.0 Safari/537.36"
176.126.104.155 - - [14/Aug/2026:08:39:14 -0500] "POST /xmlrpc.php HTTP/1.1" 200 178 "-" "Mozilla/5.0 (Windows NT 10.0; Win64; x64) AppleWebKit/537.36 (KHTML, like Gecko) Chrome/124.0.0.0 Safari/537.36"
45.227.253.162 - - [14/Aug/2026:08:39:15 -0500] "GET /nitro-astropay-fast-payments-secure-transactions-now/ HTTP/1.1" 200 77156 "-" "Mozilla/5.0 (Windows NT 10.0; Win64; x64; rv:133.0) Gecko/20100101 Firefox/133.0"
176.126.104.155 - - [14/Aug/2026:08:39:16 -0500] "POST /xmlrpc.php HTTP/1.1" 200 16081 "-" "Mozilla/5.0 (Windows NT 10.0; Win64; x64) AppleWebKit/537.36 (KHTML, like Gecko) Chrome/124.0.0.0 Safari/537.36"
162.214.115.43 - - [14/Aug/2026:08:39:17 -0500] "POST /wp-cron.php?doing_wp_cron=1786714757.4893290996551513671875 HTTP/1.1" 200 - "https://quizena.com.co/wp-cron.php?doing_wp_cron=1786714757.4893290996551513671875" "WordPress/6.0.14; https://quizena.com.co"
176.126.104.155 - - [14/Aug/2026:08:39:17 -0500] "POST /xmlrpc.php HTTP/1.1" 200 178 "-" "Mozilla/5.0 (Macintosh; Intel Mac OS X 10_15_7) AppleWebKit/605.1.15 (KHTML, like Gecko) Version/18.0 Safari/605.1.15"
45.227.253.162 - - [14/Aug/2026:08:39:18 -0500] "GET /swiper-faq-guide-quick-answers-for-users/ HTTP/1.1" 200 74801 "-" "Mozilla/5.0 (Windows NT 10.0; Win64; x64; rv:133.0) Gecko/20100101 Firefox/133.0"
176.126.104.155 - - [14/Aug/2026:08:39:19 -0500] "POST /xmlrpc.php HTTP/1.1" 200 11095 "-" "Mozilla/5.0 (Macintosh; Intel Mac OS X 10_15_7) AppleWebKit/605.1.15 (KHTML, like Gecko) Version/18.0 Safari/605.1.15"
176.126.104.155 - - [14/Aug/2026:08:39:20 -0500] "POST /xmlrpc.php HTTP/1.1" 200 178 "-" "Mozilla/5.0 (Macintosh; Intel Mac OS X 10_15_7) AppleWebKit/605.1.15 (KHTML, like Gecko) Version/18.0 Safari/605.1.15"
45.227.253.162 - - [14/Aug/2026:08:39:20 -0500] "GET /ninja-partners-power-boost-your-business-growth-now/ HTTP/1.1" 200 70281 "-" "Mozilla/5.0 (Macintosh; Intel Mac OS X 10_15_7) AppleWebKit/605.1.15 (KHTML, like Gecko) Version/18.0 Safari/605.1.15"
176.126.104.155 - - [14/Aug/2026:08:39:22 -0500] "POST /xmlrpc.php HTTP/1.1" 200 19057 "-" "Mozilla/5.0 (Macintosh; Intel Mac OS X 10_15_7) AppleWebKit/605.1.15 (KHTML, like Gecko) Version/18.0 Safari/605.1.15"
162.214.115.43 - - [14/Aug/2026:08:39:23 -0500] "POST /wp-cron.php?doing_wp_cron=1786714763.4131450653076171875000 HTTP/1.1" 200 - "https://quizena.com.co/wp-cron.php?doing_wp_cron=1786714763.4131450653076171875000" "WordPress/6.0.14; https://quizena.com.co"
176.126.104.155 - - [14/Aug/2026:08:39:23 -0500] "POST /xmlrpc.php HTTP/1.1" 200 178 "-" "Mozilla/5.0 (Windows NT 10.0; Win64; x64) AppleWebKit/537.36 (KHTML, like Gecko) Chrome/124.0.0.0 Safari/537.36"
57.141.14.80 - - [14/Aug/2026:08:39:23 -0500] "GET /?g=35745221649 HTTP/1.1" 200 82322 "-" "Mozilla/5.0 (X11; Linux x86_64) AppleWebKit/537.36 (KHTML, like Gecko) Chrome/145.0.0.0 Safari/537.36 (compatible; meta-externalagent/1.1 (+https://developers.facebook.com/docs/sharing/webmasters/crawler))"
45.227.253.162 - - [14/Aug/2026:08:39:24 -0500] "GET /sweetsweep-sports-high-performance-gear-for-athletes/ HTTP/1.1" 200 77280 "-" "Mozilla/5.0 (Macintosh; Intel Mac OS X 10_15_7) AppleWebKit/605.1.15 (KHTML, like Gecko) Version/18.0 Safari/605.1.15"
176.126.104.155 - - [14/Aug/2026:08:39:25 -0500] "POST /xmlrpc.php HTTP/1.1" 200 3160 "-" "Mozilla/5.0 (Macintosh; Intel Mac OS X 10_15_7) AppleWebKit/605.1.15 (KHTML, like Gecko) Version/18.0 Safari/605.1.15"
176.126.104.155 - - [14/Aug/2026:08:39:26 -0500] "POST /xmlrpc.php HTTP/1.1" 200 178 "-" "Mozilla/5.0 (Windows NT 10.0; Win64; x64) AppleWebKit/537.36 (KHTML, like Gecko) Chrome/124.0.0.0 Safari/537.36"
162.214.115.43 - - [14/Aug/2026:08:39:27 -0500] "POST /wp-cron.php?doing_wp_cron=1786714767.8881480693817138671875 HTTP/1.1" 200 - "https://quizena.com.co/wp-cron.php?doing_wp_cron=1786714767.8881480693817138671875" "WordPress/6.0.14; https://quizena.com.co"
45.227.253.162 - - [14/Aug/2026:08:39:26 -0500] "GET /ninja-free-chips-get-yours-now-limited-time-offer/ HTTP/1.1" 200 63349 "-" "Mozilla/5.0 (Macintosh; Intel Mac OS X 10_15_7) AppleWebKit/605.1.15 (KHTML, like Gecko) Version/18.0 Safari/605.1.15"
176.126.104.155 - - [14/Aug/2026:08:39:28 -0500] "POST /xmlrpc.php HTTP/1.1" 200 3038 "-" "Mozilla/5.0 (Windows NT 10.0; Win64; x64; rv:133.0) Gecko/20100101 Firefox/133.0"
176.126.104.155 - - [14/Aug/2026:08:39:29 -0500] "POST /xmlrpc.php HTTP/1.1" 200 178 "-" "Mozilla/5.0 (Windows NT 10.0; Win64; x64) AppleWebKit/537.36 (KHTML, like Gecko) Chrome/124.0.0.0 Safari/537.36"
162.214.115.43 - - [14/Aug/2026:08:39:30 -0500] "POST /wp-cron.php?doing_wp_cron=1786714770.7016611099243164062500 HTTP/1.1" 200 - "https://quizena.com.co/wp-cron.php?doing_wp_cron=1786714770.7016611099243164062500" "WordPress/6.0.14; https://quizena.com.co"
45.227.253.162 - - [14/Aug/2026:08:39:30 -0500] "GET /slotvibe-player-reviews-honest-opinions-insights/ HTTP/1.1" 200 63276 "-" "Mozilla/5.0 (Windows NT 10.0; Win64; x64) AppleWebKit/537.36 (KHTML, like Gecko) Chrome/124.0.0.0 Safari/537.36"
176.126.104.155 - - [14/Aug/2026:08:39:31 -0500] "POST /xmlrpc.php HTTP/1.1" 200 17099 "-" "Mozilla/5.0 (Windows NT 10.0; Win64; x64) AppleWebKit/537.36 (KHTML, like Gecko) Chrome/124.0.0.0 Safari/537.36"
57.141.14.29 - - [14/Aug/2026:08:39:32 -0500] "GET /?r=72792902979 HTTP/1.1" 200 82322 "-" "Mozilla/5.0 (Macintosh; Intel Mac OS X 10_15_7) AppleWebKit/537.36 (KHTML, like Gecko) Chrome/145.0.0.0 Safari/537.36 (compatible; meta-externalagent/1.1 (+https://developers.facebook.com/docs/sharing/webmasters/crawler))"
176.126.104.155 - - [14/Aug/2026:08:39:32 -0500] "POST /xmlrpc.php HTTP/1.1" 200 178 "-" "Mozilla/5.0 (Windows NT 10.0; Win64; x64; rv:133.0) Gecko/20100101 Firefox/133.0"
162.214.115.43 - - [14/Aug/2026:08:39:33 -0500] "POST /wp-cron.php?doing_wp_cron=1786714773.8078660964965820312500 HTTP/1.1" 200 - "https://quizena.com.co/wp-cron.php?doing_wp_cron=1786714773.8078660964965820312500" "WordPress/6.0.14; https://quizena.com.co"
45.227.253.162 - - [14/Aug/2026:08:39:33 -0500] "GET /monixbet-play-excitement-fun-action-now/ HTTP/1.1" 200 75178 "-" "Mozilla/5.0 (Windows NT 10.0; Win64; x64; rv:133.0) Gecko/20100101 Firefox/133.0"
176.126.104.155 - - [14/Aug/2026:08:39:34 -0500] "POST /xmlrpc.php HTTP/1.1" 200 18904 "-" "Mozilla/5.0 (Windows NT 10.0; Win64; x64) AppleWebKit/537.36 (KHTML, like Gecko) Chrome/124.0.0.0 Safari/537.36"
176.126.104.155 - - [14/Aug/2026:08:39:35 -0500] "POST /xmlrpc.php HTTP/1.1" 200 178 "-" "Mozilla/5.0 (Macintosh; Intel Mac OS X 10_15_7) AppleWebKit/605.1.15 (KHTML, like Gecko) Version/18.0 Safari/605.1.15"
162.214.115.43 - - [14/Aug/2026:08:39:36 -0500] "POST /wp-cron.php?doing_wp_cron=1786714776.7436819076538085937500 HTTP/1.1" 200 - "https://quizena.com.co/wp-cron.php?doing_wp_cron=1786714776.7436819076538085937500" "WordPress/6.0.14; https://quizena.com.co"
57.141.14.41 - - [14/Aug/2026:08:39:36 -0500] "GET /?t=74911122509 HTTP/1.1" 200 82322 "-" "Mozilla/5.0 (Windows NT 10.0; Win64; x64) AppleWebKit/537.36 (KHTML, like Gecko) Chrome/145.0.0.0 Safari/537.36 (compatible; meta-externalagent/1.1 (+https://developers.facebook.com/docs/sharing/webmasters/crawler))"
45.227.253.162 - - [14/Aug/2026:08:39:36 -0500] "GET /slotsgem-who-owns-best-casino-slots-now/ HTTP/1.1" 200 77335 "-" "Mozilla/5.0 (Macintosh; Intel Mac OS X 10_15_7) AppleWebKit/605.1.15 (KHTML, like Gecko) Version/18.0 Safari/605.1.15"
176.126.104.155 - - [14/Aug/2026:08:39:38 -0500] "POST /xmlrpc.php HTTP/1.1" 200 15706 "-" "Mozilla/5.0 (Windows NT 10.0; Win64; x64) AppleWebKit/537.36 (KHTML, like Gecko) Chrome/124.0.0.0 Safari/537.36"
176.126.104.155 - - [14/Aug/2026:08:39:39 -0500] "POST /xmlrpc.php HTTP/1.1" 200 178 "-" "Mozilla/5.0 (Macintosh; Intel Mac OS X 10_15_7) AppleWebKit/605.1.15 (KHTML, like Gecko) Version/18.0 Safari/605.1.15"
57.141.14.36 - - [14/Aug/2026:08:39:39 -0500] "GET /?z=93777347370 HTTP/1.1" 200 82322 "-" "Mozilla/5.0 (Macintosh; Intel Mac OS X 10_15_7) AppleWebKit/537.36 (KHTML, like Gecko) Chrome/145.0.0.0 Safari/537.36 (compatible; meta-externalagent/1.1 (+https://developers.facebook.com/docs/sharing/webmasters/crawler))"
162.214.115.43 - - [14/Aug/2026:08:39:40 -0500] "POST /wp-cron.php?doing_wp_cron=1786714780.6016678810119628906250 HTTP/1.1" 200 - "https://quizena.com.co/wp-cron.php?doing_wp_cron=1786714780.6016678810119628906250" "WordPress/6.0.14; https://quizena.com.co"
45.227.253.162 - - [14/Aug/2026:08:39:40 -0500] "GET /momang-jackpot-win-big-now-amazing-prizes-await/ HTTP/1.1" 200 74696 "-" "Mozilla/5.0 (Macintosh; Intel Mac OS X 10_15_7) AppleWebKit/605.1.15 (KHTML, like Gecko) Version/18.0 Safari/605.1.15"
176.126.104.155 - - [14/Aug/2026:08:39:41 -0500] "POST /xmlrpc.php HTTP/1.1" 200 59407 "-" "Mozilla/5.0 (Windows NT 10.0; Win64; x64; rv:133.0) Gecko/20100101 Firefox/133.0"
176.126.104.155 - - [14/Aug/2026:08:39:42 -0500] "POST /xmlrpc.php HTTP/1.1" 200 178 "-" "Mozilla/5.0 (Macintosh; Intel Mac OS X 10_15_7) AppleWebKit/605.1.15 (KHTML, like Gecko) Version/18.0 Safari/605.1.15"
