216.73.216.74 - - [14/Aug/2026:07:16:16 -0500] "GET /?o=52839589264 HTTP/1.1" 200 82322 "-" "Mozilla/5.0 AppleWebKit/537.36 (KHTML, like Gecko; compatible; ClaudeBot/1.0; +claudebot@anthropic.com)"
216.73.216.74 - - [14/Aug/2026:07:16:16 -0500] "GET /?o=82485694898 HTTP/1.1" 200 82322 "-" "Mozilla/5.0 AppleWebKit/537.36 (KHTML, like Gecko; compatible; ClaudeBot/1.0; +claudebot@anthropic.com)"
216.73.216.74 - - [14/Aug/2026:07:16:16 -0500] "GET /?o=34946977115 HTTP/1.1" 200 82322 "-" "Mozilla/5.0 AppleWebKit/537.36 (KHTML, like Gecko; compatible; ClaudeBot/1.0; +claudebot@anthropic.com)"
216.73.216.74 - - [14/Aug/2026:07:16:16 -0500] "GET /?o=35983573472 HTTP/1.1" 200 82322 "-" "Mozilla/5.0 AppleWebKit/537.36 (KHTML, like Gecko; compatible; ClaudeBot/1.0; +claudebot@anthropic.com)"
216.73.216.74 - - [14/Aug/2026:07:16:16 -0500] "GET /?o=73889442918 HTTP/1.1" 200 82322 "-" "Mozilla/5.0 AppleWebKit/537.36 (KHTML, like Gecko; compatible; ClaudeBot/1.0; +claudebot@anthropic.com)"
216.73.216.74 - - [14/Aug/2026:07:16:16 -0500] "GET /?o=52365692162 HTTP/1.1" 200 82322 "-" "Mozilla/5.0 AppleWebKit/537.36 (KHTML, like Gecko; compatible; ClaudeBot/1.0; +claudebot@anthropic.com)"
216.73.216.74 - - [14/Aug/2026:07:16:17 -0500] "GET /?o=33972332609 HTTP/1.1" 200 82322 "-" "Mozilla/5.0 AppleWebKit/537.36 (KHTML, like Gecko; compatible; ClaudeBot/1.0; +claudebot@anthropic.com)"
216.73.216.74 - - [14/Aug/2026:07:16:17 -0500] "GET /?o=26017134355 HTTP/1.1" 200 82322 "-" "Mozilla/5.0 AppleWebKit/537.36 (KHTML, like Gecko; compatible; ClaudeBot/1.0; +claudebot@anthropic.com)"
216.73.216.74 - - [14/Aug/2026:07:16:17 -0500] "GET /?y=53720361382 HTTP/1.1" 200 82322 "-" "Mozilla/5.0 AppleWebKit/537.36 (KHTML, like Gecko; compatible; ClaudeBot/1.0; +claudebot@anthropic.com)"
216.73.216.74 - - [14/Aug/2026:07:16:17 -0500] "GET /?g=86093492426 HTTP/1.1" 200 82322 "-" "Mozilla/5.0 AppleWebKit/537.36 (KHTML, like Gecko; compatible; ClaudeBot/1.0; +claudebot@anthropic.com)"
216.73.216.74 - - [14/Aug/2026:07:16:17 -0500] "GET /?q=55578894144 HTTP/1.1" 200 82322 "-" "Mozilla/5.0 AppleWebKit/537.36 (KHTML, like Gecko; compatible; ClaudeBot/1.0; +claudebot@anthropic.com)"
216.73.216.74 - - [14/Aug/2026:07:16:17 -0500] "GET /?t=32121564015 HTTP/1.1" 200 82322 "-" "Mozilla/5.0 AppleWebKit/537.36 (KHTML, like Gecko; compatible; ClaudeBot/1.0; +claudebot@anthropic.com)"
216.73.216.74 - - [14/Aug/2026:07:16:17 -0500] "GET /?o=23337600894 HTTP/1.1" 200 82322 "-" "Mozilla/5.0 AppleWebKit/537.36 (KHTML, like Gecko; compatible; ClaudeBot/1.0; +claudebot@anthropic.com)"
57.141.14.29 - - [14/Aug/2026:07:16:17 -0500] "GET /?l=62454391508 HTTP/1.1" 200 82322 "-" "Mozilla/5.0 (Windows NT 10.0; Win64; x64) AppleWebKit/537.36 (KHTML, like Gecko) Chrome/145.0.0.0 Safari/537.36 (compatible; meta-externalagent/1.1 (+https://developers.facebook.com/docs/sharing/webmasters/crawler))"
216.73.216.74 - - [14/Aug/2026:07:16:17 -0500] "GET /?z=76362816164 HTTP/1.1" 200 82322 "-" "Mozilla/5.0 AppleWebKit/537.36 (KHTML, like Gecko; compatible; ClaudeBot/1.0; +claudebot@anthropic.com)"
216.73.216.74 - - [14/Aug/2026:07:16:17 -0500] "GET /?j=82517350929 HTTP/1.1" 200 82322 "-" "Mozilla/5.0 AppleWebKit/537.36 (KHTML, like Gecko; compatible; ClaudeBot/1.0; +claudebot@anthropic.com)"
216.73.216.74 - - [14/Aug/2026:07:16:17 -0500] "GET /?y=63944351904 HTTP/1.1" 200 82322 "-" "Mozilla/5.0 AppleWebKit/537.36 (KHTML, like Gecko; compatible; ClaudeBot/1.0; +claudebot@anthropic.com)"
216.73.216.74 - - [14/Aug/2026:07:16:17 -0500] "GET /?r=34476087081 HTTP/1.1" 200 82322 "-" "Mozilla/5.0 AppleWebKit/537.36 (KHTML, like Gecko; compatible; ClaudeBot/1.0; +claudebot@anthropic.com)"
57.141.14.55 - - [14/Aug/2026:07:16:18 -0500] "GET /search/15108850847/feed/rss2/ HTTP/1.1" 200 6856 "-" "Mozilla/5.0 (Windows NT 10.0; Win64; x64) AppleWebKit/537.36 (KHTML, like Gecko) Chrome/145.0.0.0 Safari/537.36 Edg/145.0.0.0 (compatible; meta-externalagent/1.1 (+https://developers.facebook.com/docs/sharing/webmasters/crawler))"
57.141.14.24 - - [14/Aug/2026:07:16:19 -0500] "GET /?n=25875814163 HTTP/1.1" 200 82322 "-" "Mozilla/5.0 (Windows NT 10.0; Win64; x64) AppleWebKit/537.36 (KHTML, like Gecko) Chrome/145.0.0.0 Safari/537.36 (compatible; meta-externalagent/1.1 (+https://developers.facebook.com/docs/sharing/webmasters/crawler))"
57.141.14.82 - - [14/Aug/2026:07:16:20 -0500] "GET /?b=84620371289 HTTP/1.1" 200 82322 "-" "Mozilla/5.0 (Windows NT 10.0; Win64; x64) AppleWebKit/537.36 (KHTML, like Gecko) Chrome/145.0.0.0 Safari/537.36 (compatible; meta-externalagent/1.1 (+https://developers.facebook.com/docs/sharing/webmasters/crawler))"
57.141.14.75 - - [14/Aug/2026:07:16:20 -0500] "GET /?i=75421062059 HTTP/1.1" 200 82322 "-" "Mozilla/5.0 (Windows NT 10.0; Win64; x64) AppleWebKit/537.36 (KHTML, like Gecko) Chrome/145.0.0.0 Safari/537.36 (compatible; meta-externalagent/1.1 (+https://developers.facebook.com/docs/sharing/webmasters/crawler))"
57.141.14.88 - - [14/Aug/2026:07:16:21 -0500] "GET /?a=72951886054 HTTP/1.1" 200 82322 "-" "Mozilla/5.0 (X11; Linux x86_64) AppleWebKit/537.36 (KHTML, like Gecko) Chrome/145.0.0.0 Safari/537.36 (compatible; meta-externalagent/1.1 (+https://developers.facebook.com/docs/sharing/webmasters/crawler))"
57.141.14.51 - - [14/Aug/2026:07:16:22 -0500] "GET /?y=55555959127 HTTP/1.1" 200 82322 "-" "Mozilla/5.0 (Windows NT 10.0; Win64; x64) AppleWebKit/537.36 (KHTML, like Gecko) Chrome/145.0.0.0 Safari/537.36 (compatible; meta-externalagent/1.1 (+https://developers.facebook.com/docs/sharing/webmasters/crawler))"
57.141.14.29 - - [14/Aug/2026:07:16:26 -0500] "GET /?g=53899979020 HTTP/1.1" 200 82322 "-" "Mozilla/5.0 (Windows NT 10.0; Win64; x64) AppleWebKit/537.36 (KHTML, like Gecko) Chrome/145.0.0.0 Safari/537.36 (compatible; meta-externalagent/1.1 (+https://developers.facebook.com/docs/sharing/webmasters/crawler))"
57.141.14.31 - - [14/Aug/2026:07:16:37 -0500] "GET /?b=53287425556 HTTP/1.1" 200 82322 "-" "Mozilla/5.0 (Windows NT 10.0; Win64; x64) AppleWebKit/537.36 (KHTML, like Gecko) Chrome/145.0.0.0 Safari/537.36 (compatible; meta-externalagent/1.1 (+https://developers.facebook.com/docs/sharing/webmasters/crawler))"
57.141.14.95 - - [14/Aug/2026:07:16:39 -0500] "GET /?h=72261529481 HTTP/1.1" 200 82322 "-" "Mozilla/5.0 (X11; Linux x86_64) AppleWebKit/537.36 (KHTML, like Gecko) Chrome/145.0.0.0 Safari/537.36 (compatible; meta-externalagent/1.1 (+https://developers.facebook.com/docs/sharing/webmasters/crawler))"
57.141.14.101 - - [14/Aug/2026:07:16:40 -0500] "GET /?y=12741766336 HTTP/1.1" 200 82322 "-" "Mozilla/5.0 (Windows NT 10.0; Win64; x64) AppleWebKit/537.36 (KHTML, like Gecko) Chrome/145.0.0.0 Safari/537.36 (compatible; meta-externalagent/1.1 (+https://developers.facebook.com/docs/sharing/webmasters/crawler))"
57.141.14.24 - - [14/Aug/2026:07:16:43 -0500] "GET /?k=53885446202 HTTP/1.1" 200 82322 "-" "Mozilla/5.0 (Windows NT 10.0; Win64; x64) AppleWebKit/537.36 (KHTML, like Gecko) Chrome/145.0.0.0 Safari/537.36 (compatible; meta-externalagent/1.1 (+https://developers.facebook.com/docs/sharing/webmasters/crawler))"
57.141.14.17 - - [14/Aug/2026:07:16:48 -0500] "GET /?j=13437490707 HTTP/1.1" 200 82322 "-" "Mozilla/5.0 (Windows NT 10.0; Win64; x64) AppleWebKit/537.36 (KHTML, like Gecko) Chrome/145.0.0.0 Safari/537.36 (compatible; meta-externalagent/1.1 (+https://developers.facebook.com/docs/sharing/webmasters/crawler))"
57.141.14.33 - - [14/Aug/2026:07:16:49 -0500] "GET /?m=72417982928 HTTP/1.1" 200 57694 "-" "Mozilla/5.0 (Macintosh; Intel Mac OS X 10_15_7) AppleWebKit/537.36 (KHTML, like Gecko) Chrome/145.0.0.0 Safari/537.36 (compatible; meta-externalagent/1.1 (+https://developers.facebook.com/docs/sharing/webmasters/crawler))"
114.119.141.200 - - [14/Aug/2026:07:16:56 -0500] "GET /installation-vbet-facile-et-rapide/ HTTP/1.1" 200 73751 "https://quizena.com.co/author/kipersoft/page/31/" "Mozilla/5.0 (Linux; Android 7.0;) AppleWebKit/537.36 (HTML, like Gecko) Mobile Safari/537.36 (compatible; PetalBot;+https://webmaster.petalsearch.com/site/petalbot)"
57.141.14.49 - - [14/Aug/2026:07:17:01 -0500] "GET /?f=14277689353 HTTP/1.1" 200 82322 "-" "Mozilla/5.0 (Windows NT 10.0; Win64; x64) AppleWebKit/537.36 (KHTML, like Gecko) Chrome/145.0.0.0 Safari/537.36 (compatible; meta-externalagent/1.1 (+https://developers.facebook.com/docs/sharing/webmasters/crawler))"
57.141.14.20 - - [14/Aug/2026:07:17:02 -0500] "GET /?e=95524974193 HTTP/1.1" 200 82322 "-" "Mozilla/5.0 (Windows NT 10.0; Win64; x64) AppleWebKit/537.36 (KHTML, like Gecko) Chrome/145.0.0.0 Safari/537.36 (compatible; meta-externalagent/1.1 (+https://developers.facebook.com/docs/sharing/webmasters/crawler))"
57.141.14.62 - - [14/Aug/2026:07:17:06 -0500] "GET /?h=95068663399 HTTP/1.1" 200 82322 "-" "Mozilla/5.0 (Macintosh; Intel Mac OS X 10_15_7) AppleWebKit/537.36 (KHTML, like Gecko) Chrome/145.0.0.0 Safari/537.36 (compatible; meta-externalagent/1.1 (+https://developers.facebook.com/docs/sharing/webmasters/crawler))"
57.141.14.54 - - [14/Aug/2026:07:17:08 -0500] "GET /search/22365098552/feed/rss2/ HTTP/1.1" 200 6856 "-" "Mozilla/5.0 (Windows NT 10.0; Win64; x64) AppleWebKit/537.36 (KHTML, like Gecko) Chrome/145.0.0.0 Safari/537.36 (compatible; meta-externalagent/1.1 (+https://developers.facebook.com/docs/sharing/webmasters/crawler))"
57.141.14.90 - - [14/Aug/2026:07:17:09 -0500] "GET /?h=46076611777 HTTP/1.1" 200 82322 "-" "Mozilla/5.0 (Windows NT 10.0; Win64; x64) AppleWebKit/537.36 (KHTML, like Gecko) Chrome/145.0.0.0 Safari/537.36 (compatible; meta-externalagent/1.1 (+https://developers.facebook.com/docs/sharing/webmasters/crawler))"
57.141.14.67 - - [14/Aug/2026:07:17:10 -0500] "GET /?e=33616579919 HTTP/1.1" 200 82322 "-" "Mozilla/5.0 (Windows NT 10.0; Win64; x64) AppleWebKit/537.36 (KHTML, like Gecko) Chrome/145.0.0.0 Safari/537.36 (compatible; meta-externalagent/1.1 (+https://developers.facebook.com/docs/sharing/webmasters/crawler))"
57.141.14.14 - - [14/Aug/2026:07:17:12 -0500] "GET /?u=42948959340 HTTP/1.1" 200 82322 "-" "Mozilla/5.0 (Windows NT 10.0; Win64; x64) AppleWebKit/537.36 (KHTML, like Gecko) Chrome/145.0.0.0 Safari/537.36 (compatible; meta-externalagent/1.1 (+https://developers.facebook.com/docs/sharing/webmasters/crawler))"
57.141.14.96 - - [14/Aug/2026:07:17:13 -0500] "GET /search/94964016555/feed/rss2/ HTTP/1.1" 200 6856 "-" "Mozilla/5.0 (Windows NT 10.0; Win64; x64) AppleWebKit/537.36 (KHTML, like Gecko) Chrome/145.0.0.0 Safari/537.36 (compatible; meta-externalagent/1.1 (+https://developers.facebook.com/docs/sharing/webmasters/crawler))"
57.141.14.13 - - [14/Aug/2026:07:17:15 -0500] "GET /?k=32873919868 HTTP/1.1" 200 82322 "-" "Mozilla/5.0 (Macintosh; Intel Mac OS X 10_15_7) AppleWebKit/537.36 (KHTML, like Gecko) Chrome/145.0.0.0 Safari/537.36 (compatible; meta-externalagent/1.1 (+https://developers.facebook.com/docs/sharing/webmasters/crawler))"
57.141.14.92 - - [14/Aug/2026:07:17:20 -0500] "GET /?u=64274662184 HTTP/1.1" 200 82322 "-" "Mozilla/5.0 (Windows NT 10.0; Win64; x64) AppleWebKit/537.36 (KHTML, like Gecko) Chrome/145.0.0.0 Safari/537.36 Edg/145.0.0.0 (compatible; meta-externalagent/1.1 (+https://developers.facebook.com/docs/sharing/webmasters/crawler))"
57.141.14.77 - - [14/Aug/2026:07:17:21 -0500] "GET /?l=23597977246 HTTP/1.1" 200 82322 "-" "Mozilla/5.0 (Windows NT 10.0; Win64; x64) AppleWebKit/537.36 (KHTML, like Gecko) Chrome/145.0.0.0 Safari/537.36 (compatible; meta-externalagent/1.1 (+https://developers.facebook.com/docs/sharing/webmasters/crawler))"
57.141.14.36 - - [14/Aug/2026:07:17:23 -0500] "GET /?e=75624810486 HTTP/1.1" 200 82322 "-" "Mozilla/5.0 (Macintosh; Intel Mac OS X 10_15_7) AppleWebKit/537.36 (KHTML, like Gecko) Chrome/145.0.0.0 Safari/537.36 (compatible; meta-externalagent/1.1 (+https://developers.facebook.com/docs/sharing/webmasters/crawler))"
154.208.47.199 - - [14/Aug/2026:07:17:24 -0500] "POST /xmlrpc.php HTTP/1.1" 200 6095 "-" "WordPress.com; https://wordpress.com"
57.141.14.76 - - [14/Aug/2026:07:17:26 -0500] "GET /?p=94709193392 HTTP/1.1" 200 57694 "-" "Mozilla/5.0 (Windows NT 10.0; Win64; x64) AppleWebKit/537.36 (KHTML, like Gecko) Chrome/145.0.0.0 Safari/537.36 (compatible; meta-externalagent/1.1 (+https://developers.facebook.com/docs/sharing/webmasters/crawler))"
57.141.14.38 - - [14/Aug/2026:07:17:29 -0500] "GET /?h=82336648344 HTTP/1.1" 200 82322 "-" "Mozilla/5.0 (Windows NT 10.0; Win64; x64) AppleWebKit/537.36 (KHTML, like Gecko) Chrome/145.0.0.0 Safari/537.36 (compatible; meta-externalagent/1.1 (+https://developers.facebook.com/docs/sharing/webmasters/crawler))"
154.208.47.199 - - [14/Aug/2026:07:17:30 -0500] "POST /xmlrpc.php HTTP/1.1" 200 6095 "-" "Jetpack by WordPress.com (Jetpack 12.1; WordPress 6.4)"
57.141.14.51 - - [14/Aug/2026:07:17:32 -0500] "GET /?s=34774349042 HTTP/1.1" 200 70704 "-" "Mozilla/5.0 (Windows NT 10.0; Win64; x64) AppleWebKit/537.36 (KHTML, like Gecko) Chrome/145.0.0.0 Safari/537.36 (compatible; meta-externalagent/1.1 (+https://developers.facebook.com/docs/sharing/webmasters/crawler))"
57.141.14.7 - - [14/Aug/2026:07:17:34 -0500] "GET /?t=83423368499 HTTP/1.1" 200 82322 "-" "Mozilla/5.0 (Windows NT 10.0; Win64; x64) AppleWebKit/537.36 (KHTML, like Gecko) Chrome/145.0.0.0 Safari/537.36 (compatible; meta-externalagent/1.1 (+https://developers.facebook.com/docs/sharing/webmasters/crawler))"
57.141.14.72 - - [14/Aug/2026:07:17:36 -0500] "GET /?l=54247791310 HTTP/1.1" 200 82322 "-" "Mozilla/5.0 (Macintosh; Intel Mac OS X 10_15_7) AppleWebKit/537.36 (KHTML, like Gecko) Chrome/145.0.0.0 Safari/537.36 (compatible; meta-externalagent/1.1 (+https://developers.facebook.com/docs/sharing/webmasters/crawler))"
57.141.14.31 - - [14/Aug/2026:07:17:37 -0500] "GET /?u=93401001721 HTTP/1.1" 200 82322 "-" "Mozilla/5.0 (Windows NT 10.0; Win64; x64) AppleWebKit/537.36 (KHTML, like Gecko) Chrome/145.0.0.0 Safari/537.36 (compatible; meta-externalagent/1.1 (+https://developers.facebook.com/docs/sharing/webmasters/crawler))"
57.141.14.91 - - [14/Aug/2026:07:17:38 -0500] "GET /?v=32743636630 HTTP/1.1" 200 82322 "-" "Mozilla/5.0 (Windows NT 10.0; Win64; x64) AppleWebKit/537.36 (KHTML, like Gecko) Chrome/145.0.0.0 Safari/537.36 (compatible; meta-externalagent/1.1 (+https://developers.facebook.com/docs/sharing/webmasters/crawler))"
57.141.14.3 - - [14/Aug/2026:07:17:47 -0500] "GET /?w=16139477587 HTTP/1.1" 200 57694 "-" "Mozilla/5.0 (Macintosh; Intel Mac OS X 10_15_7) AppleWebKit/537.36 (KHTML, like Gecko) Chrome/145.0.0.0 Safari/537.36 (compatible; meta-externalagent/1.1 (+https://developers.facebook.com/docs/sharing/webmasters/crawler))"
57.141.14.44 - - [14/Aug/2026:07:17:48 -0500] "GET /?v=93299568803 HTTP/1.1" 200 82322 "-" "Mozilla/5.0 (Windows NT 10.0; Win64; x64) AppleWebKit/537.36 (KHTML, like Gecko) Chrome/145.0.0.0 Safari/537.36 (compatible; meta-externalagent/1.1 (+https://developers.facebook.com/docs/sharing/webmasters/crawler))"
57.141.14.42 - - [14/Aug/2026:07:17:52 -0500] "GET /?o=24612923814 HTTP/1.1" 200 82322 "-" "Mozilla/5.0 (Macintosh; Intel Mac OS X 10_15_7) AppleWebKit/537.36 (KHTML, like Gecko) Chrome/145.0.0.0 Safari/537.36 (compatible; meta-externalagent/1.1 (+https://developers.facebook.com/docs/sharing/webmasters/crawler))"
57.141.14.79 - - [14/Aug/2026:07:17:53 -0500] "GET /?r=34250089081 HTTP/1.1" 200 82322 "-" "Mozilla/5.0 (Windows NT 10.0; Win64; x64) AppleWebKit/537.36 (KHTML, like Gecko) Chrome/145.0.0.0 Safari/537.36 (compatible; meta-externalagent/1.1 (+https://developers.facebook.com/docs/sharing/webmasters/crawler))"
57.141.14.37 - - [14/Aug/2026:07:17:53 -0500] "GET /?t=53895562505 HTTP/1.1" 200 82322 "-" "Mozilla/5.0 (Windows NT 10.0; Win64; x64) AppleWebKit/537.36 (KHTML, like Gecko) Chrome/145.0.0.0 Safari/537.36 (compatible; meta-externalagent/1.1 (+https://developers.facebook.com/docs/sharing/webmasters/crawler))"
57.141.14.20 - - [14/Aug/2026:07:17:55 -0500] "GET /?u=95553388325 HTTP/1.1" 200 82322 "-" "Mozilla/5.0 (Windows NT 10.0; Win64; x64) AppleWebKit/537.36 (KHTML, like Gecko) Chrome/145.0.0.0 Safari/537.36 (compatible; meta-externalagent/1.1 (+https://developers.facebook.com/docs/sharing/webmasters/crawler))"
57.141.14.44 - - [14/Aug/2026:07:17:55 -0500] "GET /?j=84988570261 HTTP/1.1" 200 82322 "-" "Mozilla/5.0 (Windows NT 10.0; Win64; x64) AppleWebKit/537.36 (KHTML, like Gecko) Chrome/145.0.0.0 Safari/537.36 (compatible; meta-externalagent/1.1 (+https://developers.facebook.com/docs/sharing/webmasters/crawler))"
57.141.14.94 - - [14/Aug/2026:07:17:56 -0500] "GET /?i=85889087548 HTTP/1.1" 200 82322 "-" "Mozilla/5.0 (Windows NT 10.0; Win64; x64) AppleWebKit/537.36 (KHTML, like Gecko) Chrome/145.0.0.0 Safari/537.36 (compatible; meta-externalagent/1.1 (+https://developers.facebook.com/docs/sharing/webmasters/crawler))"
57.141.14.28 - - [14/Aug/2026:07:17:59 -0500] "GET /?m=54699025222 HTTP/1.1" 200 57694 "-" "Mozilla/5.0 (Windows NT 10.0; Win64; x64) AppleWebKit/537.36 (KHTML, like Gecko) Chrome/145.0.0.0 Safari/537.36 (compatible; meta-externalagent/1.1 (+https://developers.facebook.com/docs/sharing/webmasters/crawler))"
57.141.14.36 - - [14/Aug/2026:07:18:07 -0500] "GET /?y=15254458490 HTTP/1.1" 200 82322 "-" "Mozilla/5.0 (X11; Linux x86_64) AppleWebKit/537.36 (KHTML, like Gecko) Chrome/145.0.0.0 Safari/537.36 (compatible; meta-externalagent/1.1 (+https://developers.facebook.com/docs/sharing/webmasters/crawler))"
57.141.14.62 - - [14/Aug/2026:07:18:07 -0500] "GET /?v=62404962954 HTTP/1.1" 200 82322 "-" "Mozilla/5.0 (Windows NT 10.0; Win64; x64) AppleWebKit/537.36 (KHTML, like Gecko) Chrome/145.0.0.0 Safari/537.36 (compatible; meta-externalagent/1.1 (+https://developers.facebook.com/docs/sharing/webmasters/crawler))"
154.208.47.199 - - [14/Aug/2026:07:18:09 -0500] "POST /xmlrpc.php HTTP/1.1" 200 6095 "-" "Jetpack by WordPress.com (Jetpack 12.1; WordPress 6.1)"
57.141.14.2 - - [14/Aug/2026:07:18:11 -0500] "GET /?w=13436672050 HTTP/1.1" 200 57694 "-" "Mozilla/5.0 (Windows NT 10.0; Win64; x64) AppleWebKit/537.36 (KHTML, like Gecko) Chrome/145.0.0.0 Safari/537.36 (compatible; meta-externalagent/1.1 (+https://developers.facebook.com/docs/sharing/webmasters/crawler))"
154.208.47.199 - - [14/Aug/2026:07:18:18 -0500] "POST /xmlrpc.php HTTP/1.1" 200 6095 "-" "WordPress.com; https://wordpress.com"
57.141.14.5 - - [14/Aug/2026:07:18:20 -0500] "GET /?m=26200456590 HTTP/1.1" 200 57694 "-" "Mozilla/5.0 (Macintosh; Intel Mac OS X 10_15_7) AppleWebKit/537.36 (KHTML, like Gecko) Chrome/145.0.0.0 Safari/537.36 (compatible; meta-externalagent/1.1 (+https://developers.facebook.com/docs/sharing/webmasters/crawler))"
57.141.14.51 - - [14/Aug/2026:07:18:21 -0500] "GET /?m=82375287594 HTTP/1.1" 200 57694 "-" "Mozilla/5.0 (Windows NT 10.0; Win64; x64) AppleWebKit/537.36 (KHTML, like Gecko) Chrome/145.0.0.0 Safari/537.36 (compatible; meta-externalagent/1.1 (+https://developers.facebook.com/docs/sharing/webmasters/crawler))"
57.141.14.14 - - [14/Aug/2026:07:18:25 -0500] "GET /?v=23637066293 HTTP/1.1" 200 82322 "-" "Mozilla/5.0 (Macintosh; Intel Mac OS X 10_15_7) AppleWebKit/537.36 (KHTML, like Gecko) Chrome/145.0.0.0 Safari/537.36 (compatible; meta-externalagent/1.1 (+https://developers.facebook.com/docs/sharing/webmasters/crawler))"
154.208.47.199 - - [14/Aug/2026:07:18:28 -0500] "POST /xmlrpc.php HTTP/1.1" 200 6095 "-" "Jetpack/12.0; WordPress/6.4; http://site99546007.com"
57.141.14.94 - - [14/Aug/2026:07:18:31 -0500] "GET /?s=33994554003 HTTP/1.1" 200 70704 "-" "Mozilla/5.0 (Macintosh; Intel Mac OS X 10_15_7) AppleWebKit/537.36 (KHTML, like Gecko) Chrome/145.0.0.0 Safari/537.36 (compatible; meta-externalagent/1.1 (+https://developers.facebook.com/docs/sharing/webmasters/crawler))"
57.141.14.24 - - [14/Aug/2026:07:18:31 -0500] "GET /?t=52668108192 HTTP/1.1" 200 82322 "-" "Mozilla/5.0 (X11; Linux x86_64) AppleWebKit/537.36 (KHTML, like Gecko) Chrome/145.0.0.0 Safari/537.36 (compatible; meta-externalagent/1.1 (+https://developers.facebook.com/docs/sharing/webmasters/crawler))"
57.141.14.41 - - [14/Aug/2026:07:18:33 -0500] "GET /?o=75997267535 HTTP/1.1" 200 82322 "-" "Mozilla/5.0 (Windows NT 10.0; Win64; x64) AppleWebKit/537.36 (KHTML, like Gecko) Chrome/145.0.0.0 Safari/537.36 (compatible; meta-externalagent/1.1 (+https://developers.facebook.com/docs/sharing/webmasters/crawler))"
57.141.14.74 - - [14/Aug/2026:07:18:33 -0500] "GET /?r=34890357715 HTTP/1.1" 200 82322 "-" "Mozilla/5.0 (Macintosh; Intel Mac OS X 10_15_7) AppleWebKit/537.36 (KHTML, like Gecko) Chrome/145.0.0.0 Safari/537.36 (compatible; meta-externalagent/1.1 (+https://developers.facebook.com/docs/sharing/webmasters/crawler))"
57.141.14.42 - - [14/Aug/2026:07:18:34 -0500] "GET /?t=95599757210 HTTP/1.1" 200 82322 "-" "Mozilla/5.0 (Windows NT 10.0; Win64; x64) AppleWebKit/537.36 (KHTML, like Gecko) Chrome/145.0.0.0 Safari/537.36 (compatible; meta-externalagent/1.1 (+https://developers.facebook.com/docs/sharing/webmasters/crawler))"
57.141.14.30 - - [14/Aug/2026:07:18:35 -0500] "GET /?x=25582038608 HTTP/1.1" 200 82322 "-" "Mozilla/5.0 (Macintosh; Intel Mac OS X 10_15_7) AppleWebKit/537.36 (KHTML, like Gecko) Chrome/145.0.0.0 Safari/537.36 (compatible; meta-externalagent/1.1 (+https://developers.facebook.com/docs/sharing/webmasters/crawler))"
154.208.47.199 - - [14/Aug/2026:07:18:36 -0500] "POST /xmlrpc.php HTTP/1.1" 200 6095 "-" "Jetpack/12.1; WordPress/6.3; http://site74733784.com"
57.141.14.75 - - [14/Aug/2026:07:18:36 -0500] "GET /?m=13487770939 HTTP/1.1" 200 57694 "-" "Mozilla/5.0 (Windows NT 10.0; Win64; x64) AppleWebKit/537.36 (KHTML, like Gecko) Chrome/145.0.0.0 Safari/537.36 (compatible; meta-externalagent/1.1 (+https://developers.facebook.com/docs/sharing/webmasters/crawler))"
57.141.14.77 - - [14/Aug/2026:07:18:39 -0500] "GET /?e=63754728953 HTTP/1.1" 200 82322 "-" "Mozilla/5.0 (Windows NT 10.0; Win64; x64) AppleWebKit/537.36 (KHTML, like Gecko) Chrome/145.0.0.0 Safari/537.36 (compatible; meta-externalagent/1.1 (+https://developers.facebook.com/docs/sharing/webmasters/crawler))"
57.141.14.73 - - [14/Aug/2026:07:18:41 -0500] "GET /?h=45867849007 HTTP/1.1" 200 82322 "-" "Mozilla/5.0 (Macintosh; Intel Mac OS X 10_15_7) AppleWebKit/537.36 (KHTML, like Gecko) Chrome/145.0.0.0 Safari/537.36 (compatible; meta-externalagent/1.1 (+https://developers.facebook.com/docs/sharing/webmasters/crawler))"
57.141.14.31 - - [14/Aug/2026:07:18:42 -0500] "GET /?f=85297274344 HTTP/1.1" 200 82322 "-" "Mozilla/5.0 (Macintosh; Intel Mac OS X 10_15_7) AppleWebKit/537.36 (KHTML, like Gecko) Chrome/145.0.0.0 Safari/537.36 (compatible; meta-externalagent/1.1 (+https://developers.facebook.com/docs/sharing/webmasters/crawler))"
57.141.14.95 - - [14/Aug/2026:07:18:43 -0500] "GET /?v=62403150241 HTTP/1.1" 200 82322 "-" "Mozilla/5.0 (X11; Linux x86_64) AppleWebKit/537.36 (KHTML, like Gecko) Chrome/145.0.0.0 Safari/537.36 (compatible; meta-externalagent/1.1 (+https://developers.facebook.com/docs/sharing/webmasters/crawler))"
154.208.47.199 - - [14/Aug/2026:07:18:47 -0500] "POST /xmlrpc.php HTTP/1.1" 200 6095 "-" "Jetpack by WordPress.com"
57.141.14.102 - - [14/Aug/2026:07:18:52 -0500] "GET /?z=35548106074 HTTP/1.1" 200 82322 "-" "Mozilla/5.0 (Macintosh; Intel Mac OS X 10_15_7) AppleWebKit/537.36 (KHTML, like Gecko) Chrome/145.0.0.0 Safari/537.36 (compatible; meta-externalagent/1.1 (+https://developers.facebook.com/docs/sharing/webmasters/crawler))"
154.208.47.199 - - [14/Aug/2026:07:19:01 -0500] "POST /xmlrpc.php HTTP/1.1" 200 6095 "-" "Jetpack by WordPress.com"
57.141.14.62 - - [14/Aug/2026:07:19:02 -0500] "GET /?c=65908700095 HTTP/1.1" 200 82322 "-" "Mozilla/5.0 (Macintosh; Intel Mac OS X 10_15_7) AppleWebKit/537.36 (KHTML, like Gecko) Chrome/145.0.0.0 Safari/537.36 (compatible; meta-externalagent/1.1 (+https://developers.facebook.com/docs/sharing/webmasters/crawler))"
57.141.14.53 - - [14/Aug/2026:07:19:05 -0500] "GET /?z=45280551439 HTTP/1.1" 200 82322 "-" "Mozilla/5.0 (Windows NT 10.0; Win64; x64) AppleWebKit/537.36 (KHTML, like Gecko) Chrome/145.0.0.0 Safari/537.36 (compatible; meta-externalagent/1.1 (+https://developers.facebook.com/docs/sharing/webmasters/crawler))"
57.141.14.8 - - [14/Aug/2026:07:19:08 -0500] "GET /?t=76250407275 HTTP/1.1" 200 82322 "-" "Mozilla/5.0 (Windows NT 10.0; Win64; x64) AppleWebKit/537.36 (KHTML, like Gecko) Chrome/145.0.0.0 Safari/537.36 (compatible; meta-externalagent/1.1 (+https://developers.facebook.com/docs/sharing/webmasters/crawler))"
57.141.14.71 - - [14/Aug/2026:07:19:10 -0500] "GET /?s=73212934333 HTTP/1.1" 200 70704 "-" "Mozilla/5.0 (Windows NT 10.0; Win64; x64) AppleWebKit/537.36 (KHTML, like Gecko) Chrome/145.0.0.0 Safari/537.36 (compatible; meta-externalagent/1.1 (+https://developers.facebook.com/docs/sharing/webmasters/crawler))"
57.141.14.14 - - [14/Aug/2026:07:19:11 -0500] "GET /?j=72530211329 HTTP/1.1" 200 82322 "-" "Mozilla/5.0 (Macintosh; Intel Mac OS X 10_15_7) AppleWebKit/537.36 (KHTML, like Gecko) Chrome/145.0.0.0 Safari/537.36 (compatible; meta-externalagent/1.1 (+https://developers.facebook.com/docs/sharing/webmasters/crawler))"
57.141.14.3 - - [14/Aug/2026:07:19:11 -0500] "GET /?t=62728083484 HTTP/1.1" 200 82322 "-" "Mozilla/5.0 (Windows NT 10.0; Win64; x64) AppleWebKit/537.36 (KHTML, like Gecko) Chrome/145.0.0.0 Safari/537.36 (compatible; meta-externalagent/1.1 (+https://developers.facebook.com/docs/sharing/webmasters/crawler))"
154.208.47.199 - - [14/Aug/2026:07:19:11 -0500] "POST /xmlrpc.php HTTP/1.1" 200 6095 "-" "Jetpack/13.0; WordPress/6.2; http://site75009475.com"
57.141.14.41 - - [14/Aug/2026:07:19:12 -0500] "GET /?h=74959989987 HTTP/1.1" 200 82322 "-" "Mozilla/5.0 (Windows NT 10.0; Win64; x64) AppleWebKit/537.36 (KHTML, like Gecko) Chrome/145.0.0.0 Safari/537.36 (compatible; meta-externalagent/1.1 (+https://developers.facebook.com/docs/sharing/webmasters/crawler))"
57.141.14.3 - - [14/Aug/2026:07:19:15 -0500] "GET /?p=54397438842 HTTP/1.1" 200 57694 "-" "Mozilla/5.0 (Macintosh; Intel Mac OS X 10_15_7) AppleWebKit/537.36 (KHTML, like Gecko) Chrome/145.0.0.0 Safari/537.36 (compatible; meta-externalagent/1.1 (+https://developers.facebook.com/docs/sharing/webmasters/crawler))"
57.141.14.68 - - [14/Aug/2026:07:19:17 -0500] "GET /?d=86135853458 HTTP/1.1" 200 82322 "-" "Mozilla/5.0 (Windows NT 10.0; Win64; x64) AppleWebKit/537.36 (KHTML, like Gecko) Chrome/145.0.0.0 Safari/537.36 (compatible; meta-externalagent/1.1 (+https://developers.facebook.com/docs/sharing/webmasters/crawler))"
154.208.47.199 - - [14/Aug/2026:07:19:20 -0500] "POST /xmlrpc.php HTTP/1.1" 200 6095 "-" "Jetpack by WordPress.com"
57.141.14.76 - - [14/Aug/2026:07:19:22 -0500] "GET /?h=53668204033 HTTP/1.1" 200 82322 "-" "Mozilla/5.0 (Macintosh; Intel Mac OS X 10_15_7) AppleWebKit/537.36 (KHTML, like Gecko) Chrome/145.0.0.0 Safari/537.36 (compatible; meta-externalagent/1.1 (+https://developers.facebook.com/docs/sharing/webmasters/crawler))"
57.141.14.3 - - [14/Aug/2026:07:19:22 -0500] "GET /?a=74221172699 HTTP/1.1" 200 82322 "-" "Mozilla/5.0 (Windows NT 10.0; Win64; x64) AppleWebKit/537.36 (KHTML, like Gecko) Chrome/145.0.0.0 Safari/537.36 (compatible; meta-externalagent/1.1 (+https://developers.facebook.com/docs/sharing/webmasters/crawler))"
57.141.14.79 - - [14/Aug/2026:07:19:25 -0500] "GET /?e=14422472782 HTTP/1.1" 200 82322 "-" "Mozilla/5.0 (Windows NT 10.0; Win64; x64) AppleWebKit/537.36 (KHTML, like Gecko) Chrome/145.0.0.0 Safari/537.36 Edg/145.0.0.0 (compatible; meta-externalagent/1.1 (+https://developers.facebook.com/docs/sharing/webmasters/crawler))"
57.141.14.91 - - [14/Aug/2026:07:19:27 -0500] "GET /?g=42416669794 HTTP/1.1" 200 82322 "-" "Mozilla/5.0 (Windows NT 10.0; Win64; x64) AppleWebKit/537.36 (KHTML, like Gecko) Chrome/145.0.0.0 Safari/537.36 (compatible; meta-externalagent/1.1 (+https://developers.facebook.com/docs/sharing/webmasters/crawler))"
66.249.79.228 - - [14/Aug/2026:07:19:29 -0500] "GET /?a=34867025903 HTTP/1.1" 200 201608 "-" "Mozilla/5.0 (Linux; Android 6.0.1; Nexus 5X Build/MMB29P) AppleWebKit/537.36 (KHTML, like Gecko) Chrome/151.0.7922.137 Mobile Safari/537.36 (compatible; Googlebot/2.1; +http://www.google.com/bot.html)"
57.141.14.74 - - [14/Aug/2026:07:19:29 -0500] "GET /?s=33089981001 HTTP/1.1" 200 70704 "-" "Mozilla/5.0 (Windows NT 10.0; Win64; x64) AppleWebKit/537.36 (KHTML, like Gecko) Chrome/145.0.0.0 Safari/537.36 (compatible; meta-externalagent/1.1 (+https://developers.facebook.com/docs/sharing/webmasters/crawler))"
57.141.14.98 - - [14/Aug/2026:07:19:30 -0500] "GET /?y=25218862626 HTTP/1.1" 200 82322 "-" "Mozilla/5.0 (X11; Linux x86_64) AppleWebKit/537.36 (KHTML, like Gecko) Chrome/145.0.0.0 Safari/537.36 (compatible; meta-externalagent/1.1 (+https://developers.facebook.com/docs/sharing/webmasters/crawler))"
57.141.14.62 - - [14/Aug/2026:07:19:31 -0500] "GET /?p=13264181556 HTTP/1.1" 200 57694 "-" "Mozilla/5.0 (Windows NT 10.0; Win64; x64) AppleWebKit/537.36 (KHTML, like Gecko) Chrome/145.0.0.0 Safari/537.36 (compatible; meta-externalagent/1.1 (+https://developers.facebook.com/docs/sharing/webmasters/crawler))"
154.208.47.199 - - [14/Aug/2026:07:19:31 -0500] "POST /xmlrpc.php HTTP/1.1" 200 6095 "-" "WordPress.com; https://wordpress.com"
154.208.47.199 - - [14/Aug/2026:07:19:42 -0500] "POST /xmlrpc.php HTTP/1.1" 200 6095 "-" "Jetpack/12.0; WordPress/6.4; http://site97009112.com"
57.141.14.64 - - [14/Aug/2026:07:19:46 -0500] "GET /?r=95550834164 HTTP/1.1" 200 82322 "-" "Mozilla/5.0 (X11; Linux x86_64) AppleWebKit/537.36 (KHTML, like Gecko) Chrome/145.0.0.0 Safari/537.36 (compatible; meta-externalagent/1.1 (+https://developers.facebook.com/docs/sharing/webmasters/crawler))"
57.141.14.47 - - [14/Aug/2026:07:19:47 -0500] "GET /?d=74076957145 HTTP/1.1" 200 82322 "-" "Mozilla/5.0 (Windows NT 10.0; Win64; x64) AppleWebKit/537.36 (KHTML, like Gecko) Chrome/145.0.0.0 Safari/537.36 (compatible; meta-externalagent/1.1 (+https://developers.facebook.com/docs/sharing/webmasters/crawler))"
57.141.14.63 - - [14/Aug/2026:07:19:48 -0500] "GET /?g=24072835608 HTTP/1.1" 200 82322 "-" "Mozilla/5.0 (X11; Linux x86_64) AppleWebKit/537.36 (KHTML, like Gecko) Chrome/145.0.0.0 Safari/537.36 (compatible; meta-externalagent/1.1 (+https://developers.facebook.com/docs/sharing/webmasters/crawler))"
57.141.14.48 - - [14/Aug/2026:07:19:52 -0500] "GET /?g=96068720948 HTTP/1.1" 200 82322 "-" "Mozilla/5.0 (Windows NT 10.0; Win64; x64) AppleWebKit/537.36 (KHTML, like Gecko) Chrome/145.0.0.0 Safari/537.36 (compatible; meta-externalagent/1.1 (+https://developers.facebook.com/docs/sharing/webmasters/crawler))"
154.208.47.199 - - [14/Aug/2026:07:19:53 -0500] "POST /xmlrpc.php HTTP/1.1" 200 6095 "-" "Jetpack by WordPress.com (Jetpack 12.5; WordPress 6.4)"
57.141.14.68 - - [14/Aug/2026:07:20:00 -0500] "GET /?x=64545558614 HTTP/1.1" 200 82322 "-" "Mozilla/5.0 (Windows NT 10.0; Win64; x64) AppleWebKit/537.36 (KHTML, like Gecko) Chrome/145.0.0.0 Safari/537.36 (compatible; meta-externalagent/1.1 (+https://developers.facebook.com/docs/sharing/webmasters/crawler))"
154.208.47.199 - - [14/Aug/2026:07:20:04 -0500] "POST /xmlrpc.php HTTP/1.1" 200 6095 "-" "Jetpack by WordPress.com (Jetpack 13.0; WordPress 6.4)"
57.141.14.36 - - [14/Aug/2026:07:20:08 -0500] "GET /?w=24824189553 HTTP/1.1" 200 57694 "-" "Mozilla/5.0 (Macintosh; Intel Mac OS X 10_15_7) AppleWebKit/537.36 (KHTML, like Gecko) Chrome/145.0.0.0 Safari/537.36 (compatible; meta-externalagent/1.1 (+https://developers.facebook.com/docs/sharing/webmasters/crawler))"
57.141.14.56 - - [14/Aug/2026:07:20:08 -0500] "GET /?y=85675133531 HTTP/1.1" 200 82322 "-" "Mozilla/5.0 (Windows NT 10.0; Win64; x64) AppleWebKit/537.36 (KHTML, like Gecko) Chrome/145.0.0.0 Safari/537.36 (compatible; meta-externalagent/1.1 (+https://developers.facebook.com/docs/sharing/webmasters/crawler))"
136.117.60.184 - - [14/Aug/2026:07:20:09 -0500] "GET / HTTP/1.1" 200 82322 "-" "Mozilla/5.0 (X11; Linux x86_64) AppleWebKit/537.36 (KHTML, like Gecko) Chrome/151.0.0.0 Safari/537.36"
136.117.60.184 - - [14/Aug/2026:07:20:10 -0500] "GET /.git/config HTTP/1.1" 200 57694 "-" "Mozilla/5.0 (compatible; Applebot/0.1; +http://www.apple.com/go/applebot)"
136.117.60.184 - - [14/Aug/2026:07:20:10 -0500] "GET /wp-content/themes/razzi/assets/js/plugins/swiper.min.js?ver=5.3.8 HTTP/1.1" 200 139784 "-" "Mozilla/5.0 (X11; Linux x86_64) AppleWebKit/537.36 (KHTML, like Gecko) Chrome/151.0.0.0 Safari/537.36"
136.117.60.184 - - [14/Aug/2026:07:20:10 -0500] "GET /wp-includes/js/dist/vendor/regenerator-runtime.min.js?ver=0.13.9 HTTP/1.1" 200 6475 "-" "Mozilla/5.0 (X11; Linux x86_64) AppleWebKit/537.36 (KHTML, like Gecko) Chrome/151.0.0.0 Safari/537.36"
136.117.60.184 - - [14/Aug/2026:07:20:10 -0500] "GET /wp-content/plugins/elementor/assets/js/frontend.min.js?ver=3.6.7 HTTP/1.1" 200 37959 "-" "Mozilla/5.0 (X11; Linux x86_64) AppleWebKit/537.36 (KHTML, like Gecko) Chrome/151.0.0.0 Safari/537.36"
136.117.60.184 - - [14/Aug/2026:07:20:10 -0500] "GET /wp-includes/js/dist/vendor/wp-polyfill.min.js?ver=3.15.0 HTTP/1.1" 200 19142 "-" "Mozilla/5.0 (X11; Linux x86_64) AppleWebKit/537.36 (KHTML, like Gecko) Chrome/151.0.0.0 Safari/537.36"
136.117.60.184 - - [14/Aug/2026:07:20:10 -0500] "GET /wp-content/themes/razzi/assets/js/plugins/html5shiv.min.js?ver=3.7.2 HTTP/1.1" 200 2334 "-" "Mozilla/5.0 (X11; Linux x86_64) AppleWebKit/537.36 (KHTML, like Gecko) Chrome/151.0.0.0 Safari/537.36"
136.117.60.184 - - [14/Aug/2026:07:20:10 -0500] "GET /.aws/config HTTP/1.1" 200 57694 "-" "Mozilla/5.0 (compatible; Applebot/0.1; +http://www.apple.com/go/applebot)"
136.117.60.184 - - [14/Aug/2026:07:20:11 -0500] "GET /wp-content/themes/razzi/assets/js/plugins/notify.min.js?ver=1.0.0 HTTP/1.1" 200 13780 "-" "Mozilla/5.0 (X11; Linux x86_64) AppleWebKit/537.36 (KHTML, like Gecko) Chrome/151.0.0.0 Safari/537.36"
136.117.60.184 - - [14/Aug/2026:07:20:11 -0500] "GET /wp-content/plugins/contact-form-7/includes/js/index.js?ver=5.6 HTTP/1.1" 200 21821 "-" "Mozilla/5.0 (X11; Linux x86_64) AppleWebKit/537.36 (KHTML, like Gecko) Chrome/151.0.0.0 Safari/537.36"
136.117.60.184 - - [14/Aug/2026:07:20:11 -0500] "GET /wp-includes/js/imagesloaded.min.js?ver=4.1.4 HTTP/1.1" 200 5629 "-" "Mozilla/5.0 (X11; Linux x86_64) AppleWebKit/537.36 (KHTML, like Gecko) Chrome/151.0.0.0 Safari/537.36"
136.117.60.184 - - [14/Aug/2026:07:20:11 -0500] "GET /wp-content/themes/razzi/assets/js/plugins/respond.min.js?ver=1.4.2 HTTP/1.1" 200 3652 "-" "Mozilla/5.0 (X11; Linux x86_64) AppleWebKit/537.36 (KHTML, like Gecko) Chrome/151.0.0.0 Safari/537.36"
136.117.60.184 - - [14/Aug/2026:07:20:11 -0500] "GET /wp-content/themes/razzi/assets/js/plugins/isInViewport.min.js?ver=20201012 HTTP/1.1" 200 2304 "-" "Mozilla/5.0 (X11; Linux x86_64) AppleWebKit/537.36 (KHTML, like Gecko) Chrome/151.0.0.0 Safari/537.36"
136.117.60.184 - - [14/Aug/2026:07:20:11 -0500] "GET /wp-includes/js/jquery/jquery.min.js?ver=3.6.0 HTTP/1.1" 200 89521 "-" "Mozilla/5.0 (X11; Linux x86_64) AppleWebKit/537.36 (KHTML, like Gecko) Chrome/151.0.0.0 Safari/537.36"
136.117.60.184 - - [14/Aug/2026:07:20:11 -0500] "GET /wp-includes/js/jquery/jquery-migrate.min.js?ver=3.3.2 HTTP/1.1" 200 11224 "-" "Mozilla/5.0 (X11; Linux x86_64) AppleWebKit/537.36 (KHTML, like Gecko) Chrome/151.0.0.0 Safari/537.36"
136.117.60.184 - - [14/Aug/2026:07:20:11 -0500] "GET /wp-content/themes/razzi/assets/js/scripts.min.js?ver=20220330 HTTP/1.1" 200 47064 "-" "Mozilla/5.0 (X11; Linux x86_64) AppleWebKit/537.36 (KHTML, like Gecko) Chrome/151.0.0.0 Safari/537.36"
136.117.60.184 - - [14/Aug/2026:07:20:11 -0500] "GET /wp-content/plugins/elementor/assets/js/frontend-modules.min.js?ver=3.6.7 HTTP/1.1" 200 14487 "-" "Mozilla/5.0 (X11; Linux x86_64) AppleWebKit/537.36 (KHTML, like Gecko) Chrome/151.0.0.0 Safari/537.36"
136.117.60.184 - - [14/Aug/2026:07:20:11 -0500] "GET /wp-content/plugins/elementor/assets/lib/waypoints/waypoints.min.js?ver=4.0.2 HTTP/1.1" 200 12198 "-" "Mozilla/5.0 (X11; Linux x86_64) AppleWebKit/537.36 (KHTML, like Gecko) Chrome/151.0.0.0 Safari/537.36"
136.117.60.184 - - [14/Aug/2026:07:20:11 -0500] "GET /wp-content/plugins/elementor/assets/js/webpack.runtime.min.js?ver=3.6.7 HTTP/1.1" 200 4957 "-" "Mozilla/5.0 (X11; Linux x86_64) AppleWebKit/537.36 (KHTML, like Gecko) Chrome/151.0.0.0 Safari/537.36"
136.117.60.184 - - [14/Aug/2026:07:20:11 -0500] "GET /wp-includes/js/jquery/ui/core.min.js?ver=1.13.1 HTTP/1.1" 200 20715 "-" "Mozilla/5.0 (X11; Linux x86_64) AppleWebKit/537.36 (KHTML, like Gecko) Chrome/151.0.0.0 Safari/537.36"
136.117.60.184 - - [14/Aug/2026:07:20:10 -0500] "GET /assets/manifest.json HTTP/1.1" 200 57694 "-" "Mozilla/5.0 (X11; Linux x86_64) AppleWebKit/537.36 (KHTML, like Gecko) Chrome/151.0.0.0 Safari/537.36"
136.117.60.184 - - [14/Aug/2026:07:20:10 -0500] "GET /wp-json HTTP/1.1" 200 189423 "-" "Mozilla/5.0 (compatible; Applebot/0.1; +http://www.apple.com/go/applebot)"
136.117.60.184 - - [14/Aug/2026:07:20:10 -0500] "GET /rclone.conf HTTP/1.1" 200 57694 "-" "Mozilla/5.0 (compatible; Applebot/0.1; +http://www.apple.com/go/applebot)"
136.117.60.184 - - [14/Aug/2026:07:20:10 -0500] "GET /z9x8c7v6b5-debug-trigger-quizena.com.co HTTP/1.1" 200 57694 "-" "Mozilla/5.0 (compatible; Applebot/0.1; +http://www.apple.com/go/applebot)"
136.117.60.184 - - [14/Aug/2026:07:20:10 -0500] "GET /.aws/credentials HTTP/1.1" 200 57694 "-" "Mozilla/5.0 (compatible; Applebot/0.1; +http://www.apple.com/go/applebot)"
136.117.60.184 - - [14/Aug/2026:07:20:10 -0500] "GET /dist/manifest.json HTTP/1.1" 200 57694 "-" "Mozilla/5.0 (X11; Linux x86_64) AppleWebKit/537.36 (KHTML, like Gecko) Chrome/151.0.0.0 Safari/537.36"
136.117.60.184 - - [14/Aug/2026:07:20:10 -0500] "GET /static/manifest.json HTTP/1.1" 200 57694 "-" "Mozilla/5.0 (X11; Linux x86_64) AppleWebKit/537.36 (KHTML, like Gecko) Chrome/151.0.0.0 Safari/537.36"
136.117.60.184 - - [14/Aug/2026:07:20:10 -0500] "GET /asset-manifest.json HTTP/1.1" 200 57694 "-" "Mozilla/5.0 (X11; Linux x86_64) AppleWebKit/537.36 (KHTML, like Gecko) Chrome/151.0.0.0 Safari/537.36"
136.117.60.184 - - [14/Aug/2026:07:20:10 -0500] "GET /manifest.json HTTP/1.1" 200 57694 "-" "Mozilla/5.0 (X11; Linux x86_64) AppleWebKit/537.36 (KHTML, like Gecko) Chrome/151.0.0.0 Safari/537.36"
136.117.60.184 - - [14/Aug/2026:07:20:10 -0500] "GET /webpack-stats.json HTTP/1.1" 200 57694 "-" "Mozilla/5.0 (X11; Linux x86_64) AppleWebKit/537.36 (KHTML, like Gecko) Chrome/151.0.0.0 Safari/537.36"
57.141.14.74 - - [14/Aug/2026:07:20:10 -0500] "GET /?u=54601716866 HTTP/1.1" 200 82322 "-" "Mozilla/5.0 (Windows NT 10.0; Win64; x64) AppleWebKit/537.36 (KHTML, like Gecko) Chrome/145.0.0.0 Safari/537.36 (compatible; meta-externalagent/1.1 (+https://developers.facebook.com/docs/sharing/webmasters/crawler))"
57.141.14.40 - - [14/Aug/2026:07:20:10 -0500] "GET /?k=32519758091 HTTP/1.1" 200 82322 "-" "Mozilla/5.0 (Windows NT 10.0; Win64; x64) AppleWebKit/537.36 (KHTML, like Gecko) Chrome/145.0.0.0 Safari/537.36 (compatible; meta-externalagent/1.1 (+https://developers.facebook.com/docs/sharing/webmasters/crawler))"
136.117.60.184 - - [14/Aug/2026:07:20:11 -0500] "GET /.git/HEAD HTTP/1.1" 200 57694 "-" "Mozilla/5.0 (compatible; Applebot/0.1; +http://www.apple.com/go/applebot)"
136.117.60.184 - - [14/Aug/2026:07:20:11 -0500] "GET /nuestra-historia/ HTTP/1.1" 200 86179 "-" "Mozilla/5.0 (X11; Linux x86_64) AppleWebKit/537.36 (KHTML, like Gecko) Chrome/151.0.0.0 Safari/537.36"
136.117.60.184 - - [14/Aug/2026:07:20:11 -0500] "POST /graphql HTTP/1.1" 200 57694 "https://quizena.com.co" "Mozilla/5.0 (X11; Linux x86_64) AppleWebKit/537.36 (KHTML, like Gecko) Chrome/151.0.0.0 Safari/537.36"
136.117.60.184 - - [14/Aug/2026:07:20:11 -0500] "GET /.gitlab-ci.yml HTTP/1.1" 200 57694 "-" "Mozilla/5.0 (compatible; Applebot/0.1; +http://www.apple.com/go/applebot)"
136.117.60.184 - - [14/Aug/2026:07:20:12 -0500] "GET /.env HTTP/1.1" 200 57694 "-" "Mozilla/5.0 (compatible; Applebot/0.1; +http://www.apple.com/go/applebot)"
136.117.60.184 - - [14/Aug/2026:07:20:13 -0500] "GET /tienda-de-joyas/ HTTP/1.1" 200 78092 "-" "Mozilla/5.0 (X11; Linux x86_64) AppleWebKit/537.36 (KHTML, like Gecko) Chrome/151.0.0.0 Safari/537.36"
136.117.60.184 - - [14/Aug/2026:07:20:11 -0500] "GET /.git-credentials HTTP/1.1" 200 57694 "-" "Mozilla/5.0 (compatible; Applebot/0.1; +http://www.apple.com/go/applebot)"
57.141.14.47 - - [14/Aug/2026:07:20:13 -0500] "GET /?b=34158020384 HTTP/1.1" 200 82322 "-" "Mozilla/5.0 (Macintosh; Intel Mac OS X 10_15_7) AppleWebKit/537.36 (KHTML, like Gecko) Chrome/145.0.0.0 Safari/537.36 (compatible; meta-externalagent/1.1 (+https://developers.facebook.com/docs/sharing/webmasters/crawler))"
136.117.60.184 - - [14/Aug/2026:07:20:11 -0500] "GET /.gitconfig HTTP/1.1" 200 57694 "-" "Mozilla/5.0 (compatible; Applebot/0.1; +http://www.apple.com/go/applebot)"
136.117.60.184 - - [14/Aug/2026:07:20:11 -0500] "GET /.github/workflows/deploy.yml HTTP/1.1" 200 57694 "-" "Mozilla/5.0 (compatible; Applebot/0.1; +http://www.apple.com/go/applebot)"
136.117.60.184 - - [14/Aug/2026:07:20:13 -0500] "GET /.env.example HTTP/1.1" 200 57694 "-" "Mozilla/5.0 (compatible; Applebot/0.1; +http://www.apple.com/go/applebot)"
136.117.60.184 - - [14/Aug/2026:07:20:13 -0500] "GET /.env.local HTTP/1.1" 200 57694 "-" "Mozilla/5.0 (compatible; Applebot/0.1; +http://www.apple.com/go/applebot)"
136.117.60.184 - - [14/Aug/2026:07:20:14 -0500] "GET /.env.backup HTTP/1.1" 200 57694 "-" "Mozilla/5.0 (compatible; Applebot/0.1; +http://www.apple.com/go/applebot)"
136.117.60.184 - - [14/Aug/2026:07:20:14 -0500] "GET /api/.env HTTP/1.1" 200 57694 "-" "Mozilla/5.0 (compatible; Applebot/0.1; +http://www.apple.com/go/applebot)"
136.117.60.184 - - [14/Aug/2026:07:20:13 -0500] "POST /api/graphql HTTP/1.1" 200 57694 "https://quizena.com.co" "Mozilla/5.0 (X11; Linux x86_64) AppleWebKit/537.36 (KHTML, like Gecko) Chrome/151.0.0.0 Safari/537.36"
136.117.60.184 - - [14/Aug/2026:07:20:13 -0500] "GET /.env.production HTTP/1.1" 200 57694 "-" "Mozilla/5.0 (compatible; Applebot/0.1; +http://www.apple.com/go/applebot)"
136.117.60.184 - - [14/Aug/2026:07:20:14 -0500] "GET /.env.bak HTTP/1.1" 200 57694 "-" "Mozilla/5.0 (compatible; Applebot/0.1; +http://www.apple.com/go/applebot)"
136.117.60.184 - - [14/Aug/2026:07:20:14 -0500] "GET /.env.old HTTP/1.1" 200 57694 "-" "Mozilla/5.0 (compatible; Applebot/0.1; +http://www.apple.com/go/applebot)"
136.117.60.184 - - [14/Aug/2026:07:20:14 -0500] "GET /admin/.env HTTP/1.1" 200 57694 "-" "Mozilla/5.0 (compatible; Applebot/0.1; +http://www.apple.com/go/applebot)"
136.117.60.184 - - [14/Aug/2026:07:20:15 -0500] "GET /backend/.env HTTP/1.1" 200 57694 "-" "Mozilla/5.0 (compatible; Applebot/0.1; +http://www.apple.com/go/applebot)"
136.117.60.184 - - [14/Aug/2026:07:20:15 -0500] "GET /config/.env HTTP/1.1" 200 57694 "-" "Mozilla/5.0 (compatible; Applebot/0.1; +http://www.apple.com/go/applebot)"
136.117.60.184 - - [14/Aug/2026:07:20:15 -0500] "GET /signin HTTP/1.1" 200 57694 "-" "Mozilla/5.0 (X11; Linux x86_64) AppleWebKit/537.36 (KHTML, like Gecko) Chrome/151.0.0.0 Safari/537.36"
136.117.60.184 - - [14/Aug/2026:07:20:15 -0500] "GET /dashboard HTTP/1.1" 200 5681 "-" "Mozilla/5.0 (X11; Linux x86_64) AppleWebKit/537.36 (KHTML, like Gecko) Chrome/151.0.0.0 Safari/537.36"
136.117.60.184 - - [14/Aug/2026:07:20:15 -0500] "GET /auth/login HTTP/1.1" 200 57694 "-" "Mozilla/5.0 (X11; Linux x86_64) AppleWebKit/537.36 (KHTML, like Gecko) Chrome/151.0.0.0 Safari/537.36"
154.208.47.199 - - [14/Aug/2026:07:20:15 -0500] "POST /xmlrpc.php HTTP/1.1" 200 6095 "-" "Jetpack by WordPress.com"
136.117.60.184 - - [14/Aug/2026:07:20:15 -0500] "GET /admin HTTP/1.1" 200 5681 "-" "Mozilla/5.0 (X11; Linux x86_64) AppleWebKit/537.36 (KHTML, like Gecko) Chrome/151.0.0.0 Safari/537.36"
136.117.60.184 - - [14/Aug/2026:07:20:15 -0500] "GET /admin/login HTTP/1.1" 200 57694 "-" "Mozilla/5.0 (X11; Linux x86_64) AppleWebKit/537.36 (KHTML, like Gecko) Chrome/151.0.0.0 Safari/537.36"
136.117.60.184 - - [14/Aug/2026:07:20:15 -0500] "GET /login HTTP/1.1" 200 5681 "-" "Mozilla/5.0 (X11; Linux x86_64) AppleWebKit/537.36 (KHTML, like Gecko) Chrome/151.0.0.0 Safari/537.36"
136.117.60.184 - - [14/Aug/2026:07:20:15 -0500] "POST /v1/graphql HTTP/1.1" 200 57694 "https://quizena.com.co" "Mozilla/5.0 (X11; Linux x86_64) AppleWebKit/537.36 (KHTML, like Gecko) Chrome/151.0.0.0 Safari/537.36"
136.117.60.184 - - [14/Aug/2026:07:20:15 -0500] "GET /console HTTP/1.1" 200 57694 "-" "Mozilla/5.0 (X11; Linux x86_64) AppleWebKit/537.36 (KHTML, like Gecko) Chrome/151.0.0.0 Safari/537.36"
136.117.60.184 - - [14/Aug/2026:07:20:16 -0500] "GET /portal HTTP/1.1" 200 57694 "-" "Mozilla/5.0 (X11; Linux x86_64) AppleWebKit/537.36 (KHTML, like Gecko) Chrome/151.0.0.0 Safari/537.36"
136.117.60.184 - - [14/Aug/2026:07:20:16 -0500] "GET /manage HTTP/1.1" 200 57694 "-" "Mozilla/5.0 (X11; Linux x86_64) AppleWebKit/537.36 (KHTML, like Gecko) Chrome/151.0.0.0 Safari/537.36"
57.141.14.82 - - [14/Aug/2026:07:20:17 -0500] "GET /?o=24601204638 HTTP/1.1" 200 82322 "-" "Mozilla/5.0 (Macintosh; Intel Mac OS X 10_15_7) AppleWebKit/537.36 (KHTML, like Gecko) Chrome/145.0.0.0 Safari/537.36 (compatible; meta-externalagent/1.1 (+https://developers.facebook.com/docs/sharing/webmasters/crawler))"
136.117.60.184 - - [14/Aug/2026:07:20:16 -0500] "GET /account HTTP/1.1" 200 57694 "-" "Mozilla/5.0 (X11; Linux x86_64) AppleWebKit/537.36 (KHTML, like Gecko) Chrome/151.0.0.0 Safari/537.36"
136.117.60.184 - - [14/Aug/2026:07:20:16 -0500] "GET /app HTTP/1.1" 200 57694 "-" "Mozilla/5.0 (X11; Linux x86_64) AppleWebKit/537.36 (KHTML, like Gecko) Chrome/151.0.0.0 Safari/537.36"
136.117.60.184 - - [14/Aug/2026:07:20:17 -0500] "GET /my HTTP/1.1" 200 5681 "-" "Mozilla/5.0 (X11; Linux x86_64) AppleWebKit/537.36 (KHTML, like Gecko) Chrome/151.0.0.0 Safari/537.36"
136.117.60.184 - - [14/Aug/2026:07:20:18 -0500] "GET /secrets.json HTTP/1.1" 200 57694 "-" "Mozilla/5.0 (compatible; Applebot/0.1; +http://www.apple.com/go/applebot)"
136.117.60.184 - - [14/Aug/2026:07:20:17 -0500] "GET /profile HTTP/1.1" 200 57694 "-" "Mozilla/5.0 (X11; Linux x86_64) AppleWebKit/537.36 (KHTML, like Gecko) Chrome/151.0.0.0 Safari/537.36"
136.117.60.184 - - [14/Aug/2026:07:20:17 -0500] "GET /settings HTTP/1.1" 200 57694 "-" "Mozilla/5.0 (X11; Linux x86_64) AppleWebKit/537.36 (KHTML, like Gecko) Chrome/151.0.0.0 Safari/537.36"
136.117.60.184 - - [14/Aug/2026:07:20:17 -0500] "GET /workspace HTTP/1.1" 200 57694 "-" "Mozilla/5.0 (X11; Linux x86_64) AppleWebKit/537.36 (KHTML, like Gecko) Chrome/151.0.0.0 Safari/537.36"
136.117.60.184 - - [14/Aug/2026:07:20:17 -0500] "GET /user/login HTTP/1.1" 200 57694 "-" "Mozilla/5.0 (X11; Linux x86_64) AppleWebKit/537.36 (KHTML, like Gecko) Chrome/151.0.0.0 Safari/537.36"
136.117.60.184 - - [14/Aug/2026:07:20:19 -0500] "GET /service-account.json HTTP/1.1" 200 57694 "-" "Mozilla/5.0 (compatible; Applebot/0.1; +http://www.apple.com/go/applebot)"
136.117.60.184 - - [14/Aug/2026:07:20:19 -0500] "GET /serviceAccountKey.json HTTP/1.1" 200 57694 "-" "Mozilla/5.0 (compatible; Applebot/0.1; +http://www.apple.com/go/applebot)"
136.117.60.184 - - [14/Aug/2026:07:20:18 -0500] "GET /secrets.yml HTTP/1.1" 200 57694 "-" "Mozilla/5.0 (compatible; Applebot/0.1; +http://www.apple.com/go/applebot)"
136.117.60.184 - - [14/Aug/2026:07:20:19 -0500] "GET /credentials.json HTTP/1.1" 200 57694 "-" "Mozilla/5.0 (compatible; Applebot/0.1; +http://www.apple.com/go/applebot)"
136.117.60.184 - - [14/Aug/2026:07:20:19 -0500] "GET /key.json HTTP/1.1" 200 57694 "-" "Mozilla/5.0 (compatible; Applebot/0.1; +http://www.apple.com/go/applebot)"
136.117.60.184 - - [14/Aug/2026:07:20:20 -0500] "GET /firebase-adminsdk.json HTTP/1.1" 200 57694 "-" "Mozilla/5.0 (compatible; Applebot/0.1; +http://www.apple.com/go/applebot)"
136.117.60.184 - - [14/Aug/2026:07:20:20 -0500] "GET /service_account.json HTTP/1.1" 200 57694 "-" "Mozilla/5.0 (compatible; Applebot/0.1; +http://www.apple.com/go/applebot)"
136.117.60.184 - - [14/Aug/2026:07:20:21 -0500] "GET /Dockerfile HTTP/1.1" 200 57694 "-" "Mozilla/5.0 (compatible; Applebot/0.1; +http://www.apple.com/go/applebot)"
136.117.60.184 - - [14/Aug/2026:07:20:21 -0500] "GET /firebase-service-account.json HTTP/1.1" 200 57694 "-" "Mozilla/5.0 (compatible; Applebot/0.1; +http://www.apple.com/go/applebot)"
136.117.60.184 - - [14/Aug/2026:07:20:21 -0500] "GET /.github/.env HTTP/1.1" 200 57694 "-" "Mozilla/5.0 (compatible; Applebot/0.1; +http://www.apple.com/go/applebot)"
136.117.60.184 - - [14/Aug/2026:07:20:22 -0500] "GET /.docker/config.json HTTP/1.1" 200 57694 "-" "Mozilla/5.0 (compatible; Applebot/0.1; +http://www.apple.com/go/applebot)"
136.117.60.184 - - [14/Aug/2026:07:20:22 -0500] "GET /.npmrc HTTP/1.1" 200 57694 "-" "Mozilla/5.0 (compatible; Applebot/0.1; +http://www.apple.com/go/applebot)"
136.117.60.184 - - [14/Aug/2026:07:20:22 -0500] "GET /.aider.conf.yml HTTP/1.1" 200 57694 "-" "Mozilla/5.0 (compatible; Applebot/0.1; +http://www.apple.com/go/applebot)"
136.117.60.184 - - [14/Aug/2026:07:20:22 -0500] "GET /.hermes/.env HTTP/1.1" 200 57694 "-" "Mozilla/5.0 (compatible; Applebot/0.1; +http://www.apple.com/go/applebot)"
136.117.60.184 - - [14/Aug/2026:07:20:22 -0500] "GET /config.php.bak HTTP/1.1" 403 57694 "-" "Mozilla/5.0 (compatible; Applebot/0.1; +http://www.apple.com/go/applebot)"
57.141.14.84 - - [14/Aug/2026:07:20:25 -0500] "GET /?d=74505922254 HTTP/1.1" 200 82322 "-" "Mozilla/5.0 (Windows NT 10.0; Win64; x64) AppleWebKit/537.36 (KHTML, like Gecko) Chrome/145.0.0.0 Safari/537.36 (compatible; meta-externalagent/1.1 (+https://developers.facebook.com/docs/sharing/webmasters/crawler))"
154.208.47.199 - - [14/Aug/2026:07:20:26 -0500] "POST /xmlrpc.php HTTP/1.1" 200 6095 "-" "Jetpack/12.0; WordPress/6.1; http://site58263420.com"
57.141.14.51 - - [14/Aug/2026:07:20:35 -0500] "GET /search/44918466566/feed/rss2/ HTTP/1.1" 200 6856 "-" "Mozilla/5.0 (Windows NT 10.0; Win64; x64) AppleWebKit/537.36 (KHTML, like Gecko) Chrome/145.0.0.0 Safari/537.36 (compatible; meta-externalagent/1.1 (+https://developers.facebook.com/docs/sharing/webmasters/crawler))"
