185.232.21.250 - - [14/Aug/2026:08:11:39 -0500] "GET /wp-content/themes/razzi/style.css?ver=20220505 HTTP/1.1" 200 328918 "https://quizena.com.co/wp-admin/post-new.php" "Mozilla/5.0 (Windows NT 10.0; Win64; x64) AppleWebKit/537.36 (KHTML, like Gecko) Chrome/149.0.0.0 Safari/537.36"
185.232.21.250 - - [14/Aug/2026:08:11:40 -0500] "GET /wp-content/plugins/contact-form-7/includes/js/index.js?ver=5.6 HTTP/1.1" 200 21821 "https://quizena.com.co/wp-admin/post-new.php" "Mozilla/5.0 (Windows NT 10.0; Win64; x64) AppleWebKit/537.36 (KHTML, like Gecko) Chrome/149.0.0.0 Safari/537.36"
185.232.21.250 - - [14/Aug/2026:08:11:40 -0500] "GET /wp-content/themes/razzi/assets/js/plugins/isInViewport.min.js?ver=20201012 HTTP/1.1" 200 2304 "https://quizena.com.co/wp-admin/post-new.php" "Mozilla/5.0 (Windows NT 10.0; Win64; x64) AppleWebKit/537.36 (KHTML, like Gecko) Chrome/149.0.0.0 Safari/537.36"
179.159.208.168 - - [14/Aug/2026:08:11:40 -0500] "POST /xmlrpc.php HTTP/1.1" 200 6095 "-" "WordPress.com; https://wordpress.com"
185.232.21.250 - - [14/Aug/2026:08:11:41 -0500] "GET /wp-content/themes/razzi/assets/js/plugins/swiper.min.js?ver=5.3.8 HTTP/1.1" 200 139784 "https://quizena.com.co/wp-admin/post-new.php" "Mozilla/5.0 (Windows NT 10.0; Win64; x64) AppleWebKit/537.36 (KHTML, like Gecko) Chrome/149.0.0.0 Safari/537.36"
185.232.21.250 - - [14/Aug/2026:08:11:41 -0500] "GET /wp-content/themes/razzi/assets/js/plugins/notify.min.js?ver=1.0.0 HTTP/1.1" 200 13780 "https://quizena.com.co/wp-admin/post-new.php" "Mozilla/5.0 (Windows NT 10.0; Win64; x64) AppleWebKit/537.36 (KHTML, like Gecko) Chrome/149.0.0.0 Safari/537.36"
185.232.21.250 - - [14/Aug/2026:08:11:41 -0500] "GET /wp-includes/js/imagesloaded.min.js?ver=4.1.4 HTTP/1.1" 200 5629 "https://quizena.com.co/wp-admin/post-new.php" "Mozilla/5.0 (Windows NT 10.0; Win64; x64) AppleWebKit/537.36 (KHTML, like Gecko) Chrome/149.0.0.0 Safari/537.36"
185.232.21.250 - - [14/Aug/2026:08:11:41 -0500] "GET /wp-includes/js/jquery/ui/mouse.min.js?ver=1.13.1 HTTP/1.1" 200 3411 "https://quizena.com.co/wp-admin/post-new.php" "Mozilla/5.0 (Windows NT 10.0; Win64; x64) AppleWebKit/537.36 (KHTML, like Gecko) Chrome/149.0.0.0 Safari/537.36"
185.232.21.250 - - [14/Aug/2026:08:11:41 -0500] "GET /wp-content/themes/razzi/assets/js/scripts.min.js?ver=20220330 HTTP/1.1" 200 47064 "https://quizena.com.co/wp-admin/post-new.php" "Mozilla/5.0 (Windows NT 10.0; Win64; x64) AppleWebKit/537.36 (KHTML, like Gecko) Chrome/149.0.0.0 Safari/537.36"
185.232.21.250 - - [14/Aug/2026:08:11:41 -0500] "GET /wp-includes/js/jquery/ui/core.min.js?ver=1.13.1 HTTP/1.1" 200 20715 "https://quizena.com.co/wp-admin/post-new.php" "Mozilla/5.0 (Windows NT 10.0; Win64; x64) AppleWebKit/537.36 (KHTML, like Gecko) Chrome/149.0.0.0 Safari/537.36"
185.232.21.250 - - [14/Aug/2026:08:11:41 -0500] "GET /wp-content/uploads/2022/10/nuevo-tamano-logo.png HTTP/1.1" 200 5879 "https://quizena.com.co/wp-admin/post-new.php" "Mozilla/5.0 (Windows NT 10.0; Win64; x64) AppleWebKit/537.36 (KHTML, like Gecko) Chrome/149.0.0.0 Safari/537.36"
185.232.21.250 - - [14/Aug/2026:08:11:41 -0500] "GET /wp-includes/js/backbone.min.js?ver=1.4.1 HTTP/1.1" 200 23929 "https://quizena.com.co/wp-admin/post-new.php" "Mozilla/5.0 (Windows NT 10.0; Win64; x64) AppleWebKit/537.36 (KHTML, like Gecko) Chrome/149.0.0.0 Safari/537.36"
185.232.21.250 - - [14/Aug/2026:08:11:41 -0500] "GET /wp-includes/js/jquery/ui/draggable.min.js?ver=1.13.1 HTTP/1.1" 200 18327 "https://quizena.com.co/wp-admin/post-new.php" "Mozilla/5.0 (Windows NT 10.0; Win64; x64) AppleWebKit/537.36 (KHTML, like Gecko) Chrome/149.0.0.0 Safari/537.36"
185.232.21.250 - - [14/Aug/2026:08:11:41 -0500] "GET /wp-content/plugins/elementor/assets/lib/backbone/backbone.marionette.min.js?ver=2.4.5.e1 HTTP/1.1" 200 45156 "https://quizena.com.co/wp-admin/post-new.php" "Mozilla/5.0 (Windows NT 10.0; Win64; x64) AppleWebKit/537.36 (KHTML, like Gecko) Chrome/149.0.0.0 Safari/537.36"
57.141.14.89 - - [14/Aug/2026:08:11:41 -0500] "GET /?d=66131492736 HTTP/1.1" 200 82322 "-" "Mozilla/5.0 (Windows NT 10.0; Win64; x64) AppleWebKit/537.36 (KHTML, like Gecko) Chrome/145.0.0.0 Safari/537.36 (compatible; meta-externalagent/1.1 (+https://developers.facebook.com/docs/sharing/webmasters/crawler))"
185.232.21.250 - - [14/Aug/2026:08:11:41 -0500] "GET /wp-content/plugins/elementor/assets/lib/backbone/backbone.radio.min.js?ver=1.0.4 HTTP/1.1" 200 3753 "https://quizena.com.co/wp-admin/post-new.php" "Mozilla/5.0 (Windows NT 10.0; Win64; x64) AppleWebKit/537.36 (KHTML, like Gecko) Chrome/149.0.0.0 Safari/537.36"
185.232.21.250 - - [14/Aug/2026:08:11:41 -0500] "GET /wp-includes/js/api-request.min.js?ver=6.0.14 HTTP/1.1" 200 1023 "https://quizena.com.co/wp-admin/post-new.php" "Mozilla/5.0 (Windows NT 10.0; Win64; x64) AppleWebKit/537.36 (KHTML, like Gecko) Chrome/149.0.0.0 Safari/537.36"
185.232.21.250 - - [14/Aug/2026:08:11:41 -0500] "GET /wp-content/plugins/elementor/assets/lib/dialog/dialog.min.js?ver=4.9.0 HTTP/1.1" 200 10682 "https://quizena.com.co/wp-admin/post-new.php" "Mozilla/5.0 (Windows NT 10.0; Win64; x64) AppleWebKit/537.36 (KHTML, like Gecko) Chrome/149.0.0.0 Safari/537.36"
185.232.21.250 - - [14/Aug/2026:08:11:41 -0500] "GET /wp-content/plugins/elementor/assets/js/app-loader.min.js?ver=3.6.7 HTTP/1.1" 200 92339 "https://quizena.com.co/wp-admin/post-new.php" "Mozilla/5.0 (Windows NT 10.0; Win64; x64) AppleWebKit/537.36 (KHTML, like Gecko) Chrome/149.0.0.0 Safari/537.36"
185.232.21.250 - - [14/Aug/2026:08:11:42 -0500] "GET /wp-content/plugins/elementor/assets/js/common.min.js?ver=3.6.7 HTTP/1.1" 200 147726 "https://quizena.com.co/wp-admin/post-new.php" "Mozilla/5.0 (Windows NT 10.0; Win64; x64) AppleWebKit/537.36 (KHTML, like Gecko) Chrome/149.0.0.0 Safari/537.36"
185.232.21.250 - - [14/Aug/2026:08:11:41 -0500] "GET /wp-content/plugins/elementor/assets/js/web-cli.min.js?ver=3.6.7 HTTP/1.1" 200 165386 "https://quizena.com.co/wp-admin/post-new.php" "Mozilla/5.0 (Windows NT 10.0; Win64; x64) AppleWebKit/537.36 (KHTML, like Gecko) Chrome/149.0.0.0 Safari/537.36"
185.232.21.250 - - [14/Aug/2026:08:11:42 -0500] "GET /wp-content/uploads/2020/03/cropped-logoweb.png HTTP/1.1" 200 41612 "https://quizena.com.co/wp-admin/post-new.php" "Mozilla/5.0 (Windows NT 10.0; Win64; x64) AppleWebKit/537.36 (KHTML, like Gecko) Chrome/149.0.0.0 Safari/537.36"
185.232.21.250 - - [14/Aug/2026:08:11:42 -0500] "GET /wp-includes/js/wp-emoji-release.min.js?ver=6.0.14 HTTP/1.1" 200 18617 "https://quizena.com.co/wp-admin/post-new.php" "Mozilla/5.0 (Windows NT 10.0; Win64; x64) AppleWebKit/537.36 (KHTML, like Gecko) Chrome/149.0.0.0 Safari/537.36"
185.232.21.250 - - [14/Aug/2026:08:11:41 -0500] "GET /wp-content/plugins/elementor/assets/js/common-modules.min.js?ver=3.6.7 HTTP/1.1" 200 105273 "https://quizena.com.co/wp-admin/post-new.php" "Mozilla/5.0 (Windows NT 10.0; Win64; x64) AppleWebKit/537.36 (KHTML, like Gecko) Chrome/149.0.0.0 Safari/537.36"
185.232.21.250 - - [14/Aug/2026:08:11:42 -0500] "POST /xmlrpc.php HTTP/1.1" 200 654 "https://quizena.com.co/" "Mozilla/5.0 (Windows NT 10.0; Win64; x64) AppleWebKit/537.36 (KHTML, like Gecko) Chrome/122.0.0.0 Safari/537.36"
185.232.21.250 - - [14/Aug/2026:08:11:42 -0500] "GET /wp-content/uploads/2022/07/cropped-My-project-1-192x192.png HTTP/1.1" 200 3675 "https://quizena.com.co/wp-admin/post-new.php" "Mozilla/5.0 (Windows NT 10.0; Win64; x64) AppleWebKit/537.36 (KHTML, like Gecko) Chrome/149.0.0.0 Safari/537.36"
185.232.21.250 - - [14/Aug/2026:08:11:42 -0500] "GET /wp-content/uploads/2022/06/jewelry-instagram-61.jpg HTTP/1.1" 200 53133 "https://quizena.com.co/wp-admin/post-new.php" "Mozilla/5.0 (Windows NT 10.0; Win64; x64) AppleWebKit/537.36 (KHTML, like Gecko) Chrome/149.0.0.0 Safari/537.36"
185.232.21.250 - - [14/Aug/2026:08:11:43 -0500] "POST /xmlrpc.php HTTP/1.1" 200 180 "https://quizena.com.co/" "Mozilla/5.0 (Windows NT 10.0; Win64; x64) AppleWebKit/537.36 (KHTML, like Gecko) Chrome/122.0.0.0 Safari/537.36"
162.214.115.43 - - [14/Aug/2026:08:11:44 -0500] "POST /wp-cron.php?doing_wp_cron=1786713104.7342879772186279296875 HTTP/1.1" 200 - "https://quizena.com.co/wp-cron.php?doing_wp_cron=1786713104.7342879772186279296875" "WordPress/6.0.14; https://quizena.com.co"
185.232.21.250 - - [14/Aug/2026:08:11:44 -0500] "POST /xmlrpc.php HTTP/1.1" 200 9786 "https://quizena.com.co/" "Mozilla/5.0 (Windows NT 10.0; Win64; x64) AppleWebKit/537.36 (KHTML, like Gecko) Chrome/122.0.0.0 Safari/537.36"
57.141.14.17 - - [14/Aug/2026:08:11:44 -0500] "GET /?f=95323891372 HTTP/1.1" 200 82322 "-" "Mozilla/5.0 (Macintosh; Intel Mac OS X 10_15_7) AppleWebKit/537.36 (KHTML, like Gecko) Chrome/145.0.0.0 Safari/537.36 (compatible; meta-externalagent/1.1 (+https://developers.facebook.com/docs/sharing/webmasters/crawler))"
57.141.14.105 - - [14/Aug/2026:08:11:45 -0500] "GET /?m=74434593038 HTTP/1.1" 200 57694 "-" "Mozilla/5.0 (Windows NT 10.0; Win64; x64) AppleWebKit/537.36 (KHTML, like Gecko) Chrome/145.0.0.0 Safari/537.36 (compatible; meta-externalagent/1.1 (+https://developers.facebook.com/docs/sharing/webmasters/crawler))"
103.172.95.24 - - [14/Aug/2026:08:11:46 -0500] "POST /xmlrpc.php HTTP/1.1" 200 6095 "-" "WordPress.com; https://wordpress.com"
57.141.14.27 - - [14/Aug/2026:08:11:47 -0500] "GET /?x=16414301388 HTTP/1.1" 200 82322 "-" "Mozilla/5.0 (X11; Linux x86_64; rv:146.0) Gecko/20100101 Firefox/146.0 (compatible; meta-externalagent/1.1 (+https://developers.facebook.com/docs/sharing/webmasters/crawler))"
57.141.14.64 - - [14/Aug/2026:08:11:50 -0500] "GET /?z=55191017522 HTTP/1.1" 200 82322 "-" "Mozilla/5.0 (Macintosh; Intel Mac OS X 10_15_7) AppleWebKit/537.36 (KHTML, like Gecko) Chrome/145.0.0.0 Safari/537.36 (compatible; meta-externalagent/1.1 (+https://developers.facebook.com/docs/sharing/webmasters/crawler))"
179.159.208.168 - - [14/Aug/2026:08:11:51 -0500] "POST /xmlrpc.php HTTP/1.1" 200 6095 "-" "Jetpack by WordPress.com (Jetpack 12.1; WordPress 6.1)"
103.172.95.24 - - [14/Aug/2026:08:11:57 -0500] "POST /xmlrpc.php HTTP/1.1" 200 6095 "-" "Jetpack by WordPress.com (Jetpack 12.0; WordPress 6.3)"
57.141.14.29 - - [14/Aug/2026:08:11:59 -0500] "GET /?u=36094981670 HTTP/1.1" 200 82322 "-" "Mozilla/5.0 (Windows NT 10.0; Win64; x64) AppleWebKit/537.36 (KHTML, like Gecko) Chrome/145.0.0.0 Safari/537.36 (compatible; meta-externalagent/1.1 (+https://developers.facebook.com/docs/sharing/webmasters/crawler))"
179.159.208.168 - - [14/Aug/2026:08:12:01 -0500] "POST /xmlrpc.php HTTP/1.1" 200 6095 "-" "Jetpack/13.0; WordPress/6.3; http://site42662980.com"
57.141.14.72 - - [14/Aug/2026:08:12:05 -0500] "GET /?u=34121149120 HTTP/1.1" 200 82322 "-" "Mozilla/5.0 (Macintosh; Intel Mac OS X 10_15_7) AppleWebKit/537.36 (KHTML, like Gecko) Chrome/145.0.0.0 Safari/537.36 (compatible; meta-externalagent/1.1 (+https://developers.facebook.com/docs/sharing/webmasters/crawler))"
185.232.21.250 - - [14/Aug/2026:08:12:05 -0500] "GET /roleta-demo-melhor-bonus-guia-completo-para-jogadores-online/ HTTP/1.1" 200 68843 "-" "Mozilla/5.0 (Windows NT 10.0; Win64; x64) AppleWebKit/537.36 (KHTML, like Gecko) Chrome/149.0.0.0 Safari/537.36"
185.232.21.250 - - [14/Aug/2026:08:12:07 -0500] "GET /wp-includes/css/dist/block-library/style.min.css?ver=6.0.14 HTTP/1.1" 200 88932 "https://quizena.com.co/roleta-demo-melhor-bonus-guia-completo-para-jogadores-online/" "Mozilla/5.0 (Windows NT 10.0; Win64; x64) AppleWebKit/537.36 (KHTML, like Gecko) Chrome/149.0.0.0 Safari/537.36"
57.141.14.30 - - [14/Aug/2026:08:12:07 -0500] "GET /?m=25090078273 HTTP/1.1" 200 57694 "-" "Mozilla/5.0 (Windows NT 10.0; Win64; x64) AppleWebKit/537.36 (KHTML, like Gecko) Chrome/145.0.0.0 Safari/537.36 (compatible; meta-externalagent/1.1 (+https://developers.facebook.com/docs/sharing/webmasters/crawler))"
185.232.21.250 - - [14/Aug/2026:08:12:07 -0500] "GET /wp-content/plugins/contact-form-7/includes/css/styles.css?ver=5.6 HTTP/1.1" 200 2731 "https://quizena.com.co/roleta-demo-melhor-bonus-guia-completo-para-jogadores-online/" "Mozilla/5.0 (Windows NT 10.0; Win64; x64) AppleWebKit/537.36 (KHTML, like Gecko) Chrome/149.0.0.0 Safari/537.36"
185.232.21.250 - - [14/Aug/2026:08:12:07 -0500] "GET /wp-includes/js/jquery/jquery-migrate.min.js?ver=3.3.2 HTTP/1.1" 200 11224 "https://quizena.com.co/roleta-demo-melhor-bonus-guia-completo-para-jogadores-online/" "Mozilla/5.0 (Windows NT 10.0; Win64; x64) AppleWebKit/537.36 (KHTML, like Gecko) Chrome/149.0.0.0 Safari/537.36"
185.232.21.250 - - [14/Aug/2026:08:12:07 -0500] "GET /wp-content/themes/razzi/style.css?ver=20220505 HTTP/1.1" 200 328918 "https://quizena.com.co/roleta-demo-melhor-bonus-guia-completo-para-jogadores-online/" "Mozilla/5.0 (Windows NT 10.0; Win64; x64) AppleWebKit/537.36 (KHTML, like Gecko) Chrome/149.0.0.0 Safari/537.36"
185.232.21.250 - - [14/Aug/2026:08:12:07 -0500] "GET /wp-includes/js/jquery/jquery.min.js?ver=3.6.0 HTTP/1.1" 200 89521 "https://quizena.com.co/roleta-demo-melhor-bonus-guia-completo-para-jogadores-online/" "Mozilla/5.0 (Windows NT 10.0; Win64; x64) AppleWebKit/537.36 (KHTML, like Gecko) Chrome/149.0.0.0 Safari/537.36"
185.232.21.250 - - [14/Aug/2026:08:12:08 -0500] "GET /wp-includes/js/dist/vendor/regenerator-runtime.min.js?ver=0.13.9 HTTP/1.1" 200 6475 "https://quizena.com.co/roleta-demo-melhor-bonus-guia-completo-para-jogadores-online/" "Mozilla/5.0 (Windows NT 10.0; Win64; x64) AppleWebKit/537.36 (KHTML, like Gecko) Chrome/149.0.0.0 Safari/537.36"
185.232.21.250 - - [14/Aug/2026:08:12:08 -0500] "GET /wp-content/plugins/contact-form-7/includes/js/index.js?ver=5.6 HTTP/1.1" 200 21821 "https://quizena.com.co/roleta-demo-melhor-bonus-guia-completo-para-jogadores-online/" "Mozilla/5.0 (Windows NT 10.0; Win64; x64) AppleWebKit/537.36 (KHTML, like Gecko) Chrome/149.0.0.0 Safari/537.36"
185.232.21.250 - - [14/Aug/2026:08:12:08 -0500] "GET /wp-content/themes/razzi/assets/js/plugins/isInViewport.min.js?ver=20201012 HTTP/1.1" 200 2304 "https://quizena.com.co/roleta-demo-melhor-bonus-guia-completo-para-jogadores-online/" "Mozilla/5.0 (Windows NT 10.0; Win64; x64) AppleWebKit/537.36 (KHTML, like Gecko) Chrome/149.0.0.0 Safari/537.36"
185.232.21.250 - - [14/Aug/2026:08:12:08 -0500] "GET /wp-includes/js/dist/vendor/wp-polyfill.min.js?ver=3.15.0 HTTP/1.1" 200 19142 "https://quizena.com.co/roleta-demo-melhor-bonus-guia-completo-para-jogadores-online/" "Mozilla/5.0 (Windows NT 10.0; Win64; x64) AppleWebKit/537.36 (KHTML, like Gecko) Chrome/149.0.0.0 Safari/537.36"
185.232.21.250 - - [14/Aug/2026:08:12:08 -0500] "GET /wp-content/uploads/2022/10/nuevo-tamano-logo.png HTTP/1.1" 200 5879 "https://quizena.com.co/roleta-demo-melhor-bonus-guia-completo-para-jogadores-online/" "Mozilla/5.0 (Windows NT 10.0; Win64; x64) AppleWebKit/537.36 (KHTML, like Gecko) Chrome/149.0.0.0 Safari/537.36"
185.232.21.250 - - [14/Aug/2026:08:12:08 -0500] "GET /wp-includes/js/imagesloaded.min.js?ver=4.1.4 HTTP/1.1" 200 5629 "https://quizena.com.co/roleta-demo-melhor-bonus-guia-completo-para-jogadores-online/" "Mozilla/5.0 (Windows NT 10.0; Win64; x64) AppleWebKit/537.36 (KHTML, like Gecko) Chrome/149.0.0.0 Safari/537.36"
185.232.21.250 - - [14/Aug/2026:08:12:08 -0500] "GET /wp-content/themes/razzi/assets/js/scripts.min.js?ver=20220330 HTTP/1.1" 200 47064 "https://quizena.com.co/roleta-demo-melhor-bonus-guia-completo-para-jogadores-online/" "Mozilla/5.0 (Windows NT 10.0; Win64; x64) AppleWebKit/537.36 (KHTML, like Gecko) Chrome/149.0.0.0 Safari/537.36"
185.232.21.250 - - [14/Aug/2026:08:12:08 -0500] "GET /wp-content/uploads/2020/03/cropped-logoweb.png HTTP/1.1" 200 41612 "https://quizena.com.co/roleta-demo-melhor-bonus-guia-completo-para-jogadores-online/" "Mozilla/5.0 (Windows NT 10.0; Win64; x64) AppleWebKit/537.36 (KHTML, like Gecko) Chrome/149.0.0.0 Safari/537.36"
103.172.95.24 - - [14/Aug/2026:08:12:08 -0500] "POST /xmlrpc.php HTTP/1.1" 200 6095 "-" "Jetpack by WordPress.com (Jetpack 12.0; WordPress 6.1)"
185.232.21.250 - - [14/Aug/2026:08:12:08 -0500] "GET /wp-content/themes/razzi/assets/js/plugins/notify.min.js?ver=1.0.0 HTTP/1.1" 200 13780 "https://quizena.com.co/roleta-demo-melhor-bonus-guia-completo-para-jogadores-online/" "Mozilla/5.0 (Windows NT 10.0; Win64; x64) AppleWebKit/537.36 (KHTML, like Gecko) Chrome/149.0.0.0 Safari/537.36"
185.232.21.250 - - [14/Aug/2026:08:12:08 -0500] "GET /wp-includes/js/wp-emoji-release.min.js?ver=6.0.14 HTTP/1.1" 200 18617 "https://quizena.com.co/roleta-demo-melhor-bonus-guia-completo-para-jogadores-online/" "Mozilla/5.0 (Windows NT 10.0; Win64; x64) AppleWebKit/537.36 (KHTML, like Gecko) Chrome/149.0.0.0 Safari/537.36"
185.232.21.250 - - [14/Aug/2026:08:12:08 -0500] "GET /wp-content/themes/razzi/assets/js/plugins/swiper.min.js?ver=5.3.8 HTTP/1.1" 200 139784 "https://quizena.com.co/roleta-demo-melhor-bonus-guia-completo-para-jogadores-online/" "Mozilla/5.0 (Windows NT 10.0; Win64; x64) AppleWebKit/537.36 (KHTML, like Gecko) Chrome/149.0.0.0 Safari/537.36"
57.141.14.83 - - [14/Aug/2026:08:12:09 -0500] "GET /?e=23719186502 HTTP/1.1" 200 82322 "-" "Mozilla/5.0 (Windows NT 10.0; Win64; x64) AppleWebKit/537.36 (KHTML, like Gecko) Chrome/145.0.0.0 Safari/537.36 (compatible; meta-externalagent/1.1 (+https://developers.facebook.com/docs/sharing/webmasters/crawler))"
185.232.21.250 - - [14/Aug/2026:08:12:10 -0500] "GET /wp-content/uploads/2022/06/jewelry-instagram-61.jpg HTTP/1.1" 200 53133 "https://quizena.com.co/roleta-demo-melhor-bonus-guia-completo-para-jogadores-online/" "Mozilla/5.0 (Windows NT 10.0; Win64; x64) AppleWebKit/537.36 (KHTML, like Gecko) Chrome/149.0.0.0 Safari/537.36"
185.232.21.250 - - [14/Aug/2026:08:12:10 -0500] "GET /wp-content/uploads/2022/07/cropped-My-project-1-192x192.png HTTP/1.1" 200 3675 "https://quizena.com.co/roleta-demo-melhor-bonus-guia-completo-para-jogadores-online/" "Mozilla/5.0 (Windows NT 10.0; Win64; x64) AppleWebKit/537.36 (KHTML, like Gecko) Chrome/149.0.0.0 Safari/537.36"
57.141.14.41 - - [14/Aug/2026:08:12:11 -0500] "GET /?y=25531821425 HTTP/1.1" 200 82322 "-" "Mozilla/5.0 (Windows NT 10.0; Win64; x64) AppleWebKit/537.36 (KHTML, like Gecko) Chrome/145.0.0.0 Safari/537.36 (compatible; meta-externalagent/1.1 (+https://developers.facebook.com/docs/sharing/webmasters/crawler))"
179.159.208.168 - - [14/Aug/2026:08:12:12 -0500] "POST /xmlrpc.php HTTP/1.1" 200 6095 "-" "Jetpack by WordPress.com"
57.141.14.94 - - [14/Aug/2026:08:12:13 -0500] "GET /?t=43537066871 HTTP/1.1" 200 82322 "-" "Mozilla/5.0 (Macintosh; Intel Mac OS X 10_15_7) AppleWebKit/537.36 (KHTML, like Gecko) Chrome/145.0.0.0 Safari/537.36 (compatible; meta-externalagent/1.1 (+https://developers.facebook.com/docs/sharing/webmasters/crawler))"
103.172.95.24 - - [14/Aug/2026:08:12:21 -0500] "POST /xmlrpc.php HTTP/1.1" 200 6095 "-" "Jetpack by WordPress.com (Jetpack 12.5; WordPress 6.4)"
57.141.14.38 - - [14/Aug/2026:08:12:21 -0500] "GET /?h=84423589548 HTTP/1.1" 200 82322 "-" "Mozilla/5.0 (Windows NT 10.0; Win64; x64) AppleWebKit/537.36 (KHTML, like Gecko) Chrome/145.0.0.0 Safari/537.36 (compatible; meta-externalagent/1.1 (+https://developers.facebook.com/docs/sharing/webmasters/crawler))"
179.159.208.168 - - [14/Aug/2026:08:12:22 -0500] "POST /xmlrpc.php HTTP/1.1" 200 6095 "-" "Jetpack by WordPress.com (Jetpack 12.1; WordPress 6.3)"
57.141.14.15 - - [14/Aug/2026:08:12:29 -0500] "GET /?d=75719719612 HTTP/1.1" 200 82322 "-" "Mozilla/5.0 (Windows NT 10.0; Win64; x64) AppleWebKit/537.36 (KHTML, like Gecko) Chrome/145.0.0.0 Safari/537.36 (compatible; meta-externalagent/1.1 (+https://developers.facebook.com/docs/sharing/webmasters/crawler))"
57.141.14.31 - - [14/Aug/2026:08:12:31 -0500] "GET /?r=65949657073 HTTP/1.1" 200 82322 "-" "Mozilla/5.0 (Windows NT 10.0; Win64; x64) AppleWebKit/537.36 (KHTML, like Gecko) Chrome/145.0.0.0 Safari/537.36 (compatible; meta-externalagent/1.1 (+https://developers.facebook.com/docs/sharing/webmasters/crawler))"
103.172.95.24 - - [14/Aug/2026:08:12:32 -0500] "POST /xmlrpc.php HTTP/1.1" 200 6095 "-" "WordPress.com; https://wordpress.com"
179.159.208.168 - - [14/Aug/2026:08:12:33 -0500] "POST /xmlrpc.php HTTP/1.1" 200 6095 "-" "Jetpack by WordPress.com (Jetpack 12.0; WordPress 6.1)"
57.141.14.8 - - [14/Aug/2026:08:12:41 -0500] "GET /?h=23137037702 HTTP/1.1" 200 82322 "-" "Mozilla/5.0 (Windows NT 10.0; Win64; x64) AppleWebKit/537.36 (KHTML, like Gecko) Chrome/145.0.0.0 Safari/537.36 (compatible; meta-externalagent/1.1 (+https://developers.facebook.com/docs/sharing/webmasters/crawler))"
103.172.95.24 - - [14/Aug/2026:08:12:43 -0500] "POST /xmlrpc.php HTTP/1.1" 200 6095 "-" "WordPress.com; https://wordpress.com"
179.159.208.168 - - [14/Aug/2026:08:12:43 -0500] "POST /xmlrpc.php HTTP/1.1" 200 6095 "-" "Jetpack/12.0; WordPress/6.1; http://site17603728.com"
57.141.14.36 - - [14/Aug/2026:08:12:45 -0500] "GET /?g=45408772894 HTTP/1.1" 200 82322 "-" "Mozilla/5.0 (Windows NT 10.0; Win64; x64) AppleWebKit/537.36 (KHTML, like Gecko) Chrome/145.0.0.0 Safari/537.36 (compatible; meta-externalagent/1.1 (+https://developers.facebook.com/docs/sharing/webmasters/crawler))"
179.159.208.168 - - [14/Aug/2026:08:12:54 -0500] "POST /xmlrpc.php HTTP/1.1" 200 6095 "-" "Jetpack by WordPress.com (Jetpack 12.0; WordPress 6.1)"
57.141.14.55 - - [14/Aug/2026:08:12:54 -0500] "GET /?v=22781847935 HTTP/1.1" 200 82322 "-" "Mozilla/5.0 (Windows NT 10.0; Win64; x64) AppleWebKit/537.36 (KHTML, like Gecko) Chrome/145.0.0.0 Safari/537.36 Edg/145.0.0.0 (compatible; meta-externalagent/1.1 (+https://developers.facebook.com/docs/sharing/webmasters/crawler))"
103.172.95.24 - - [14/Aug/2026:08:12:54 -0500] "POST /xmlrpc.php HTTP/1.1" 200 6095 "-" "Jetpack/12.1; WordPress/6.4; http://site85564362.com"
57.141.14.75 - - [14/Aug/2026:08:12:58 -0500] "GET /?d=65214906329 HTTP/1.1" 200 82322 "-" "Mozilla/5.0 (Macintosh; Intel Mac OS X 10_15_7) AppleWebKit/537.36 (KHTML, like Gecko) Chrome/145.0.0.0 Safari/537.36 (compatible; meta-externalagent/1.1 (+https://developers.facebook.com/docs/sharing/webmasters/crawler))"
57.141.14.111 - - [14/Aug/2026:08:13:02 -0500] "GET /?t=86275873575 HTTP/1.1" 200 82322 "-" "Mozilla/5.0 (Windows NT 10.0; Win64; x64) AppleWebKit/537.36 (KHTML, like Gecko) Chrome/145.0.0.0 Safari/537.36 (compatible; meta-externalagent/1.1 (+https://developers.facebook.com/docs/sharing/webmasters/crawler))"
179.159.208.168 - - [14/Aug/2026:08:13:04 -0500] "POST /xmlrpc.php HTTP/1.1" 200 6095 "-" "WordPress.com; https://wordpress.com"
103.172.95.24 - - [14/Aug/2026:08:13:05 -0500] "POST /xmlrpc.php HTTP/1.1" 200 6095 "-" "Jetpack/13.0; WordPress/6.2; http://site32101611.com"
57.141.14.11 - - [14/Aug/2026:08:13:12 -0500] "GET /?z=75915576337 HTTP/1.1" 200 82322 "-" "Mozilla/5.0 (Macintosh; Intel Mac OS X 10_15_7) AppleWebKit/537.36 (KHTML, like Gecko) Chrome/145.0.0.0 Safari/537.36 (compatible; meta-externalagent/1.1 (+https://developers.facebook.com/docs/sharing/webmasters/crawler))"
57.141.14.98 - - [14/Aug/2026:08:13:14 -0500] "GET /?w=46405079654 HTTP/1.1" 200 57694 "-" "Mozilla/5.0 (Windows NT 10.0; Win64; x64) AppleWebKit/537.36 (KHTML, like Gecko) Chrome/145.0.0.0 Safari/537.36 Edg/145.0.0.0 (compatible; meta-externalagent/1.1 (+https://developers.facebook.com/docs/sharing/webmasters/crawler))"
179.159.208.168 - - [14/Aug/2026:08:13:15 -0500] "POST /xmlrpc.php HTTP/1.1" 200 6095 "-" "Jetpack by WordPress.com (Jetpack 12.0; WordPress 6.2)"
103.172.95.24 - - [14/Aug/2026:08:13:16 -0500] "POST /xmlrpc.php HTTP/1.1" 200 6095 "-" "WordPress.com; https://wordpress.com"
57.141.14.47 - - [14/Aug/2026:08:13:17 -0500] "GET /?h=94449310424 HTTP/1.1" 200 82322 "-" "Mozilla/5.0 (Windows NT 10.0; Win64; x64) AppleWebKit/537.36 (KHTML, like Gecko) Chrome/145.0.0.0 Safari/537.36 (compatible; meta-externalagent/1.1 (+https://developers.facebook.com/docs/sharing/webmasters/crawler))"
17.241.219.151 - - [14/Aug/2026:08:13:17 -0500] "GET /wp-includes/js/wp-emoji-release.min.js?ver=6.0.14 HTTP/1.1" 200 18617 "https://quizena.com.co/bingoal-nl-login-snel-toegang-tot-jouw-spel/" "Mozilla/5.0 (Macintosh; Intel Mac OS X 10_15_7) AppleWebKit/605.1.15 (KHTML, like Gecko) Version/17.4 Safari/605.1.15 (Applebot/0.1; +http://www.apple.com/go/applebot)"
17.241.219.151 - - [14/Aug/2026:08:13:18 -0500] "GET /wp-includes/css/dist/block-library/style.min.css?ver=6.0.14 HTTP/1.1" 200 88932 "https://quizena.com.co/bingoal-nl-login-snel-toegang-tot-jouw-spel/" "Mozilla/5.0 (Macintosh; Intel Mac OS X 10_15_7) AppleWebKit/605.1.15 (KHTML, like Gecko) Version/17.4 Safari/605.1.15 (Applebot/0.1; +http://www.apple.com/go/applebot)"
57.141.14.45 - - [14/Aug/2026:08:13:19 -0500] "GET /?w=43609910516 HTTP/1.1" 200 57694 "-" "Mozilla/5.0 (Macintosh; Intel Mac OS X 10_15_7) AppleWebKit/537.36 (KHTML, like Gecko) Chrome/145.0.0.0 Safari/537.36 (compatible; meta-externalagent/1.1 (+https://developers.facebook.com/docs/sharing/webmasters/crawler))"
17.241.219.151 - - [14/Aug/2026:08:13:20 -0500] "GET /wp-includes/js/jquery/jquery.min.js?ver=3.6.0 HTTP/1.1" 200 89521 "https://quizena.com.co/bingoal-nl-login-snel-toegang-tot-jouw-spel/" "Mozilla/5.0 (Macintosh; Intel Mac OS X 10_15_7) AppleWebKit/605.1.15 (KHTML, like Gecko) Version/17.4 Safari/605.1.15 (Applebot/0.1; +http://www.apple.com/go/applebot)"
17.241.219.151 - - [14/Aug/2026:08:13:21 -0500] "GET /wp-content/themes/razzi/style.css?ver=20220505 HTTP/1.1" 200 328918 "https://quizena.com.co/bingoal-nl-login-snel-toegang-tot-jouw-spel/" "Mozilla/5.0 (Macintosh; Intel Mac OS X 10_15_7) AppleWebKit/605.1.15 (KHTML, like Gecko) Version/17.4 Safari/605.1.15 (Applebot/0.1; +http://www.apple.com/go/applebot)"
57.141.14.76 - - [14/Aug/2026:08:13:22 -0500] "GET /?w=94314052164 HTTP/1.1" 200 57694 "-" "Mozilla/5.0 (Windows NT 10.0; Win64; x64) AppleWebKit/537.36 (KHTML, like Gecko) Chrome/145.0.0.0 Safari/537.36 (compatible; meta-externalagent/1.1 (+https://developers.facebook.com/docs/sharing/webmasters/crawler))"
57.141.14.12 - - [14/Aug/2026:08:13:22 -0500] "GET /?g=82513331702 HTTP/1.1" 200 82322 "-" "Mozilla/5.0 (Windows NT 10.0; Win64; x64) AppleWebKit/537.36 (KHTML, like Gecko) Chrome/144.0.0.0 Safari/537.36 Edg/144.0.0.0 (compatible; meta-externalagent/1.1 (+https://developers.facebook.com/docs/sharing/webmasters/crawler))"
17.241.219.151 - - [14/Aug/2026:08:13:23 -0500] "GET /wp-includes/js/jquery/jquery-migrate.min.js?ver=3.3.2 HTTP/1.1" 200 11224 "https://quizena.com.co/bingoal-nl-login-snel-toegang-tot-jouw-spel/" "Mozilla/5.0 (Macintosh; Intel Mac OS X 10_15_7) AppleWebKit/605.1.15 (KHTML, like Gecko) Version/17.4 Safari/605.1.15 (Applebot/0.1; +http://www.apple.com/go/applebot)"
17.241.219.151 - - [14/Aug/2026:08:13:24 -0500] "GET /wp-content/plugins/contact-form-7/includes/css/styles.css?ver=5.6 HTTP/1.1" 200 2731 "https://quizena.com.co/bingoal-nl-login-snel-toegang-tot-jouw-spel/" "Mozilla/5.0 (Macintosh; Intel Mac OS X 10_15_7) AppleWebKit/605.1.15 (KHTML, like Gecko) Version/17.4 Safari/605.1.15 (Applebot/0.1; +http://www.apple.com/go/applebot)"
57.141.14.61 - - [14/Aug/2026:08:13:25 -0500] "GET /?f=82634926632 HTTP/1.1" 200 82322 "-" "Mozilla/5.0 (Macintosh; Intel Mac OS X 10_15_7) AppleWebKit/537.36 (KHTML, like Gecko) Chrome/145.0.0.0 Safari/537.36 (compatible; meta-externalagent/1.1 (+https://developers.facebook.com/docs/sharing/webmasters/crawler))"
179.159.208.168 - - [14/Aug/2026:08:13:25 -0500] "POST /xmlrpc.php HTTP/1.1" 200 6095 "-" "Jetpack by WordPress.com"
17.241.219.151 - - [14/Aug/2026:08:13:26 -0500] "GET /wp-includes/js/dist/vendor/regenerator-runtime.min.js?ver=0.13.9 HTTP/1.1" 200 6475 "https://quizena.com.co/bingoal-nl-login-snel-toegang-tot-jouw-spel/" "Mozilla/5.0 (Macintosh; Intel Mac OS X 10_15_7) AppleWebKit/605.1.15 (KHTML, like Gecko) Version/17.4 Safari/605.1.15 (Applebot/0.1; +http://www.apple.com/go/applebot)"
57.141.14.54 - - [14/Aug/2026:08:13:26 -0500] "GET /?s=35414848387 HTTP/1.1" 200 69848 "-" "Mozilla/5.0 (Windows NT 10.0; Win64; x64) AppleWebKit/537.36 (KHTML, like Gecko) Chrome/145.0.0.0 Safari/537.36 (compatible; meta-externalagent/1.1 (+https://developers.facebook.com/docs/sharing/webmasters/crawler))"
103.172.95.24 - - [14/Aug/2026:08:13:26 -0500] "POST /xmlrpc.php HTTP/1.1" 200 6095 "-" "Jetpack by WordPress.com"
17.241.219.151 - - [14/Aug/2026:08:13:27 -0500] "GET /wp-includes/js/dist/vendor/wp-polyfill.min.js?ver=3.15.0 HTTP/1.1" 200 19142 "https://quizena.com.co/bingoal-nl-login-snel-toegang-tot-jouw-spel/" "Mozilla/5.0 (Macintosh; Intel Mac OS X 10_15_7) AppleWebKit/605.1.15 (KHTML, like Gecko) Version/17.4 Safari/605.1.15 (Applebot/0.1; +http://www.apple.com/go/applebot)"
17.241.219.151 - - [14/Aug/2026:08:13:29 -0500] "GET /wp-content/plugins/contact-form-7/includes/js/index.js?ver=5.6 HTTP/1.1" 200 21821 "https://quizena.com.co/bingoal-nl-login-snel-toegang-tot-jouw-spel/" "Mozilla/5.0 (Macintosh; Intel Mac OS X 10_15_7) AppleWebKit/605.1.15 (KHTML, like Gecko) Version/17.4 Safari/605.1.15 (Applebot/0.1; +http://www.apple.com/go/applebot)"
17.241.219.151 - - [14/Aug/2026:08:13:31 -0500] "GET /wp-content/themes/razzi/assets/js/plugins/isInViewport.min.js?ver=20201012 HTTP/1.1" 200 2304 "https://quizena.com.co/bingoal-nl-login-snel-toegang-tot-jouw-spel/" "Mozilla/5.0 (Macintosh; Intel Mac OS X 10_15_7) AppleWebKit/605.1.15 (KHTML, like Gecko) Version/17.4 Safari/605.1.15 (Applebot/0.1; +http://www.apple.com/go/applebot)"
57.141.14.13 - - [14/Aug/2026:08:13:31 -0500] "GET /?z=13168075017 HTTP/1.1" 200 82322 "-" "Mozilla/5.0 (Windows NT 10.0; Win64; x64) AppleWebKit/537.36 (KHTML, like Gecko) Chrome/145.0.0.0 Safari/537.36 (compatible; meta-externalagent/1.1 (+https://developers.facebook.com/docs/sharing/webmasters/crawler))"
17.241.219.151 - - [14/Aug/2026:08:13:32 -0500] "GET /wp-content/themes/razzi/assets/js/plugins/swiper.min.js?ver=5.3.8 HTTP/1.1" 200 139784 "https://quizena.com.co/bingoal-nl-login-snel-toegang-tot-jouw-spel/" "Mozilla/5.0 (Macintosh; Intel Mac OS X 10_15_7) AppleWebKit/605.1.15 (KHTML, like Gecko) Version/17.4 Safari/605.1.15 (Applebot/0.1; +http://www.apple.com/go/applebot)"
17.241.219.151 - - [14/Aug/2026:08:13:33 -0500] "GET /wp-content/themes/razzi/assets/js/plugins/notify.min.js?ver=1.0.0 HTTP/1.1" 200 13780 "https://quizena.com.co/bingoal-nl-login-snel-toegang-tot-jouw-spel/" "Mozilla/5.0 (Macintosh; Intel Mac OS X 10_15_7) AppleWebKit/605.1.15 (KHTML, like Gecko) Version/17.4 Safari/605.1.15 (Applebot/0.1; +http://www.apple.com/go/applebot)"
57.141.14.21 - - [14/Aug/2026:08:13:34 -0500] "GET /?j=82933108871 HTTP/1.1" 200 82322 "-" "Mozilla/5.0 (Windows NT 10.0; Win64; x64) AppleWebKit/537.36 (KHTML, like Gecko) Chrome/145.0.0.0 Safari/537.36 (compatible; meta-externalagent/1.1 (+https://developers.facebook.com/docs/sharing/webmasters/crawler))"
17.241.219.151 - - [14/Aug/2026:08:13:35 -0500] "GET /wp-includes/js/imagesloaded.min.js?ver=4.1.4 HTTP/1.1" 200 5629 "https://quizena.com.co/bingoal-nl-login-snel-toegang-tot-jouw-spel/" "Mozilla/5.0 (Macintosh; Intel Mac OS X 10_15_7) AppleWebKit/605.1.15 (KHTML, like Gecko) Version/17.4 Safari/605.1.15 (Applebot/0.1; +http://www.apple.com/go/applebot)"
179.159.208.168 - - [14/Aug/2026:08:13:36 -0500] "POST /xmlrpc.php HTTP/1.1" 200 6095 "-" "WordPress.com; https://wordpress.com"
17.241.219.151 - - [14/Aug/2026:08:13:37 -0500] "GET /wp-content/themes/razzi/assets/js/scripts.min.js?ver=20220330 HTTP/1.1" 200 47064 "https://quizena.com.co/bingoal-nl-login-snel-toegang-tot-jouw-spel/" "Mozilla/5.0 (Macintosh; Intel Mac OS X 10_15_7) AppleWebKit/605.1.15 (KHTML, like Gecko) Version/17.4 Safari/605.1.15 (Applebot/0.1; +http://www.apple.com/go/applebot)"
103.172.95.24 - - [14/Aug/2026:08:13:37 -0500] "POST /xmlrpc.php HTTP/1.1" 200 6095 "-" "Jetpack by WordPress.com"
57.141.14.97 - - [14/Aug/2026:08:13:39 -0500] "GET /?j=15725330956 HTTP/1.1" 200 82322 "-" "Mozilla/5.0 (Windows NT 10.0; Win64; x64) AppleWebKit/537.36 (KHTML, like Gecko) Chrome/145.0.0.0 Safari/537.36 (compatible; meta-externalagent/1.1 (+https://developers.facebook.com/docs/sharing/webmasters/crawler))"
57.141.14.41 - - [14/Aug/2026:08:13:46 -0500] "GET /?e=43288493269 HTTP/1.1" 200 82322 "-" "Mozilla/5.0 (Windows NT 10.0; Win64; x64) AppleWebKit/537.36 (KHTML, like Gecko) Chrome/145.0.0.0 Safari/537.36 (compatible; meta-externalagent/1.1 (+https://developers.facebook.com/docs/sharing/webmasters/crawler))"
179.159.208.168 - - [14/Aug/2026:08:13:46 -0500] "POST /xmlrpc.php HTTP/1.1" 200 6095 "-" "Jetpack by WordPress.com"
103.172.95.24 - - [14/Aug/2026:08:13:49 -0500] "POST /xmlrpc.php HTTP/1.1" 200 6095 "-" "Jetpack by WordPress.com (Jetpack 13.0; WordPress 6.4)"
57.141.14.106 - - [14/Aug/2026:08:13:52 -0500] "GET /?r=36167294023 HTTP/1.1" 200 82322 "-" "Mozilla/5.0 (Macintosh; Intel Mac OS X 10_15_7) AppleWebKit/537.36 (KHTML, like Gecko) Chrome/145.0.0.0 Safari/537.36 (compatible; meta-externalagent/1.1 (+https://developers.facebook.com/docs/sharing/webmasters/crawler))"
57.141.14.24 - - [14/Aug/2026:08:13:53 -0500] "GET /?s=92833785680 HTTP/1.1" 200 69848 "-" "Mozilla/5.0 (Windows NT 10.0; Win64; x64) AppleWebKit/537.36 (KHTML, like Gecko) Chrome/145.0.0.0 Safari/537.36 Edg/145.0.0.0 (compatible; meta-externalagent/1.1 (+https://developers.facebook.com/docs/sharing/webmasters/crawler))"
57.141.14.68 - - [14/Aug/2026:08:13:56 -0500] "GET /?v=25276530134 HTTP/1.1" 200 82322 "-" "Mozilla/5.0 (Windows NT 10.0; Win64; x64) AppleWebKit/537.36 (KHTML, like Gecko) Chrome/145.0.0.0 Safari/537.36 Edg/145.0.0.0 (compatible; meta-externalagent/1.1 (+https://developers.facebook.com/docs/sharing/webmasters/crawler))"
179.159.208.168 - - [14/Aug/2026:08:13:57 -0500] "POST /xmlrpc.php HTTP/1.1" 200 6095 "-" "Jetpack/13.0; WordPress/6.4; http://site70271605.com"
103.172.95.24 - - [14/Aug/2026:08:13:59 -0500] "POST /xmlrpc.php HTTP/1.1" 200 6095 "-" "WordPress.com; https://wordpress.com"
179.159.208.168 - - [14/Aug/2026:08:14:07 -0500] "POST /xmlrpc.php HTTP/1.1" 200 6095 "-" "Jetpack by WordPress.com"
57.141.14.22 - - [14/Aug/2026:08:14:08 -0500] "GET /?r=96282004688 HTTP/1.1" 200 82322 "-" "Mozilla/5.0 (Windows NT 10.0; Win64; x64) AppleWebKit/537.36 (KHTML, like Gecko) Chrome/144.0.0.0 Safari/537.36 Edg/144.0.0.0 (compatible; meta-externalagent/1.1 (+https://developers.facebook.com/docs/sharing/webmasters/crawler))"
103.172.95.24 - - [14/Aug/2026:08:14:11 -0500] "POST /xmlrpc.php HTTP/1.1" 200 6095 "-" "Jetpack by WordPress.com (Jetpack 12.0; WordPress 6.4)"
57.141.14.106 - - [14/Aug/2026:08:14:14 -0500] "GET /?m=96319220666 HTTP/1.1" 200 57694 "-" "Mozilla/5.0 (Windows NT 10.0; Win64; x64) AppleWebKit/537.36 (KHTML, like Gecko) Chrome/145.0.0.0 Safari/537.36 Edg/145.0.0.0 (compatible; meta-externalagent/1.1 (+https://developers.facebook.com/docs/sharing/webmasters/crawler))"
57.141.14.11 - - [14/Aug/2026:08:14:15 -0500] "GET /?p=53502054933 HTTP/1.1" 200 57694 "-" "Mozilla/5.0 (Macintosh; Intel Mac OS X 10_15_7) AppleWebKit/537.36 (KHTML, like Gecko) Chrome/145.0.0.0 Safari/537.36 (compatible; meta-externalagent/1.1 (+https://developers.facebook.com/docs/sharing/webmasters/crawler))"
179.159.208.168 - - [14/Aug/2026:08:14:18 -0500] "POST /xmlrpc.php HTTP/1.1" 200 6095 "-" "Jetpack by WordPress.com"
57.141.14.107 - - [14/Aug/2026:08:14:19 -0500] "GET /?t=96204783007 HTTP/1.1" 200 82322 "-" "Mozilla/5.0 (Macintosh; Intel Mac OS X 10_15_7) AppleWebKit/537.36 (KHTML, like Gecko) Chrome/145.0.0.0 Safari/537.36 (compatible; meta-externalagent/1.1 (+https://developers.facebook.com/docs/sharing/webmasters/crawler))"
57.141.14.27 - - [14/Aug/2026:08:14:19 -0500] "GET /?f=25926965659 HTTP/1.1" 200 82322 "-" "Mozilla/5.0 (Macintosh; Intel Mac OS X 10_15_7) AppleWebKit/537.36 (KHTML, like Gecko) Chrome/145.0.0.0 Safari/537.36 (compatible; meta-externalagent/1.1 (+https://developers.facebook.com/docs/sharing/webmasters/crawler))"
103.172.95.24 - - [14/Aug/2026:08:14:23 -0500] "POST /xmlrpc.php HTTP/1.1" 200 6095 "-" "Jetpack/13.0; WordPress/6.4; http://site64817799.com"
57.141.14.90 - - [14/Aug/2026:08:14:25 -0500] "GET /?m=95979766457 HTTP/1.1" 200 57694 "-" "Mozilla/5.0 (Windows NT 10.0; Win64; x64) AppleWebKit/537.36 (KHTML, like Gecko) Chrome/145.0.0.0 Safari/537.36 (compatible; meta-externalagent/1.1 (+https://developers.facebook.com/docs/sharing/webmasters/crawler))"
57.141.14.112 - - [14/Aug/2026:08:14:28 -0500] "GET /?l=54181296421 HTTP/1.1" 200 82322 "-" "Mozilla/5.0 (Macintosh; Intel Mac OS X 10_15_7) AppleWebKit/537.36 (KHTML, like Gecko) Chrome/145.0.0.0 Safari/537.36 (compatible; meta-externalagent/1.1 (+https://developers.facebook.com/docs/sharing/webmasters/crawler))"
179.159.208.168 - - [14/Aug/2026:08:14:28 -0500] "POST /xmlrpc.php HTTP/1.1" 200 6095 "-" "WordPress.com; https://wordpress.com"
57.141.14.27 - - [14/Aug/2026:08:14:29 -0500] "GET /?k=65864075564 HTTP/1.1" 200 82322 "-" "Mozilla/5.0 (Windows NT 10.0; Win64; x64) AppleWebKit/537.36 (KHTML, like Gecko) Chrome/145.0.0.0 Safari/537.36 (compatible; meta-externalagent/1.1 (+https://developers.facebook.com/docs/sharing/webmasters/crawler))"
57.141.14.21 - - [14/Aug/2026:08:14:33 -0500] "GET /?i=26140249142 HTTP/1.1" 200 82322 "-" "Mozilla/5.0 (Macintosh; Intel Mac OS X 10_15_7) AppleWebKit/537.36 (KHTML, like Gecko) Chrome/145.0.0.0 Safari/537.36 (compatible; meta-externalagent/1.1 (+https://developers.facebook.com/docs/sharing/webmasters/crawler))"
57.141.14.83 - - [14/Aug/2026:08:14:33 -0500] "GET /?u=85520523858 HTTP/1.1" 200 82322 "-" "Mozilla/5.0 (Windows NT 10.0; Win64; x64) AppleWebKit/537.36 (KHTML, like Gecko) Chrome/145.0.0.0 Safari/537.36 Edg/145.0.0.0 (compatible; meta-externalagent/1.1 (+https://developers.facebook.com/docs/sharing/webmasters/crawler))"
103.172.95.24 - - [14/Aug/2026:08:14:34 -0500] "POST /xmlrpc.php HTTP/1.1" 200 6095 "-" "Jetpack/12.0; WordPress/6.3; http://site21840839.com"
57.141.14.28 - - [14/Aug/2026:08:14:35 -0500] "GET /?s=53737153821 HTTP/1.1" 200 69848 "-" "Mozilla/5.0 (Macintosh; Intel Mac OS X 10_15_7) AppleWebKit/537.36 (KHTML, like Gecko) Chrome/145.0.0.0 Safari/537.36 (compatible; meta-externalagent/1.1 (+https://developers.facebook.com/docs/sharing/webmasters/crawler))"
179.159.208.168 - - [14/Aug/2026:08:14:38 -0500] "POST /xmlrpc.php HTTP/1.1" 200 6095 "-" "Jetpack by WordPress.com (Jetpack 12.1; WordPress 6.3)"
57.141.14.84 - - [14/Aug/2026:08:14:43 -0500] "GET /?n=36051962922 HTTP/1.1" 200 82322 "-" "Mozilla/5.0 (Windows NT 10.0; Win64; x64) AppleWebKit/537.36 (KHTML, like Gecko) Chrome/145.0.0.0 Safari/537.36 (compatible; meta-externalagent/1.1 (+https://developers.facebook.com/docs/sharing/webmasters/crawler))"
103.172.95.24 - - [14/Aug/2026:08:14:45 -0500] "POST /xmlrpc.php HTTP/1.1" 200 6095 "-" "Jetpack/13.0; WordPress/6.4; http://site29247300.com"
57.141.14.96 - - [14/Aug/2026:08:14:48 -0500] "GET /?m=22385752318 HTTP/1.1" 200 57694 "-" "Mozilla/5.0 (Windows NT 10.0; Win64; x64) AppleWebKit/537.36 (KHTML, like Gecko) Chrome/145.0.0.0 Safari/537.36 (compatible; meta-externalagent/1.1 (+https://developers.facebook.com/docs/sharing/webmasters/crawler))"
179.159.208.168 - - [14/Aug/2026:08:14:49 -0500] "POST /xmlrpc.php HTTP/1.1" 200 6095 "-" "Jetpack/12.1; WordPress/6.4; http://site19347804.com"
57.141.14.12 - - [14/Aug/2026:08:14:51 -0500] "GET /?t=72889566224 HTTP/1.1" 200 82322 "-" "Mozilla/5.0 (X11; Linux x86_64) AppleWebKit/537.36 (KHTML, like Gecko) Chrome/145.0.0.0 Safari/537.36 (compatible; meta-externalagent/1.1 (+https://developers.facebook.com/docs/sharing/webmasters/crawler))"
57.141.14.88 - - [14/Aug/2026:08:14:52 -0500] "GET /?p=63816898243 HTTP/1.1" 200 57694 "-" "Mozilla/5.0 (Windows NT 10.0; Win64; x64) AppleWebKit/537.36 (KHTML, like Gecko) Chrome/145.0.0.0 Safari/537.36 (compatible; meta-externalagent/1.1 (+https://developers.facebook.com/docs/sharing/webmasters/crawler))"
57.141.14.53 - - [14/Aug/2026:08:14:55 -0500] "GET /?f=25215446538 HTTP/1.1" 200 82322 "-" "Mozilla/5.0 (Windows NT 10.0; Win64; x64) AppleWebKit/537.36 (KHTML, like Gecko) Chrome/145.0.0.0 Safari/537.36 (compatible; meta-externalagent/1.1 (+https://developers.facebook.com/docs/sharing/webmasters/crawler))"
179.159.208.168 - - [14/Aug/2026:08:14:59 -0500] "POST /xmlrpc.php HTTP/1.1" 200 6095 "-" "Jetpack by WordPress.com"
103.172.95.24 - - [14/Aug/2026:08:15:00 -0500] "POST /xmlrpc.php HTTP/1.1" 200 6095 "-" "Jetpack by WordPress.com"
57.141.14.77 - - [14/Aug/2026:08:15:05 -0500] "GET /?v=93229875516 HTTP/1.1" 200 82322 "-" "Mozilla/5.0 (Windows NT 10.0; Win64; x64) AppleWebKit/537.36 (KHTML, like Gecko) Chrome/145.0.0.0 Safari/537.36 (compatible; meta-externalagent/1.1 (+https://developers.facebook.com/docs/sharing/webmasters/crawler))"
179.159.208.168 - - [14/Aug/2026:08:15:10 -0500] "POST /xmlrpc.php HTTP/1.1" 200 6095 "-" "Jetpack/12.0; WordPress/6.4; http://site16422982.com"
103.172.95.24 - - [14/Aug/2026:08:15:11 -0500] "POST /xmlrpc.php HTTP/1.1" 200 6095 "-" "Jetpack by WordPress.com"
57.141.14.6 - - [14/Aug/2026:08:15:12 -0500] "GET /?b=33630362776 HTTP/1.1" 200 82322 "-" "Mozilla/5.0 (Macintosh; Intel Mac OS X 10_15_7) AppleWebKit/537.36 (KHTML, like Gecko) Chrome/145.0.0.0 Safari/537.36 (compatible; meta-externalagent/1.1 (+https://developers.facebook.com/docs/sharing/webmasters/crawler))"
57.141.14.42 - - [14/Aug/2026:08:15:13 -0500] "GET /?o=22316303581 HTTP/1.1" 200 82322 "-" "Mozilla/5.0 (Macintosh; Intel Mac OS X 10_15_7) AppleWebKit/537.36 (KHTML, like Gecko) Chrome/145.0.0.0 Safari/537.36 (compatible; meta-externalagent/1.1 (+https://developers.facebook.com/docs/sharing/webmasters/crawler))"
57.141.14.59 - - [14/Aug/2026:08:15:14 -0500] "GET /?o=53649709937 HTTP/1.1" 200 82322 "-" "Mozilla/5.0 (Macintosh; Intel Mac OS X 10_15_7) AppleWebKit/537.36 (KHTML, like Gecko) Chrome/145.0.0.0 Safari/537.36 (compatible; meta-externalagent/1.1 (+https://developers.facebook.com/docs/sharing/webmasters/crawler))"
179.159.208.168 - - [14/Aug/2026:08:15:20 -0500] "POST /xmlrpc.php HTTP/1.1" 200 6095 "-" "Jetpack by WordPress.com"
103.172.95.24 - - [14/Aug/2026:08:15:22 -0500] "POST /xmlrpc.php HTTP/1.1" 200 6095 "-" "Jetpack by WordPress.com"
57.141.14.11 - - [14/Aug/2026:08:15:22 -0500] "GET /?y=93187965143 HTTP/1.1" 200 82322 "-" "Mozilla/5.0 (Windows NT 10.0; Win64; x64) AppleWebKit/537.36 (KHTML, like Gecko) Chrome/145.0.0.0 Safari/537.36 (compatible; meta-externalagent/1.1 (+https://developers.facebook.com/docs/sharing/webmasters/crawler))"
57.141.14.108 - - [14/Aug/2026:08:15:25 -0500] "GET /?o=92489988511 HTTP/1.1" 200 82322 "-" "Mozilla/5.0 (Macintosh; Intel Mac OS X 10_15_7) AppleWebKit/537.36 (KHTML, like Gecko) Chrome/145.0.0.0 Safari/537.36 (compatible; meta-externalagent/1.1 (+https://developers.facebook.com/docs/sharing/webmasters/crawler))"
57.141.14.105 - - [14/Aug/2026:08:15:25 -0500] "GET /?l=16005350935 HTTP/1.1" 200 82322 "-" "Mozilla/5.0 (Windows NT 10.0; Win64; x64) AppleWebKit/537.36 (KHTML, like Gecko) Chrome/145.0.0.0 Safari/537.36 (compatible; meta-externalagent/1.1 (+https://developers.facebook.com/docs/sharing/webmasters/crawler))"
57.141.14.54 - - [14/Aug/2026:08:15:25 -0500] "GET /?t=55207949003 HTTP/1.1" 200 82322 "-" "Mozilla/5.0 (Windows NT 10.0; Win64; x64) AppleWebKit/537.36 (KHTML, like Gecko) Chrome/145.0.0.0 Safari/537.36 (compatible; meta-externalagent/1.1 (+https://developers.facebook.com/docs/sharing/webmasters/crawler))"
57.141.14.22 - - [14/Aug/2026:08:15:30 -0500] "GET /?w=15027919679 HTTP/1.1" 200 57694 "-" "Mozilla/5.0 (Windows NT 10.0; Win64; x64) AppleWebKit/537.36 (KHTML, like Gecko) Chrome/145.0.0.0 Safari/537.36 (compatible; meta-externalagent/1.1 (+https://developers.facebook.com/docs/sharing/webmasters/crawler))"
179.159.208.168 - - [14/Aug/2026:08:15:31 -0500] "POST /xmlrpc.php HTTP/1.1" 200 6095 "-" "Jetpack/12.0; WordPress/6.1; http://site63791877.com"
57.141.14.28 - - [14/Aug/2026:08:15:38 -0500] "GET /?c=63556908869 HTTP/1.1" 200 82322 "-" "Mozilla/5.0 (Windows NT 10.0; Win64; x64) AppleWebKit/537.36 (KHTML, like Gecko) Chrome/145.0.0.0 Safari/537.36 (compatible; meta-externalagent/1.1 (+https://developers.facebook.com/docs/sharing/webmasters/crawler))"
103.172.95.24 - - [14/Aug/2026:08:15:39 -0500] "POST /xmlrpc.php HTTP/1.1" 200 6095 "-" "WordPress.com; https://wordpress.com"
179.159.208.168 - - [14/Aug/2026:08:15:42 -0500] "POST /xmlrpc.php HTTP/1.1" 200 6095 "-" "Jetpack by WordPress.com"
57.141.14.54 - - [14/Aug/2026:08:15:43 -0500] "GET /?m=66296008072 HTTP/1.1" 200 57694 "-" "Mozilla/5.0 (Windows NT 10.0; Win64; x64) AppleWebKit/537.36 (KHTML, like Gecko) Chrome/145.0.0.0 Safari/537.36 (compatible; meta-externalagent/1.1 (+https://developers.facebook.com/docs/sharing/webmasters/crawler))"
57.141.14.41 - - [14/Aug/2026:08:15:47 -0500] "GET /?y=14397406819 HTTP/1.1" 200 82322 "-" "Mozilla/5.0 (Windows NT 10.0; Win64; x64) AppleWebKit/537.36 (KHTML, like Gecko) Chrome/145.0.0.0 Safari/537.36 (compatible; meta-externalagent/1.1 (+https://developers.facebook.com/docs/sharing/webmasters/crawler))"
57.141.14.36 - - [14/Aug/2026:08:15:49 -0500] "GET /?s=75891947058 HTTP/1.1" 200 69848 "-" "Mozilla/5.0 (Macintosh; Intel Mac OS X 10_15_7) AppleWebKit/537.36 (KHTML, like Gecko) Chrome/145.0.0.0 Safari/537.36 (compatible; meta-externalagent/1.1 (+https://developers.facebook.com/docs/sharing/webmasters/crawler))"
103.172.95.24 - - [14/Aug/2026:08:15:50 -0500] "POST /xmlrpc.php HTTP/1.1" 200 6095 "-" "Jetpack by WordPress.com (Jetpack 13.0; WordPress 6.2)"
179.159.208.168 - - [14/Aug/2026:08:15:52 -0500] "POST /xmlrpc.php HTTP/1.1" 200 6095 "-" "Jetpack/12.0; WordPress/6.4; http://site95370608.com"
103.172.95.24 - - [14/Aug/2026:08:16:01 -0500] "POST /xmlrpc.php HTTP/1.1" 200 6095 "-" "Jetpack by WordPress.com (Jetpack 13.0; WordPress 6.4)"
179.159.208.168 - - [14/Aug/2026:08:16:02 -0500] "POST /xmlrpc.php HTTP/1.1" 200 6095 "-" "Jetpack by WordPress.com"
57.141.14.31 - - [14/Aug/2026:08:16:08 -0500] "GET /?r=72929215802 HTTP/1.1" 200 82322 "-" "Mozilla/5.0 (Macintosh; Intel Mac OS X 10_15_7) AppleWebKit/537.36 (KHTML, like Gecko) Chrome/145.0.0.0 Safari/537.36 (compatible; meta-externalagent/1.1 (+https://developers.facebook.com/docs/sharing/webmasters/crawler))"
57.141.14.8 - - [14/Aug/2026:08:16:08 -0500] "GET /?i=12947401820 HTTP/1.1" 200 82322 "-" "Mozilla/5.0 (Macintosh; Intel Mac OS X 10_15_7) AppleWebKit/537.36 (KHTML, like Gecko) Chrome/145.0.0.0 Safari/537.36 (compatible; meta-externalagent/1.1 (+https://developers.facebook.com/docs/sharing/webmasters/crawler))"
57.141.14.26 - - [14/Aug/2026:08:16:09 -0500] "GET /?g=53649942589 HTTP/1.1" 200 82322 "-" "Mozilla/5.0 (Macintosh; Intel Mac OS X 10_15_7) AppleWebKit/537.36 (KHTML, like Gecko) Chrome/145.0.0.0 Safari/537.36 (compatible; meta-externalagent/1.1 (+https://developers.facebook.com/docs/sharing/webmasters/crawler))"
57.141.14.15 - - [14/Aug/2026:08:16:10 -0500] "GET /?h=92785732463 HTTP/1.1" 200 82322 "-" "Mozilla/5.0 (X11; Linux x86_64) AppleWebKit/537.36 (KHTML, like Gecko) Chrome/145.0.0.0 Safari/537.36 (compatible; meta-externalagent/1.1 (+https://developers.facebook.com/docs/sharing/webmasters/crawler))"
57.141.14.114 - - [14/Aug/2026:08:16:10 -0500] "GET /search/33022349221/feed/rss2/ HTTP/1.1" 200 6856 "-" "Mozilla/5.0 (Windows NT 10.0; Win64; x64) AppleWebKit/537.36 (KHTML, like Gecko) Chrome/145.0.0.0 Safari/537.36 (compatible; meta-externalagent/1.1 (+https://developers.facebook.com/docs/sharing/webmasters/crawler))"
57.141.14.31 - - [14/Aug/2026:08:16:12 -0500] "GET /?m=45753896619 HTTP/1.1" 200 57694 "-" "Mozilla/5.0 (Windows NT 10.0; Win64; x64) AppleWebKit/537.36 (KHTML, like Gecko) Chrome/145.0.0.0 Safari/537.36 (compatible; meta-externalagent/1.1 (+https://developers.facebook.com/docs/sharing/webmasters/crawler))"
103.172.95.24 - - [14/Aug/2026:08:16:12 -0500] "POST /xmlrpc.php HTTP/1.1" 200 6095 "-" "Jetpack by WordPress.com (Jetpack 12.5; WordPress 6.1)"
179.159.208.168 - - [14/Aug/2026:08:16:13 -0500] "POST /xmlrpc.php HTTP/1.1" 200 6095 "-" "Jetpack by WordPress.com"
66.249.79.228 - - [14/Aug/2026:08:16:15 -0500] "GET /?m=53833777194 HTTP/1.1" 200 202444 "-" "Mozilla/5.0 (Linux; Android 6.0.1; Nexus 5X Build/MMB29P) AppleWebKit/537.36 (KHTML, like Gecko) Chrome/150.0.7871.186 Mobile Safari/537.36 (compatible; Googlebot/2.1; +http://www.google.com/bot.html)"
57.141.14.59 - - [14/Aug/2026:08:16:18 -0500] "GET /?m=16330391052 HTTP/1.1" 200 57694 "-" "Mozilla/5.0 (Windows NT 10.0; Win64; x64) AppleWebKit/537.36 (KHTML, like Gecko) Chrome/145.0.0.0 Safari/537.36 (compatible; meta-externalagent/1.1 (+https://developers.facebook.com/docs/sharing/webmasters/crawler))"
57.141.14.42 - - [14/Aug/2026:08:16:19 -0500] "GET /?v=52685998779 HTTP/1.1" 200 82322 "-" "Mozilla/5.0 (Macintosh; Intel Mac OS X 10_15_7) AppleWebKit/537.36 (KHTML, like Gecko) Chrome/145.0.0.0 Safari/537.36 (compatible; meta-externalagent/1.1 (+https://developers.facebook.com/docs/sharing/webmasters/crawler))"
57.141.14.15 - - [14/Aug/2026:08:16:21 -0500] "GET /?g=43682696963 HTTP/1.1" 200 82322 "-" "Mozilla/5.0 (Windows NT 10.0; Win64; x64) AppleWebKit/537.36 (KHTML, like Gecko) Chrome/145.0.0.0 Safari/537.36 (compatible; meta-externalagent/1.1 (+https://developers.facebook.com/docs/sharing/webmasters/crawler))"
57.141.14.26 - - [14/Aug/2026:08:16:23 -0500] "GET /?s=34486835210 HTTP/1.1" 200 69848 "-" "Mozilla/5.0 (Windows NT 10.0; Win64; x64) AppleWebKit/537.36 (KHTML, like Gecko) Chrome/145.0.0.0 Safari/537.36 (compatible; meta-externalagent/1.1 (+https://developers.facebook.com/docs/sharing/webmasters/crawler))"
103.172.95.24 - - [14/Aug/2026:08:16:23 -0500] "POST /xmlrpc.php HTTP/1.1" 200 6095 "-" "WordPress.com; https://wordpress.com"
179.159.208.168 - - [14/Aug/2026:08:16:23 -0500] "POST /xmlrpc.php HTTP/1.1" 200 6095 "-" "Jetpack/12.5; WordPress/6.2; http://site58633325.com"
57.141.14.96 - - [14/Aug/2026:08:16:24 -0500] "GET /?u=95328342985 HTTP/1.1" 200 82322 "-" "Mozilla/5.0 (Macintosh; Intel Mac OS X 10_15_7) AppleWebKit/537.36 (KHTML, like Gecko) Chrome/145.0.0.0 Safari/537.36 (compatible; meta-externalagent/1.1 (+https://developers.facebook.com/docs/sharing/webmasters/crawler))"
