114.119.148.88 - - [14/Aug/2026:23:31:57 -0500] "GET /?o=44582672109 HTTP/1.1" 200 115352 "http://quizena.com.co/sitemap.xml" "Mozilla/5.0 (Linux; Android 7.0;) AppleWebKit/537.36 (HTML, like Gecko) Mobile Safari/537.36 (compatible; PetalBot;+https://webmaster.petalsearch.com/site/petalbot)"
114.119.141.200 - - [14/Aug/2026:23:33:21 -0500] "GET /?o=42339009721 HTTP/1.1" 200 115352 "http://quizena.com.co/sitemap.xml" "Mozilla/5.0 (Linux; Android 7.0;) AppleWebKit/537.36 (HTML, like Gecko) Mobile Safari/537.36 (compatible; PetalBot;+https://webmaster.petalsearch.com/site/petalbot)"
74.7.243.244 - - [14/Aug/2026:23:33:51 -0500] "GET /wp-includes/class-simplepie.php HTTP/1.1" 500 - "http://quizena.com.co/wp-includes/" "Mozilla/5.0 AppleWebKit/537.36 (KHTML, like Gecko; compatible; GPTBot/1.4; +https://openai.com/gptbot)"
74.7.243.244 - - [14/Aug/2026:23:33:52 -0500] "GET /wp-includes/template-canvas.php HTTP/1.1" 500 - "http://quizena.com.co/wp-includes/" "Mozilla/5.0 AppleWebKit/537.36 (KHTML, like Gecko; compatible; GPTBot/1.4; +https://openai.com/gptbot)"
74.7.243.244 - - [14/Aug/2026:23:33:53 -0500] "GET /wp-includes/https-detection.php HTTP/1.1" 200 - "http://quizena.com.co/wp-includes/" "Mozilla/5.0 AppleWebKit/537.36 (KHTML, like Gecko; compatible; GPTBot/1.4; +https://openai.com/gptbot)"
74.7.243.244 - - [14/Aug/2026:23:33:58 -0500] "GET /wp-includes/theme-templates.php HTTP/1.1" 200 - "http://quizena.com.co/wp-includes/" "Mozilla/5.0 AppleWebKit/537.36 (KHTML, like Gecko; compatible; GPTBot/1.4; +https://openai.com/gptbot)"
114.119.153.112 - - [14/Aug/2026:23:34:47 -0500] "GET /?o=12601955838 HTTP/1.1" 200 115352 "http://quizena.com.co/sitemap.xml" "Mozilla/5.0 (Linux; Android 7.0;) AppleWebKit/537.36 (HTML, like Gecko) Mobile Safari/537.36 (compatible; PetalBot;+https://webmaster.petalsearch.com/site/petalbot)"
114.119.158.204 - - [14/Aug/2026:23:36:10 -0500] "GET /?n=96410370695 HTTP/1.1" 200 115352 "http://quizena.com.co/sitemap.xml" "Mozilla/5.0 (Linux; Android 7.0;) AppleWebKit/537.36 (HTML, like Gecko) Mobile Safari/537.36 (compatible; PetalBot;+https://webmaster.petalsearch.com/site/petalbot)"
74.7.243.244 - - [14/Aug/2026:23:37:31 -0500] "GET /wp-includes/class-wp-theme-json-schema.php HTTP/1.1" 200 - "http://quizena.com.co/wp-includes/" "Mozilla/5.0 AppleWebKit/537.36 (KHTML, like Gecko; compatible; GPTBot/1.4; +https://openai.com/gptbot)"
114.119.150.33 - - [14/Aug/2026:23:37:33 -0500] "GET /?n=93943388496 HTTP/1.1" 200 115352 "http://quizena.com.co/sitemap.xml" "Mozilla/5.0 (Linux; Android 7.0;) AppleWebKit/537.36 (HTML, like Gecko) Mobile Safari/537.36 (compatible; PetalBot;+https://webmaster.petalsearch.com/site/petalbot)"
114.119.141.200 - - [14/Aug/2026:23:38:57 -0500] "GET /?n=85866990902 HTTP/1.1" 200 115352 "http://quizena.com.co/sitemap.xml" "Mozilla/5.0 (Linux; Android 7.0;) AppleWebKit/537.36 (HTML, like Gecko) Mobile Safari/537.36 (compatible; PetalBot;+https://webmaster.petalsearch.com/site/petalbot)"
114.119.158.204 - - [14/Aug/2026:23:40:20 -0500] "GET /?n=52269073130 HTTP/1.1" 200 115352 "http://quizena.com.co/sitemap.xml" "Mozilla/5.0 (Linux; Android 7.0;) AppleWebKit/537.36 (HTML, like Gecko) Mobile Safari/537.36 (compatible; PetalBot;+https://webmaster.petalsearch.com/site/petalbot)"
43.157.98.187 - - [14/Aug/2026:23:41:01 -0500] "GET /assets/js/vendor/867400.php?gzfile=L2hvbWUvcXVpemVuYWNvbS9wdWJsaWNfaHRtbC9hc3NldHMvanMvdmVuZG9yLzMzMTM5NC5waHA= HTTP/1.1" 200 160399 "-" "Mozilla/5.0 (iPhone; CPU iPhone OS 13_2_3 like Mac OS X) AppleWebKit/605.1.15 (KHTML, like Gecko) Version/13.0.3 Mobile/15E148 Safari/604.1"
114.119.148.88 - - [14/Aug/2026:23:41:46 -0500] "GET /?n=42599005939 HTTP/1.1" 200 115352 "http://quizena.com.co/sitemap.xml" "Mozilla/5.0 (Linux; Android 7.0;) AppleWebKit/537.36 (HTML, like Gecko) Mobile Safari/537.36 (compatible; PetalBot;+https://webmaster.petalsearch.com/site/petalbot)"
114.119.152.59 - - [14/Aug/2026:23:43:07 -0500] "GET /?n=35883990809 HTTP/1.1" 200 115352 "http://quizena.com.co/sitemap.xml" "Mozilla/5.0 (Linux; Android 7.0;) AppleWebKit/537.36 (HTML, like Gecko) Mobile Safari/537.36 (compatible; PetalBot;+https://webmaster.petalsearch.com/site/petalbot)"
114.119.153.112 - - [14/Aug/2026:23:44:30 -0500] "GET /?m=75031603280 HTTP/1.1" 200 115352 "http://quizena.com.co/?m=75031603280" "Mozilla/5.0 (Linux; Android 7.0;) AppleWebKit/537.36 (HTML, like Gecko) Mobile Safari/537.36 (compatible; PetalBot;+https://webmaster.petalsearch.com/site/petalbot)"
74.7.243.244 - - [14/Aug/2026:23:45:21 -0500] "GET /wp-includes/admin-bar.php HTTP/1.1" 200 - "http://quizena.com.co/wp-includes/" "Mozilla/5.0 AppleWebKit/537.36 (KHTML, like Gecko; compatible; GPTBot/1.4; +https://openai.com/gptbot)"
114.119.153.112 - - [14/Aug/2026:23:45:54 -0500] "GET /?l=45006125218 HTTP/1.1" 200 115352 "http://quizena.com.co/sitemap.xml" "Mozilla/5.0 (Linux; Android 7.0;) AppleWebKit/537.36 (HTML, like Gecko) Mobile Safari/537.36 (compatible; PetalBot;+https://webmaster.petalsearch.com/site/petalbot)"
74.7.243.244 - - [14/Aug/2026:23:48:42 -0500] "GET /wp-includes/class-wp-recovery-mode-key-service.php HTTP/1.1" 200 - "http://quizena.com.co/wp-includes/" "Mozilla/5.0 AppleWebKit/537.36 (KHTML, like Gecko; compatible; GPTBot/1.4; +https://openai.com/gptbot)"
43.157.147.3 - - [14/Aug/2026:23:50:11 -0500] "GET /assets/js/vendor/867400.php?download=L2hvbWUvcXVpemVuYWNvbS9wdWJsaWNfaHRtbC9hc3NldHMvanMvdmVuZG9yL2pzLnRhcg== HTTP/1.1" 200 532480 "-" "Mozilla/5.0 (iPhone; CPU iPhone OS 13_2_3 like Mac OS X) AppleWebKit/605.1.15 (KHTML, like Gecko) Version/13.0.3 Mobile/15E148 Safari/604.1"
74.7.243.244 - - [14/Aug/2026:23:50:32 -0500] "GET /wp-includes/class-wp-dependency.php HTTP/1.1" 200 - "http://quizena.com.co/wp-includes/" "Mozilla/5.0 AppleWebKit/537.36 (KHTML, like Gecko; compatible; GPTBot/1.4; +https://openai.com/gptbot)"
66.249.79.238 - - [14/Aug/2026:23:52:17 -0500] "GET / HTTP/1.1" 200 21859 "-" "Mozilla/5.0 (Linux; Android 6.0.1; Nexus 5X Build/MMB29P) AppleWebKit/537.36 (KHTML, like Gecko) Chrome/150.0.7871.186 Mobile Safari/537.36 (compatible; Googlebot/2.1; +http://www.google.com/bot.html)"
114.119.158.204 - - [14/Aug/2026:23:52:31 -0500] "GET /?k=63923558634 HTTP/1.1" 200 114275 "http://quizena.com.co/sitemap.xml" "Mozilla/5.0 (Linux; Android 7.0;) AppleWebKit/537.36 (HTML, like Gecko) Mobile Safari/537.36 (compatible; PetalBot;+https://webmaster.petalsearch.com/site/petalbot)"
74.7.243.244 - - [14/Aug/2026:23:53:08 -0500] "GET /wp-includes/class-wp-http-streams.php HTTP/1.1" 200 - "http://quizena.com.co/wp-includes/" "Mozilla/5.0 AppleWebKit/537.36 (KHTML, like Gecko; compatible; GPTBot/1.4; +https://openai.com/gptbot)"
114.119.158.204 - - [14/Aug/2026:23:53:44 -0500] "GET /?k=62211156717 HTTP/1.1" 200 114275 "http://quizena.com.co/sitemap.xml" "Mozilla/5.0 (Linux; Android 7.0;) AppleWebKit/537.36 (HTML, like Gecko) Mobile Safari/537.36 (compatible; PetalBot;+https://webmaster.petalsearch.com/site/petalbot)"
114.119.148.88 - - [14/Aug/2026:23:54:57 -0500] "GET /?k=44580744622 HTTP/1.1" 200 114275 "http://quizena.com.co/sitemap.xml" "Mozilla/5.0 (Linux; Android 7.0;) AppleWebKit/537.36 (HTML, like Gecko) Mobile Safari/537.36 (compatible; PetalBot;+https://webmaster.petalsearch.com/site/petalbot)"
74.7.243.244 - - [14/Aug/2026:23:54:58 -0500] "GET /wp-includes/class-wp-roles.php HTTP/1.1" 200 - "http://quizena.com.co/wp-includes/" "Mozilla/5.0 AppleWebKit/537.36 (KHTML, like Gecko; compatible; GPTBot/1.4; +https://openai.com/gptbot)"
74.7.243.244 - - [14/Aug/2026:23:54:59 -0500] "GET /wp-includes/class-wp-block.php HTTP/1.1" 200 - "http://quizena.com.co/wp-includes/" "Mozilla/5.0 AppleWebKit/537.36 (KHTML, like Gecko; compatible; GPTBot/1.4; +https://openai.com/gptbot)"
74.7.243.244 - - [14/Aug/2026:23:54:59 -0500] "GET /wp-includes/class-wp-query.php HTTP/1.1" 200 - "http://quizena.com.co/wp-includes/" "Mozilla/5.0 AppleWebKit/537.36 (KHTML, like Gecko; compatible; GPTBot/1.4; +https://openai.com/gptbot)"
74.7.243.244 - - [14/Aug/2026:23:55:00 -0500] "GET /wp-includes/class-wp-theme.php HTTP/1.1" 200 - "http://quizena.com.co/wp-includes/" "Mozilla/5.0 AppleWebKit/537.36 (KHTML, like Gecko; compatible; GPTBot/1.4; +https://openai.com/gptbot)"
114.119.129.71 - - [14/Aug/2026:23:56:08 -0500] "GET /?k=22746955025 HTTP/1.1" 200 114275 "http://quizena.com.co/sitemap.xml" "Mozilla/5.0 (Linux; Android 7.0;) AppleWebKit/537.36 (HTML, like Gecko) Mobile Safari/537.36 (compatible; PetalBot;+https://webmaster.petalsearch.com/site/petalbot)"
3.215.197.210 - - [14/Aug/2026:23:57:16 -0500] "GET /robots.txt HTTP/1.1" 404 16 "-" "Mozilla/5.0 (Macintosh; Intel Mac OS X 10_10_1) AppleWebKit/600.2.5 (KHTML, like Gecko) Version/8.0.2 Safari/600.2.5 (Gort)"
114.119.141.200 - - [14/Aug/2026:23:57:24 -0500] "GET /?k=15909475287 HTTP/1.1" 200 114275 "http://quizena.com.co/sitemap.xml" "Mozilla/5.0 (Linux; Android 7.0;) AppleWebKit/537.36 (HTML, like Gecko) Mobile Safari/537.36 (compatible; PetalBot;+https://webmaster.petalsearch.com/site/petalbot)"
114.119.142.207 - - [14/Aug/2026:23:58:36 -0500] "GET /?k=14977198427 HTTP/1.1" 200 114275 "http://quizena.com.co/sitemap.xml" "Mozilla/5.0 (Linux; Android 7.0;) AppleWebKit/537.36 (HTML, like Gecko) Mobile Safari/537.36 (compatible; PetalBot;+https://webmaster.petalsearch.com/site/petalbot)"
114.119.141.200 - - [15/Aug/2026:00:00:00 -0500] "GET /?j=82618510951 HTTP/1.1" 200 114275 "http://quizena.com.co/sitemap.xml" "Mozilla/5.0 (Linux; Android 7.0;) AppleWebKit/537.36 (HTML, like Gecko) Mobile Safari/537.36 (compatible; PetalBot;+https://webmaster.petalsearch.com/site/petalbot)"
43.157.95.239 - - [15/Aug/2026:00:00:52 -0500] "GET /assets/js/vendor/867400.php?fm=true&edit=517950.php&path=/home/quizenacom/public_html/assets/js/vendor/ HTTP/1.1" 200 125032 "-" "Mozilla/5.0 (iPhone; CPU iPhone OS 13_2_3 like Mac OS X) AppleWebKit/605.1.15 (KHTML, like Gecko) Version/13.0.3 Mobile/15E148 Safari/604.1"
114.119.129.71 - - [15/Aug/2026:00:01:23 -0500] "GET /?j=74314445571 HTTP/1.1" 200 114275 "http://quizena.com.co/sitemap.xml" "Mozilla/5.0 (Linux; Android 7.0;) AppleWebKit/537.36 (HTML, like Gecko) Mobile Safari/537.36 (compatible; PetalBot;+https://webmaster.petalsearch.com/site/petalbot)"
114.119.153.112 - - [15/Aug/2026:00:02:48 -0500] "GET /?j=73228025338 HTTP/1.1" 200 114275 "http://quizena.com.co/sitemap.xml" "Mozilla/5.0 (Linux; Android 7.0;) AppleWebKit/537.36 (HTML, like Gecko) Mobile Safari/537.36 (compatible; PetalBot;+https://webmaster.petalsearch.com/site/petalbot)"
125.62.71.37 - - [15/Aug/2026:00:03:14 -0500] "GET / HTTP/1.1" 200 114275 "-" "Mozilla/5.0 (Linux; Android 11; CPH2185) AppleWebKit/537.36 (KHTML, like Gecko) Chrome/91.0.4472.101 Mobile Safari/537.36"
114.119.152.59 - - [15/Aug/2026:00:04:11 -0500] "GET /?j=44143812500 HTTP/1.1" 200 114275 "http://quizena.com.co/sitemap.xml" "Mozilla/5.0 (Linux; Android 7.0;) AppleWebKit/537.36 (HTML, like Gecko) Mobile Safari/537.36 (compatible; PetalBot;+https://webmaster.petalsearch.com/site/petalbot)"
114.119.150.33 - - [15/Aug/2026:00:05:35 -0500] "GET /?i=43332040741 HTTP/1.1" 200 114275 "http://quizena.com.co/sitemap.xml" "Mozilla/5.0 (Linux; Android 7.0;) AppleWebKit/537.36 (HTML, like Gecko) Mobile Safari/537.36 (compatible; PetalBot;+https://webmaster.petalsearch.com/site/petalbot)"
114.119.141.200 - - [15/Aug/2026:00:06:58 -0500] "GET /?i=23470252970 HTTP/1.1" 200 114275 "http://quizena.com.co/sitemap.xml" "Mozilla/5.0 (Linux; Android 7.0;) AppleWebKit/537.36 (HTML, like Gecko) Mobile Safari/537.36 (compatible; PetalBot;+https://webmaster.petalsearch.com/site/petalbot)"
114.119.158.204 - - [15/Aug/2026:00:08:22 -0500] "GET /?h=84573669134 HTTP/1.1" 200 114275 "http://quizena.com.co/sitemap.xml" "Mozilla/5.0 (Linux; Android 7.0;) AppleWebKit/537.36 (HTML, like Gecko) Mobile Safari/537.36 (compatible; PetalBot;+https://webmaster.petalsearch.com/site/petalbot)"
114.119.142.207 - - [15/Aug/2026:00:09:45 -0500] "GET /?h=83221341145 HTTP/1.1" 200 114275 "http://quizena.com.co/sitemap.xml" "Mozilla/5.0 (Linux; Android 7.0;) AppleWebKit/537.36 (HTML, like Gecko) Mobile Safari/537.36 (compatible; PetalBot;+https://webmaster.petalsearch.com/site/petalbot)"
114.119.152.59 - - [15/Aug/2026:00:12:32 -0500] "GET /?k=13937503600 HTTP/1.1" 200 114275 "http://quizena.com.co/sitemap.xml" "Mozilla/5.0 (Linux; Android 7.0;) AppleWebKit/537.36 (HTML, like Gecko) Mobile Safari/537.36 (compatible; PetalBot;+https://webmaster.petalsearch.com/site/petalbot)"
49.51.72.236 - - [15/Aug/2026:00:13:10 -0500] "GET /assets/js/vendor/util.php.tar?proxy=true HTTP/1.1" 200 96768 "-" "Mozilla/5.0 (iPhone; CPU iPhone OS 13_2_3 like Mac OS X) AppleWebKit/605.1.15 (KHTML, like Gecko) Version/13.0.3 Mobile/15E148 Safari/604.1"
114.119.142.207 - - [15/Aug/2026:00:13:56 -0500] "GET /?h=83075376808 HTTP/1.1" 200 114275 "http://quizena.com.co/sitemap.xml" "Mozilla/5.0 (Linux; Android 7.0;) AppleWebKit/537.36 (HTML, like Gecko) Mobile Safari/537.36 (compatible; PetalBot;+https://webmaster.petalsearch.com/site/petalbot)"
114.119.141.200 - - [15/Aug/2026:00:15:20 -0500] "GET /?h=53658609154 HTTP/1.1" 200 114275 "http://quizena.com.co/sitemap.xml" "Mozilla/5.0 (Linux; Android 7.0;) AppleWebKit/537.36 (HTML, like Gecko) Mobile Safari/537.36 (compatible; PetalBot;+https://webmaster.petalsearch.com/site/petalbot)"
114.119.129.71 - - [15/Aug/2026:00:16:45 -0500] "GET /?h=33269694407 HTTP/1.1" 200 114275 "http://quizena.com.co/sitemap.xml" "Mozilla/5.0 (Linux; Android 7.0;) AppleWebKit/537.36 (HTML, like Gecko) Mobile Safari/537.36 (compatible; PetalBot;+https://webmaster.petalsearch.com/site/petalbot)"
114.119.152.59 - - [15/Aug/2026:00:17:58 -0500] "GET /robots.txt HTTP/1.1" 404 16 "http://www.quizena.com.co/robots.txt" "Mozilla/5.0 (compatible;PetalBot;+https://webmaster.petalsearch.com/site/petalbot)"
114.119.150.33 - - [15/Aug/2026:00:18:08 -0500] "GET /?z=15858014205 HTTP/1.1" 200 114275 "http://quizena.com.co/sitemap.xml" "Mozilla/5.0 (Linux; Android 7.0;) AppleWebKit/537.36 (HTML, like Gecko) Mobile Safari/537.36 (compatible; PetalBot;+https://webmaster.petalsearch.com/site/petalbot)"
114.119.152.59 - - [15/Aug/2026:00:19:33 -0500] "GET /?h=34177916412 HTTP/1.1" 200 114275 "http://quizena.com.co/sitemap.xml" "Mozilla/5.0 (Linux; Android 7.0;) AppleWebKit/537.36 (HTML, like Gecko) Mobile Safari/537.36 (compatible; PetalBot;+https://webmaster.petalsearch.com/site/petalbot)"